123.125.71.14 - - [01/Aug/2011:01:28:14 +0200] "GET / HTTP/1.1" 200 326 "-" "Mozilla/5.0 (compatible; Baiduspider/2.0; +http://www.baidu.com/search/spider.html)"
220.181.108.78 - - [01/Aug/2011:01:28:36 +0200] "GET / HTTP/1.1" 200 326 "-" "Mozilla/5.0 (compatible; Baiduspider/2.0; +http://www.baidu.com/search/spider.html)"
220.181.108.82 - - [01/Aug/2011:02:27:34 +0200] "GET / HTTP/1.1" 200 326 "-" "Mozilla/5.0 (compatible; Baiduspider/2.0; +http://www.baidu.com/search/spider.html)"
123.125.71.23 - - [01/Aug/2011:06:29:11 +0200] "GET / HTTP/1.1" 200 326 "-" "Mozilla/5.0 (compatible; Baiduspider/2.0; +http://www.baidu.com/search/spider.html)"
220.181.108.94 - - [01/Aug/2011:06:29:33 +0200] "GET / HTTP/1.1" 200 326 "-" "Mozilla/5.0 (compatible; Baiduspider/2.0; +http://www.baidu.com/search/spider.html)"
123.125.71.31 - - [01/Aug/2011:14:27:17 +0200] "GET / HTTP/1.1" 200 326 "-" "Mozilla/5.0 (compatible; Baiduspider/2.0; +http://www.baidu.com/search/spider.html)"
220.181.108.97 - - [01/Aug/2011:14:27:41 +0200] "GET / HTTP/1.1" 200 326 "-" "Mozilla/5.0 (compatible; Baiduspider/2.0; +http://www.baidu.com/search/spider.html)"
123.125.71.26 - - [01/Aug/2011:17:28:57 +0200] "GET / HTTP/1.1" 200 326 "-" "Mozilla/5.0 (compatible; Baiduspider/2.0; +http://www.baidu.com/search/spider.html)"
220.181.108.82 - - [01/Aug/2011:17:29:19 +0200] "GET / HTTP/1.1" 200 326 "-" "Mozilla/5.0 (compatible; Baiduspider/2.0; +http://www.baidu.com/search/spider.html)"
123.125.71.14 - - [01/Aug/2011:22:26:03 +0200] "GET / HTTP/1.1" 200 326 "-" "Mozilla/5.0 (compatible; Baiduspider/2.0; +http://www.baidu.com/search/spider.html)"
220.181.108.78 - - [01/Aug/2011:22:26:21 +0200] "GET / HTTP/1.1" 200 326 "-" "Mozilla/5.0 (compatible; Baiduspider/2.0; +http://www.baidu.com/search/spider.html)"
93.116.238.173 - - [02/Aug/2011:07:16:22 +0200] "GET / HTTP/1.1" 200 326 "-" "Java/1.6.0_25"
123.125.71.26 - - [02/Aug/2011:10:25:15 +0200] "GET / HTTP/1.1" 200 326 "-" "Mozilla/5.0 (compatible; Baiduspider/2.0; +http://www.baidu.com/search/spider.html)"
220.181.108.77 - - [02/Aug/2011:10:25:34 +0200] "GET / HTTP/1.1" 200 326 "-" "Mozilla/5.0 (compatible; Baiduspider/2.0; +http://www.baidu.com/search/spider.html)"
66.249.72.41 - - [02/Aug/2011:12:41:16 +0200] "GET /robots.txt HTTP/1.1" 404 1256 "-" "Mozilla/5.0 (compatible; Googlebot/2.1; +http://www.google.com/bot.html)"
66.249.72.41 - - [02/Aug/2011:12:41:16 +0200] "GET / HTTP/1.1" 304 - "-" "Mozilla/5.0 (compatible; Googlebot/2.1; +http://www.google.com/bot.html)"
95.108.151.244 - - [02/Aug/2011:15:27:21 +0200] "GET /robots.txt HTTP/1.1" 404 1256 "-" "Mozilla/5.0 (compatible; YandexBot/3.0; +http://yandex.com/bots)"
95.108.151.244 - - [02/Aug/2011:15:27:22 +0200] "GET / HTTP/1.1" 200 326 "-" "Mozilla/5.0 (compatible; YandexBot/3.0; +http://yandex.com/bots)"
95.108.151.244 - - [02/Aug/2011:15:27:23 +0200] "GET / HTTP/1.1" 200 326 "-" "Mozilla/5.0 (compatible; YandexBot/3.0; +http://yandex.com/bots)"
123.125.71.32 - - [02/Aug/2011:18:37:56 +0200] "GET / HTTP/1.1" 200 326 "-" "Mozilla/5.0 (compatible; Baiduspider/2.0; +http://www.baidu.com/search/spider.html)"
220.181.108.81 - - [02/Aug/2011:18:38:30 +0200] "GET / HTTP/1.1" 200 326 "-" "Mozilla/5.0 (compatible; Baiduspider/2.0; +http://www.baidu.com/search/spider.html)"
220.181.108.146 - - [03/Aug/2011:00:33:51 +0200] "GET /robots.txt HTTP/1.1" 404 1256 "-" "Baiduspider+(+http://www.baidu.com/search/spider.htm)"
123.125.71.101 - - [03/Aug/2011:01:39:14 +0200] "GET / HTTP/1.1" 200 326 "-" "Mozilla/5.0 (compatible; Baiduspider/2.0; +http://www.baidu.com/search/spider.html)"
123.125.71.20 - - [03/Aug/2011:02:26:30 +0200] "GET / HTTP/1.1" 200 326 "-" "Mozilla/5.0 (compatible; Baiduspider/2.0; +http://www.baidu.com/search/spider.html)"
220.181.108.95 - - [03/Aug/2011:02:26:45 +0200] "GET / HTTP/1.1" 200 326 "-" "Mozilla/5.0 (compatible; Baiduspider/2.0; +http://www.baidu.com/search/spider.html)"
123.125.71.23 - - [03/Aug/2011:05:26:47 +0200] "GET / HTTP/1.1" 200 326 "-" "Mozilla/5.0 (compatible; Baiduspider/2.0; +http://www.baidu.com/search/spider.html)"
220.181.108.81 - - [03/Aug/2011:05:27:09 +0200] "GET / HTTP/1.1" 200 326 "-" "Mozilla/5.0 (compatible; Baiduspider/2.0; +http://www.baidu.com/search/spider.html)"
123.125.71.28 - - [03/Aug/2011:06:26:03 +0200] "GET / HTTP/1.1" 200 326 "-" "Mozilla/5.0 (compatible; Baiduspider/2.0; +http://www.baidu.com/search/spider.html)"
220.181.108.76 - - [03/Aug/2011:06:26:23 +0200] "GET / HTTP/1.1" 200 326 "-" "Mozilla/5.0 (compatible; Baiduspider/2.0; +http://www.baidu.com/search/spider.html)"
123.125.71.18 - - [03/Aug/2011:09:25:36 +0200] "GET / HTTP/1.1" 200 326 "-" "Mozilla/5.0 (compatible; Baiduspider/2.0; +http://www.baidu.com/search/spider.html)"
220.181.108.76 - - [03/Aug/2011:09:25:54 +0200] "GET / HTTP/1.1" 200 326 "-" "Mozilla/5.0 (compatible; Baiduspider/2.0; +http://www.baidu.com/search/spider.html)"
123.125.71.12 - - [03/Aug/2011:12:27:50 +0200] "GET / HTTP/1.1" 200 326 "-" "Mozilla/5.0 (compatible; Baiduspider/2.0; +http://www.baidu.com/search/spider.html)"
220.181.108.92 - - [03/Aug/2011:12:28:12 +0200] "GET / HTTP/1.1" 200 326 "-" "Mozilla/5.0 (compatible; Baiduspider/2.0; +http://www.baidu.com/search/spider.html)"
123.125.71.12 - - [03/Aug/2011:13:26:55 +0200] "GET / HTTP/1.1" 200 326 "-" "Mozilla/5.0 (compatible; Baiduspider/2.0; +http://www.baidu.com/search/spider.html)"
220.181.108.90 - - [03/Aug/2011:13:27:18 +0200] "GET / HTTP/1.1" 200 326 "-" "Mozilla/5.0 (compatible; Baiduspider/2.0; +http://www.baidu.com/search/spider.html)"
123.125.71.12 - - [03/Aug/2011:14:26:59 +0200] "GET / HTTP/1.1" 200 326 "-" "Mozilla/5.0 (compatible; Baiduspider/2.0; +http://www.baidu.com/search/spider.html)"
220.181.108.78 - - [03/Aug/2011:14:27:22 +0200] "GET / HTTP/1.1" 200 326 "-" "Mozilla/5.0 (compatible; Baiduspider/2.0; +http://www.baidu.com/search/spider.html)"
220.181.108.82 - - [03/Aug/2011:22:26:37 +0200] "GET / HTTP/1.1" 200 326 "-" "Mozilla/5.0 (compatible; Baiduspider/2.0; +http://www.baidu.com/search/spider.html)"
220.181.108.163 - - [03/Aug/2011:23:59:48 +0200] "GET /robots.txt HTTP/1.1" 404 1256 "-" "Baiduspider+(+http://www.baidu.com/search/spider.htm)"
123.125.71.17 - - [04/Aug/2011:02:25:39 +0200] "GET / HTTP/1.1" 200 326 "-" "Mozilla/5.0 (compatible; Baiduspider/2.0; +http://www.baidu.com/search/spider.html)"
220.181.108.84 - - [04/Aug/2011:02:26:00 +0200] "GET / HTTP/1.1" 200 326 "-" "Mozilla/5.0 (compatible; Baiduspider/2.0; +http://www.baidu.com/search/spider.html)"
95.108.158.134 - - [04/Aug/2011:03:18:12 +0200] "GET /robots.txt HTTP/1.1" 404 1256 "-" "Mozilla/5.0 (compatible; YandexBot/3.0; +http://yandex.com/bots)"
220.181.108.86 - - [04/Aug/2011:06:25:20 +0200] "GET / HTTP/1.1" 200 326 "-" "Mozilla/5.0 (compatible; Baiduspider/2.0; +http://www.baidu.com/search/spider.html)"
123.125.71.12 - - [04/Aug/2011:09:24:40 +0200] "GET / HTTP/1.1" 200 326 "-" "Mozilla/5.0 (compatible; Baiduspider/2.0; +http://www.baidu.com/search/spider.html)"
220.181.108.82 - - [04/Aug/2011:09:24:58 +0200] "GET / HTTP/1.1" 200 326 "-" "Mozilla/5.0 (compatible; Baiduspider/2.0; +http://www.baidu.com/search/spider.html)"
95.108.158.134 - - [04/Aug/2011:09:25:59 +0200] "GET / HTTP/1.1" 200 326 "-" "Mozilla/5.0 (compatible; YandexBot/3.0; +http://yandex.com/bots)"
123.125.71.22 - - [04/Aug/2011:10:23:19 +0200] "GET / HTTP/1.1" 200 326 "-" "Mozilla/5.0 (compatible; Baiduspider/2.0; +http://www.baidu.com/search/spider.html)"
220.181.108.96 - - [04/Aug/2011:10:23:38 +0200] "GET / HTTP/1.1" 200 326 "-" "Mozilla/5.0 (compatible; Baiduspider/2.0; +http://www.baidu.com/search/spider.html)"
123.125.71.29 - - [04/Aug/2011:13:24:59 +0200] "GET / HTTP/1.1" 200 326 "-" "Mozilla/5.0 (compatible; Baiduspider/2.0; +http://www.baidu.com/search/spider.html)"
220.181.108.83 - - [04/Aug/2011:13:25:21 +0200] "GET / HTTP/1.1" 200 326 "-" "Mozilla/5.0 (compatible; Baiduspider/2.0; +http://www.baidu.com/search/spider.html)"
123.125.71.15 - - [04/Aug/2011:14:26:05 +0200] "GET / HTTP/1.1" 200 326 "-" "Mozilla/5.0 (compatible; Baiduspider/2.0; +http://www.baidu.com/search/spider.html)"
220.181.108.87 - - [04/Aug/2011:14:26:26 +0200] "GET / HTTP/1.1" 200 326 "-" "Mozilla/5.0 (compatible; Baiduspider/2.0; +http://www.baidu.com/search/spider.html)"
220.181.108.90 - - [04/Aug/2011:18:37:12 +0200] "GET / HTTP/1.1" 200 326 "-" "Mozilla/5.0 (compatible; Baiduspider/2.0; +http://www.baidu.com/search/spider.html)"
123.125.71.36 - - [04/Aug/2011:18:38:30 +0200] "GET / HTTP/1.1" 200 326 "-" "Mozilla/5.0 (compatible; Baiduspider/2.0; +http://www.baidu.com/search/spider.html)"
123.125.71.109 - - [05/Aug/2011:01:46:21 +0200] "GET / HTTP/1.1" 200 326 "-" "Mozilla/5.0 (compatible; Baiduspider/2.0; +http://www.baidu.com/search/spider.html)"
64.246.187.42 - - [05/Aug/2011:05:34:06 +0200] "GET /robots.txt HTTP/1.0" 404 1256 "-" "Mozilla/5.0 (Windows; U; Windows NT 5.1; en; rv:1.9.0.13) Gecko/2009073022 Firefox/3.5.2 (.NET CLR 3.5.30729) SurveyBot/2.3 (DomainTools)"
64.246.187.42 - - [05/Aug/2011:05:34:07 +0200] "GET / HTTP/1.1" 200 326 "http://whois.domaintools.com/ruehling.com" "Mozilla/5.0 (Windows; U; Windows NT 5.1; en; rv:1.9.0.13) Gecko/2009073022 Firefox/3.5.2 (.NET CLR 3.5.30729) SurveyBot/2.3 (DomainTools)"
123.125.71.35 - - [05/Aug/2011:10:23:59 +0200] "GET / HTTP/1.1" 200 326 "-" "Mozilla/5.0 (compatible; Baiduspider/2.0; +http://www.baidu.com/search/spider.html)"
220.181.108.97 - - [05/Aug/2011:10:24:19 +0200] "GET / HTTP/1.1" 200 326 "-" "Mozilla/5.0 (compatible; Baiduspider/2.0; +http://www.baidu.com/search/spider.html)"
82.165.37.69 - - [05/Aug/2011:11:51:02 +0200] "GET / HTTP/1.0" 200 326 "http://logistique.li/?iptc/" "Mozilla/5.0 (compatible; IPTCBOT;"
87.172.178.179 - - [05/Aug/2011:12:34:11 +0200] "GET / HTTP/1.1" 200 326 "http://www.google.de/url?sa=t&source=web&cd=1&ved=0CBgQFjAA&url=http%3A%2F%2Fwww.ruehling.com%2F&rct=j&q=www.ruehling.com&ei=Hcc7Tv3DEc7NsgbXvL34Dw&usg=AFQjCNGpCQvuwYAGa4bBGACi7WVW2jLu5A" "Mozilla/5.0 (Windows NT 5.1; rv:5.0) Gecko/20100101 Firefox/5.0"
87.172.178.179 - - [05/Aug/2011:12:34:11 +0200] "GET /favicon.ico HTTP/1.1" 404 1256 "-" "Mozilla/5.0 (Windows NT 5.1; rv:5.0) Gecko/20100101 Firefox/5.0"
87.172.178.179 - - [05/Aug/2011:12:34:12 +0200] "GET /favicon.ico HTTP/1.1" 404 1256 "-" "Mozilla/5.0 (Windows NT 5.1; rv:5.0) Gecko/20100101 Firefox/5.0"
123.125.71.35 - - [05/Aug/2011:13:25:10 +0200] "GET / HTTP/1.1" 200 326 "-" "Mozilla/5.0 (compatible; Baiduspider/2.0; +http://www.baidu.com/search/spider.html)"
220.181.108.87 - - [05/Aug/2011:13:25:31 +0200] "GET / HTTP/1.1" 200 326 "-" "Mozilla/5.0 (compatible; Baiduspider/2.0; +http://www.baidu.com/search/spider.html)"
220.181.108.145 - - [05/Aug/2011:18:08:30 +0200] "GET /robots.txt HTTP/1.1" 404 1256 "-" "Baiduspider+(+http://www.baidu.com/search/spider.htm)"
123.125.71.33 - - [05/Aug/2011:18:37:08 +0200] "GET / HTTP/1.1" 200 326 "-" "Mozilla/5.0 (compatible; Baiduspider/2.0; +http://www.baidu.com/search/spider.html)"
220.181.108.77 - - [05/Aug/2011:18:37:48 +0200] "GET / HTTP/1.1" 200 326 "-" "Mozilla/5.0 (compatible; Baiduspider/2.0; +http://www.baidu.com/search/spider.html)"
123.125.71.36 - - [05/Aug/2011:22:24:26 +0200] "GET / HTTP/1.1" 200 326 "-" "Mozilla/5.0 (compatible; Baiduspider/2.0; +http://www.baidu.com/search/spider.html)"
220.181.108.91 - - [05/Aug/2011:22:24:48 +0200] "GET / HTTP/1.1" 200 326 "-" "Mozilla/5.0 (compatible; Baiduspider/2.0; +http://www.baidu.com/search/spider.html)"
95.108.158.134 - - [06/Aug/2011:01:01:50 +0200] "GET /robots.txt HTTP/1.1" 404 1256 "-" "Mozilla/5.0 (compatible; YandexBot/3.0; +http://yandex.com/bots)"
220.181.108.95 - - [06/Aug/2011:02:24:43 +0200] "GET / HTTP/1.1" 200 326 "-" "Mozilla/5.0 (compatible; Baiduspider/2.0; +http://www.baidu.com/search/spider.html)"
220.181.108.91 - - [06/Aug/2011:08:23:35 +0200] "GET / HTTP/1.1" 200 326 "-" "Mozilla/5.0 (compatible; Baiduspider/2.0; +http://www.baidu.com/search/spider.html)"
123.125.71.22 - - [06/Aug/2011:10:24:09 +0200] "GET / HTTP/1.1" 200 326 "-" "Mozilla/5.0 (compatible; Baiduspider/2.0; +http://www.baidu.com/search/spider.html)"
220.181.108.83 - - [06/Aug/2011:10:24:27 +0200] "GET / HTTP/1.1" 200 326 "-" "Mozilla/5.0 (compatible; Baiduspider/2.0; +http://www.baidu.com/search/spider.html)"
123.125.71.33 - - [06/Aug/2011:14:25:41 +0200] "GET / HTTP/1.1" 200 326 "-" "Mozilla/5.0 (compatible; Baiduspider/2.0; +http://www.baidu.com/search/spider.html)"
220.181.108.88 - - [06/Aug/2011:14:26:02 +0200] "GET / HTTP/1.1" 200 326 "-" "Mozilla/5.0 (compatible; Baiduspider/2.0; +http://www.baidu.com/search/spider.html)"
220.181.108.144 - - [06/Aug/2011:14:47:00 +0200] "GET /robots.txt HTTP/1.1" 404 1256 "-" "Baiduspider+(+http://www.baidu.com/search/spider.htm)"
95.108.158.134 - - [06/Aug/2011:14:48:07 +0200] "GET / HTTP/1.1" 200 326 "-" "Mozilla/5.0 (compatible; YandexBot/3.0; +http://yandex.com/bots)"
123.125.71.36 - - [06/Aug/2011:16:25:35 +0200] "GET / HTTP/1.1" 200 326 "-" "Mozilla/5.0 (compatible; Baiduspider/2.0; +http://www.baidu.com/search/spider.html)"
220.181.108.95 - - [06/Aug/2011:16:26:00 +0200] "GET / HTTP/1.1" 200 326 "-" "Mozilla/5.0 (compatible; Baiduspider/2.0; +http://www.baidu.com/search/spider.html)"
123.125.71.29 - - [06/Aug/2011:18:37:06 +0200] "GET / HTTP/1.1" 200 326 "-" "Mozilla/5.0 (compatible; Baiduspider/2.0; +http://www.baidu.com/search/spider.html)"
220.181.108.77 - - [06/Aug/2011:18:37:39 +0200] "GET / HTTP/1.1" 200 326 "-" "Mozilla/5.0 (compatible; Baiduspider/2.0; +http://www.baidu.com/search/spider.html)"
123.125.71.23 - - [06/Aug/2011:21:25:13 +0200] "GET / HTTP/1.1" 200 326 "-" "Mozilla/5.0 (compatible; Baiduspider/2.0; +http://www.baidu.com/search/spider.html)"
220.181.108.75 - - [06/Aug/2011:21:25:31 +0200] "GET / HTTP/1.1" 200 326 "-" "Mozilla/5.0 (compatible; Baiduspider/2.0; +http://www.baidu.com/search/spider.html)"
123.125.71.33 - - [06/Aug/2011:22:24:24 +0200] "GET / HTTP/1.1" 200 326 "-" "Mozilla/5.0 (compatible; Baiduspider/2.0; +http://www.baidu.com/search/spider.html)"
220.181.108.95 - - [06/Aug/2011:22:24:45 +0200] "GET / HTTP/1.1" 200 326 "-" "Mozilla/5.0 (compatible; Baiduspider/2.0; +http://www.baidu.com/search/spider.html)"
205.178.190.237 - - [07/Aug/2011:05:18:30 +0200] "HEAD / HTTP/1.1" 200 - "-" "Mozilla/5.0 (Windows; U; Windows NT 5.1; en-US; rv:1.8.1.16) Gecko/20080702 Firefox/2.0.0.16"
205.178.190.237 - - [07/Aug/2011:05:18:41 +0200] "GET / HTTP/1.1" 200 326 "-" "Mozilla/4.0 (compatible; MSIE 6.0; Windows NT 5.2; SV1; .NET CLR 1.1.4322; .NET CLR 2.0.50727)"
123.125.71.22 - - [07/Aug/2011:06:24:53 +0200] "GET / HTTP/1.1" 200 326 "-" "Mozilla/5.0 (compatible; Baiduspider/2.0; +http://www.baidu.com/search/spider.html)"
220.181.108.85 - - [07/Aug/2011:06:25:14 +0200] "GET / HTTP/1.1" 200 326 "-" "Mozilla/5.0 (compatible; Baiduspider/2.0; +http://www.baidu.com/search/spider.html)"
220.181.108.144 - - [07/Aug/2011:06:55:13 +0200] "GET /robots.txt HTTP/1.1" 404 1256 "-" "Baiduspider+(+http://www.baidu.com/search/spider.htm)"
205.178.190.237 - - [07/Aug/2011:08:55:32 +0200] "GET / HTTP/1.1" 200 326 "-" "Mozilla/5.0 (Windows; U; Windows NT 5.1; en-US; rv:1.8.1.12) Gecko/20080201 Firefox/2.0.0.12"
205.178.190.237 - - [07/Aug/2011:08:55:33 +0200] "GET /robots.txt HTTP/1.1" 404 1256 "-" "Mozilla/5.0 (Windows; U; Windows NT 5.1; en-US; rv:1.8.1.16) Gecko/20080702 Firefox/2.0.0.16"
123.125.71.22 - - [07/Aug/2011:09:23:41 +0200] "GET / HTTP/1.1" 200 326 "-" "Mozilla/5.0 (compatible; Baiduspider/2.0; +http://www.baidu.com/search/spider.html)"
220.181.108.91 - - [07/Aug/2011:09:23:58 +0200] "GET / HTTP/1.1" 200 326 "-" "Mozilla/5.0 (compatible; Baiduspider/2.0; +http://www.baidu.com/search/spider.html)"
123.125.71.22 - - [07/Aug/2011:10:24:08 +0200] "GET / HTTP/1.1" 200 326 "-" "Mozilla/5.0 (compatible; Baiduspider/2.0; +http://www.baidu.com/search/spider.html)"
220.181.108.91 - - [07/Aug/2011:10:24:29 +0200] "GET / HTTP/1.1" 200 326 "-" "Mozilla/5.0 (compatible; Baiduspider/2.0; +http://www.baidu.com/search/spider.html)"
123.125.71.96 - - [07/Aug/2011:20:20:37 +0200] "GET / HTTP/1.1" 200 326 "-" "Mozilla/5.0 (compatible; Baiduspider/2.0; +http://www.baidu.com/search/spider.html)"
87.119.196.65 - - [07/Aug/2011:20:52:51 +0200] "GET /muieblackcat HTTP/1.1" 404 1256 "-" "-"
87.119.196.65 - - [07/Aug/2011:20:52:51 +0200] "GET //phpMyAdmin-3.0.1.1-all-languages/scripts/setup.php HTTP/1.1" 404 1256 "-" "-"
87.119.196.65 - - [07/Aug/2011:20:52:56 +0200] "GET //phpMyAdmin211/scripts/setup.php HTTP/1.1" 404 1256 "-" "-"
87.119.196.65 - - [07/Aug/2011:20:52:57 +0200] "GET //phpMyAdmin2011/scripts/setup.php HTTP/1.1" 404 1256 "-" "-"
87.119.196.65 - - [07/Aug/2011:20:52:57 +0200] "GET //phpMyAdmin-2.11.1-all-languages/scripts/setup.php HTTP/1.1" 404 1256 "-" "-"
87.119.196.65 - - [07/Aug/2011:20:52:57 +0200] "GET //phpMyAdmin-2.9.0/scripts/setup.php HTTP/1.1" 404 1256 "-" "-"
87.119.196.65 - - [07/Aug/2011:20:52:57 +0200] "GET //phpMyAdmin-2.11.2.2-all-languages/scripts/setup.php HTTP/1.1" 404 1256 "-" "-"
87.119.196.65 - - [07/Aug/2011:20:52:57 +0200] "GET //phpmy/my/scripts/setup.php HTTP/1.1" 404 1256 "-" "-"
87.119.196.65 - - [07/Aug/2011:20:52:57 +0200] "GET //my/scripts/setup.php HTTP/1.1" 404 1256 "-" "-"
87.119.196.65 - - [07/Aug/2011:20:52:57 +0200] "GET //phpmyadmin/phpMyAdmin-2.11.5-english/scripts/setup.php HTTP/1.1" 404 1256 "-" "-"
87.119.196.65 - - [07/Aug/2011:20:52:57 +0200] "GET //phpMyAdmin-2.11.5-english/scripts/setup.php HTTP/1.1" 404 1256 "-" "-"
87.119.196.65 - - [07/Aug/2011:20:52:58 +0200] "GET //phpMyAdmin-2.11.9.5-all-languages/scripts/setup.php HTTP/1.1" 404 1256 "-" "-"
87.119.196.65 - - [07/Aug/2011:20:52:58 +0200] "GET //phpmyadmin-ramy/scripts/setup.php HTTP/1.1" 404 1256 "-" "-"
87.119.196.65 - - [07/Aug/2011:20:52:58 +0200] "GET //wp-phpmyadmin/phpmyadmin/scripts/setup.php HTTP/1.1" 404 1256 "-" "-"
87.119.196.65 - - [07/Aug/2011:20:52:59 +0200] "GET //dbadm/phpMyAdmin/scripts/setup.php HTTP/1.1" 404 1256 "-" "-"
87.119.196.65 - - [07/Aug/2011:20:52:59 +0200] "GET //phpad/scripts/setup.php HTTP/1.1" 404 1256 "-" "-"
87.119.196.65 - - [07/Aug/2011:20:52:59 +0200] "GET //admin/mysqladmin/scripts/setup.php HTTP/1.1" 404 1256 "-" "-"
87.119.196.65 - - [07/Aug/2011:20:52:59 +0200] "GET //admin--/mysqladmin/scripts/setup.php HTTP/1.1" 404 1256 "-" "-"
87.119.196.65 - - [07/Aug/2011:20:52:59 +0200] "GET //phpmyadmin/2.11.9.6/htdocs/scripts/setup.php HTTP/1.1" 404 1256 "-" "-"
87.119.196.65 - - [07/Aug/2011:20:53:02 +0200] "GET //phpmyadmin/2.11.10/htdocs/scripts/setup.php HTTP/1.1" 404 1256 "-" "-"
87.119.196.65 - - [07/Aug/2011:20:53:08 +0200] "GET //phpmyadmin_old/scripts/setup.php HTTP/1.1" 404 1256 "-" "-"
87.119.196.65 - - [07/Aug/2011:20:53:11 +0200] "GET //phpMyAdmin-2.11.6-all-languages/scripts/setup.php HTTP/1.1" 404 1256 "-" "-"
87.119.196.65 - - [07/Aug/2011:20:53:11 +0200] "GET //scripts/setup.php HTTP/1.1" 404 1256 "-" "-"
87.119.196.65 - - [07/Aug/2011:20:53:11 +0200] "GET //db/scripts/setup.php HTTP/1.1" 404 1256 "-" "-"
87.119.196.65 - - [07/Aug/2011:20:53:11 +0200] "GET //dbadmin/scripts/setup.php HTTP/1.1" 404 1256 "-" "-"
87.119.196.65 - - [07/Aug/2011:20:53:11 +0200] "GET //myadmin/scripts/setup.php HTTP/1.1" 404 1256 "-" "-"
87.119.196.65 - - [07/Aug/2011:20:53:12 +0200] "GET //mysql/scripts/setup.php HTTP/1.1" 404 1256 "-" "-"
87.119.196.65 - - [07/Aug/2011:20:53:12 +0200] "GET //mysqladmin/scripts/setup.php HTTP/1.1" 404 1256 "-" "-"
87.119.196.65 - - [07/Aug/2011:20:53:12 +0200] "GET //phpadmin/scripts/setup.php HTTP/1.1" 404 1256 "-" "-"
87.119.196.65 - - [07/Aug/2011:20:53:12 +0200] "GET //phpMyAdmin/scripts/setup.php HTTP/1.1" 404 1256 "-" "-"
87.119.196.65 - - [07/Aug/2011:20:53:12 +0200] "GET //phpmyadmin/scripts/setup.php HTTP/1.1" 404 1256 "-" "-"
87.119.196.65 - - [07/Aug/2011:20:53:12 +0200] "GET //phpmyadmin1/scripts/setup.php HTTP/1.1" 404 1256 "-" "-"
87.119.196.65 - - [07/Aug/2011:20:53:13 +0200] "GET //phpmyadmin2/scripts/setup.php HTTP/1.1" 404 1256 "-" "-"
87.119.196.65 - - [07/Aug/2011:20:53:13 +0200] "GET //pma/scripts/setup.php HTTP/1.1" 404 1256 "-" "-"
87.119.196.65 - - [07/Aug/2011:20:53:13 +0200] "GET //databaseadmin/scripts/setup.php HTTP/1.1" 404 1256 "-" "-"
87.119.196.65 - - [07/Aug/2011:20:53:13 +0200] "GET //admm/scripts/setup.php HTTP/1.1" 404 1256 "-" "-"
87.119.196.65 - - [07/Aug/2011:20:53:13 +0200] "GET //admn/scripts/setup.php HTTP/1.1" 404 1256 "-" "-"
87.119.196.65 - - [07/Aug/2011:20:53:13 +0200] "GET //_myadmin/scripts/setup.php HTTP/1.1" 404 1256 "-" "-"
87.119.196.65 - - [07/Aug/2011:20:53:13 +0200] "GET //phpMyA/scripts/setup.php HTTP/1.1" 404 1256 "-" "-"
87.119.196.65 - - [07/Aug/2011:20:53:14 +0200] "GET //phpmya/scripts/setup.php HTTP/1.1" 404 1256 "-" "-"
87.119.196.65 - - [07/Aug/2011:20:53:14 +0200] "GET //#phpmyadmin_2.9.11/scripts/setup.php HTTP/1.1" 200 326 "-" "-"
87.119.196.65 - - [07/Aug/2011:20:53:14 +0200] "GET //admin/my/scripts/setup.php HTTP/1.1" 404 1256 "-" "-"
87.119.196.65 - - [07/Aug/2011:20:53:14 +0200] "GET //mysql2/scripts/setup.php HTTP/1.1" 404 1256 "-" "-"
87.119.196.65 - - [07/Aug/2011:20:53:14 +0200] "GET //phpmyadm/scripts/setup.php HTTP/1.1" 404 1256 "-" "-"
87.119.196.65 - - [07/Aug/2011:20:53:14 +0200] "GET //php1/scripts/setup.php HTTP/1.1" 404 1256 "-" "-"
87.119.196.65 - - [07/Aug/2011:20:53:14 +0200] "GET //php2/scripts/setup.php HTTP/1.1" 404 1256 "-" "-"
87.119.196.65 - - [07/Aug/2011:20:53:14 +0200] "GET //sqladm.old/scripts/setup.php HTTP/1.1" 404 1256 "-" "-"
87.119.196.65 - - [07/Aug/2011:20:53:14 +0200] "GET //sqladm/scripts/setup.php HTTP/1.1" 404 1256 "-" "-"
87.119.196.65 - - [07/Aug/2011:20:53:14 +0200] "GET //myAdmin/scripts/setup.php HTTP/1.1" 404 1256 "-" "-"
87.119.196.65 - - [07/Aug/2011:20:53:15 +0200] "GET //pmabd/scripts/setup.php HTTP/1.1" 404 1256 "-" "-"
87.119.196.65 - - [07/Aug/2011:20:53:15 +0200] "GET //mydb/scripts/setup.php HTTP/1.1" 404 1256 "-" "-"
87.119.196.65 - - [07/Aug/2011:20:53:18 +0200] "GET //pma_mydb/scripts/setup.php HTTP/1.1" 404 1256 "-" "-"
87.119.196.65 - - [07/Aug/2011:20:53:18 +0200] "GET //webmail2/scripts/setup.php HTTP/1.1" 404 1256 "-" "-"
87.119.196.65 - - [07/Aug/2011:20:53:18 +0200] "GET //myphp/scripts/setup.php HTTP/1.1" 404 1256 "-" "-"
87.119.196.65 - - [07/Aug/2011:20:53:18 +0200] "GET //Myphp/scripts/setup.php HTTP/1.1" 404 1256 "-" "-"
87.119.196.65 - - [07/Aug/2011:20:53:18 +0200] "GET //phpas/scripts/setup.php HTTP/1.1" 404 1256 "-" "-"
87.119.196.65 - - [07/Aug/2011:20:53:18 +0200] "GET //_pma/scripts/setup.php HTTP/1.1" 404 1256 "-" "-"
87.119.196.65 - - [07/Aug/2011:20:53:18 +0200] "GET //./scripts/setup.php HTTP/1.1" 404 1256 "-" "-"
87.119.196.65 - - [07/Aug/2011:20:53:19 +0200] "GET //_db/scripts/setup.php HTTP/1.1" 404 1256 "-" "-"
87.119.196.65 - - [07/Aug/2011:20:53:19 +0200] "GET //_dbadmin/scripts/setup.php HTTP/1.1" 404 1256 "-" "-"
87.119.196.65 - - [07/Aug/2011:20:53:19 +0200] "GET //_phpadmin/scripts/setup.php HTTP/1.1" 404 1256 "-" "-"
87.119.196.65 - - [07/Aug/2011:20:53:19 +0200] "GET //_admin/scripts/setup.php HTTP/1.1" 404 1256 "-" "-"
87.119.196.65 - - [07/Aug/2011:20:53:24 +0200] "GET //_phpmyadmin/scripts/setup.php HTTP/1.1" 404 1256 "-" "-"
87.119.196.65 - - [07/Aug/2011:20:53:27 +0200] "GET //_myphp/scripts/setup.php HTTP/1.1" 404 1256 "-" "-"
87.119.196.65 - - [07/Aug/2011:20:53:27 +0200] "GET //_php/scripts/setup.php HTTP/1.1" 404 1256 "-" "-"
87.119.196.65 - - [07/Aug/2011:20:53:27 +0200] "GET //sql/scripts/setup.php HTTP/1.1" 404 1256 "-" "-"
87.119.196.65 - - [07/Aug/2011:20:53:27 +0200] "GET //_sql/scripts/setup.php HTTP/1.1" 404 1256 "-" "-"
87.119.196.65 - - [07/Aug/2011:20:53:27 +0200] "GET //my-php/scripts/setup.php HTTP/1.1" 404 1256 "-" "-"
87.119.196.65 - - [07/Aug/2011:20:53:27 +0200] "GET //My-php/scripts/setup.php HTTP/1.1" 404 1256 "-" "-"
87.119.196.65 - - [07/Aug/2011:20:53:27 +0200] "GET //dbc/scripts/setup.php HTTP/1.1" 404 1256 "-" "-"
87.119.196.65 - - [07/Aug/2011:20:53:28 +0200] "GET //wp-phpmyadmin/phpmyadmin/scripts/setup.php HTTP/1.1" 404 1256 "-" "-"
87.119.196.65 - - [07/Aug/2011:20:53:28 +0200] "GET //phpmya/scripts/setup.php HTTP/1.1" 404 1256 "-" "-"
87.119.196.65 - - [07/Aug/2011:20:53:28 +0200] "GET //Files/scripts/setup.php HTTP/1.1" 404 1256 "-" "-"
87.119.196.65 - - [07/Aug/2011:20:53:28 +0200] "GET //examples/scripts/setup.php HTTP/1.1" 404 1256 "-" "-"
87.119.196.65 - - [07/Aug/2011:20:53:28 +0200] "GET //db_backup/scripts/setup.php HTTP/1.1" 404 1256 "-" "-"
87.119.196.65 - - [07/Aug/2011:20:53:31 +0200] "GET //_v2.8/scripts/setup.php HTTP/1.1" 404 1256 "-" "-"
87.119.196.65 - - [07/Aug/2011:20:53:31 +0200] "GET //_phpmyadmin/_v2.8/scripts/setup.php HTTP/1.1" 404 1256 "-" "-"
87.119.196.65 - - [07/Aug/2011:20:53:31 +0200] "GET //_phpmyadmin_db3/scripts/setup.php HTTP/1.1" 404 1256 "-" "-"
87.119.196.65 - - [07/Aug/2011:20:53:34 +0200] "GET //_db_man_aa/scripts/setup.php HTTP/1.1" 404 1256 "-" "-"
87.119.196.65 - - [07/Aug/2011:20:53:34 +0200] "GET //db4/scripts/setup.php HTTP/1.1" 404 1256 "-" "-"
87.119.196.65 - - [07/Aug/2011:20:53:34 +0200] "GET //db3/scripts/setup.php HTTP/1.1" 404 1256 "-" "-"
87.119.196.65 - - [07/Aug/2011:20:53:35 +0200] "GET //db2/scripts/setup.php HTTP/1.1" 404 1256 "-" "-"
87.119.196.65 - - [07/Aug/2011:20:53:35 +0200] "GET //db1/scripts/setup.php HTTP/1.1" 404 1256 "-" "-"
87.119.196.65 - - [07/Aug/2011:20:53:35 +0200] "GET //PMYADM/scripts/setup.php HTTP/1.1" 404 1256 "-" "-"
87.119.196.65 - - [07/Aug/2011:20:53:35 +0200] "GET //phpmysql/scripts/setup.php HTTP/1.1" 404 1256 "-" "-"
87.119.196.65 - - [07/Aug/2011:20:53:35 +0200] "GET //pmy/scripts/setup.php HTTP/1.1" 404 1256 "-" "-"
87.119.196.65 - - [07/Aug/2011:20:53:35 +0200] "GET //.bash/scripts/setup.php HTTP/1.1" 404 1256 "-" "-"
123.125.71.30 - - [07/Aug/2011:21:26:28 +0200] "GET / HTTP/1.1" 200 326 "-" "Mozilla/5.0 (compatible; Baiduspider/2.0; +http://www.baidu.com/search/spider.html)"
220.181.108.76 - - [07/Aug/2011:21:26:47 +0200] "GET / HTTP/1.1" 200 326 "-" "Mozilla/5.0 (compatible; Baiduspider/2.0; +http://www.baidu.com/search/spider.html)"
123.125.71.28 - - [08/Aug/2011:10:25:19 +0200] "GET / HTTP/1.1" 200 326 "-" "Mozilla/5.0 (compatible; Baiduspider/2.0; +http://www.baidu.com/search/spider.html)"
220.181.108.78 - - [08/Aug/2011:10:25:33 +0200] "GET / HTTP/1.1" 200 326 "-" "Mozilla/5.0 (compatible; Baiduspider/2.0; +http://www.baidu.com/search/spider.html)"
220.181.108.158 - - [08/Aug/2011:15:02:14 +0200] "GET /robots.txt HTTP/1.1" 404 1256 "-" "Baiduspider+(+http://www.baidu.com/search/spider.htm)"
123.125.71.22 - - [08/Aug/2011:17:29:14 +0200] "GET / HTTP/1.1" 200 326 "-" "Mozilla/5.0 (compatible; Baiduspider/2.0; +http://www.baidu.com/search/spider.html)"
220.181.108.76 - - [08/Aug/2011:17:29:43 +0200] "GET / HTTP/1.1" 200 326 "-" "Mozilla/5.0 (compatible; Baiduspider/2.0; +http://www.baidu.com/search/spider.html)"
123.125.71.14 - - [08/Aug/2011:18:38:31 +0200] "GET / HTTP/1.1" 200 326 "-" "Mozilla/5.0 (compatible; Baiduspider/2.0; +http://www.baidu.com/search/spider.html)"
220.181.108.76 - - [08/Aug/2011:18:39:05 +0200] "GET / HTTP/1.1" 200 326 "-" "Mozilla/5.0 (compatible; Baiduspider/2.0; +http://www.baidu.com/search/spider.html)"
123.125.71.113 - - [08/Aug/2011:20:09:37 +0200] "GET / HTTP/1.1" 200 326 "-" "Mozilla/5.0 (compatible; Baiduspider/2.0; +http://www.baidu.com/search/spider.html)"
123.125.71.23 - - [09/Aug/2011:02:26:01 +0200] "GET / HTTP/1.1" 200 326 "-" "Mozilla/5.0 (compatible; Baiduspider/2.0; +http://www.baidu.com/search/spider.html)"
220.181.108.91 - - [09/Aug/2011:02:26:22 +0200] "GET / HTTP/1.1" 200 326 "-" "Mozilla/5.0 (compatible; Baiduspider/2.0; +http://www.baidu.com/search/spider.html)"
123.125.71.14 - - [09/Aug/2011:06:27:01 +0200] "GET / HTTP/1.1" 200 326 "-" "Mozilla/5.0 (compatible; Baiduspider/2.0; +http://www.baidu.com/search/spider.html)"
220.181.108.88 - - [09/Aug/2011:06:27:25 +0200] "GET / HTTP/1.1" 200 326 "-" "Mozilla/5.0 (compatible; Baiduspider/2.0; +http://www.baidu.com/search/spider.html)"
220.181.108.156 - - [09/Aug/2011:09:03:32 +0200] "GET /robots.txt HTTP/1.1" 404 1256 "-" "Baiduspider+(+http://www.baidu.com/search/spider.htm)"
123.125.71.28 - - [09/Aug/2011:14:27:11 +0200] "GET / HTTP/1.1" 200 326 "-" "Mozilla/5.0 (compatible; Baiduspider/2.0; +http://www.baidu.com/search/spider.html)"
220.181.108.78 - - [09/Aug/2011:14:27:32 +0200] "GET / HTTP/1.1" 200 326 "-" "Mozilla/5.0 (compatible; Baiduspider/2.0; +http://www.baidu.com/search/spider.html)"
82.165.37.69 - - [09/Aug/2011:14:31:21 +0200] "GET / HTTP/1.0" 200 326 "http://logistique.li/IPTCBOT/" "Mozilla/5.0 (compatible; IPTCBOT;"
123.125.71.22 - - [09/Aug/2011:17:25:53 +0200] "GET / HTTP/1.1" 200 326 "-" "Mozilla/5.0 (compatible; Baiduspider/2.0; +http://www.baidu.com/search/spider.html)"
220.181.108.97 - - [09/Aug/2011:17:26:12 +0200] "GET / HTTP/1.1" 200 326 "-" "Mozilla/5.0 (compatible; Baiduspider/2.0; +http://www.baidu.com/search/spider.html)"
123.125.71.100 - - [09/Aug/2011:18:12:24 +0200] "GET / HTTP/1.1" 200 326 "-" "Mozilla/5.0 (compatible; Baiduspider/2.0; +http://www.baidu.com/search/spider.html)"
84.176.146.246 - - [09/Aug/2011:19:25:00 +0200] "HEAD / HTTP/1.1" 200 - "-" "curl/7.21.3 (i386-redhat-linux-gnu) libcurl/7.21.3 NSS/3.12.10.0 zlib/1.2.5 libidn/1.19 libssh2/1.2.7"
123.125.71.36 - - [09/Aug/2011:22:26:19 +0200] "GET / HTTP/1.1" 200 326 "-" "Mozilla/5.0 (compatible; Baiduspider/2.0; +http://www.baidu.com/search/spider.html)"
220.181.108.77 - - [09/Aug/2011:22:26:38 +0200] "GET / HTTP/1.1" 200 326 "-" "Mozilla/5.0 (compatible; Baiduspider/2.0; +http://www.baidu.com/search/spider.html)"
67.195.113.217 - - [10/Aug/2011:00:02:26 +0200] "GET /robots.txt HTTP/1.0" 404 1256 "-" "Mozilla/5.0 (compatible; Yahoo! Slurp; http://help.yahoo.com/help/us/ysearch/slurp)"
67.195.113.217 - - [10/Aug/2011:00:02:27 +0200] "GET / HTTP/1.0" 200 326 "-" "Mozilla/5.0 (compatible; Yahoo! Slurp; http://help.yahoo.com/help/us/ysearch/slurp)"
123.125.71.24 - - [10/Aug/2011:00:26:49 +0200] "GET / HTTP/1.1" 200 326 "-" "Mozilla/5.0 (compatible; Baiduspider/2.0; +http://www.baidu.com/search/spider.html)"
220.181.108.95 - - [10/Aug/2011:00:27:10 +0200] "GET / HTTP/1.1" 200 326 "-" "Mozilla/5.0 (compatible; Baiduspider/2.0; +http://www.baidu.com/search/spider.html)"
95.108.158.134 - - [10/Aug/2011:01:02:54 +0200] "GET /robots.txt HTTP/1.1" 404 1256 "-" "Mozilla/5.0 (compatible; YandexBot/3.0; +http://yandex.com/bots)"
123.125.71.23 - - [10/Aug/2011:02:26:37 +0200] "GET / HTTP/1.1" 200 326 "-" "Mozilla/5.0 (compatible; Baiduspider/2.0; +http://www.baidu.com/search/spider.html)"
220.181.108.82 - - [10/Aug/2011:02:26:59 +0200] "GET / HTTP/1.1" 200 326 "-" "Mozilla/5.0 (compatible; Baiduspider/2.0; +http://www.baidu.com/search/spider.html)"
95.108.158.134 - - [10/Aug/2011:05:43:30 +0200] "GET / HTTP/1.1" 200 326 "-" "Mozilla/5.0 (compatible; YandexBot/3.0; +http://yandex.com/bots)"
123.125.71.19 - - [10/Aug/2011:06:26:03 +0200] "GET / HTTP/1.1" 200 326 "-" "Mozilla/5.0 (compatible; Baiduspider/2.0; +http://www.baidu.com/search/spider.html)"
220.181.108.80 - - [10/Aug/2011:06:26:26 +0200] "GET / HTTP/1.1" 200 326 "-" "Mozilla/5.0 (compatible; Baiduspider/2.0; +http://www.baidu.com/search/spider.html)"
220.181.108.152 - - [10/Aug/2011:08:27:54 +0200] "GET /robots.txt HTTP/1.1" 404 1256 "-" "Baiduspider+(+http://www.baidu.com/search/spider.htm)"
123.125.71.30 - - [10/Aug/2011:14:27:09 +0200] "GET / HTTP/1.1" 200 326 "-" "Mozilla/5.0 (compatible; Baiduspider/2.0; +http://www.baidu.com/search/spider.html)"
220.181.108.82 - - [10/Aug/2011:14:27:31 +0200] "GET / HTTP/1.1" 200 326 "-" "Mozilla/5.0 (compatible; Baiduspider/2.0; +http://www.baidu.com/search/spider.html)"
123.125.71.24 - - [10/Aug/2011:18:39:22 +0200] "GET / HTTP/1.1" 200 326 "-" "Mozilla/5.0 (compatible; Baiduspider/2.0; +http://www.baidu.com/search/spider.html)"
220.181.108.90 - - [10/Aug/2011:18:39:56 +0200] "GET / HTTP/1.1" 200 326 "-" "Mozilla/5.0 (compatible; Baiduspider/2.0; +http://www.baidu.com/search/spider.html)"
24.179.179.3 - - [10/Aug/2011:19:47:56 +0200] "GET / HTTP/1.1" 200 326 "-" "Mozilla/5.0 (iPad; U; CPU OS 4_3_5 like Mac OS X; en-us) AppleWebKit/533.17.9 (KHTML, like Gecko) Version/5.0.2 Mobile/8L1 Safari/6533.18.5"
123.125.71.36 - - [10/Aug/2011:21:27:53 +0200] "GET / HTTP/1.1" 200 326 "-" "Mozilla/5.0 (compatible; Baiduspider/2.0; +http://www.baidu.com/search/spider.html)"
220.181.108.89 - - [10/Aug/2011:21:28:12 +0200] "GET / HTTP/1.1" 200 326 "-" "Mozilla/5.0 (compatible; Baiduspider/2.0; +http://www.baidu.com/search/spider.html)"
123.125.71.27 - - [10/Aug/2011:22:26:28 +0200] "GET / HTTP/1.1" 200 326 "-" "Mozilla/5.0 (compatible; Baiduspider/2.0; +http://www.baidu.com/search/spider.html)"
220.181.108.77 - - [10/Aug/2011:22:26:49 +0200] "GET / HTTP/1.1" 200 326 "-" "Mozilla/5.0 (compatible; Baiduspider/2.0; +http://www.baidu.com/search/spider.html)"
123.125.71.103 - - [11/Aug/2011:00:43:59 +0200] "GET / HTTP/1.1" 200 326 "-" "Mozilla/5.0 (compatible; Baiduspider/2.0; +http://www.baidu.com/search/spider.html)"
123.125.71.102 - - [11/Aug/2011:05:53:31 +0200] "GET / HTTP/1.1" 200 326 "-" "Mozilla/5.0 (compatible; Baiduspider/2.0; +http://www.baidu.com/search/spider.html)"
123.125.71.15 - - [11/Aug/2011:10:26:52 +0200] "GET / HTTP/1.1" 200 326 "-" "Mozilla/5.0 (compatible; Baiduspider/2.0; +http://www.baidu.com/search/spider.html)"
220.181.108.78 - - [11/Aug/2011:10:27:12 +0200] "GET / HTTP/1.1" 200 326 "-" "Mozilla/5.0 (compatible; Baiduspider/2.0; +http://www.baidu.com/search/spider.html)"
220.181.108.156 - - [11/Aug/2011:10:47:26 +0200] "GET /robots.txt HTTP/1.1" 404 1256 "-" "Baiduspider+(+http://www.baidu.com/search/spider.htm)"
123.125.71.34 - - [11/Aug/2011:14:28:45 +0200] "GET / HTTP/1.1" 200 326 "-" "Mozilla/5.0 (compatible; Baiduspider/2.0; +http://www.baidu.com/search/spider.html)"
220.181.108.76 - - [11/Aug/2011:14:29:09 +0200] "GET / HTTP/1.1" 200 326 "-" "Mozilla/5.0 (compatible; Baiduspider/2.0; +http://www.baidu.com/search/spider.html)"
123.125.71.34 - - [11/Aug/2011:17:30:19 +0200] "GET / HTTP/1.1" 200 326 "-" "Mozilla/5.0 (compatible; Baiduspider/2.0; +http://www.baidu.com/search/spider.html)"
220.181.108.93 - - [11/Aug/2011:17:30:45 +0200] "GET / HTTP/1.1" 200 326 "-" "Mozilla/5.0 (compatible; Baiduspider/2.0; +http://www.baidu.com/search/spider.html)"
123.125.71.36 - - [11/Aug/2011:18:43:06 +0200] "GET / HTTP/1.1" 200 326 "-" "Mozilla/5.0 (compatible; Baiduspider/2.0; +http://www.baidu.com/search/spider.html)"
220.181.108.81 - - [11/Aug/2011:18:43:43 +0200] "GET / HTTP/1.1" 200 326 "-" "Mozilla/5.0 (compatible; Baiduspider/2.0; +http://www.baidu.com/search/spider.html)"
123.125.71.18 - - [11/Aug/2011:21:26:57 +0200] "GET / HTTP/1.1" 200 326 "-" "Mozilla/5.0 (compatible; Baiduspider/2.0; +http://www.baidu.com/search/spider.html)"
220.181.108.78 - - [11/Aug/2011:21:27:14 +0200] "GET / HTTP/1.1" 200 326 "-" "Mozilla/5.0 (compatible; Baiduspider/2.0; +http://www.baidu.com/search/spider.html)"
123.125.71.20 - - [12/Aug/2011:01:26:12 +0200] "GET / HTTP/1.1" 200 326 "-" "Mozilla/5.0 (compatible; Baiduspider/2.0; +http://www.baidu.com/search/spider.html)"
220.181.108.87 - - [12/Aug/2011:01:26:31 +0200] "GET / HTTP/1.1" 200 326 "-" "Mozilla/5.0 (compatible; Baiduspider/2.0; +http://www.baidu.com/search/spider.html)"
123.125.71.29 - - [12/Aug/2011:05:25:18 +0200] "GET / HTTP/1.1" 200 326 "-" "Mozilla/5.0 (compatible; Baiduspider/2.0; +http://www.baidu.com/search/spider.html)"
220.181.108.90 - - [12/Aug/2011:05:25:23 +0200] "GET / HTTP/1.1" 200 326 "-" "Mozilla/5.0 (compatible; Baiduspider/2.0; +http://www.baidu.com/search/spider.html)"
123.125.71.18 - - [12/Aug/2011:06:26:53 +0200] "GET / HTTP/1.1" 200 326 "-" "Mozilla/5.0 (compatible; Baiduspider/2.0; +http://www.baidu.com/search/spider.html)"
220.181.108.76 - - [12/Aug/2011:06:27:13 +0200] "GET / HTTP/1.1" 200 326 "-" "Mozilla/5.0 (compatible; Baiduspider/2.0; +http://www.baidu.com/search/spider.html)"
66.249.72.131 - - [12/Aug/2011:07:30:02 +0200] "GET /robots.txt HTTP/1.1" 404 1256 "-" "Mozilla/5.0 (compatible; Googlebot/2.1; +http://www.google.com/bot.html)"
66.249.72.131 - - [12/Aug/2011:07:30:02 +0200] "GET / HTTP/1.1" 304 - "-" "Mozilla/5.0 (compatible; Googlebot/2.1; +http://www.google.com/bot.html)"
123.125.71.111 - - [12/Aug/2011:08:28:36 +0200] "GET / HTTP/1.1" 200 326 "-" "Mozilla/5.0 (compatible; Baiduspider/2.0; +http://www.baidu.com/search/spider.html)"
123.125.71.36 - - [12/Aug/2011:09:26:10 +0200] "GET / HTTP/1.1" 200 326 "-" "Mozilla/5.0 (compatible; Baiduspider/2.0; +http://www.baidu.com/search/spider.html)"
220.181.108.91 - - [12/Aug/2011:09:26:27 +0200] "GET / HTTP/1.1" 200 326 "-" "Mozilla/5.0 (compatible; Baiduspider/2.0; +http://www.baidu.com/search/spider.html)"
123.125.71.29 - - [12/Aug/2011:14:27:49 +0200] "GET / HTTP/1.1" 200 326 "-" "Mozilla/5.0 (compatible; Baiduspider/2.0; +http://www.baidu.com/search/spider.html)"
220.181.108.88 - - [12/Aug/2011:14:28:12 +0200] "GET / HTTP/1.1" 200 326 "-" "Mozilla/5.0 (compatible; Baiduspider/2.0; +http://www.baidu.com/search/spider.html)"
220.181.108.162 - - [12/Aug/2011:15:21:03 +0200] "GET /robots.txt HTTP/1.1" 404 1256 "-" "Baiduspider+(+http://www.baidu.com/search/spider.htm)"
123.125.71.18 - - [12/Aug/2011:18:41:05 +0200] "GET / HTTP/1.1" 200 326 "-" "Mozilla/5.0 (compatible; Baiduspider/2.0; +http://www.baidu.com/search/spider.html)"
220.181.108.94 - - [12/Aug/2011:18:41:43 +0200] "GET / HTTP/1.1" 200 326 "-" "Mozilla/5.0 (compatible; Baiduspider/2.0; +http://www.baidu.com/search/spider.html)"
82.165.37.69 - - [12/Aug/2011:23:20:42 +0200] "GET / HTTP/1.0" 200 326 "http://magazin.18x24.com/presse/?IPTCBOT/" "Mozilla/5.0 (compatible; IPTCBOT;"
123.125.71.28 - - [13/Aug/2011:00:27:19 +0200] "GET / HTTP/1.1" 200 326 "-" "Mozilla/5.0 (compatible; Baiduspider/2.0; +http://www.baidu.com/search/spider.html)"
220.181.108.82 - - [13/Aug/2011:00:27:41 +0200] "GET / HTTP/1.1" 200 326 "-" "Mozilla/5.0 (compatible; Baiduspider/2.0; +http://www.baidu.com/search/spider.html)"
123.125.71.27 - - [13/Aug/2011:01:27:18 +0200] "GET / HTTP/1.1" 200 326 "-" "Mozilla/5.0 (compatible; Baiduspider/2.0; +http://www.baidu.com/search/spider.html)"
220.181.108.88 - - [13/Aug/2011:01:27:39 +0200] "GET / HTTP/1.1" 200 326 "-" "Mozilla/5.0 (compatible; Baiduspider/2.0; +http://www.baidu.com/search/spider.html)"
123.125.71.36 - - [13/Aug/2011:02:27:53 +0200] "GET / HTTP/1.1" 200 326 "-" "Mozilla/5.0 (compatible; Baiduspider/2.0; +http://www.baidu.com/search/spider.html)"
220.181.108.96 - - [13/Aug/2011:02:28:14 +0200] "GET / HTTP/1.1" 200 326 "-" "Mozilla/5.0 (compatible; Baiduspider/2.0; +http://www.baidu.com/search/spider.html)"
123.125.71.104 - - [13/Aug/2011:08:22:40 +0200] "GET / HTTP/1.1" 200 326 "-" "Mozilla/5.0 (compatible; Baiduspider/2.0; +http://www.baidu.com/search/spider.html)"
123.125.71.15 - - [13/Aug/2011:09:26:23 +0200] "GET / HTTP/1.1" 200 326 "-" "Mozilla/5.0 (compatible; Baiduspider/2.0; +http://www.baidu.com/search/spider.html)"
220.181.108.77 - - [13/Aug/2011:09:26:35 +0200] "GET / HTTP/1.1" 200 326 "-" "Mozilla/5.0 (compatible; Baiduspider/2.0; +http://www.baidu.com/search/spider.html)"
220.181.108.142 - - [13/Aug/2011:10:52:42 +0200] "GET /robots.txt HTTP/1.1" 404 1256 "-" "Baiduspider+(+http://www.baidu.com/search/spider.htm)"
123.125.71.35 - - [13/Aug/2011:14:28:11 +0200] "GET / HTTP/1.1" 200 326 "-" "Mozilla/5.0 (compatible; Baiduspider/2.0; +http://www.baidu.com/search/spider.html)"
220.181.108.90 - - [13/Aug/2011:14:28:34 +0200] "GET / HTTP/1.1" 200 326 "-" "Mozilla/5.0 (compatible; Baiduspider/2.0; +http://www.baidu.com/search/spider.html)"
220.181.108.81 - - [13/Aug/2011:21:27:33 +0200] "GET / HTTP/1.1" 200 326 "-" "Mozilla/5.0 (compatible; Baiduspider/2.0; +http://www.baidu.com/search/spider.html)"
123.125.71.32 - - [14/Aug/2011:06:28:00 +0200] "GET / HTTP/1.1" 200 326 "-" "Mozilla/5.0 (compatible; Baiduspider/2.0; +http://www.baidu.com/search/spider.html)"
220.181.108.92 - - [14/Aug/2011:06:28:24 +0200] "GET / HTTP/1.1" 200 326 "-" "Mozilla/5.0 (compatible; Baiduspider/2.0; +http://www.baidu.com/search/spider.html)"
69.58.178.56 - - [14/Aug/2011:06:59:38 +0200] "GET /robots.txt HTTP/1.1" 404 1256 "-" "BlackBerry9000/4.6.0.167 Profile/MIDP-2.0 Configuration/CLDC-1.1 VendorID/102 ips-agent"
69.58.178.56 - - [14/Aug/2011:06:59:39 +0200] "GET / HTTP/1.1" 200 326 "-" "Mozilla/5.0 (X11; U; Linux i686; en-US; rv:1.9.1.3; ips-agent) Gecko/20090824 Fedora/1.0.7-1.1.fc4 Firefox/3.5.3"
69.58.178.56 - - [14/Aug/2011:06:59:40 +0200] "GET / HTTP/1.1" 200 326 "-" "BlackBerry9000/4.6.0.167 Profile/MIDP-2.0 Configuration/CLDC-1.1 VendorID/102 ips-agent"
72.94.249.38 - - [14/Aug/2011:07:50:23 +0200] "GET / HTTP/1.1" 200 326 "-" "Mozilla/4.0 (compatible; MSIE 6.0; Windows NT 5.1; SV1; .NET CLR 1.1.4322)"
220.181.108.150 - - [14/Aug/2011:10:19:49 +0200] "GET /robots.txt HTTP/1.1" 404 1256 "-" "Baiduspider+(+http://www.baidu.com/search/spider.htm)"
123.125.71.28 - - [14/Aug/2011:10:27:54 +0200] "GET / HTTP/1.1" 200 326 "-" "Mozilla/5.0 (compatible; Baiduspider/2.0; +http://www.baidu.com/search/spider.html)"
220.181.108.77 - - [14/Aug/2011:10:28:13 +0200] "GET / HTTP/1.1" 200 326 "-" "Mozilla/5.0 (compatible; Baiduspider/2.0; +http://www.baidu.com/search/spider.html)"
123.125.71.33 - - [14/Aug/2011:13:28:56 +0200] "GET / HTTP/1.1" 200 326 "-" "Mozilla/5.0 (compatible; Baiduspider/2.0; +http://www.baidu.com/search/spider.html)"
220.181.108.85 - - [14/Aug/2011:13:29:17 +0200] "GET / HTTP/1.1" 200 326 "-" "Mozilla/5.0 (compatible; Baiduspider/2.0; +http://www.baidu.com/search/spider.html)"
123.125.71.96 - - [14/Aug/2011:13:57:19 +0200] "GET / HTTP/1.1" 200 326 "-" "Mozilla/5.0 (compatible; Baiduspider/2.0; +http://www.baidu.com/search/spider.html)"
123.125.71.19 - - [14/Aug/2011:14:27:50 +0200] "GET / HTTP/1.1" 200 326 "-" "Mozilla/5.0 (compatible; Baiduspider/2.0; +http://www.baidu.com/search/spider.html)"
220.181.108.80 - - [14/Aug/2011:14:28:12 +0200] "GET / HTTP/1.1" 200 326 "-" "Mozilla/5.0 (compatible; Baiduspider/2.0; +http://www.baidu.com/search/spider.html)"
123.125.71.12 - - [15/Aug/2011:02:28:40 +0200] "GET / HTTP/1.1" 200 326 "-" "Mozilla/5.0 (compatible; Baiduspider/2.0; +http://www.baidu.com/search/spider.html)"
220.181.108.77 - - [15/Aug/2011:02:29:01 +0200] "GET / HTTP/1.1" 200 326 "-" "Mozilla/5.0 (compatible; Baiduspider/2.0; +http://www.baidu.com/search/spider.html)"
123.125.71.18 - - [15/Aug/2011:06:28:52 +0200] "GET / HTTP/1.1" 200 326 "-" "Mozilla/5.0 (compatible; Baiduspider/2.0; +http://www.baidu.com/search/spider.html)"
220.181.108.87 - - [15/Aug/2011:06:29:14 +0200] "GET / HTTP/1.1" 200 326 "-" "Mozilla/5.0 (compatible; Baiduspider/2.0; +http://www.baidu.com/search/spider.html)"
220.181.108.77 - - [15/Aug/2011:10:18:09 +0200] "GET / HTTP/1.1" 200 326 "-" "Mozilla/5.0 (compatible; Baiduspider/2.0; +http://www.baidu.com/search/spider.html)"
123.125.71.14 - - [15/Aug/2011:10:18:17 +0200] "GET / HTTP/1.1" 200 326 "-" "Mozilla/5.0 (compatible; Baiduspider/2.0; +http://www.baidu.com/search/spider.html)"
220.181.108.147 - - [15/Aug/2011:13:50:26 +0200] "GET /robots.txt HTTP/1.1" 404 1256 "-" "Baiduspider+(+http://www.baidu.com/search/spider.htm)"
123.125.71.32 - - [15/Aug/2011:14:27:29 +0200] "GET / HTTP/1.1" 200 326 "-" "Mozilla/5.0 (compatible; Baiduspider/2.0; +http://www.baidu.com/search/spider.html)"
220.181.108.77 - - [15/Aug/2011:14:27:50 +0200] "GET / HTTP/1.1" 200 326 "-" "Mozilla/5.0 (compatible; Baiduspider/2.0; +http://www.baidu.com/search/spider.html)"
65.52.104.82 - - [15/Aug/2011:14:34:27 +0200] "GET /robots.txt HTTP/1.1" 404 1256 "-" "Mozilla/5.0 (compatible; bingbot/2.0; +http://www.bing.com/bingbot.htm)"
65.52.104.82 - - [15/Aug/2011:14:38:55 +0200] "GET / HTTP/1.1" 304 - "-" "Mozilla/5.0 (compatible; bingbot/2.0; +http://www.bing.com/bingbot.htm)"
123.125.71.30 - - [15/Aug/2011:21:32:50 +0200] "GET / HTTP/1.1" 200 326 "-" "Mozilla/5.0 (compatible; Baiduspider/2.0; +http://www.baidu.com/search/spider.html)"
220.181.108.88 - - [15/Aug/2011:21:33:26 +0200] "GET / HTTP/1.1" 200 326 "-" "Mozilla/5.0 (compatible; Baiduspider/2.0; +http://www.baidu.com/search/spider.html)"
123.125.71.26 - - [15/Aug/2011:23:33:45 +0200] "GET / HTTP/1.1" 200 326 "-" "Mozilla/5.0 (compatible; Baiduspider/2.0; +http://www.baidu.com/search/spider.html)"
220.181.108.96 - - [15/Aug/2011:23:34:17 +0200] "GET / HTTP/1.1" 200 326 "-" "Mozilla/5.0 (compatible; Baiduspider/2.0; +http://www.baidu.com/search/spider.html)"
93.116.238.173 - - [16/Aug/2011:02:20:05 +0200] "GET / HTTP/1.1" 200 326 "-" "Java/1.6.0_25"
123.125.71.18 - - [16/Aug/2011:03:32:13 +0200] "GET / HTTP/1.1" 200 326 "-" "Mozilla/5.0 (compatible; Baiduspider/2.0; +http://www.baidu.com/search/spider.html)"
220.181.108.90 - - [16/Aug/2011:03:32:44 +0200] "GET / HTTP/1.1" 200 326 "-" "Mozilla/5.0 (compatible; Baiduspider/2.0; +http://www.baidu.com/search/spider.html)"
220.181.108.151 - - [16/Aug/2011:05:13:43 +0200] "GET /robots.txt HTTP/1.1" 404 1256 "-" "Baiduspider+(+http://www.baidu.com/search/spider.htm)"
123.125.71.13 - - [16/Aug/2011:06:31:46 +0200] "GET / HTTP/1.1" 200 326 "-" "Mozilla/5.0 (compatible; Baiduspider/2.0; +http://www.baidu.com/search/spider.html)"
220.181.108.90 - - [16/Aug/2011:06:32:15 +0200] "GET / HTTP/1.1" 200 326 "-" "Mozilla/5.0 (compatible; Baiduspider/2.0; +http://www.baidu.com/search/spider.html)"
123.125.71.28 - - [16/Aug/2011:07:30:39 +0200] "GET / HTTP/1.1" 200 326 "-" "Mozilla/5.0 (compatible; Baiduspider/2.0; +http://www.baidu.com/search/spider.html)"
220.181.108.93 - - [16/Aug/2011:07:31:07 +0200] "GET / HTTP/1.1" 200 326 "-" "Mozilla/5.0 (compatible; Baiduspider/2.0; +http://www.baidu.com/search/spider.html)"
123.125.71.114 - - [16/Aug/2011:14:15:50 +0200] "GET / HTTP/1.1" 200 326 "-" "Mozilla/5.0 (compatible; Baiduspider/2.0; +http://www.baidu.com/search/spider.html)"
82.165.37.69 - - [16/Aug/2011:16:43:22 +0200] "GET / HTTP/1.0" 200 326 "http://kennensiemich.ch/IPTCroboto/?=/" "Mozilla/5.0 (compatible; IPTCBOT;"
220.181.108.82 - - [16/Aug/2011:19:32:51 +0200] "GET / HTTP/1.1" 200 326 "-" "Mozilla/5.0 (compatible; Baiduspider/2.0; +http://www.baidu.com/search/spider.html)"
123.125.71.15 - - [16/Aug/2011:19:34:00 +0200] "GET / HTTP/1.1" 200 326 "-" "Mozilla/5.0 (compatible; Baiduspider/2.0; +http://www.baidu.com/search/spider.html)"
220.181.108.93 - - [16/Aug/2011:23:33:06 +0200] "GET / HTTP/1.1" 200 326 "-" "Mozilla/5.0 (compatible; Baiduspider/2.0; +http://www.baidu.com/search/spider.html)"
123.125.71.33 - - [16/Aug/2011:23:34:50 +0200] "GET / HTTP/1.1" 200 326 "-" "Mozilla/5.0 (compatible; Baiduspider/2.0; +http://www.baidu.com/search/spider.html)"
123.125.71.17 - - [17/Aug/2011:03:32:37 +0200] "GET / HTTP/1.1" 200 326 "-" "Mozilla/5.0 (compatible; Baiduspider/2.0; +http://www.baidu.com/search/spider.html)"
220.181.108.93 - - [17/Aug/2011:03:33:07 +0200] "GET / HTTP/1.1" 200 326 "-" "Mozilla/5.0 (compatible; Baiduspider/2.0; +http://www.baidu.com/search/spider.html)"
123.125.71.18 - - [17/Aug/2011:14:31:01 +0200] "GET / HTTP/1.1" 200 326 "-" "Mozilla/5.0 (compatible; Baiduspider/2.0; +http://www.baidu.com/search/spider.html)"
220.181.108.92 - - [17/Aug/2011:14:31:33 +0200] "GET / HTTP/1.1" 200 326 "-" "Mozilla/5.0 (compatible; Baiduspider/2.0; +http://www.baidu.com/search/spider.html)"
220.181.108.163 - - [17/Aug/2011:14:49:17 +0200] "GET /robots.txt HTTP/1.1" 404 1256 "-" "Baiduspider+(+http://www.baidu.com/search/spider.htm)"
123.125.71.23 - - [17/Aug/2011:19:31:09 +0200] "GET / HTTP/1.1" 200 326 "-" "Mozilla/5.0 (compatible; Baiduspider/2.0; +http://www.baidu.com/search/spider.html)"
220.181.108.87 - - [17/Aug/2011:19:31:38 +0200] "GET / HTTP/1.1" 200 326 "-" "Mozilla/5.0 (compatible; Baiduspider/2.0; +http://www.baidu.com/search/spider.html)"
216.145.17.190 - - [17/Aug/2011:22:05:12 +0200] "GET /robots.txt HTTP/1.0" 404 1256 "-" "Mozilla/5.0 (Windows; U; Windows NT 5.1; en; rv:1.9.0.13) Gecko/2009073022 Firefox/3.5.2 (.NET CLR 3.5.30729) SurveyBot/2.3 (DomainTools)"
216.145.17.190 - - [17/Aug/2011:22:05:12 +0200] "GET / HTTP/1.1" 200 326 "http://whois.domaintools.com/ruehling.com" "Mozilla/5.0 (Windows; U; Windows NT 5.1; en; rv:1.9.0.13) Gecko/2009073022 Firefox/3.5.2 (.NET CLR 3.5.30729) SurveyBot/2.3 (DomainTools)"
123.125.71.36 - - [17/Aug/2011:23:32:41 +0200] "GET / HTTP/1.1" 200 326 "-" "Mozilla/5.0 (compatible; Baiduspider/2.0; +http://www.baidu.com/search/spider.html)"
220.181.108.78 - - [17/Aug/2011:23:33:13 +0200] "GET / HTTP/1.1" 200 326 "-" "Mozilla/5.0 (compatible; Baiduspider/2.0; +http://www.baidu.com/search/spider.html)"
220.181.108.77 - - [18/Aug/2011:06:31:45 +0200] "GET / HTTP/1.1" 200 326 "-" "Mozilla/5.0 (compatible; Baiduspider/2.0; +http://www.baidu.com/search/spider.html)"
220.181.108.76 - - [18/Aug/2011:07:32:07 +0200] "GET / HTTP/1.1" 200 326 "-" "Mozilla/5.0 (compatible; Baiduspider/2.0; +http://www.baidu.com/search/spider.html)"
123.125.71.31 - - [18/Aug/2011:07:34:02 +0200] "GET / HTTP/1.1" 200 326 "-" "Mozilla/5.0 (compatible; Baiduspider/2.0; +http://www.baidu.com/search/spider.html)"
220.181.108.162 - - [18/Aug/2011:09:03:56 +0200] "GET /robots.txt HTTP/1.1" 404 1256 "-" "Baiduspider+(+http://www.baidu.com/search/spider.htm)"
123.125.71.24 - - [18/Aug/2011:11:33:33 +0200] "GET / HTTP/1.1" 200 326 "-" "Mozilla/5.0 (compatible; Baiduspider/2.0; +http://www.baidu.com/search/spider.html)"
220.181.108.82 - - [18/Aug/2011:11:34:05 +0200] "GET / HTTP/1.1" 200 326 "-" "Mozilla/5.0 (compatible; Baiduspider/2.0; +http://www.baidu.com/search/spider.html)"
123.125.71.34 - - [18/Aug/2011:13:32:47 +0200] "GET / HTTP/1.1" 200 326 "-" "Mozilla/5.0 (compatible; Baiduspider/2.0; +http://www.baidu.com/search/spider.html)"
220.181.108.86 - - [18/Aug/2011:13:33:21 +0200] "GET / HTTP/1.1" 200 326 "-" "Mozilla/5.0 (compatible; Baiduspider/2.0; +http://www.baidu.com/search/spider.html)"
