208.115.111.73 - - [17/Oct/2013:09:03:11 +0200] "GET /security/forw_sibt_security/index.html HTTP/1.1" 301 403 "-" "Mozilla/5.0 (compatible; Ezooms/1.0; ezooms.bot@gmail.com)"
141.8.147.12 - - [17/Oct/2013:10:54:05 +0200] "GET /robots.txt HTTP/1.1" 301 375 "-" "Mozilla/5.0 (compatible; YandexBot/3.0; +http://yandex.com/bots)"
66.249.78.81 - - [17/Oct/2013:11:15:39 +0200] "GET /robots.txt HTTP/1.1" 301 386 "-" "Mozilla/5.0 (compatible; Googlebot/2.1; +http://www.google.com/bot.html)"
66.249.78.81 - - [17/Oct/2013:11:15:39 +0200] "GET / HTTP/1.1" 301 376 "-" "SAMSUNG-SGH-E250/1.0 Profile/MIDP-2.0 Configuration/CLDC-1.1 UP.Browser/6.2.3.3.c.1.101 (GUI) MMP/2.0 (compatible; Googlebot-Mobile/2.1; +http://www.google.com/bot.html)"
66.249.78.240 - - [17/Oct/2013:12:49:36 +0200] "GET /robots.txt HTTP/1.1" 301 377 "-" "Mozilla/5.0 (compatible; Googlebot/2.1; +http://www.google.com/bot.html)"
66.249.78.240 - - [17/Oct/2013:12:49:37 +0200] "GET / HTTP/1.1" 301 367 "-" "SAMSUNG-SGH-E250/1.0 Profile/MIDP-2.0 Configuration/CLDC-1.1 UP.Browser/6.2.3.3.c.1.101 (GUI) MMP/2.0 (compatible; Googlebot-Mobile/2.1; +http://www.google.com/bot.html)"
141.8.147.12 - - [17/Oct/2013:13:16:17 +0200] "GET /robots.txt HTTP/1.1" 301 384 "-" "Mozilla/5.0 (compatible; YandexBot/3.0; +http://yandex.com/bots)"
157.55.32.89 - - [17/Oct/2013:13:54:17 +0200] "GET /robots.txt HTTP/1.1" 301 392 "-" "Mozilla/5.0 (compatible; bingbot/2.0; +http://www.bing.com/bingbot.htm)"
157.55.32.89 - - [17/Oct/2013:13:59:53 +0200] "GET /news/article/995445192.php HTTP/1.1" 301 408 "-" "Mozilla/5.0 (compatible; bingbot/2.0; +http://www.bing.com/bingbot.htm)"
141.8.147.12 - - [17/Oct/2013:14:17:53 +0200] "GET / HTTP/1.1" 301 374 "-" "Mozilla/5.0 (compatible; YandexBot/3.0; +http://yandex.com/bots)"
157.55.32.209 - - [17/Oct/2013:16:16:41 +0200] "GET /robots.txt HTTP/1.1" 301 377 "-" "Mozilla/5.0 (compatible; bingbot/2.0; +http://www.bing.com/bingbot.htm)"
157.55.32.209 - - [17/Oct/2013:16:19:31 +0200] "GET / HTTP/1.1" 301 367 "-" "Mozilla/5.0 (compatible; bingbot/2.0; +http://www.bing.com/bingbot.htm)"
178.77.126.55 - - [17/Oct/2013:17:55:17 +0200] "GET /robots.txt HTTP/1.1" 301 375 "-" "Mozilla/5.0 (compatible; CareerBot/1.1; +http://www.career-x.de/bot.html)"
178.77.126.55 - - [17/Oct/2013:17:55:17 +0200] "GET / HTTP/1.1" 301 365 "-" "Mozilla/5.0 (compatible; CareerBot/1.1; +http://www.career-x.de/bot.html)"
178.77.126.55 - - [17/Oct/2013:18:53:59 +0200] "GET /robots.txt HTTP/1.1" 301 386 "-" "Mozilla/5.0 (compatible; CareerBot/1.1; +http://www.career-x.de/bot.html)"
178.77.126.55 - - [17/Oct/2013:18:53:59 +0200] "GET / HTTP/1.1" 301 376 "-" "Mozilla/5.0 (compatible; CareerBot/1.1; +http://www.career-x.de/bot.html)"
141.8.147.12 - - [17/Oct/2013:19:14:22 +0200] "GET / HTTP/1.1" 301 365 "-" "Mozilla/5.0 (compatible; YandexBot/3.0; +http://yandex.com/bots)"
66.249.78.65 - - [17/Oct/2013:20:01:58 +0200] "GET /robots.txt HTTP/1.1" 301 375 "-" "Mozilla/5.0 (compatible; Googlebot/2.1; +http://www.google.com/bot.html)"
66.249.78.65 - - [17/Oct/2013:20:01:59 +0200] "GET /fire HTTP/1.1" 301 369 "-" "Mozilla/5.0 (compatible; Googlebot/2.1; +http://www.google.com/bot.html)"
157.55.35.117 - - [17/Oct/2013:21:20:10 +0200] "GET /robots.txt HTTP/1.1" 301 392 "-" "Mozilla/5.0 (compatible; bingbot/2.0; +http://www.bing.com/bingbot.htm)"
157.55.35.117 - - [17/Oct/2013:21:23:38 +0200] "GET / HTTP/1.1" 301 382 "-" "Mozilla/5.0 (compatible; bingbot/2.0; +http://www.bing.com/bingbot.htm)"
141.8.147.12 - - [17/Oct/2013:22:54:33 +0200] "GET /robots.txt HTTP/1.1" 301 394 "-" "Mozilla/5.0 (compatible; YandexBot/3.0; +http://yandex.com/bots)"
157.56.93.187 - - [18/Oct/2013:02:21:49 +0200] "GET /robots.txt HTTP/1.1" 301 392 "-" "Mozilla/5.0 (compatible; bingbot/2.0; +http://www.bing.com/bingbot.htm)"
157.56.93.187 - - [18/Oct/2013:02:22:33 +0200] "GET /news/index.php?action=shownews&mode=archiv HTTP/1.1" 301 428 "-" "Mozilla/5.0 (compatible; bingbot/2.0; +http://www.bing.com/bingbot.htm)"
141.8.147.12 - - [18/Oct/2013:03:21:31 +0200] "GET / HTTP/1.1" 301 384 "-" "Mozilla/5.0 (compatible; YandexBot/3.0; +http://yandex.com/bots)"
125.209.208.3 - - [18/Oct/2013:04:09:48 +0200] "GET /robots.txt HTTP/1.1" 301 375 "-" "Yeti/1.0 (NHN Corp.; http://help.naver.com/robots/)"
125.209.208.1 - - [18/Oct/2013:04:09:49 +0200] "GET / HTTP/1.1" 301 365 "-" "Yeti/1.0 (NHN Corp.; http://help.naver.com/robots/)"
216.107.155.114 - - [18/Oct/2013:08:24:52 +0200] "GET /robots.txt HTTP/1.0" 301 386 "-" "Mozilla/5.0 (compatible; MJ12bot/v1.4.4; http://www.majestic12.co.uk/bot.php?+)"
216.107.155.114 - - [18/Oct/2013:08:24:54 +0200] "GET / HTTP/1.0" 301 376 "-" "Mozilla/5.0 (compatible; MJ12bot/v1.4.4; http://www.majestic12.co.uk/bot.php?+)"
5.10.83.19 - - [18/Oct/2013:11:12:40 +0200] "GET / HTTP/1.1" 301 376 "-" "Mozilla/5.0 (compatible; AhrefsBot/5.0; +http://ahrefs.com/robot/)"
157.56.92.176 - - [18/Oct/2013:13:39:11 +0200] "GET /robots.txt HTTP/1.1" 301 392 "-" "Mozilla/5.0 (compatible; bingbot/2.0; +http://www.bing.com/bingbot.htm)"
157.56.92.176 - - [18/Oct/2013:13:42:39 +0200] "GET /news/index.php?action=shownews&showtopic= HTTP/1.1" 301 427 "-" "Mozilla/5.0 (compatible; bingbot/2.0; +http://www.bing.com/bingbot.htm)"
208.115.111.73 - - [18/Oct/2013:15:17:17 +0200] "GET /robots.txt HTTP/1.1" 301 375 "-" "Mozilla/5.0 (compatible; Ezooms/1.0; ezooms.bot@gmail.com)"
208.115.111.73 - - [18/Oct/2013:15:40:10 +0200] "GET /text/11030600_0000.htm HTTP/1.1" 301 387 "-" "Mozilla/5.0 (compatible; Ezooms/1.0; ezooms.bot@gmail.com)"
141.8.147.12 - - [18/Oct/2013:18:37:42 +0200] "GET /robots.txt HTTP/1.1" 301 392 "-" "Mozilla/5.0 (compatible; YandexBot/3.0; +http://yandex.com/bots)"
141.8.147.12 - - [18/Oct/2013:18:47:21 +0200] "GET / HTTP/1.1" 301 382 "-" "Mozilla/5.0 (compatible; YandexBot/3.0; +http://yandex.com/bots)"
144.76.176.17 - - [18/Oct/2013:19:06:04 +0200] "GET /robots.txt HTTP/1.0" 301 389 "-" "Mozilla/5.0 (compatible; MJ12bot/v1.4.4; http://www.majestic12.co.uk/bot.php?+)"
144.76.176.17 - - [18/Oct/2013:19:06:07 +0200] "GET / HTTP/1.0" 301 379 "-" "Mozilla/5.0 (compatible; MJ12bot/v1.4.4; http://www.majestic12.co.uk/bot.php?+)"
64.246.161.30 - - [18/Oct/2013:21:35:45 +0200] "GET /robots.txt HTTP/1.0" 301 384 "-" "Mozilla/5.0 (Windows; U; Windows NT 5.1; en; rv:1.9.0.13) Gecko/2009073022 Firefox/3.5.2 (.NET CLR 3.5.30729) SurveyBot/2.3 (DomainTools)"
64.246.161.30 - - [18/Oct/2013:21:35:46 +0200] "GET / HTTP/1.1" 301 374 "http://whois.domaintools.com/sgtbayernnord.de" "Mozilla/5.0 (Windows; U; Windows NT 5.1; en; rv:1.9.0.13) Gecko/2009073022 Firefox/3.5.2 (.NET CLR 3.5.30729) SurveyBot/2.3 (DomainTools)"
64.246.165.190 - - [18/Oct/2013:23:24:09 +0200] "GET /robots.txt HTTP/1.0" 301 389 "-" "Mozilla/5.0 (Windows; U; Windows NT 5.1; en; rv:1.9.0.13) Gecko/2009073022 Firefox/3.5.2 (.NET CLR 3.5.30729) SurveyBot/2.3 (DomainTools)"
64.246.165.190 - - [18/Oct/2013:23:24:09 +0200] "GET / HTTP/1.1" 301 379 "http://whois.domaintools.com/sicherungs-service.de" "Mozilla/5.0 (Windows; U; Windows NT 5.1; en; rv:1.9.0.13) Gecko/2009073022 Firefox/3.5.2 (.NET CLR 3.5.30729) SurveyBot/2.3 (DomainTools)"
64.246.165.200 - - [18/Oct/2013:23:25:15 +0200] "GET /robots.txt HTTP/1.0" 301 394 "-" "Mozilla/5.0 (Windows; U; Windows NT 5.1; en; rv:1.9.0.13) Gecko/2009073022 Firefox/3.5.2 (.NET CLR 3.5.30729) SurveyBot/2.3 (DomainTools)"
64.246.165.200 - - [18/Oct/2013:23:25:16 +0200] "GET / HTTP/1.1" 301 384 "http://whois.domaintools.com/siemens-gebaeudetechnik.de" "Mozilla/5.0 (Windows; U; Windows NT 5.1; en; rv:1.9.0.13) Gecko/2009073022 Firefox/3.5.2 (.NET CLR 3.5.30729) SurveyBot/2.3 (DomainTools)"
64.246.165.170 - - [18/Oct/2013:23:25:45 +0200] "GET /robots.txt HTTP/1.0" 301 375 "-" "Mozilla/5.0 (Windows; U; Windows NT 5.1; en; rv:1.9.0.13) Gecko/2009073022 Firefox/3.5.2 (.NET CLR 3.5.30729) SurveyBot/2.3 (DomainTools)"
64.246.165.170 - - [18/Oct/2013:23:25:46 +0200] "GET / HTTP/1.1" 301 365 "http://whois.domaintools.com/sibt.de" "Mozilla/5.0 (Windows; U; Windows NT 5.1; en; rv:1.9.0.13) Gecko/2009073022 Firefox/3.5.2 (.NET CLR 3.5.30729) SurveyBot/2.3 (DomainTools)"
64.246.165.140 - - [18/Oct/2013:23:44:47 +0200] "GET /robots.txt HTTP/1.0" 301 377 "-" "Mozilla/5.0 (Windows; U; Windows NT 5.1; en; rv:1.9.0.13) Gecko/2009073022 Firefox/3.5.2 (.NET CLR 3.5.30729) SurveyBot/2.3 (DomainTools)"
64.246.165.140 - - [18/Oct/2013:23:44:48 +0200] "GET / HTTP/1.1" 301 367 "http://whois.domaintools.com/sgtost.de" "Mozilla/5.0 (Windows; U; Windows NT 5.1; en; rv:1.9.0.13) Gecko/2009073022 Firefox/3.5.2 (.NET CLR 3.5.30729) SurveyBot/2.3 (DomainTools)"
216.145.11.94 - - [19/Oct/2013:02:45:13 +0200] "GET /robots.txt HTTP/1.0" 301 392 "-" "Mozilla/5.0 (Windows; U; Windows NT 5.1; en; rv:1.9.0.13) Gecko/2009073022 Firefox/3.5.2 (.NET CLR 3.5.30729) SurveyBot/2.3 (DomainTools)"
216.145.11.94 - - [19/Oct/2013:02:45:14 +0200] "GET / HTTP/1.1" 301 382 "http://whois.domaintools.com/siemens-medientechnik.de" "Mozilla/5.0 (Windows; U; Windows NT 5.1; en; rv:1.9.0.13) Gecko/2009073022 Firefox/3.5.2 (.NET CLR 3.5.30729) SurveyBot/2.3 (DomainTools)"
178.63.49.74 - - [19/Oct/2013:05:17:45 +0200] "GET / HTTP/1.1" 301 384 "-" "Opera/9.20 (Windows NT 6.0; U; de)"
178.63.49.74 - - [19/Oct/2013:05:17:45 +0200] "GET /robots.txt HTTP/1.1" 301 394 "-" "libwww-perl/6.03"
178.63.49.74 - - [19/Oct/2013:05:17:45 +0200] "GET / HTTP/1.1" 301 384 "-" "Opera/9.20 (Windows NT 6.0; U; de)"
5.9.113.12 - - [19/Oct/2013:07:10:13 +0200] "GET /robots.txt HTTP/1.1" 301 392 "-" "Apache-HttpClient/4.3 (java 1.5)"
5.9.113.12 - - [19/Oct/2013:07:10:13 +0200] "GET / HTTP/1.1" 301 382 "-" "Apache-HttpClient/4.3 (java 1.5)"
144.76.4.165 - - [19/Oct/2013:15:31:18 +0200] "GET /robots.txt HTTP/1.1" 301 392 "-" "Mozilla/5.0 (compatible; SISTRIX Crawler; http://crawler.sistrix.net/)"
144.76.4.165 - - [19/Oct/2013:15:31:18 +0200] "GET / HTTP/1.1" 301 382 "-" "Mozilla/5.0 (compatible; SISTRIX Crawler; http://crawler.sistrix.net/)"
66.249.78.188 - - [19/Oct/2013:22:50:53 +0200] "GET /robots.txt HTTP/1.1" 301 384 "-" "Mozilla/5.0 (compatible; Googlebot/2.1; +http://www.google.com/bot.html)"
66.249.78.188 - - [19/Oct/2013:22:50:54 +0200] "GET / HTTP/1.1" 301 374 "-" "Mozilla/5.0 (compatible; Googlebot/2.1; +http://www.google.com/bot.html)"
141.8.147.12 - - [20/Oct/2013:02:13:58 +0200] "GET /robots.txt HTTP/1.1" 301 377 "-" "Mozilla/5.0 (compatible; YandexBot/3.0; +http://yandex.com/bots)"
217.230.188.187 - - [20/Oct/2013:04:18:13 +0200] "GET / HTTP/1.1" 301 367 "http://www.bigfinder.de/?c=ws&q=online&v=1" "Mozilla/4.0 (compatible; MSIE 8.0; Windows NT 6.1; Trident/4.0; SLCC2; .NET CLR 2.0.50727; .NET CLR 3.5.30729; .NET CLR 3.0.30729; Media Center PC 6.0)"
178.77.126.55 - - [20/Oct/2013:05:07:57 +0200] "GET /robots.txt HTTP/1.1" 301 375 "-" "Mozilla/5.0 (compatible; CareerBot/1.1; +http://www.career-x.de/bot.html)"
178.77.126.55 - - [20/Oct/2013:05:07:57 +0200] "GET / HTTP/1.1" 301 365 "-" "Mozilla/5.0 (compatible; CareerBot/1.1; +http://www.career-x.de/bot.html)"
178.77.126.55 - - [20/Oct/2013:06:00:49 +0200] "GET /robots.txt HTTP/1.1" 301 386 "-" "Mozilla/5.0 (compatible; CareerBot/1.1; +http://www.career-x.de/bot.html)"
178.77.126.55 - - [20/Oct/2013:06:00:49 +0200] "GET / HTTP/1.1" 301 376 "-" "Mozilla/5.0 (compatible; CareerBot/1.1; +http://www.career-x.de/bot.html)"
217.230.188.187 - - [20/Oct/2013:07:44:54 +0200] "GET / HTTP/1.1" 301 382 "http://www.bigfinder.de/?c=ws&q=online&v=1" "Mozilla/4.0 (compatible; MSIE 8.0; Windows NT 5.1; Trident/4.0; FBSMTWB; ATC/1.0; .NET CLR 1.1.4322; ATC/1.0; .NET CLR 2.0.50727; .NET CLR 3.0.4506.2152; .NET CLR 3.5.30729)"
141.8.147.12 - - [20/Oct/2013:11:18:33 +0200] "GET / HTTP/1.1" 301 367 "-" "Mozilla/5.0 (compatible; YandexBot/3.0; +http://yandex.com/bots)"
141.8.147.12 - - [20/Oct/2013:18:14:18 +0200] "GET /robots.txt HTTP/1.1" 301 394 "-" "Mozilla/5.0 (compatible; YandexBot/3.0; +http://yandex.com/bots)"
69.58.178.56 - - [20/Oct/2013:19:39:44 +0200] "GET /robots.txt HTTP/1.1" 301 375 "-" "Mozilla/5.0 (X11; Ubuntu; Linux i686; rv:14.0; ips-agent) Gecko/20100101 Firefox/14.0.1"
69.58.178.56 - - [20/Oct/2013:19:39:45 +0200] "GET / HTTP/1.1" 301 365 "-" "Mozilla/5.0 (X11; Ubuntu; Linux i686; rv:14.0; ips-agent) Gecko/20100101 Firefox/14.0.1"
208.115.113.88 - - [21/Oct/2013:01:12:17 +0200] "GET /robots.txt HTTP/1.1" 301 386 "-" "Mozilla/5.0 (compatible; Ezooms/1.0; ezooms.bot@gmail.com)"
208.115.113.88 - - [21/Oct/2013:01:35:54 +0200] "GET / HTTP/1.1" 301 376 "-" "Mozilla/5.0 (compatible; Ezooms/1.0; ezooms.bot@gmail.com)"
141.8.147.12 - - [21/Oct/2013:02:33:19 +0200] "GET / HTTP/1.1" 301 384 "-" "Mozilla/5.0 (compatible; YandexBot/3.0; +http://yandex.com/bots)"
208.88.226.73 - - [21/Oct/2013:03:01:10 +0200] "HEAD / HTTP/1.1" 301 - "-" "Mozilla/5.0 (Windows NT 6.1; WOW64; rv:7.0.1) Gecko/20100101 Firefox/7.0.1"
66.249.78.65 - - [21/Oct/2013:03:26:52 +0200] "GET /robots.txt HTTP/1.1" 301 375 "-" "Mozilla/5.0 (compatible; Googlebot/2.1; +http://www.google.com/bot.html)"
66.249.78.65 - - [21/Oct/2013:03:26:52 +0200] "GET /security HTTP/1.1" 301 373 "-" "Mozilla/5.0 (compatible; Googlebot/2.1; +http://www.google.com/bot.html)"
46.4.100.231 - - [21/Oct/2013:04:24:35 +0200] "GET /robots.txt HTTP/1.1" 301 392 "-" "BacklinkCrawler (http://www.backlinktest.com/crawler.html)"
46.4.100.231 - - [21/Oct/2013:04:24:35 +0200] "GET /sitemap.xml HTTP/1.1" 301 393 "-" "BacklinkCrawler (http://www.backlinktest.com/crawler.html)"
46.4.100.231 - - [21/Oct/2013:04:24:37 +0200] "GET / HTTP/1.1" 301 382 "-" "BacklinkCrawler (http://www.backlinktest.com/crawler.html)"
157.55.33.83 - - [21/Oct/2013:04:38:41 +0200] "GET /robots.txt HTTP/1.1" 301 392 "-" "Mozilla/5.0 (compatible; bingbot/2.0; +http://www.bing.com/bingbot.htm)"
157.55.33.83 - - [21/Oct/2013:04:47:09 +0200] "GET /news/index.php?action=shownews HTTP/1.1" 301 412 "-" "Mozilla/5.0 (compatible; bingbot/2.0; +http://www.bing.com/bingbot.htm)"
141.8.147.12 - - [21/Oct/2013:07:42:37 +0200] "GET /robots.txt HTTP/1.1" 301 392 "-" "Mozilla/5.0 (compatible; YandexBot/3.0; +http://yandex.com/bots)"
157.56.93.62 - - [21/Oct/2013:08:53:39 +0200] "GET /robots.txt HTTP/1.1" 301 394 "-" "Mozilla/5.0 (compatible; bingbot/2.0; +http://www.bing.com/bingbot.htm)"
157.56.93.62 - - [21/Oct/2013:08:58:34 +0200] "GET / HTTP/1.1" 301 384 "-" "Mozilla/5.0 (compatible; bingbot/2.0; +http://www.bing.com/bingbot.htm)"
188.165.195.156 - - [21/Oct/2013:09:25:44 +0200] "HEAD / HTTP/1.1" 301 - "-" "Mozilla/4.0 (compatible; MSIE 5.01; Windows NT 5.0)"
5.10.83.21 - - [21/Oct/2013:09:52:37 +0200] "GET / HTTP/1.1" 301 376 "-" "Mozilla/5.0 (compatible; AhrefsBot/5.0; +http://ahrefs.com/robot/)"
162.210.196.98 - - [21/Oct/2013:09:55:23 +0200] "GET /robots.txt HTTP/1.0" 301 386 "-" "Mozilla/5.0 (compatible; MJ12bot/v1.4.4; http://www.majestic12.co.uk/bot.php?+)"
162.210.196.98 - - [21/Oct/2013:09:55:26 +0200] "GET / HTTP/1.0" 301 376 "-" "Mozilla/5.0 (compatible; MJ12bot/v1.4.4; http://www.majestic12.co.uk/bot.php?+)"
66.249.78.85 - - [21/Oct/2013:13:24:04 +0200] "GET /robots.txt HTTP/1.1" 301 392 "-" "Mozilla/5.0 (compatible; Googlebot/2.1; +http://www.google.com/bot.html)"
66.249.78.85 - - [21/Oct/2013:13:24:05 +0200] "GET /news/article/995445192.php HTTP/1.1" 301 408 "-" "Mozilla/5.0 (compatible; Googlebot/2.1; +http://www.google.com/bot.html)"
141.8.147.12 - - [21/Oct/2013:18:21:20 +0200] "GET /robots.txt HTTP/1.1" 301 375 "-" "Mozilla/5.0 (compatible; YandexBot/3.0; +http://yandex.com/bots)"
213.144.5.151 - - [21/Oct/2013:19:42:23 +0200] "GET / HTTP/1.1" 301 374 "-" "Mozilla/5.0 (Windows NT 6.1; WOW64) AppleWebKit/537.11 (KHTML, like Gecko) Chrome/23.0.1271.91 Safari/537.11"
141.8.147.12 - - [21/Oct/2013:20:22:30 +0200] "GET /robots.txt HTTP/1.1" 301 392 "-" "Mozilla/5.0 (compatible; YandexBot/3.0; +http://yandex.com/bots)"
46.4.100.231 - - [21/Oct/2013:20:40:32 +0200] "GET /robots.txt HTTP/1.1" 301 384 "-" "BacklinkCrawler (http://www.backlinktest.com/crawler.html)"
46.4.100.231 - - [21/Oct/2013:20:40:32 +0200] "GET /sitemap.xml HTTP/1.1" 301 385 "-" "BacklinkCrawler (http://www.backlinktest.com/crawler.html)"
46.4.100.231 - - [21/Oct/2013:20:40:34 +0200] "GET / HTTP/1.1" 301 374 "-" "BacklinkCrawler (http://www.backlinktest.com/crawler.html)"
101.226.169.217 - - [21/Oct/2013:22:44:05 +0200] "GET /robots.txt HTTP/1.1" 301 386 "http://www.algorex-partner.de/robots.txt" "Mozilla/4.0 (compatible; MSIE 8.0; Windows NT 6.1; Trident/4.0; SLCC2; .NET CLR 2.0.50727; .NET CLR 3.5.30729; .NET CLR 3.0.30729; Media Center PC 6.0; MDDR; .NET4.0C; .NET4.0E; .NET CLR 1.1.4322; Tablet PC 2.0); 360Spider"
141.8.147.12 - - [21/Oct/2013:23:46:46 +0200] "GET / HTTP/1.1" 301 382 "-" "Mozilla/5.0 (compatible; YandexBot/3.0; +http://yandex.com/bots)"
141.8.147.12 - - [22/Oct/2013:01:54:05 +0200] "GET / HTTP/1.1" 301 365 "-" "Mozilla/5.0 (compatible; YandexBot/3.0; +http://yandex.com/bots)"
89.99.67.50 - - [22/Oct/2013:05:32:50 +0200] "GET / HTTP/1.1" 301 376 "-" "Java/1.4.1_04"
83.233.207.74 - - [22/Oct/2013:06:47:07 +0200] "GET / HTTP/1.1" 301 365 "-" "Mozilla/4.0 (CMS Crawler: http://www.cmscrawler.com)"
83.233.207.74 - - [22/Oct/2013:07:49:55 +0200] "GET / HTTP/1.1" 301 376 "-" "Mozilla/4.0 (CMS Crawler: http://www.cmscrawler.com)"
157.55.35.32 - - [22/Oct/2013:09:49:48 +0200] "GET /robots.txt HTTP/1.1" 301 386 "-" "Mozilla/5.0 (compatible; bingbot/2.0; +http://www.bing.com/bingbot.htm)"
157.55.35.32 - - [22/Oct/2013:09:54:31 +0200] "GET / HTTP/1.1" 301 376 "-" "Mozilla/5.0 (compatible; bingbot/2.0; +http://www.bing.com/bingbot.htm)"
217.91.112.4 - - [22/Oct/2013:12:00:52 +0200] "GET / HTTP/1.0" 301 376 "http://www.gft-eg.de/lieferanten" "Mozilla/5.0 (Windows NT 5.1; rv:24.0) Gecko/20100101 Firefox/24.0"
141.8.147.12 - - [22/Oct/2013:12:31:08 +0200] "GET /robots.txt HTTP/1.1" 301 394 "-" "Mozilla/5.0 (compatible; YandexBot/3.0; +http://yandex.com/bots)"
141.8.147.12 - - [22/Oct/2013:18:26:16 +0200] "GET / HTTP/1.1" 301 384 "-" "Mozilla/5.0 (compatible; YandexBot/3.0; +http://yandex.com/bots)"
178.77.126.55 - - [23/Oct/2013:03:19:02 +0200] "GET /robots.txt HTTP/1.1" 301 375 "-" "Mozilla/5.0 (compatible; CareerBot/1.1; +http://www.career-x.de/bot.html)"
178.77.126.55 - - [23/Oct/2013:03:19:02 +0200] "GET / HTTP/1.1" 301 365 "-" "Mozilla/5.0 (compatible; CareerBot/1.1; +http://www.career-x.de/bot.html)"
178.77.126.55 - - [23/Oct/2013:04:10:42 +0200] "GET /robots.txt HTTP/1.1" 301 386 "-" "Mozilla/5.0 (compatible; CareerBot/1.1; +http://www.career-x.de/bot.html)"
178.77.126.55 - - [23/Oct/2013:04:10:42 +0200] "GET / HTTP/1.1" 301 376 "-" "Mozilla/5.0 (compatible; CareerBot/1.1; +http://www.career-x.de/bot.html)"
66.249.78.81 - - [23/Oct/2013:05:14:57 +0200] "GET /robots.txt HTTP/1.1" 301 386 "-" "Mozilla/5.0 (compatible; Googlebot/2.1; +http://www.google.com/bot.html)"
66.249.75.178 - - [23/Oct/2013:05:14:57 +0200] "GET / HTTP/1.1" 301 376 "-" "DoCoMo/2.0 N905i(c100;TB;W24H16) (compatible; Googlebot-Mobile/2.1; +http://www.google.com/bot.html)"
66.249.78.65 - - [23/Oct/2013:06:15:54 +0200] "GET /robots.txt HTTP/1.1" 301 375 "-" "Mozilla/5.0 (compatible; Googlebot/2.1; +http://www.google.com/bot.html)"
66.249.75.76 - - [23/Oct/2013:06:15:55 +0200] "GET / HTTP/1.1" 301 365 "-" "DoCoMo/2.0 N905i(c100;TB;W24H16) (compatible; Googlebot-Mobile/2.1; +http://www.google.com/bot.html)"
66.249.78.240 - - [23/Oct/2013:08:18:18 +0200] "GET /robots.txt HTTP/1.1" 301 377 "-" "Mozilla/5.0 (compatible; Googlebot/2.1; +http://www.google.com/bot.html)"
66.249.75.215 - - [23/Oct/2013:08:18:18 +0200] "GET / HTTP/1.1" 301 367 "-" "DoCoMo/2.0 N905i(c100;TB;W24H16) (compatible; Googlebot-Mobile/2.1; +http://www.google.com/bot.html)"
141.8.147.12 - - [23/Oct/2013:14:37:00 +0200] "GET /robots.txt HTTP/1.1" 301 392 "-" "Mozilla/5.0 (compatible; YandexBot/3.0; +http://yandex.com/bots)"
141.8.147.12 - - [23/Oct/2013:15:14:45 +0200] "GET /robots.txt HTTP/1.1" 301 377 "-" "Mozilla/5.0 (compatible; YandexBot/3.0; +http://yandex.com/bots)"
182.118.22.240 - - [23/Oct/2013:15:59:12 +0200] "GET /robots.txt HTTP/1.1" 301 386 "http://www.algorex-partner.de/robots.txt" "Mozilla/5.0 (Windows; U; Windows NT 5.1; zh-CN; rv:1.8.0.11) Firefox/1.5.0.11; 360Spider"
84.160.84.205 - - [23/Oct/2013:16:13:33 +0200] "GET / HTTP/1.1" 301 384 "http://www.it-business.de/Siemens-Gebaeudetechnik/kontakt/firma/238210" "Mozilla/5.0 (compatible; MSIE 10.0; Windows NT 6.1; WOW64; Trident/6.0)"
208.115.113.89 - - [23/Oct/2013:19:32:27 +0200] "GET /robots.txt HTTP/1.1" 301 375 "-" "Mozilla/5.0 (compatible; Ezooms/1.0; ezooms.bot@gmail.com)"
144.76.4.165 - - [23/Oct/2013:20:26:24 +0200] "GET /robots.txt HTTP/1.1" 301 377 "-" "Mozilla/5.0 (compatible; SISTRIX Crawler; http://crawler.sistrix.net/)"
144.76.4.165 - - [23/Oct/2013:20:26:24 +0200] "GET / HTTP/1.1" 301 367 "-" "Mozilla/5.0 (compatible; SISTRIX Crawler; http://crawler.sistrix.net/)"
199.58.86.211 - - [23/Oct/2013:20:28:34 +0200] "GET /robots.txt HTTP/1.0" 301 386 "-" "Mozilla/5.0 (compatible; MJ12bot/v1.4.4; http://www.majestic12.co.uk/bot.php?+)"
199.58.86.211 - - [23/Oct/2013:20:28:37 +0200] "GET / HTTP/1.0" 301 376 "-" "Mozilla/5.0 (compatible; MJ12bot/v1.4.4; http://www.majestic12.co.uk/bot.php?+)"
141.8.147.12 - - [23/Oct/2013:22:06:26 +0200] "GET / HTTP/1.1" 301 367 "-" "Mozilla/5.0 (compatible; YandexBot/3.0; +http://yandex.com/bots)"
141.8.147.12 - - [23/Oct/2013:22:30:27 +0200] "GET / HTTP/1.1" 301 382 "-" "Mozilla/5.0 (compatible; YandexBot/3.0; +http://yandex.com/bots)"
208.115.113.89 - - [23/Oct/2013:23:10:01 +0200] "GET /fire/ HTTP/1.1" 301 370 "-" "Mozilla/5.0 (compatible; Ezooms/1.0; ezooms.bot@gmail.com)"
178.255.215.78 - - [24/Oct/2013:02:18:06 +0200] "GET /robots.txt HTTP/1.1" 301 375 "-" "Mozilla/5.0 (compatible; Exabot/3.0; +http://www.exabot.com/go/robot)"
178.255.215.78 - - [24/Oct/2013:02:18:06 +0200] "GET /fire/ HTTP/1.1" 301 370 "-" "Mozilla/5.0 (compatible; Exabot/3.0; +http://www.exabot.com/go/robot)"
157.55.32.187 - - [24/Oct/2013:08:25:37 +0200] "GET /robots.txt HTTP/1.1" 301 392 "-" "Mozilla/5.0 (compatible; bingbot/2.0; +http://www.bing.com/bingbot.htm)"
157.55.32.187 - - [24/Oct/2013:08:27:29 +0200] "GET /news/article/1011778061.php HTTP/1.1" 301 409 "-" "Mozilla/5.0 (compatible; bingbot/2.0; +http://www.bing.com/bingbot.htm)"
46.165.197.142 - - [24/Oct/2013:10:47:07 +0200] "GET /robots.txt HTTP/1.0" 301 386 "-" "Mozilla/5.0 (compatible; MJ12bot/v1.4.4; http://www.majestic12.co.uk/bot.php?+)"
46.165.197.142 - - [24/Oct/2013:10:47:23 +0200] "GET / HTTP/1.0" 301 376 "-" "Mozilla/5.0 (compatible; MJ12bot/v1.4.4; http://www.majestic12.co.uk/bot.php?+)"
141.8.147.12 - - [24/Oct/2013:18:13:49 +0200] "GET /robots.txt HTTP/1.1" 301 375 "-" "Mozilla/5.0 (compatible; YandexBot/3.0; +http://yandex.com/bots)"
141.8.147.12 - - [24/Oct/2013:19:03:07 +0200] "GET / HTTP/1.1" 301 365 "-" "Mozilla/5.0 (compatible; YandexBot/3.0; +http://yandex.com/bots)"
217.69.133.67 - - [24/Oct/2013:21:09:31 +0200] "GET /robots.txt HTTP/1.0" 301 375 "-" "Mozilla/5.0 (compatible; Linux x86_64; Mail.RU_Bot/2.0; +http://go.mail.ru/help/robots)"
217.69.133.85 - - [24/Oct/2013:21:09:32 +0200] "GET /fire HTTP/1.0" 301 369 "-" "Mozilla/5.0 (compatible; Linux x86_64; Mail.RU_Bot/2.0; +http://go.mail.ru/help/robots)"
208.115.113.89 - - [24/Oct/2013:21:20:44 +0200] "GET /robots.txt HTTP/1.1" 301 375 "-" "Mozilla/5.0 (compatible; Ezooms/1.0; ezooms.bot@gmail.com)"
208.115.113.89 - - [24/Oct/2013:21:50:52 +0200] "GET /text/11020402_0000.htm HTTP/1.1" 301 387 "-" "Mozilla/5.0 (compatible; Ezooms/1.0; ezooms.bot@gmail.com)"
54.212.223.190 - - [25/Oct/2013:01:29:40 +0200] "GET / HTTP/1.1" 301 382 "http://www.binary-deluxe.com" "Mozilla/5.0 (Windows NT 6.1; Win64; x64; rv:25.0) Gecko/20100101 Firefox/25.0"
192.114.71.13 - - [25/Oct/2013:02:35:21 +0200] "GET / HTTP/1.1" 301 365 "-" "Mozilla/5.0 (compatible; MSIE 9.0; Windows NT 6.1; WOW64; Trident/5.0) AppleWebKit/537.22 (KHTML, like Gecko) Chrome/25.0.1364.172 Safari/537.22"
144.76.95.39 - - [25/Oct/2013:06:35:37 +0200] "GET /robots.txt HTTP/1.0" 301 392 "-" "Mozilla/5.0 (compatible; MJ12bot/v1.4.4; http://www.majestic12.co.uk/bot.php?+)"
144.76.95.39 - - [25/Oct/2013:06:35:47 +0200] "GET / HTTP/1.0" 301 382 "-" "Mozilla/5.0 (compatible; MJ12bot/v1.4.4; http://www.majestic12.co.uk/bot.php?+)"
64.246.161.30 - - [25/Oct/2013:07:37:15 +0200] "GET /robots.txt HTTP/1.0" 301 386 "-" "Mozilla/5.0 (Windows; U; Windows NT 5.1; en; rv:1.9.0.13) Gecko/2009073022 Firefox/3.5.2 (.NET CLR 3.5.30729) SurveyBot/2.3 (DomainTools)"
64.246.161.30 - - [25/Oct/2013:07:37:15 +0200] "GET / HTTP/1.1" 301 376 "http://whois.domaintools.com/algorex-partner.de" "Mozilla/5.0 (Windows; U; Windows NT 5.1; en; rv:1.9.0.13) Gecko/2009073022 Firefox/3.5.2 (.NET CLR 3.5.30729) SurveyBot/2.3 (DomainTools)"
141.8.147.12 - - [25/Oct/2013:07:53:05 +0200] "GET /robots.txt HTTP/1.1" 301 384 "-" "Mozilla/5.0 (compatible; YandexBot/3.0; +http://yandex.com/bots)"
141.8.147.12 - - [25/Oct/2013:09:44:31 +0200] "GET /robots.txt HTTP/1.1" 301 392 "-" "Mozilla/5.0 (compatible; YandexBot/3.0; +http://yandex.com/bots)"
192.35.17.15 - - [25/Oct/2013:09:46:36 +0200] "GET / HTTP/1.1" 301 365 "-" "Mozilla/4.0 (compatible; MSIE 8.0; Windows NT 6.1; WOW64; Trident/4.0; SLCC2; .NET CLR 2.0.50727; .NET CLR 3.5.30729; .NET CLR 3.0.30729; Media Center PC 6.0; .NET4.0C; .NET4.0E; InfoPath.2; MS-RTC LM 8)"
66.249.78.88 - - [25/Oct/2013:10:27:39 +0200] "GET /robots.txt HTTP/1.1" 301 394 "-" "Mozilla/5.0 (compatible; Googlebot/2.1; +http://www.google.com/bot.html)"
66.249.78.88 - - [25/Oct/2013:10:27:40 +0200] "GET / HTTP/1.1" 301 384 "-" "Mozilla/5.0 (compatible; Googlebot/2.1; +http://www.google.com/bot.html)"
66.249.78.45 - - [25/Oct/2013:10:32:46 +0200] "GET /robots.txt HTTP/1.1" 301 389 "-" "Mozilla/5.0 (compatible; Googlebot/2.1; +http://www.google.com/bot.html)"
66.249.78.45 - - [25/Oct/2013:10:32:46 +0200] "GET / HTTP/1.1" 301 379 "-" "Mozilla/5.0 (compatible; Googlebot/2.1; +http://www.google.com/bot.html)"
66.249.78.85 - - [25/Oct/2013:10:34:18 +0200] "GET /robots.txt HTTP/1.1" 301 392 "-" "Mozilla/5.0 (compatible; Googlebot/2.1; +http://www.google.com/bot.html)"
66.249.78.85 - - [25/Oct/2013:10:34:18 +0200] "GET / HTTP/1.1" 301 382 "-" "Mozilla/5.0 (compatible; Googlebot/2.1; +http://www.google.com/bot.html)"
66.249.78.65 - - [25/Oct/2013:10:35:51 +0200] "GET /robots.txt HTTP/1.1" 301 375 "-" "Mozilla/5.0 (compatible; Googlebot/2.1; +http://www.google.com/bot.html)"
66.249.75.76 - - [25/Oct/2013:10:35:51 +0200] "GET / HTTP/1.1" 301 365 "-" "Mozilla/5.0 (compatible; Googlebot/2.1; +http://www.google.com/bot.html)"
66.249.78.81 - - [25/Oct/2013:10:37:53 +0200] "GET /robots.txt HTTP/1.1" 301 386 "-" "Mozilla/5.0 (compatible; Googlebot/2.1; +http://www.google.com/bot.html)"
66.249.78.81 - - [25/Oct/2013:10:37:53 +0200] "GET / HTTP/1.1" 301 376 "-" "Mozilla/5.0 (compatible; Googlebot/2.1; +http://www.google.com/bot.html)"
66.249.78.240 - - [25/Oct/2013:10:38:24 +0200] "GET /robots.txt HTTP/1.1" 301 377 "-" "Mozilla/5.0 (compatible; Googlebot/2.1; +http://www.google.com/bot.html)"
66.249.75.215 - - [25/Oct/2013:10:38:24 +0200] "GET / HTTP/1.1" 301 367 "-" "Mozilla/5.0 (compatible; Googlebot/2.1; +http://www.google.com/bot.html)"
141.8.147.12 - - [25/Oct/2013:11:51:47 +0200] "GET / HTTP/1.1" 301 382 "-" "Mozilla/5.0 (compatible; YandexBot/3.0; +http://yandex.com/bots)"
91.52.135.173 - - [25/Oct/2013:12:32:04 +0200] "GET /favicon.ico HTTP/1.1" 301 387 "-" "Mozilla/5.0 (compatible; MSIE 10.0; Windows NT 6.1; Trident/6.0)"
91.52.135.173 - - [25/Oct/2013:12:32:04 +0200] "GET / HTTP/1.1" 301 376 "http://www.gft-eg.de/lieferantenans?id=796" "Mozilla/5.0 (compatible; MSIE 10.0; Windows NT 6.1; Trident/6.0)"
141.8.147.12 - - [25/Oct/2013:12:42:15 +0200] "GET /robots.txt HTTP/1.1" 301 394 "-" "Mozilla/5.0 (compatible; YandexBot/3.0; +http://yandex.com/bots)"
141.8.147.12 - - [25/Oct/2013:14:02:19 +0200] "GET / HTTP/1.1" 301 384 "-" "Mozilla/5.0 (compatible; YandexBot/3.0; +http://yandex.com/bots)"
77.75.77.32 - - [25/Oct/2013:15:16:28 +0200] "GET /robots.txt HTTP/1.1" 301 386 "-" "SeznamBot/3.0 (+http://fulltext.sblog.cz/)"
77.75.77.32 - - [25/Oct/2013:15:16:28 +0200] "GET / HTTP/1.1" 301 376 "-" "SeznamBot/3.0 (+http://fulltext.sblog.cz/)"
66.249.74.155 - - [25/Oct/2013:15:36:28 +0200] "GET /robots.txt HTTP/1.1" 301 394 "-" "Mozilla/5.0 (compatible; Googlebot/2.1; +http://www.google.com/bot.html)"
66.249.74.155 - - [25/Oct/2013:15:36:30 +0200] "GET / HTTP/1.1" 301 384 "-" "Mozilla/5.0 (compatible; Googlebot/2.1; +http://www.google.com/bot.html)"
141.8.147.12 - - [25/Oct/2013:15:53:08 +0200] "GET / HTTP/1.1" 301 374 "-" "Mozilla/5.0 (compatible; YandexBot/3.0; +http://yandex.com/bots)"
66.249.74.30 - - [25/Oct/2013:18:59:26 +0200] "GET /robots.txt HTTP/1.1" 301 392 "-" "Mozilla/5.0 (compatible; Googlebot/2.1; +http://www.google.com/bot.html)"
66.249.74.30 - - [25/Oct/2013:18:59:27 +0200] "GET / HTTP/1.1" 301 382 "-" "Mozilla/5.0 (compatible; Googlebot/2.1; +http://www.google.com/bot.html)"
66.249.74.21 - - [25/Oct/2013:19:52:44 +0200] "GET /robots.txt HTTP/1.1" 301 389 "-" "Mozilla/5.0 (compatible; Googlebot/2.1; +http://www.google.com/bot.html)"
66.249.74.21 - - [25/Oct/2013:19:52:44 +0200] "GET / HTTP/1.1" 301 379 "-" "Mozilla/5.0 (compatible; Googlebot/2.1; +http://www.google.com/bot.html)"
66.249.74.140 - - [25/Oct/2013:20:04:53 +0200] "GET /robots.txt HTTP/1.1" 301 377 "-" "Mozilla/5.0 (compatible; Googlebot/2.1; +http://www.google.com/bot.html)"
66.249.74.140 - - [25/Oct/2013:20:04:54 +0200] "GET / HTTP/1.1" 301 367 "-" "Mozilla/5.0 (compatible; Googlebot/2.1; +http://www.google.com/bot.html)"
178.77.126.55 - - [25/Oct/2013:20:41:36 +0200] "GET /robots.txt HTTP/1.1" 301 375 "-" "Mozilla/5.0 (compatible; CareerBot/1.1; +http://www.career-x.de/bot.html)"
178.77.126.55 - - [25/Oct/2013:20:41:37 +0200] "GET / HTTP/1.1" 301 365 "-" "Mozilla/5.0 (compatible; CareerBot/1.1; +http://www.career-x.de/bot.html)"
66.249.74.30 - - [25/Oct/2013:21:01:56 +0200] "GET /robots.txt HTTP/1.1" 301 375 "-" "Mozilla/5.0 (compatible; Googlebot/2.1; +http://www.google.com/bot.html)"
66.249.74.30 - - [25/Oct/2013:21:01:57 +0200] "GET / HTTP/1.1" 301 365 "-" "Mozilla/5.0 (compatible; Googlebot/2.1; +http://www.google.com/bot.html)"
66.249.74.136 - - [25/Oct/2013:21:13:10 +0200] "GET /robots.txt HTTP/1.1" 301 386 "-" "Mozilla/5.0 (compatible; Googlebot/2.1; +http://www.google.com/bot.html)"
66.249.74.136 - - [25/Oct/2013:21:13:11 +0200] "GET / HTTP/1.1" 301 376 "-" "Mozilla/5.0 (compatible; Googlebot/2.1; +http://www.google.com/bot.html)"
178.77.126.55 - - [25/Oct/2013:21:29:55 +0200] "GET /robots.txt HTTP/1.1" 301 386 "-" "Mozilla/5.0 (compatible; CareerBot/1.1; +http://www.career-x.de/bot.html)"
178.77.126.55 - - [25/Oct/2013:21:29:55 +0200] "GET / HTTP/1.1" 301 376 "-" "Mozilla/5.0 (compatible; CareerBot/1.1; +http://www.career-x.de/bot.html)"
141.8.147.12 - - [26/Oct/2013:04:03:04 +0200] "GET /robots.txt HTTP/1.1" 301 392 "-" "Mozilla/5.0 (compatible; YandexBot/3.0; +http://yandex.com/bots)"
141.8.147.12 - - [26/Oct/2013:05:36:33 +0200] "GET /robots.txt HTTP/1.1" 301 386 "-" "Mozilla/5.0 (compatible; YandexBot/3.0; +http://yandex.com/bots)"
217.230.175.115 - - [26/Oct/2013:06:46:35 +0200] "GET / HTTP/1.1" 301 382 "http://m.bigfinder.de/?c=ws&q=web&v=1" "T-Online Browser (Windows NT 6.1; de)"
141.8.147.12 - - [26/Oct/2013:06:59:54 +0200] "GET / HTTP/1.1" 301 376 "-" "Mozilla/5.0 (compatible; YandexBot/3.0; +http://yandex.com/bots)"
141.8.147.12 - - [26/Oct/2013:10:56:30 +0200] "GET / HTTP/1.1" 301 382 "-" "Mozilla/5.0 (compatible; YandexBot/3.0; +http://yandex.com/bots)"
208.115.111.73 - - [26/Oct/2013:11:22:31 +0200] "GET /robots.txt HTTP/1.1" 301 375 "-" "Mozilla/5.0 (compatible; Ezooms/1.0; ezooms.bot@gmail.com)"
208.115.111.73 - - [26/Oct/2013:11:52:33 +0200] "GET / HTTP/1.1" 301 365 "-" "Mozilla/5.0 (compatible; Ezooms/1.0; ezooms.bot@gmail.com)"
157.55.33.112 - - [26/Oct/2013:13:47:42 +0200] "GET /robots.txt HTTP/1.1" 301 386 "-" "Mozilla/5.0 (compatible; bingbot/2.0; +http://www.bing.com/bingbot.htm)"
157.55.33.112 - - [26/Oct/2013:13:48:34 +0200] "GET / HTTP/1.1" 301 376 "-" "Mozilla/5.0 (compatible; bingbot/2.0; +http://www.bing.com/bingbot.htm)"
208.88.226.73 - - [26/Oct/2013:13:55:38 +0200] "HEAD / HTTP/1.1" 301 - "-" "Mozilla/5.0 (Windows NT 6.1; WOW64; rv:7.0.1) Gecko/20100101 Firefox/7.0.1"
188.138.109.147 - - [26/Oct/2013:18:13:49 +0200] "HEAD / HTTP/1.1" 301 - "-" "curl/7.21.0 (x86_64-pc-linux-gnu) libcurl/7.21.0 OpenSSL/0.9.8o zlib/1.2.3.4 libidn/1.15 libssh2/1.2.6"
141.8.147.12 - - [26/Oct/2013:23:24:59 +0200] "GET /robots.txt HTTP/1.1" 301 377 "-" "Mozilla/5.0 (compatible; YandexBot/3.0; +http://yandex.com/bots)"
141.8.147.12 - - [27/Oct/2013:02:36:55 +0200] "GET / HTTP/1.1" 301 367 "-" "Mozilla/5.0 (compatible; YandexBot/3.0; +http://yandex.com/bots)"
192.99.9.164 - - [27/Oct/2013:05:26:12 +0100] "GET / HTTP/1.1" 301 365 "-" "Mozilla/5.0 (Macintosh; Intel Mac OS X 10_8_4) AppleWebKit/537.36 (KHTML, like Gecko) Chrome/27.0.1453.110 Safari/537.36"
66.249.78.240 - - [27/Oct/2013:12:04:16 +0100] "GET /robots.txt HTTP/1.1" 301 377 "-" "Mozilla/5.0 (compatible; Googlebot/2.1; +http://www.google.com/bot.html)"
66.249.78.240 - - [27/Oct/2013:12:04:16 +0100] "GET / HTTP/1.1" 301 367 "-" "SAMSUNG-SGH-E250/1.0 Profile/MIDP-2.0 Configuration/CLDC-1.1 UP.Browser/6.2.3.3.c.1.101 (GUI) MMP/2.0 (compatible; Googlebot-Mobile/2.1; +http://www.google.com/bot.html)"
66.249.78.81 - - [27/Oct/2013:14:53:11 +0100] "GET /robots.txt HTTP/1.1" 301 386 "-" "Mozilla/5.0 (compatible; Googlebot/2.1; +http://www.google.com/bot.html)"
66.249.78.81 - - [27/Oct/2013:14:53:11 +0100] "GET / HTTP/1.1" 301 376 "-" "SAMSUNG-SGH-E250/1.0 Profile/MIDP-2.0 Configuration/CLDC-1.1 UP.Browser/6.2.3.3.c.1.101 (GUI) MMP/2.0 (compatible; Googlebot-Mobile/2.1; +http://www.google.com/bot.html)"
141.8.147.12 - - [27/Oct/2013:17:35:48 +0100] "GET /robots.txt HTTP/1.1" 301 375 "-" "Mozilla/5.0 (compatible; YandexBot/3.0; +http://yandex.com/bots)"
208.43.225.85 - - [27/Oct/2013:18:14:11 +0100] "GET /robots.txt HTTP/1.1" 301 386 "-" "Mozilla/5.0 (compatible; SiteExplorer/1.0b; +http://siteexplorer.info/)"
208.43.225.85 - - [27/Oct/2013:18:14:15 +0100] "GET / HTTP/1.1" 301 376 "-" "Mozilla/5.0 (compatible; SiteExplorer/1.0b; +http://siteexplorer.info/)"
66.249.78.65 - - [27/Oct/2013:18:38:25 +0100] "GET /robots.txt HTTP/1.1" 301 375 "-" "Mozilla/5.0 (compatible; Googlebot/2.1; +http://www.google.com/bot.html)"
66.249.78.65 - - [27/Oct/2013:18:38:25 +0100] "GET / HTTP/1.1" 301 365 "-" "SAMSUNG-SGH-E250/1.0 Profile/MIDP-2.0 Configuration/CLDC-1.1 UP.Browser/6.2.3.3.c.1.101 (GUI) MMP/2.0 (compatible; Googlebot-Mobile/2.1; +http://www.google.com/bot.html)"
5.10.83.35 - - [27/Oct/2013:19:35:46 +0100] "GET /robots.txt HTTP/1.1" 301 375 "-" "Mozilla/5.0 (compatible; AhrefsBot/5.0; +http://ahrefs.com/robot/)"
5.10.83.56 - - [27/Oct/2013:19:39:10 +0100] "GET /robots.txt HTTP/1.1" 301 386 "-" "Mozilla/5.0 (compatible; AhrefsBot/5.0; +http://ahrefs.com/robot/)"
5.10.83.35 - - [27/Oct/2013:19:39:45 +0100] "GET /robots.txt HTTP/1.1" 301 394 "-" "Mozilla/5.0 (compatible; AhrefsBot/5.0; +http://ahrefs.com/robot/)"
141.8.147.12 - - [27/Oct/2013:20:11:40 +0100] "GET / HTTP/1.1" 301 365 "-" "Mozilla/5.0 (compatible; YandexBot/3.0; +http://yandex.com/bots)"
188.138.109.147 - - [27/Oct/2013:20:30:17 +0100] "HEAD / HTTP/1.1" 301 - "-" "curl/7.21.0 (x86_64-pc-linux-gnu) libcurl/7.21.0 OpenSSL/0.9.8o zlib/1.2.3.4 libidn/1.15 libssh2/1.2.6"
188.138.109.147 - - [27/Oct/2013:20:30:32 +0100] "HEAD / HTTP/1.1" 301 - "-" "curl/7.21.0 (x86_64-pc-linux-gnu) libcurl/7.21.0 OpenSSL/0.9.8o zlib/1.2.3.4 libidn/1.15 libssh2/1.2.6"
5.10.83.56 - - [27/Oct/2013:21:50:38 +0100] "GET /robots.txt HTTP/1.1" 301 386 "-" "Mozilla/5.0 (compatible; AhrefsBot/5.0; +http://ahrefs.com/robot/)"
5.10.83.35 - - [27/Oct/2013:22:24:00 +0100] "GET /robots.txt HTTP/1.1" 301 375 "-" "Mozilla/5.0 (compatible; AhrefsBot/5.0; +http://ahrefs.com/robot/)"
5.10.83.35 - - [27/Oct/2013:22:28:30 +0100] "GET /robots.txt HTTP/1.1" 301 394 "-" "Mozilla/5.0 (compatible; AhrefsBot/5.0; +http://ahrefs.com/robot/)"
208.43.225.84 - - [28/Oct/2013:00:00:05 +0100] "GET /robots.txt HTTP/1.1" 301 375 "-" "Mozilla/5.0 (compatible; SiteExplorer/1.0b; +http://siteexplorer.info/)"
208.43.225.84 - - [28/Oct/2013:00:00:09 +0100] "GET /text/11030600_0000.htm HTTP/1.1" 301 387 "-" "Mozilla/5.0 (compatible; SiteExplorer/1.0b; +http://siteexplorer.info/)"
208.43.225.84 - - [28/Oct/2013:00:00:15 +0100] "GET /fire HTTP/1.1" 301 369 "-" "Mozilla/5.0 (compatible; SiteExplorer/1.0b; +http://siteexplorer.info/)"
188.138.109.147 - - [28/Oct/2013:01:20:00 +0100] "HEAD / HTTP/1.1" 301 - "-" "curl/7.21.0 (x86_64-pc-linux-gnu) libcurl/7.21.0 OpenSSL/0.9.8o zlib/1.2.3.4 libidn/1.15 libssh2/1.2.6"
188.138.109.147 - - [28/Oct/2013:01:50:07 +0100] "HEAD / HTTP/1.1" 301 - "-" "curl/7.21.0 (x86_64-pc-linux-gnu) libcurl/7.21.0 OpenSSL/0.9.8o zlib/1.2.3.4 libidn/1.15 libssh2/1.2.6"
188.138.109.147 - - [28/Oct/2013:03:01:20 +0100] "HEAD / HTTP/1.1" 301 - "-" "curl/7.21.0 (x86_64-pc-linux-gnu) libcurl/7.21.0 OpenSSL/0.9.8o zlib/1.2.3.4 libidn/1.15 libssh2/1.2.6"
188.138.109.147 - - [28/Oct/2013:03:02:07 +0100] "HEAD / HTTP/1.1" 301 - "-" "curl/7.21.0 (x86_64-pc-linux-gnu) libcurl/7.21.0 OpenSSL/0.9.8o zlib/1.2.3.4 libidn/1.15 libssh2/1.2.6"
141.8.147.12 - - [28/Oct/2013:08:18:16 +0100] "GET /robots.txt HTTP/1.1" 301 384 "-" "Mozilla/5.0 (compatible; YandexBot/3.0; +http://yandex.com/bots)"
144.76.95.39 - - [28/Oct/2013:09:31:12 +0100] "GET /robots.txt HTTP/1.0" 301 394 "-" "Mozilla/5.0 (compatible; MJ12bot/v1.4.4; http://www.majestic12.co.uk/bot.php?+)"
144.76.95.39 - - [28/Oct/2013:09:31:15 +0100] "GET / HTTP/1.0" 301 384 "-" "Mozilla/5.0 (compatible; MJ12bot/v1.4.4; http://www.majestic12.co.uk/bot.php?+)"
213.128.98.93 - - [28/Oct/2013:09:39:28 +0100] "GET / HTTP/1.0" 301 376 "-" "Mozilla/5.0 (Windows NT 6.1; WOW64; rv:24.0) Gecko/20100101 Firefox/24.0"
5.10.83.76 - - [28/Oct/2013:09:58:58 +0100] "GET /text/11020402_0000.htm HTTP/1.1" 301 387 "-" "Mozilla/5.0 (compatible; AhrefsBot/5.0; +http://ahrefs.com/robot/)"
208.115.111.73 - - [28/Oct/2013:10:21:28 +0100] "GET /robots.txt HTTP/1.1" 301 375 "-" "Mozilla/5.0 (compatible; Ezooms/1.0; ezooms.bot@gmail.com)"
208.115.111.73 - - [28/Oct/2013:12:18:46 +0100] "GET /security/ HTTP/1.1" 301 374 "-" "Mozilla/5.0 (compatible; Ezooms/1.0; ezooms.bot@gmail.com)"
141.8.147.12 - - [28/Oct/2013:12:48:31 +0100] "GET /robots.txt HTTP/1.1" 301 375 "-" "Mozilla/5.0 (compatible; YandexBot/3.0; +http://yandex.com/bots)"
125.209.208.6 - - [28/Oct/2013:13:13:17 +0100] "GET /robots.txt HTTP/1.1" 301 375 "-" "Yeti/1.0 (NHN Corp.; http://help.naver.com/robots/)"
125.209.208.9 - - [28/Oct/2013:13:13:19 +0100] "GET / HTTP/1.1" 301 365 "-" "Yeti/1.0 (NHN Corp.; http://help.naver.com/robots/)"
141.8.147.12 - - [28/Oct/2013:13:31:55 +0100] "GET / HTTP/1.1" 301 365 "-" "Mozilla/5.0 (compatible; YandexBot/3.0; +http://yandex.com/bots)"
217.6.2.147 - - [28/Oct/2013:15:26:38 +0100] "GET / HTTP/1.1" 301 365 "-" "Mozilla/4.0 (compatible; MSIE 8.0; Windows NT 6.1; WOW64; Trident/4.0; GTB7.5; SLCC2; .NET CLR 2.0.50727; .NET CLR 3.5.30729; .NET CLR 3.0.30729; Media Center PC 6.0; .NET4.0C; .NET4.0E; MAFS; InfoPath.3)"
141.8.147.12 - - [28/Oct/2013:18:12:45 +0100] "GET /robots.txt HTTP/1.1" 301 386 "-" "Mozilla/5.0 (compatible; YandexBot/3.0; +http://yandex.com/bots)"
141.8.147.12 - - [28/Oct/2013:19:14:13 +0100] "GET / HTTP/1.1" 301 376 "-" "Mozilla/5.0 (compatible; YandexBot/3.0; +http://yandex.com/bots)"
77.251.104.35 - - [28/Oct/2013:19:15:32 +0100] "GET / HTTP/1.1" 301 376 "-" "Java/1.7.0_45"
188.165.195.156 - - [28/Oct/2013:19:35:39 +0100] "HEAD / HTTP/1.1" 301 - "-" "Mozilla/4.0 (compatible; MSIE 5.01; Windows NT 5.0)"
208.115.113.89 - - [28/Oct/2013:20:30:23 +0100] "GET /robots.txt HTTP/1.1" 301 375 "-" "Mozilla/5.0 (compatible; Ezooms/1.0; ezooms.bot@gmail.com)"
208.115.113.89 - - [28/Oct/2013:22:32:10 +0100] "GET /fire/forw_sibt_fire/index.html HTTP/1.1" 301 395 "-" "Mozilla/5.0 (compatible; Ezooms/1.0; ezooms.bot@gmail.com)"
5.10.83.86 - - [28/Oct/2013:22:57:24 +0100] "GET /text/11030600_0000.htm HTTP/1.1" 301 387 "-" "Mozilla/5.0 (compatible; AhrefsBot/5.0; +http://ahrefs.com/robot/)"
5.10.83.52 - - [28/Oct/2013:23:20:05 +0100] "GET / HTTP/1.1" 301 365 "-" "Mozilla/5.0 (compatible; AhrefsBot/5.0; +http://ahrefs.com/robot/)"
213.144.5.151 - - [29/Oct/2013:00:03:23 +0100] "GET / HTTP/1.1" 301 365 "-" "Mozilla/5.0 (Windows NT 6.1; WOW64) AppleWebKit/537.11 (KHTML, like Gecko) Chrome/23.0.1271.91 Safari/537.11"
141.8.147.12 - - [29/Oct/2013:00:35:07 +0100] "GET /robots.txt HTTP/1.1" 301 394 "-" "Mozilla/5.0 (compatible; YandexBot/3.0; +http://yandex.com/bots)"
208.115.111.73 - - [29/Oct/2013:02:21:37 +0100] "GET /robots.txt HTTP/1.1" 301 375 "-" "Mozilla/5.0 (compatible; Ezooms/1.0; ezooms.bot@gmail.com)"
208.115.111.73 - - [29/Oct/2013:02:51:07 +0100] "GET /fire HTTP/1.1" 301 369 "-" "Mozilla/5.0 (compatible; Ezooms/1.0; ezooms.bot@gmail.com)"
141.8.147.12 - - [29/Oct/2013:08:07:23 +0100] "GET / HTTP/1.1" 301 384 "-" "Mozilla/5.0 (compatible; YandexBot/3.0; +http://yandex.com/bots)"
88.17.91.16 - - [29/Oct/2013:14:49:32 +0100] "GET / HTTP/1.1" 301 376 "-" "Java/1.6.0_04"
88.17.91.16 - - [29/Oct/2013:14:49:35 +0100] "GET /WebResource.axd?d=Bv1-mjeyja02JJ6n2wFQ43vgZO8UaX85QiobgQo7CCZG-fnqlRFt6lLkR6htUda4792Vc2iS18Exe7hUAGV65k4aHrI1&t=635022714918232500 HTTP/1.1" 301 515 "-" "Java/1.6.0_04"
88.17.91.16 - - [29/Oct/2013:14:49:35 +0100] "GET /home.aspx HTTP/1.1" 301 385 "-" "Java/1.6.0_04"
88.17.91.16 - - [29/Oct/2013:14:49:36 +0100] "GET /_layouts/blank.js?rev=QGOYAJlouiWgFRlhHVlMKA%3D%3D HTTP/1.1" 301 426 "-" "Java/1.6.0_04"
88.17.91.16 - - [29/Oct/2013:14:49:37 +0100] "GET /buildingtechnologies/de HTTP/1.1" 301 399 "-" "Java/1.6.0_04"
144.76.43.110 - - [29/Oct/2013:16:34:05 +0100] "GET / HTTP/1.1" 301 374 "-" "Mozilla/4.0 (compatible; MSIE 5.01; Windows NT 5.0)"
141.8.147.12 - - [29/Oct/2013:16:43:18 +0100] "GET /robots.txt HTTP/1.1" 301 392 "-" "Mozilla/5.0 (compatible; YandexBot/3.0; +http://yandex.com/bots)"
141.8.147.12 - - [29/Oct/2013:18:26:15 +0100] "GET / HTTP/1.1" 301 382 "-" "Mozilla/5.0 (compatible; YandexBot/3.0; +http://yandex.com/bots)"
5.10.83.52 - - [29/Oct/2013:21:03:45 +0100] "GET /fire HTTP/1.1" 301 369 "-" "Mozilla/5.0 (compatible; AhrefsBot/5.0; +http://ahrefs.com/robot/)"
141.8.147.12 - - [29/Oct/2013:21:23:04 +0100] "GET /robots.txt HTTP/1.1" 301 384 "-" "Mozilla/5.0 (compatible; YandexBot/3.0; +http://yandex.com/bots)"
66.249.78.188 - - [29/Oct/2013:21:54:07 +0100] "GET /robots.txt HTTP/1.1" 301 384 "-" "Mozilla/5.0 (compatible; Googlebot/2.1; +http://www.google.com/bot.html)"
66.249.78.188 - - [29/Oct/2013:21:54:08 +0100] "GET / HTTP/1.1" 301 374 "-" "Mozilla/5.0 (compatible; Googlebot/2.1; +http://www.google.com/bot.html)"
5.10.83.86 - - [30/Oct/2013:00:56:30 +0100] "GET / HTTP/1.1" 301 384 "-" "Mozilla/5.0 (compatible; AhrefsBot/5.0; +http://ahrefs.com/robot/)"
182.118.22.248 - - [30/Oct/2013:03:12:15 +0100] "GET /robots.txt HTTP/1.1" 301 386 "http://www.algorex-partner.de/robots.txt" "Mozilla/5.0 (Windows; U; Windows NT 5.1; zh-CN; rv:1.8.0.11) Firefox/1.5.0.11; 360Spider"
141.8.147.12 - - [30/Oct/2013:04:55:52 +0100] "GET / HTTP/1.1" 301 374 "-" "Mozilla/5.0 (compatible; YandexBot/3.0; +http://yandex.com/bots)"
141.8.147.12 - - [30/Oct/2013:05:19:06 +0100] "GET /robots.txt HTTP/1.1" 301 392 "-" "Mozilla/5.0 (compatible; YandexBot/3.0; +http://yandex.com/bots)"
178.77.126.55 - - [30/Oct/2013:06:45:02 +0100] "GET /robots.txt HTTP/1.1" 301 375 "-" "Mozilla/5.0 (compatible; CareerBot/1.1; +http://www.career-x.de/bot.html)"
178.77.126.55 - - [30/Oct/2013:06:45:02 +0100] "GET / HTTP/1.1" 301 365 "-" "Mozilla/5.0 (compatible; CareerBot/1.1; +http://www.career-x.de/bot.html)"
199.127.227.203 - - [30/Oct/2013:07:09:25 +0100] "GET /robots.txt HTTP/1.0" 301 375 "-" "Mozilla/5.0 (compatible; MJ12bot/v1.4.4; http://www.majestic12.co.uk/bot.php?+)"
199.127.227.203 - - [30/Oct/2013:07:09:33 +0100] "GET / HTTP/1.0" 301 365 "-" "Mozilla/5.0 (compatible; MJ12bot/v1.4.4; http://www.majestic12.co.uk/bot.php?+)"
212.227.52.170 - - [30/Oct/2013:07:58:34 +0100] "GET / HTTP/1.0" 301 382 "-" "Mozilla/4.0 (compatible; MSIE 5.0; Windows NT 4.0)"
194.138.39.54 - - [30/Oct/2013:12:11:27 +0100] "GET / HTTP/1.1" 301 365 "-" "Mozilla/4.0 (compatible; MSIE 8.0; Windows NT 5.1; Trident/4.0; .NET CLR 2.0.50727; .NET CLR 3.0.4506.2152; .NET CLR 3.5.30729; InfoPath.2)"
178.77.126.55 - - [30/Oct/2013:12:48:59 +0100] "GET /robots.txt HTTP/1.1" 301 386 "-" "Mozilla/5.0 (compatible; CareerBot/1.1; +http://www.career-x.de/bot.html)"
178.77.126.55 - - [30/Oct/2013:12:48:59 +0100] "GET / HTTP/1.1" 301 376 "-" "Mozilla/5.0 (compatible; CareerBot/1.1; +http://www.career-x.de/bot.html)"
184.73.253.242 - - [30/Oct/2013:13:43:03 +0100] "GET / HTTP/1.1" 301 376 "-" "Java/1.7.0_25"
184.73.253.242 - - [30/Oct/2013:13:43:05 +0100] "GET /WebResource.axd?d=Bv1-mjeyja02JJ6n2wFQ43vgZO8UaX85QiobgQo7CCZG-fnqlRFt6lLkR6htUda4792Vc2iS18Exe7hUAGV65k4aHrI1&t=635022714918232500 HTTP/1.1" 301 515 "-" "Java/1.7.0_25"
184.73.253.242 - - [30/Oct/2013:13:43:05 +0100] "GET /home.aspx HTTP/1.1" 301 385 "-" "Java/1.7.0_25"
184.73.253.242 - - [30/Oct/2013:13:43:05 +0100] "GET /_layouts/blank.js?rev=QGOYAJlouiWgFRlhHVlMKA%3D%3D HTTP/1.1" 301 426 "-" "Java/1.7.0_25"
184.73.253.242 - - [30/Oct/2013:13:43:06 +0100] "GET /buildingtechnologies/de HTTP/1.1" 301 399 "-" "Java/1.7.0_25"
184.73.253.242 - - [30/Oct/2013:13:43:06 +0100] "GET //w3.siemens.com/ote/ote_config.js HTTP/1.1" 301 408 "-" "Java/1.7.0_25"
184.73.253.242 - - [30/Oct/2013:13:43:07 +0100] "GET /buildingtechnologies/de/de/Pages/home.aspx HTTP/1.1" 301 418 "-" "Java/1.7.0_25"
184.73.253.242 - - [30/Oct/2013:13:43:07 +0100] "GET /_layouts/Querplex/Siemens/WCMS3/scripts/jquery.jcarousel.js?rev=29967635181878426073279 HTTP/1.1" 301 463 "-" "Java/1.7.0_25"
184.73.253.242 - - [30/Oct/2013:13:43:07 +0100] "GET /_layouts/Querplex/Siemens/WCMS3/scripts/scripts.pack.js?rev=23019635181878426541288 HTTP/1.1" 301 459 "-" "Java/1.7.0_25"
184.73.253.242 - - [30/Oct/2013:13:43:08 +0100] "GET /_layouts/Querplex/Siemens/WCMS3/scripts/social-media-accordion.js?rev=52461635181878427009297 HTTP/1.1" 301 469 "-" "Java/1.7.0_25"
184.73.253.242 - - [30/Oct/2013:13:43:08 +0100] "GET /_layouts/Querplex/Siemens/WCMS3/scripts/swfobject-2.2.js HTTP/1.1" 301 432 "-" "Java/1.7.0_25"
184.73.253.242 - - [30/Oct/2013:13:43:09 +0100] "GET /_layouts/Querplex/Siemens/WCMS3/scripts/w2glayer.pack.js?rev=17053635181878427321303 HTTP/1.1" 301 460 "-" "Java/1.7.0_25"
184.73.253.242 - - [30/Oct/2013:13:43:09 +0100] "GET /buildingtechnologies/de/de/brandschutz/Seiten/brandschutz.aspx HTTP/1.1" 301 438 "-" "Java/1.7.0_25"
184.73.253.242 - - [30/Oct/2013:13:43:10 +0100] "GET /buildingtechnologies/de/de/energieeffizienz/Seiten/energieeffizienz.aspx HTTP/1.1" 301 448 "-" "Java/1.7.0_25"
184.73.253.242 - - [30/Oct/2013:13:43:10 +0100] "GET /buildingtechnologies/de/de/extranet/Seiten/extranet.aspx HTTP/1.1" 301 432 "-" "Java/1.7.0_25"
184.73.253.242 - - [30/Oct/2013:13:43:11 +0100] "GET /buildingtechnologies/de/de/gebaeudeautomation-hlk/Seiten/gebaeudeautomation.aspx HTTP/1.1" 301 456 "-" "Java/1.7.0_25"
184.73.253.242 - - [30/Oct/2013:13:43:11 +0100] "GET /buildingtechnologies/de/de/kundenzeitschriften/Pages/kundenzeitschriften.aspx HTTP/1.1" 301 453 "-" "Java/1.7.0_25"
184.73.253.242 - - [30/Oct/2013:13:43:11 +0100] "GET /buildingtechnologies/de/de/marktspezifische-loesungen/Seiten/marktspezifische-loesungen.aspx HTTP/1.1" 301 468 "-" "Java/1.7.0_25"
184.73.253.242 - - [30/Oct/2013:13:43:12 +0100] "GET /buildingtechnologies/de/de/messen-events/Seiten/messen-events.aspx HTTP/1.1" 301 442 "-" "Java/1.7.0_25"
184.73.253.242 - - [30/Oct/2013:13:43:12 +0100] "GET /buildingtechnologies/de/de/news/Seiten/news.aspx HTTP/1.1" 301 424 "-" "Java/1.7.0_25"
184.73.253.242 - - [30/Oct/2013:13:43:13 +0100] "GET /buildingtechnologies/de/de/partners/Seiten/partners.aspx HTTP/1.1" 301 432 "-" "Java/1.7.0_25"
184.73.253.242 - - [30/Oct/2013:13:43:13 +0100] "GET /buildingtechnologies/de/de/presse/Seiten/presse.aspx HTTP/1.1" 301 428 "-" "Java/1.7.0_25"
184.73.253.242 - - [30/Oct/2013:13:43:13 +0100] "GET /buildingtechnologies/de/de/referenzen/Seiten/referenzen.aspx HTTP/1.1" 301 436 "-" "Java/1.7.0_25"
184.73.253.242 - - [30/Oct/2013:13:43:14 +0100] "GET /buildingtechnologies/de/de/sicherheit/Seiten/sicherheitstechnik.aspx HTTP/1.1" 301 444 "-" "Java/1.7.0_25"
184.73.253.242 - - [30/Oct/2013:13:43:14 +0100] "GET /buildingtechnologies/de/de/support/Seiten/kostenlose-apps.aspx HTTP/1.1" 301 438 "-" "Java/1.7.0_25"
184.73.253.242 - - [30/Oct/2013:13:43:15 +0100] "GET /buildingtechnologies/de/de/support/Seiten/support.aspx HTTP/1.1" 301 430 "-" "Java/1.7.0_25"
184.73.253.242 - - [30/Oct/2013:13:43:15 +0100] "GET /buildingtechnologies/de/de/total-building-solutions/Seiten/total-building-solutions.aspx HTTP/1.1" 301 464 "-" "Java/1.7.0_25"
184.73.253.242 - - [30/Oct/2013:13:43:16 +0100] "GET /buildingtechnologies/de/de/ueber-uns/Seiten/ueber-uns.aspx HTTP/1.1" 301 434 "-" "Java/1.7.0_25"
184.73.253.242 - - [30/Oct/2013:13:43:16 +0100] "GET /wcms3/custom/OSSPAD3/ote/regions/ote.js HTTP/1.1" 301 415 "-" "Java/1.7.0_25"
184.73.253.242 - - [30/Oct/2013:13:43:16 +0100] "GET /_layouts/Querplex/Siemens/WCMS3/scripts/libs/jquery-1.4.4.min.js HTTP/1.1" 301 440 "-" "Java/1.7.0_25"
5.10.83.18 - - [30/Oct/2013:18:26:03 +0100] "GET / HTTP/1.1" 301 376 "-" "Mozilla/5.0 (compatible; AhrefsBot/5.0; +http://ahrefs.com/robot/)"
80.56.154.29 - - [30/Oct/2013:19:30:33 +0100] "GET / HTTP/1.1" 301 365 "-" "Java/1.6.0_30"
80.56.154.29 - - [30/Oct/2013:19:30:37 +0100] "GET /WebResource.axd?d=Bv1-mjeyja02JJ6n2wFQ43vgZO8UaX85QiobgQo7CCZG-fnqlRFt6lLkR6htUda4792Vc2iS18Exe7hUAGV65k4aHrI1&t=635022714918232500 HTTP/1.1" 301 504 "-" "Java/1.6.0_30"
80.56.154.29 - - [30/Oct/2013:19:30:38 +0100] "GET /home.aspx HTTP/1.1" 301 374 "-" "Java/1.6.0_30"
