141.8.147.12 - - [01/Oct/2013:01:34:20 +0200] "GET /robots.txt HTTP/1.1" 301 386 "-" "Mozilla/5.0 (compatible; YandexBot/3.0; +http://yandex.com/bots)"
141.8.147.12 - - [01/Oct/2013:02:33:45 +0200] "GET /robots.txt HTTP/1.1" 301 384 "-" "Mozilla/5.0 (compatible; YandexBot/3.0; +http://yandex.com/bots)"
77.75.77.32 - - [01/Oct/2013:07:46:21 +0200] "GET /robots.txt HTTP/1.1" 301 386 "-" "SeznamBot/3.0 (+http://fulltext.sblog.cz/)"
77.75.77.32 - - [01/Oct/2013:07:46:22 +0200] "GET / HTTP/1.1" 301 376 "-" "SeznamBot/3.0 (+http://fulltext.sblog.cz/)"
141.8.147.12 - - [01/Oct/2013:07:51:20 +0200] "GET /robots.txt HTTP/1.1" 301 392 "-" "Mozilla/5.0 (compatible; YandexBot/3.0; +http://yandex.com/bots)"
141.8.147.12 - - [01/Oct/2013:07:51:56 +0200] "GET /robots.txt HTTP/1.1" 301 375 "-" "Mozilla/5.0 (compatible; YandexBot/3.0; +http://yandex.com/bots)"
94.23.221.174 - - [01/Oct/2013:08:19:24 +0200] "GET //wp-login.php HTTP/1.1" 301 394 "-" "Mozilla/5.0 (X11; U; Linux i686; pt-BR; rv:1.9.0.15) Gecko/2009102815 Ubuntu/9.04 (jaunty) Firefox/3.0.15"
94.23.221.174 - - [01/Oct/2013:08:19:24 +0200] "GET /blog//wp-login.php HTTP/1.1" 301 400 "-" "Mozilla/5.0 (X11; U; Linux i686; pt-BR; rv:1.9.0.15) Gecko/2009102815 Ubuntu/9.04 (jaunty) Firefox/3.0.15"
94.23.221.174 - - [01/Oct/2013:08:19:25 +0200] "GET /wordpress//wp-login.php HTTP/1.1" 301 405 "-" "Mozilla/5.0 (X11; U; Linux i686; pt-BR; rv:1.9.0.15) Gecko/2009102815 Ubuntu/9.04 (jaunty) Firefox/3.0.15"
94.23.221.174 - - [01/Oct/2013:08:19:25 +0200] "GET /wp//wp-login.php HTTP/1.1" 301 398 "-" "Mozilla/5.0 (X11; U; Linux i686; pt-BR; rv:1.9.0.15) Gecko/2009102815 Ubuntu/9.04 (jaunty) Firefox/3.0.15"
5.10.83.73 - - [01/Oct/2013:08:48:23 +0200] "GET /text/11030600_0000.htm HTTP/1.1" 301 387 "-" "Mozilla/5.0 (compatible; AhrefsBot/5.0; +http://ahrefs.com/robot/)"
64.246.165.160 - - [01/Oct/2013:08:52:56 +0200] "GET /robots.txt HTTP/1.0" 301 386 "-" "Mozilla/5.0 (Windows; U; Windows NT 5.1; en; rv:1.9.0.13) Gecko/2009073022 Firefox/3.5.2 (.NET CLR 3.5.30729) SurveyBot/2.3 (DomainTools)"
64.246.165.160 - - [01/Oct/2013:08:52:56 +0200] "GET / HTTP/1.1" 301 376 "http://whois.domaintools.com/algorex-partner.de" "Mozilla/5.0 (Windows; U; Windows NT 5.1; en; rv:1.9.0.13) Gecko/2009073022 Firefox/3.5.2 (.NET CLR 3.5.30729) SurveyBot/2.3 (DomainTools)"
141.8.147.12 - - [01/Oct/2013:09:29:50 +0200] "GET / HTTP/1.1" 301 382 "-" "Mozilla/5.0 (compatible; YandexBot/3.0; +http://yandex.com/bots)"
212.64.34.19 - - [01/Oct/2013:10:31:19 +0200] "GET / HTTP/1.1" 301 376 "-" "Java/1.7.0_40"
212.64.34.19 - - [01/Oct/2013:10:31:21 +0200] "GET /WebResource.axd?d=Bv1-mjeyja02JJ6n2wFQ43vgZO8UaX85QiobgQo7CCZG-fnqlRFt6lLkR6htUda4792Vc2iS18Exe7hUAGV65k4aHrI1&t=635022714918232500 HTTP/1.1" 301 515 "-" "Java/1.7.0_40"
212.64.34.19 - - [01/Oct/2013:10:31:21 +0200] "GET /home.aspx HTTP/1.1" 301 385 "-" "Java/1.7.0_40"
212.64.34.19 - - [01/Oct/2013:10:31:22 +0200] "GET /_layouts/blank.js?rev=QGOYAJlouiWgFRlhHVlMKA%3D%3D HTTP/1.1" 301 426 "-" "Java/1.7.0_40"
212.64.34.19 - - [01/Oct/2013:10:31:22 +0200] "GET /buildingtechnologies/de HTTP/1.1" 301 399 "-" "Java/1.7.0_40"
212.64.34.19 - - [01/Oct/2013:10:31:23 +0200] "GET //w3.siemens.com/ote/ote_config.js HTTP/1.1" 301 408 "-" "Java/1.7.0_40"
212.64.34.19 - - [01/Oct/2013:10:31:23 +0200] "GET /buildingtechnologies/de/de/Pages/home.aspx HTTP/1.1" 301 418 "-" "Java/1.7.0_40"
212.64.34.19 - - [01/Oct/2013:10:31:23 +0200] "GET /_layouts/Querplex/Siemens/WCMS3/scripts/jquery.jcarousel.js?rev=29967635136983423621768 HTTP/1.1" 301 463 "-" "Java/1.7.0_40"
212.64.34.19 - - [01/Oct/2013:10:31:23 +0200] "GET /_layouts/Querplex/Siemens/WCMS3/scripts/scripts.pack.js?rev=19816635136983424089780 HTTP/1.1" 301 459 "-" "Java/1.7.0_40"
212.64.34.19 - - [01/Oct/2013:10:31:24 +0200] "GET /_layouts/Querplex/Siemens/WCMS3/scripts/social-media-accordion.js?rev=15324635136983424401788 HTTP/1.1" 301 469 "-" "Java/1.7.0_40"
212.64.34.19 - - [01/Oct/2013:10:31:24 +0200] "GET /_layouts/Querplex/Siemens/WCMS3/scripts/swfobject-2.2.js HTTP/1.1" 301 432 "-" "Java/1.7.0_40"
212.64.34.19 - - [01/Oct/2013:10:31:24 +0200] "GET /_layouts/Querplex/Siemens/WCMS3/scripts/w2glayer.pack.js?rev=54117635136983424713796 HTTP/1.1" 301 460 "-" "Java/1.7.0_40"
212.64.34.19 - - [01/Oct/2013:10:31:25 +0200] "GET /buildingtechnologies/de/de/brandschutz/Seiten/brandschutz.aspx HTTP/1.1" 301 438 "-" "Java/1.7.0_40"
212.64.34.19 - - [01/Oct/2013:10:31:25 +0200] "GET /buildingtechnologies/de/de/energieeffizienz/Seiten/energieeffizienz.aspx HTTP/1.1" 301 448 "-" "Java/1.7.0_40"
212.64.34.19 - - [01/Oct/2013:10:31:25 +0200] "GET /buildingtechnologies/de/de/extranet/Seiten/extranet.aspx HTTP/1.1" 301 432 "-" "Java/1.7.0_40"
212.64.34.19 - - [01/Oct/2013:10:31:26 +0200] "GET /buildingtechnologies/de/de/gebaeudeautomation-hlk/Seiten/gebaeudeautomation.aspx HTTP/1.1" 301 456 "-" "Java/1.7.0_40"
212.64.34.19 - - [01/Oct/2013:10:31:26 +0200] "GET /buildingtechnologies/de/de/kundenzeitschriften/Pages/kundenzeitschriften.aspx HTTP/1.1" 301 453 "-" "Java/1.7.0_40"
212.64.34.19 - - [01/Oct/2013:10:31:27 +0200] "GET /buildingtechnologies/de/de/marktspezifische-loesungen/Seiten/marktspezifische-loesungen.aspx HTTP/1.1" 301 468 "-" "Java/1.7.0_40"
212.64.34.19 - - [01/Oct/2013:10:31:27 +0200] "GET /buildingtechnologies/de/de/messen-events/Seiten/messen-events.aspx HTTP/1.1" 301 442 "-" "Java/1.7.0_40"
212.64.34.19 - - [01/Oct/2013:10:31:27 +0200] "GET /buildingtechnologies/de/de/news/Seiten/news.aspx HTTP/1.1" 301 424 "-" "Java/1.7.0_40"
212.64.34.19 - - [01/Oct/2013:10:31:27 +0200] "GET /buildingtechnologies/de/de/partners/Seiten/partners.aspx HTTP/1.1" 301 432 "-" "Java/1.7.0_40"
212.64.34.19 - - [01/Oct/2013:10:31:28 +0200] "GET /buildingtechnologies/de/de/presse/Seiten/presse.aspx HTTP/1.1" 301 428 "-" "Java/1.7.0_40"
212.64.34.19 - - [01/Oct/2013:10:31:28 +0200] "GET /buildingtechnologies/de/de/referenzen/Seiten/referenzen.aspx HTTP/1.1" 301 436 "-" "Java/1.7.0_40"
212.64.34.19 - - [01/Oct/2013:10:31:29 +0200] "GET /buildingtechnologies/de/de/sicherheit/Seiten/sicherheitstechnik.aspx HTTP/1.1" 301 444 "-" "Java/1.7.0_40"
212.64.34.19 - - [01/Oct/2013:10:31:29 +0200] "GET /buildingtechnologies/de/de/support/Seiten/kostenlose-apps.aspx HTTP/1.1" 301 438 "-" "Java/1.7.0_40"
212.64.34.19 - - [01/Oct/2013:10:31:29 +0200] "GET /buildingtechnologies/de/de/support/Seiten/support.aspx HTTP/1.1" 301 430 "-" "Java/1.7.0_40"
212.64.34.19 - - [01/Oct/2013:10:31:29 +0200] "GET /buildingtechnologies/de/de/total-building-solutions/Seiten/total-building-solutions.aspx HTTP/1.1" 301 464 "-" "Java/1.7.0_40"
212.64.34.19 - - [01/Oct/2013:10:31:30 +0200] "GET /buildingtechnologies/de/de/ueber-uns/Seiten/ueber-uns.aspx HTTP/1.1" 301 434 "-" "Java/1.7.0_40"
212.64.34.19 - - [01/Oct/2013:10:31:30 +0200] "GET /wcms3/custom/OSSPAD3/ote/regions/ote.js HTTP/1.1" 301 415 "-" "Java/1.7.0_40"
212.64.34.19 - - [01/Oct/2013:10:31:31 +0200] "GET /_layouts/Querplex/Siemens/WCMS3/scripts/libs/jquery-1.4.4.min.js HTTP/1.1" 301 440 "-" "Java/1.7.0_40"
141.8.147.12 - - [01/Oct/2013:10:36:21 +0200] "GET / HTTP/1.1" 301 365 "-" "Mozilla/5.0 (compatible; YandexBot/3.0; +http://yandex.com/bots)"
141.8.147.12 - - [01/Oct/2013:10:43:07 +0200] "GET / HTTP/1.1" 301 376 "-" "Mozilla/5.0 (compatible; YandexBot/3.0; +http://yandex.com/bots)"
198.143.187.114 - - [01/Oct/2013:11:13:33 +0200] "GET /robots.txt HTTP/1.1" 301 386 "-" "Mozilla/5.0 (compatible; BLEXBot/1.0; +http://webmeup-crawler.com/)"
198.143.187.114 - - [01/Oct/2013:11:13:34 +0200] "GET / HTTP/1.1" 301 376 "-" "Mozilla/5.0 (compatible; BLEXBot/1.0; +http://webmeup-crawler.com/)"
5.10.83.103 - - [01/Oct/2013:12:46:27 +0200] "GET /fire HTTP/1.1" 301 369 "-" "Mozilla/5.0 (compatible; AhrefsBot/5.0; +http://ahrefs.com/robot/)"
62.212.77.185 - - [01/Oct/2013:13:21:17 +0200] "GET / HTTP/1.1" 301 365 "-" "Mozilla/5.0 (compatible; Dataprovider Site Explorer; http://www.dataprovider.com/)"
217.7.221.90 - - [01/Oct/2013:14:57:38 +0200] "GET / HTTP/1.1" 301 365 "-" "Mozilla/5.0 (Windows NT 5.1; rv:24.0) Gecko/20100101 Firefox/24.0"
182.118.35.199 - - [01/Oct/2013:15:26:29 +0200] "GET / HTTP/1.1" 301 365 "http://www.sibt.de/" "Mozilla/5.0 (Windows; U; Windows NT 5.1; zh-CN; rv:1.8.0.11) Firefox/1.5.0.11 360Spider;"
5.10.83.56 - - [01/Oct/2013:15:44:53 +0200] "GET /text/11020402_0000.htm HTTP/1.1" 301 387 "-" "Mozilla/5.0 (compatible; AhrefsBot/5.0; +http://ahrefs.com/robot/)"
5.10.83.49 - - [01/Oct/2013:17:27:59 +0200] "GET / HTTP/1.1" 301 365 "-" "Mozilla/5.0 (compatible; AhrefsBot/5.0; +http://ahrefs.com/robot/)"
217.146.140.32 - - [01/Oct/2013:21:26:26 +0200] "GET / HTTP/1.0" 301 374 "-" "-"
212.227.66.11 - - [01/Oct/2013:21:41:31 +0200] "GET / HTTP/1.1" 301 382 "-" "python-requests/1.2.3 CPython/2.6.5 Linux/2.6.32-43-generic"
84.38.65.176 - - [01/Oct/2013:23:10:02 +0200] "GET / HTTP/1.0" 301 367 "http://www.backlink-webkatalog.de/" "Mozilla/4.0 (compatible; MSIE 8.0; Windows NT 6.1; Trident/4.0; SLCC2; .NET CLR 2.0.50727; .NET CLR 3.5.30729; .NET CLR 3.0.30729; Media Center PC 6.0)"
5.9.36.119 - - [02/Oct/2013:00:58:07 +0200] "GET /robots.txt HTTP/1.1" 301 375 "-" "Mozilla/5.0 (compatible; SISTRIX Crawler; http://crawler.sistrix.net/)"
5.9.36.119 - - [02/Oct/2013:00:58:07 +0200] "GET / HTTP/1.1" 301 365 "-" "Mozilla/5.0 (compatible; SISTRIX Crawler; http://crawler.sistrix.net/)"
208.115.111.73 - - [02/Oct/2013:03:06:05 +0200] "GET /robots.txt HTTP/1.1" 301 375 "-" "Mozilla/5.0 (compatible; Ezooms/1.0; ezooms.bot@gmail.com)"
208.115.111.73 - - [02/Oct/2013:05:00:32 +0200] "GET /security/forw_sibt_security/index.html HTTP/1.1" 301 403 "-" "Mozilla/5.0 (compatible; Ezooms/1.0; ezooms.bot@gmail.com)"
217.230.177.162 - - [02/Oct/2013:05:00:50 +0200] "GET / HTTP/1.1" 301 382 "http://www.bigfinder.de/online-11.html" "Mozilla/5.0 (Windows; U; Windows NT 6.0; en-US) AppleWebKit/533.4 (KHTML, like Gecko) Chrome/5.0.375.126 Safari/533.4"
141.8.147.12 - - [02/Oct/2013:07:58:04 +0200] "GET /robots.txt HTTP/1.1" 301 394 "-" "Mozilla/5.0 (compatible; YandexBot/3.0; +http://yandex.com/bots)"
54.212.113.81 - - [02/Oct/2013:10:58:55 +0200] "GET / HTTP/1.1" 301 365 "http://www.ausergrubhof.info" "Mozilla/5.0 (Macintosh; Intel Mac OS X 10_8_4) AppleWebKit/536.30.1 (KHTML, like Gecko) Version/6.0.5 Safari/536.30.1"
141.8.147.12 - - [02/Oct/2013:11:11:41 +0200] "GET / HTTP/1.1" 301 384 "-" "Mozilla/5.0 (compatible; YandexBot/3.0; +http://yandex.com/bots)"
141.8.147.12 - - [02/Oct/2013:14:53:38 +0200] "GET /robots.txt HTTP/1.1" 301 377 "-" "Mozilla/5.0 (compatible; YandexBot/3.0; +http://yandex.com/bots)"
141.8.147.12 - - [02/Oct/2013:19:21:43 +0200] "GET / HTTP/1.1" 301 367 "-" "Mozilla/5.0 (compatible; YandexBot/3.0; +http://yandex.com/bots)"
178.77.126.55 - - [02/Oct/2013:22:38:21 +0200] "GET /robots.txt HTTP/1.1" 301 375 "-" "Mozilla/5.0 (compatible; CareerBot/1.1; +http://www.career-x.de/bot.html)"
178.77.126.55 - - [02/Oct/2013:22:38:21 +0200] "GET / HTTP/1.1" 301 365 "-" "Mozilla/5.0 (compatible; CareerBot/1.1; +http://www.career-x.de/bot.html)"
84.38.65.176 - - [02/Oct/2013:22:51:23 +0200] "GET / HTTP/1.0" 301 382 "http://www.domain-reputation.de/www.siemens-medientechnik.de" "Mozilla/5.0 (Windows; U; Windows NT 5.1; de; rv:1.9.0.12) Gecko/2009070611 Firefox/3.0.12 GTB7.1 (.NET CLR 3.5.30729)"
5.10.83.96 - - [02/Oct/2013:23:03:00 +0200] "GET /text/11030600_0000.htm HTTP/1.1" 301 387 "-" "Mozilla/5.0 (compatible; AhrefsBot/5.0; +http://ahrefs.com/robot/)"
178.77.126.55 - - [02/Oct/2013:23:26:01 +0200] "GET /robots.txt HTTP/1.1" 301 386 "-" "Mozilla/5.0 (compatible; CareerBot/1.1; +http://www.career-x.de/bot.html)"
178.77.126.55 - - [02/Oct/2013:23:26:01 +0200] "GET / HTTP/1.1" 301 376 "-" "Mozilla/5.0 (compatible; CareerBot/1.1; +http://www.career-x.de/bot.html)"
125.209.208.2 - - [03/Oct/2013:01:45:31 +0200] "GET /robots.txt HTTP/1.1" 301 375 "-" "Yeti/1.0 (NHN Corp.; http://help.naver.com/robots/)"
125.209.208.2 - - [03/Oct/2013:01:45:33 +0200] "GET / HTTP/1.1" 301 365 "-" "Yeti/1.0 (NHN Corp.; http://help.naver.com/robots/)"
208.88.226.73 - - [03/Oct/2013:02:15:15 +0200] "HEAD / HTTP/1.1" 301 - "-" "Mozilla/5.0 (Windows NT 6.1; WOW64; rv:7.0.1) Gecko/20100101 Firefox/7.0.1"
182.64.223.3 - - [03/Oct/2013:09:14:14 +0200] "GET / HTTP/1.1" 301 376 "-" "-"
182.64.223.3 - - [03/Oct/2013:09:14:19 +0200] "GET /buildingtechnologies/de/de/Pages/home.aspx HTTP/1.1" 301 418 "-" "-"
182.64.223.3 - - [03/Oct/2013:09:14:20 +0200] "GET / HTTP/1.1" 301 376 "-" "-"
208.115.111.73 - - [03/Oct/2013:11:17:38 +0200] "GET /robots.txt HTTP/1.1" 301 375 "-" "Mozilla/5.0 (compatible; Ezooms/1.0; ezooms.bot@gmail.com)"
208.115.111.73 - - [03/Oct/2013:11:39:47 +0200] "GET /text/11030600_0000.htm HTTP/1.1" 301 387 "-" "Mozilla/5.0 (compatible; Ezooms/1.0; ezooms.bot@gmail.com)"
83.233.207.74 - - [03/Oct/2013:11:53:10 +0200] "GET / HTTP/1.1" 301 365 "-" "Mozilla/4.0 (CMS Crawler: http://www.cmscrawler.com)"
5.10.83.56 - - [03/Oct/2013:12:02:02 +0200] "GET /robots.txt HTTP/1.1" 301 386 "-" "Mozilla/5.0 (compatible; AhrefsBot/5.0; +http://ahrefs.com/robot/)"
83.233.207.74 - - [03/Oct/2013:12:16:52 +0200] "GET / HTTP/1.1" 301 376 "-" "Mozilla/4.0 (CMS Crawler: http://www.cmscrawler.com)"
157.55.32.164 - - [03/Oct/2013:12:19:52 +0200] "GET /robots.txt HTTP/1.1" 301 375 "-" "Mozilla/5.0 (compatible; bingbot/2.0; +http://www.bing.com/bingbot.htm)"
157.55.32.164 - - [03/Oct/2013:12:22:51 +0200] "GET /text/10000000_0000.htm HTTP/1.1" 301 387 "-" "Mozilla/5.0 (compatible; bingbot/2.0; +http://www.bing.com/bingbot.htm)"
5.10.83.35 - - [03/Oct/2013:13:57:11 +0200] "GET /robots.txt HTTP/1.1" 301 375 "-" "Mozilla/5.0 (compatible; AhrefsBot/5.0; +http://ahrefs.com/robot/)"
5.10.83.35 - - [03/Oct/2013:14:09:02 +0200] "GET /robots.txt HTTP/1.1" 301 394 "-" "Mozilla/5.0 (compatible; AhrefsBot/5.0; +http://ahrefs.com/robot/)"
5.10.83.96 - - [03/Oct/2013:15:08:14 +0200] "GET /text/11020402_0000.htm HTTP/1.1" 301 387 "-" "Mozilla/5.0 (compatible; AhrefsBot/5.0; +http://ahrefs.com/robot/)"
157.56.92.150 - - [03/Oct/2013:16:13:03 +0200] "GET /robots.txt HTTP/1.1" 301 392 "-" "Mozilla/5.0 (compatible; bingbot/2.0; +http://www.bing.com/bingbot.htm)"
157.56.92.150 - - [03/Oct/2013:16:15:12 +0200] "GET /news/index.php?action=shownews HTTP/1.1" 301 412 "-" "Mozilla/5.0 (compatible; bingbot/2.0; +http://www.bing.com/bingbot.htm)"
157.55.32.233 - - [03/Oct/2013:16:57:28 +0200] "GET /robots.txt HTTP/1.1" 301 394 "-" "Mozilla/5.0 (compatible; bingbot/2.0; +http://www.bing.com/bingbot.htm)"
157.55.32.233 - - [03/Oct/2013:17:31:32 +0200] "GET / HTTP/1.1" 301 384 "-" "Mozilla/5.0 (compatible; bingbot/2.0; +http://www.bing.com/bingbot.htm)"
5.9.127.154 - - [03/Oct/2013:19:04:06 +0200] "GET /robots.txt HTTP/1.1" 301 386 "-" "Mozilla/5.0 (compatible; SISTRIX Crawler; http://crawler.sistrix.net/)"
5.9.127.154 - - [03/Oct/2013:19:04:06 +0200] "GET / HTTP/1.1" 301 376 "-" "Mozilla/5.0 (compatible; SISTRIX Crawler; http://crawler.sistrix.net/)"
101.226.167.238 - - [03/Oct/2013:22:11:54 +0200] "GET /robots.txt HTTP/1.1" 301 386 "http://www.algorex-partner.de/robots.txt" "Mozilla/4.0 (compatible; MSIE 8.0; Windows NT 6.1; Trident/4.0; SLCC2; .NET CLR 2.0.50727; .NET CLR 3.5.30729; .NET CLR 3.0.30729; Media Center PC 6.0; MDDR; .NET4.0C; .NET4.0E; .NET CLR 1.1.4322; Tablet PC 2.0); 360Spider"
144.76.71.140 - - [04/Oct/2013:01:05:41 +0200] "GET /robots.txt HTTP/1.1" 301 392 "-" "Mozilla/5.0 (compatible; SISTRIX Crawler; http://crawler.sistrix.net/)"
144.76.71.140 - - [04/Oct/2013:01:05:41 +0200] "GET / HTTP/1.1" 301 382 "-" "Mozilla/5.0 (compatible; SISTRIX Crawler; http://crawler.sistrix.net/)"
5.9.127.154 - - [04/Oct/2013:07:07:03 +0200] "GET /robots.txt HTTP/1.1" 301 377 "-" "Mozilla/5.0 (compatible; SISTRIX Crawler; http://crawler.sistrix.net/)"
5.9.127.154 - - [04/Oct/2013:07:07:03 +0200] "GET / HTTP/1.1" 301 367 "-" "Mozilla/5.0 (compatible; SISTRIX Crawler; http://crawler.sistrix.net/)"
86.82.115.189 - - [04/Oct/2013:15:09:21 +0200] "GET / HTTP/1.1" 301 376 "-" "Java/1.7.0_25"
86.82.115.189 - - [04/Oct/2013:15:09:22 +0200] "GET /WebResource.axd?d=Bv1-mjeyja02JJ6n2wFQ43vgZO8UaX85QiobgQo7CCZG-fnqlRFt6lLkR6htUda4792Vc2iS18Exe7hUAGV65k4aHrI1&t=635022714918232500 HTTP/1.1" 301 515 "-" "Java/1.7.0_25"
86.82.115.189 - - [04/Oct/2013:15:09:22 +0200] "GET /home.aspx HTTP/1.1" 301 385 "-" "Java/1.7.0_25"
86.82.115.189 - - [04/Oct/2013:15:09:22 +0200] "GET /_layouts/blank.js?rev=QGOYAJlouiWgFRlhHVlMKA%3D%3D HTTP/1.1" 301 426 "-" "Java/1.7.0_25"
86.82.115.189 - - [04/Oct/2013:15:09:23 +0200] "GET /buildingtechnologies/de HTTP/1.1" 301 399 "-" "Java/1.7.0_25"
86.82.115.189 - - [04/Oct/2013:15:09:23 +0200] "GET //w3.siemens.com/ote/ote_config.js HTTP/1.1" 301 408 "-" "Java/1.7.0_25"
86.82.115.189 - - [04/Oct/2013:15:09:23 +0200] "GET /buildingtechnologies/de/de/Pages/home.aspx HTTP/1.1" 301 418 "-" "Java/1.7.0_25"
86.82.115.189 - - [04/Oct/2013:15:09:23 +0200] "GET /_layouts/Querplex/Siemens/WCMS3/scripts/jquery.jcarousel.js?rev=29967635136983423621768 HTTP/1.1" 301 463 "-" "Java/1.7.0_25"
86.82.115.189 - - [04/Oct/2013:15:09:24 +0200] "GET /_layouts/Querplex/Siemens/WCMS3/scripts/scripts.pack.js?rev=19816635136983424089780 HTTP/1.1" 301 459 "-" "Java/1.7.0_25"
86.82.115.189 - - [04/Oct/2013:15:09:24 +0200] "GET /_layouts/Querplex/Siemens/WCMS3/scripts/social-media-accordion.js?rev=15324635136983424401788 HTTP/1.1" 301 469 "-" "Java/1.7.0_25"
86.82.115.189 - - [04/Oct/2013:15:09:24 +0200] "GET /_layouts/Querplex/Siemens/WCMS3/scripts/swfobject-2.2.js HTTP/1.1" 301 432 "-" "Java/1.7.0_25"
86.82.115.189 - - [04/Oct/2013:15:09:24 +0200] "GET /_layouts/Querplex/Siemens/WCMS3/scripts/w2glayer.pack.js?rev=54117635136983424713796 HTTP/1.1" 301 460 "-" "Java/1.7.0_25"
86.82.115.189 - - [04/Oct/2013:15:09:24 +0200] "GET /buildingtechnologies/de/de/brandschutz/Seiten/brandschutz.aspx HTTP/1.1" 301 438 "-" "Java/1.7.0_25"
86.82.115.189 - - [04/Oct/2013:15:09:24 +0200] "GET /buildingtechnologies/de/de/energieeffizienz/Seiten/energieeffizienz.aspx HTTP/1.1" 301 448 "-" "Java/1.7.0_25"
86.82.115.189 - - [04/Oct/2013:15:09:25 +0200] "GET /buildingtechnologies/de/de/extranet/Seiten/extranet.aspx HTTP/1.1" 301 432 "-" "Java/1.7.0_25"
86.82.115.189 - - [04/Oct/2013:15:09:25 +0200] "GET /buildingtechnologies/de/de/gebaeudeautomation-hlk/Seiten/gebaeudeautomation.aspx HTTP/1.1" 301 456 "-" "Java/1.7.0_25"
86.82.115.189 - - [04/Oct/2013:15:09:25 +0200] "GET /buildingtechnologies/de/de/kundenzeitschriften/Pages/kundenzeitschriften.aspx HTTP/1.1" 301 453 "-" "Java/1.7.0_25"
86.82.115.189 - - [04/Oct/2013:15:09:25 +0200] "GET /buildingtechnologies/de/de/marktspezifische-loesungen/Seiten/marktspezifische-loesungen.aspx HTTP/1.1" 301 468 "-" "Java/1.7.0_25"
86.82.115.189 - - [04/Oct/2013:15:09:25 +0200] "GET /buildingtechnologies/de/de/messen-events/Seiten/messen-events.aspx HTTP/1.1" 301 442 "-" "Java/1.7.0_25"
86.82.115.189 - - [04/Oct/2013:15:09:26 +0200] "GET /buildingtechnologies/de/de/news/Seiten/news.aspx HTTP/1.1" 301 424 "-" "Java/1.7.0_25"
86.82.115.189 - - [04/Oct/2013:15:09:26 +0200] "GET /buildingtechnologies/de/de/partners/Seiten/partners.aspx HTTP/1.1" 301 432 "-" "Java/1.7.0_25"
86.82.115.189 - - [04/Oct/2013:15:09:26 +0200] "GET /buildingtechnologies/de/de/presse/Seiten/presse.aspx HTTP/1.1" 301 428 "-" "Java/1.7.0_25"
86.82.115.189 - - [04/Oct/2013:15:09:26 +0200] "GET /buildingtechnologies/de/de/referenzen/Seiten/referenzen.aspx HTTP/1.1" 301 436 "-" "Java/1.7.0_25"
86.82.115.189 - - [04/Oct/2013:15:09:27 +0200] "GET /buildingtechnologies/de/de/sicherheit/Seiten/sicherheitstechnik.aspx HTTP/1.1" 301 444 "-" "Java/1.7.0_25"
86.82.115.189 - - [04/Oct/2013:15:09:27 +0200] "GET /buildingtechnologies/de/de/support/Seiten/kostenlose-apps.aspx HTTP/1.1" 301 438 "-" "Java/1.7.0_25"
86.82.115.189 - - [04/Oct/2013:15:09:27 +0200] "GET /buildingtechnologies/de/de/support/Seiten/support.aspx HTTP/1.1" 301 430 "-" "Java/1.7.0_25"
86.82.115.189 - - [04/Oct/2013:15:09:27 +0200] "GET /buildingtechnologies/de/de/total-building-solutions/Seiten/total-building-solutions.aspx HTTP/1.1" 301 464 "-" "Java/1.7.0_25"
86.82.115.189 - - [04/Oct/2013:15:09:27 +0200] "GET /buildingtechnologies/de/de/ueber-uns/Seiten/ueber-uns.aspx HTTP/1.1" 301 434 "-" "Java/1.7.0_25"
86.82.115.189 - - [04/Oct/2013:15:09:28 +0200] "GET /wcms3/custom/OSSPAD3/ote/regions/ote.js HTTP/1.1" 301 415 "-" "Java/1.7.0_25"
86.82.115.189 - - [04/Oct/2013:15:09:28 +0200] "GET /_layouts/Querplex/Siemens/WCMS3/scripts/libs/jquery-1.4.4.min.js HTTP/1.1" 301 440 "-" "Java/1.7.0_25"
66.36.230.78 - - [04/Oct/2013:16:09:42 +0200] "GET /robots.txt HTTP/1.1" 301 394 "-" "Mozilla/4.0 (compatible; MSIE 5.01; Windows NT)"
66.36.230.78 - - [04/Oct/2013:16:09:49 +0200] "GET / HTTP/1.1" 301 384 "-" "Mozilla/4.0 (compatible; MSIE 5.01; Windows NT)"
141.8.147.12 - - [04/Oct/2013:18:15:09 +0200] "GET /robots.txt HTTP/1.1" 301 375 "-" "Mozilla/5.0 (compatible; YandexBot/3.0; +http://yandex.com/bots)"
141.8.147.12 - - [04/Oct/2013:18:21:10 +0200] "GET / HTTP/1.1" 301 365 "-" "Mozilla/5.0 (compatible; YandexBot/3.0; +http://yandex.com/bots)"
182.118.22.244 - - [04/Oct/2013:19:58:46 +0200] "GET /robots.txt HTTP/1.1" 301 386 "http://www.algorex-partner.de/robots.txt" "Mozilla/5.0 (Windows; U; Windows NT 5.1; zh-CN; rv:1.8.0.11) Firefox/1.5.0.11; 360Spider"
141.8.147.12 - - [05/Oct/2013:02:32:52 +0200] "GET /robots.txt HTTP/1.1" 301 394 "-" "Mozilla/5.0 (compatible; YandexBot/3.0; +http://yandex.com/bots)"
141.8.147.12 - - [05/Oct/2013:02:32:53 +0200] "GET /robots.txt HTTP/1.1" 301 392 "-" "Mozilla/5.0 (compatible; YandexBot/3.0; +http://yandex.com/bots)"
141.8.147.12 - - [05/Oct/2013:02:51:42 +0200] "GET /robots.txt HTTP/1.1" 301 384 "-" "Mozilla/5.0 (compatible; YandexBot/3.0; +http://yandex.com/bots)"
66.249.78.65 - - [05/Oct/2013:07:41:22 +0200] "GET /robots.txt HTTP/1.1" 301 375 "-" "Mozilla/5.0 (compatible; Googlebot/2.1; +http://www.google.com/bot.html)"
66.249.66.76 - - [05/Oct/2013:07:41:23 +0200] "GET / HTTP/1.1" 301 365 "-" "DoCoMo/2.0 N905i(c100;TB;W24H16) (compatible; Googlebot-Mobile/2.1; +http://www.google.com/bot.html)"
141.8.147.12 - - [05/Oct/2013:08:23:50 +0200] "GET / HTTP/1.1" 301 384 "-" "Mozilla/5.0 (compatible; YandexBot/3.0; +http://yandex.com/bots)"
46.165.197.141 - - [05/Oct/2013:08:28:51 +0200] "GET /robots.txt HTTP/1.0" 301 386 "-" "Mozilla/5.0 (compatible; MJ12bot/v1.4.4; http://www.majestic12.co.uk/bot.php?+)"
46.165.197.141 - - [05/Oct/2013:08:28:52 +0200] "GET / HTTP/1.0" 301 376 "-" "Mozilla/5.0 (compatible; MJ12bot/v1.4.4; http://www.majestic12.co.uk/bot.php?+)"
66.249.78.240 - - [05/Oct/2013:08:33:07 +0200] "GET /robots.txt HTTP/1.1" 301 377 "-" "Mozilla/5.0 (compatible; Googlebot/2.1; +http://www.google.com/bot.html)"
66.249.66.215 - - [05/Oct/2013:08:33:08 +0200] "GET / HTTP/1.1" 301 367 "-" "DoCoMo/2.0 N905i(c100;TB;W24H16) (compatible; Googlebot-Mobile/2.1; +http://www.google.com/bot.html)"
141.8.147.12 - - [05/Oct/2013:08:46:57 +0200] "GET / HTTP/1.1" 301 382 "-" "Mozilla/5.0 (compatible; YandexBot/3.0; +http://yandex.com/bots)"
141.8.147.12 - - [05/Oct/2013:08:49:27 +0200] "GET / HTTP/1.1" 301 374 "-" "Mozilla/5.0 (compatible; YandexBot/3.0; +http://yandex.com/bots)"
66.249.78.81 - - [05/Oct/2013:09:25:01 +0200] "GET /robots.txt HTTP/1.1" 301 386 "-" "Mozilla/5.0 (compatible; Googlebot/2.1; +http://www.google.com/bot.html)"
66.249.66.178 - - [05/Oct/2013:09:25:02 +0200] "GET / HTTP/1.1" 301 376 "-" "DoCoMo/2.0 N905i(c100;TB;W24H16) (compatible; Googlebot-Mobile/2.1; +http://www.google.com/bot.html)"
66.249.78.65 - - [05/Oct/2013:14:07:20 +0200] "GET / HTTP/1.1" 301 365 "-" "Mozilla/5.0 (compatible; Googlebot/2.1; +http://www.google.com/bot.html)"
85.25.134.59 - - [05/Oct/2013:15:43:05 +0200] "GET /robots.txt HTTP/1.1" 301 375 "http://sibt.de.macinroy.com/sibt.de" "MacInroy Privacy Auditors. See sibt.de's privacy violation report: http://sibt.de.macinroy.com/sibt.de"
85.25.134.59 - - [05/Oct/2013:15:43:06 +0200] "GET / HTTP/1.1" 301 365 "http://sibt.de.macinroy.com/sibt.de" "MacInroy Privacy Auditors. See sibt.de's privacy violation report: http://sibt.de.macinroy.com/sibt.de"
176.9.138.27 - - [05/Oct/2013:16:40:13 +0200] "GET /robots.txt HTTP/1.1" 301 394 "-" "Mozilla/5.0 (compatible; Spiderlytics/1.0; +spider@spiderlytics.com)"
176.9.138.27 - - [05/Oct/2013:16:40:14 +0200] "GET / HTTP/1.1" 301 384 "-" "Mozilla/5.0 (compatible; Spiderlytics/1.0; +spider@spiderlytics.com)"
188.165.195.156 - - [05/Oct/2013:21:05:13 +0200] "HEAD / HTTP/1.1" 301 - "-" "Mozilla/4.0 (compatible; MSIE 5.01; Windows NT 5.0)"
5.10.83.76 - - [05/Oct/2013:21:10:57 +0200] "GET / HTTP/1.1" 301 384 "-" "Mozilla/5.0 (compatible; AhrefsBot/5.0; +http://ahrefs.com/robot/)"
141.8.147.12 - - [05/Oct/2013:21:37:22 +0200] "GET /robots.txt HTTP/1.1" 301 386 "-" "Mozilla/5.0 (compatible; YandexBot/3.0; +http://yandex.com/bots)"
141.8.147.12 - - [05/Oct/2013:22:43:12 +0200] "GET / HTTP/1.1" 301 376 "-" "Mozilla/5.0 (compatible; YandexBot/3.0; +http://yandex.com/bots)"
66.249.78.65 - - [05/Oct/2013:23:23:58 +0200] "GET /robots.txt HTTP/1.1" 301 375 "-" "Mozilla/5.0 (compatible; Googlebot/2.1; +http://www.google.com/bot.html)"
178.77.126.55 - - [05/Oct/2013:23:58:00 +0200] "GET /robots.txt HTTP/1.1" 301 375 "-" "Mozilla/5.0 (compatible; CareerBot/1.1; +http://www.career-x.de/bot.html)"
178.77.126.55 - - [05/Oct/2013:23:58:00 +0200] "GET / HTTP/1.1" 301 365 "-" "Mozilla/5.0 (compatible; CareerBot/1.1; +http://www.career-x.de/bot.html)"
208.115.113.88 - - [06/Oct/2013:01:08:57 +0200] "GET /robots.txt HTTP/1.1" 301 386 "-" "Mozilla/5.0 (compatible; Ezooms/1.0; ezooms.bot@gmail.com)"
5.9.213.129 - - [06/Oct/2013:01:21:06 +0200] "GET / HTTP/1.1" 301 376 "-" "Mozilla/5.0 (Windows; U; Windows NT 5.1; de-DE; rv:1.8.1.13) Gecko/20080311 Firefox/2.0.0.13"
208.115.113.88 - - [06/Oct/2013:01:31:45 +0200] "GET / HTTP/1.1" 301 376 "-" "Mozilla/5.0 (compatible; Ezooms/1.0; ezooms.bot@gmail.com)"
198.100.144.166 - - [06/Oct/2013:04:29:06 +0200] "GET / HTTP/1.1" 301 365 "http://www.sibt.de" "Mozilla/5.0 (Windows NT 6.1; rv:14.0) Gecko/20100101 Firefox/14.0.1"
178.77.126.55 - - [06/Oct/2013:06:57:11 +0200] "GET /robots.txt HTTP/1.1" 301 386 "-" "Mozilla/5.0 (compatible; CareerBot/1.1; +http://www.career-x.de/bot.html)"
178.77.126.55 - - [06/Oct/2013:06:57:11 +0200] "GET / HTTP/1.1" 301 376 "-" "Mozilla/5.0 (compatible; CareerBot/1.1; +http://www.career-x.de/bot.html)"
141.8.147.12 - - [06/Oct/2013:07:01:55 +0200] "GET /robots.txt HTTP/1.1" 301 375 "-" "Mozilla/5.0 (compatible; YandexBot/3.0; +http://yandex.com/bots)"
87.106.227.210 - - [06/Oct/2013:09:32:27 +0200] "GET / HTTP/1.1" 301 376 "-" "-"
74.52.245.146 - - [06/Oct/2013:09:39:43 +0200] "GET / HTTP/1.0" 301 376 "-" "Mozilla/5.0 (X11; U; Linux i686; en-US; rv:1.7.5) Gecko/20041107 Firefox/1.0"
141.8.147.12 - - [06/Oct/2013:10:28:07 +0200] "GET / HTTP/1.1" 301 365 "-" "Mozilla/5.0 (compatible; YandexBot/3.0; +http://yandex.com/bots)"
66.249.78.88 - - [06/Oct/2013:13:01:00 +0200] "GET /robots.txt HTTP/1.1" 301 394 "-" "Mozilla/5.0 (compatible; Googlebot/2.1; +http://www.google.com/bot.html)"
66.249.78.88 - - [06/Oct/2013:13:01:01 +0200] "GET / HTTP/1.1" 301 384 "-" "Mozilla/5.0 (compatible; Googlebot/2.1; +http://www.google.com/bot.html)"
66.249.78.45 - - [06/Oct/2013:13:14:51 +0200] "GET /robots.txt HTTP/1.1" 301 389 "-" "Mozilla/5.0 (compatible; Googlebot/2.1; +http://www.google.com/bot.html)"
66.249.78.45 - - [06/Oct/2013:13:14:51 +0200] "GET / HTTP/1.1" 301 379 "-" "Mozilla/5.0 (compatible; Googlebot/2.1; +http://www.google.com/bot.html)"
66.249.78.85 - - [06/Oct/2013:13:19:28 +0200] "GET /robots.txt HTTP/1.1" 301 392 "-" "Mozilla/5.0 (compatible; Googlebot/2.1; +http://www.google.com/bot.html)"
66.249.78.85 - - [06/Oct/2013:13:19:28 +0200] "GET / HTTP/1.1" 301 382 "-" "Mozilla/5.0 (compatible; Googlebot/2.1; +http://www.google.com/bot.html)"
66.249.78.81 - - [06/Oct/2013:13:24:05 +0200] "GET /robots.txt HTTP/1.1" 301 386 "-" "Mozilla/5.0 (compatible; Googlebot/2.1; +http://www.google.com/bot.html)"
66.249.78.81 - - [06/Oct/2013:13:24:05 +0200] "GET / HTTP/1.1" 301 376 "-" "Mozilla/5.0 (compatible; Googlebot/2.1; +http://www.google.com/bot.html)"
66.249.78.240 - - [06/Oct/2013:13:28:42 +0200] "GET /robots.txt HTTP/1.1" 301 377 "-" "Mozilla/5.0 (compatible; Googlebot/2.1; +http://www.google.com/bot.html)"
66.249.78.240 - - [06/Oct/2013:13:28:42 +0200] "GET / HTTP/1.1" 301 367 "-" "Mozilla/5.0 (compatible; Googlebot/2.1; +http://www.google.com/bot.html)"
141.8.147.12 - - [06/Oct/2013:15:13:20 +0200] "GET /robots.txt HTTP/1.1" 301 384 "-" "Mozilla/5.0 (compatible; YandexBot/3.0; +http://yandex.com/bots)"
141.8.147.12 - - [06/Oct/2013:15:13:21 +0200] "GET /robots.txt HTTP/1.1" 301 377 "-" "Mozilla/5.0 (compatible; YandexBot/3.0; +http://yandex.com/bots)"
157.55.32.49 - - [06/Oct/2013:15:40:48 +0200] "GET /robots.txt HTTP/1.1" 301 392 "-" "Mozilla/5.0 (compatible; bingbot/2.0; +http://www.bing.com/bingbot.htm)"
157.55.32.49 - - [06/Oct/2013:15:41:24 +0200] "GET /news/article/1011778061.php HTTP/1.1" 301 409 "-" "Mozilla/5.0 (compatible; bingbot/2.0; +http://www.bing.com/bingbot.htm)"
141.8.147.12 - - [06/Oct/2013:19:15:42 +0200] "GET / HTTP/1.1" 301 367 "-" "Mozilla/5.0 (compatible; YandexBot/3.0; +http://yandex.com/bots)"
38.100.21.67 - - [06/Oct/2013:20:39:09 +0200] "GET / HTTP/1.1" 301 365 "-" "Mozilla/4.0 (compatible; MSIE 7.0; Windows NT 5.2)"
216.145.11.94 - - [06/Oct/2013:22:00:55 +0200] "GET /robots.txt HTTP/1.0" 301 377 "-" "Mozilla/5.0 (Windows; U; Windows NT 5.1; en; rv:1.9.0.13) Gecko/2009073022 Firefox/3.5.2 (.NET CLR 3.5.30729) SurveyBot/2.3 (DomainTools)"
216.145.11.94 - - [06/Oct/2013:22:00:55 +0200] "GET / HTTP/1.1" 301 367 "http://whois.domaintools.com/sgtost.de" "Mozilla/5.0 (Windows; U; Windows NT 5.1; en; rv:1.9.0.13) Gecko/2009073022 Firefox/3.5.2 (.NET CLR 3.5.30729) SurveyBot/2.3 (DomainTools)"
141.8.147.12 - - [06/Oct/2013:23:05:52 +0200] "GET / HTTP/1.1" 301 374 "-" "Mozilla/5.0 (compatible; YandexBot/3.0; +http://yandex.com/bots)"
64.246.165.150 - - [06/Oct/2013:23:22:11 +0200] "GET /robots.txt HTTP/1.0" 301 392 "-" "Mozilla/5.0 (Windows; U; Windows NT 5.1; en; rv:1.9.0.13) Gecko/2009073022 Firefox/3.5.2 (.NET CLR 3.5.30729) SurveyBot/2.3 (DomainTools)"
64.246.165.150 - - [06/Oct/2013:23:22:12 +0200] "GET / HTTP/1.1" 301 382 "http://whois.domaintools.com/siemens-medientechnik.de" "Mozilla/5.0 (Windows; U; Windows NT 5.1; en; rv:1.9.0.13) Gecko/2009073022 Firefox/3.5.2 (.NET CLR 3.5.30729) SurveyBot/2.3 (DomainTools)"
64.246.187.42 - - [06/Oct/2013:23:35:50 +0200] "GET /robots.txt HTTP/1.0" 301 375 "-" "Mozilla/5.0 (Windows; U; Windows NT 5.1; en; rv:1.9.0.13) Gecko/2009073022 Firefox/3.5.2 (.NET CLR 3.5.30729) SurveyBot/2.3 (DomainTools)"
64.246.187.42 - - [06/Oct/2013:23:35:50 +0200] "GET / HTTP/1.1" 301 365 "http://whois.domaintools.com/sibt.de" "Mozilla/5.0 (Windows; U; Windows NT 5.1; en; rv:1.9.0.13) Gecko/2009073022 Firefox/3.5.2 (.NET CLR 3.5.30729) SurveyBot/2.3 (DomainTools)"
216.145.17.190 - - [07/Oct/2013:00:10:25 +0200] "GET /robots.txt HTTP/1.0" 301 384 "-" "Mozilla/5.0 (Windows; U; Windows NT 5.1; en; rv:1.9.0.13) Gecko/2009073022 Firefox/3.5.2 (.NET CLR 3.5.30729) SurveyBot/2.3 (DomainTools)"
216.145.17.190 - - [07/Oct/2013:00:10:25 +0200] "GET / HTTP/1.1" 301 374 "http://whois.domaintools.com/sgtbayernnord.de" "Mozilla/5.0 (Windows; U; Windows NT 5.1; en; rv:1.9.0.13) Gecko/2009073022 Firefox/3.5.2 (.NET CLR 3.5.30729) SurveyBot/2.3 (DomainTools)"
216.145.17.190 - - [07/Oct/2013:00:20:01 +0200] "GET /robots.txt HTTP/1.0" 301 394 "-" "Mozilla/5.0 (Windows; U; Windows NT 5.1; en; rv:1.9.0.13) Gecko/2009073022 Firefox/3.5.2 (.NET CLR 3.5.30729) SurveyBot/2.3 (DomainTools)"
216.145.17.190 - - [07/Oct/2013:00:20:01 +0200] "GET / HTTP/1.1" 301 384 "http://whois.domaintools.com/siemens-gebaeudetechnik.de" "Mozilla/5.0 (Windows; U; Windows NT 5.1; en; rv:1.9.0.13) Gecko/2009073022 Firefox/3.5.2 (.NET CLR 3.5.30729) SurveyBot/2.3 (DomainTools)"
216.145.17.190 - - [07/Oct/2013:00:37:37 +0200] "GET /robots.txt HTTP/1.0" 301 389 "-" "Mozilla/5.0 (Windows; U; Windows NT 5.1; en; rv:1.9.0.13) Gecko/2009073022 Firefox/3.5.2 (.NET CLR 3.5.30729) SurveyBot/2.3 (DomainTools)"
216.145.17.190 - - [07/Oct/2013:00:37:37 +0200] "GET / HTTP/1.1" 301 379 "http://whois.domaintools.com/sicherungs-service.de" "Mozilla/5.0 (Windows; U; Windows NT 5.1; en; rv:1.9.0.13) Gecko/2009073022 Firefox/3.5.2 (.NET CLR 3.5.30729) SurveyBot/2.3 (DomainTools)"
54.202.98.128 - - [07/Oct/2013:00:53:35 +0200] "GET / HTTP/1.1" 301 382 "http://www.ausergrubhof.info" "Mozilla/5.0 (Macintosh; Intel Mac OS X 10_8_4) AppleWebKit/536.30.1 (KHTML, like Gecko) Version/6.0.5 Safari/536.30.1"
77.172.234.83 - - [07/Oct/2013:03:22:52 +0200] "GET / HTTP/1.1" 301 365 "-" "Java/1.7.0_25"
77.172.234.83 - - [07/Oct/2013:03:22:58 +0200] "GET /home.aspx?ismobile=true HTTP/1.1" 301 388 "-" "Java/1.7.0_25"
77.172.234.83 - - [07/Oct/2013:03:22:58 +0200] "GET /_layouts/blank.js?rev=QGOYAJlouiWgFRlhHVlMKA%3D%3D HTTP/1.1" 301 415 "-" "Java/1.7.0_25"
77.172.234.83 - - [07/Oct/2013:03:22:58 +0200] "GET /buildingtechnologies/de HTTP/1.1" 301 388 "-" "Java/1.7.0_25"
77.172.234.83 - - [07/Oct/2013:03:22:59 +0200] "GET //w3.siemens.com/ote/ote_config.js HTTP/1.1" 301 397 "-" "Java/1.7.0_25"
77.172.234.83 - - [07/Oct/2013:03:22:59 +0200] "GET /buildingtechnologies/de/de/Pages/home.aspx HTTP/1.1" 301 407 "-" "Java/1.7.0_25"
77.172.234.83 - - [07/Oct/2013:03:22:59 +0200] "GET /_layouts/Querplex/Siemens/WCMS3/scripts/social-media-accordion.js?rev=15324635136983424401788 HTTP/1.1" 301 458 "-" "Java/1.7.0_25"
77.172.234.83 - - [07/Oct/2013:03:22:59 +0200] "GET /buildingtechnologies/de/de/brandschutz/Seiten/brandschutz.aspx HTTP/1.1" 301 427 "-" "Java/1.7.0_25"
77.172.234.83 - - [07/Oct/2013:03:22:59 +0200] "GET /buildingtechnologies/de/de/energieeffizienz/Seiten/energieeffizienz.aspx HTTP/1.1" 301 437 "-" "Java/1.7.0_25"
77.172.234.83 - - [07/Oct/2013:03:22:59 +0200] "GET /buildingtechnologies/de/de/extranet/Seiten/extranet.aspx HTTP/1.1" 301 421 "-" "Java/1.7.0_25"
77.172.234.83 - - [07/Oct/2013:03:22:59 +0200] "GET /buildingtechnologies/de/de/gebaeudeautomation-hlk/Seiten/gebaeudeautomation.aspx HTTP/1.1" 301 445 "-" "Java/1.7.0_25"
77.172.234.83 - - [07/Oct/2013:03:23:00 +0200] "GET /buildingtechnologies/de/de/kundenzeitschriften/Pages/kundenzeitschriften.aspx HTTP/1.1" 301 442 "-" "Java/1.7.0_25"
77.172.234.83 - - [07/Oct/2013:03:23:03 +0200] "GET /buildingtechnologies/de/de/marktspezifische-loesungen/Seiten/marktspezifische-loesungen.aspx HTTP/1.1" 301 457 "-" "Java/1.7.0_25"
77.172.234.83 - - [07/Oct/2013:03:23:03 +0200] "GET /buildingtechnologies/de/de/messen-events/Seiten/messen-events.aspx HTTP/1.1" 301 431 "-" "Java/1.7.0_25"
77.172.234.83 - - [07/Oct/2013:03:23:03 +0200] "GET /buildingtechnologies/de/de/news/Seiten/news.aspx HTTP/1.1" 301 413 "-" "Java/1.7.0_25"
77.172.234.83 - - [07/Oct/2013:03:23:03 +0200] "GET /buildingtechnologies/de/de/partners/Seiten/partners.aspx HTTP/1.1" 301 421 "-" "Java/1.7.0_25"
77.172.234.83 - - [07/Oct/2013:03:23:03 +0200] "GET /buildingtechnologies/de/de/presse/Seiten/presse.aspx HTTP/1.1" 301 417 "-" "Java/1.7.0_25"
77.172.234.83 - - [07/Oct/2013:03:23:04 +0200] "GET /buildingtechnologies/de/de/referenzen/Seiten/referenzen.aspx HTTP/1.1" 301 425 "-" "Java/1.7.0_25"
77.172.234.83 - - [07/Oct/2013:03:23:04 +0200] "GET /buildingtechnologies/de/de/sicherheit/Seiten/sicherheitstechnik.aspx HTTP/1.1" 301 433 "-" "Java/1.7.0_25"
77.172.234.83 - - [07/Oct/2013:03:23:04 +0200] "GET /buildingtechnologies/de/de/support/Seiten/kostenlose-apps.aspx HTTP/1.1" 301 427 "-" "Java/1.7.0_25"
77.172.234.83 - - [07/Oct/2013:03:23:04 +0200] "GET /buildingtechnologies/de/de/support/Seiten/support.aspx HTTP/1.1" 301 419 "-" "Java/1.7.0_25"
77.172.234.83 - - [07/Oct/2013:03:23:04 +0200] "GET /buildingtechnologies/de/de/total-building-solutions/Seiten/total-building-solutions.aspx HTTP/1.1" 301 453 "-" "Java/1.7.0_25"
77.172.234.83 - - [07/Oct/2013:03:23:04 +0200] "GET /buildingtechnologies/de/de/ueber-uns/Seiten/ueber-uns.aspx HTTP/1.1" 301 423 "-" "Java/1.7.0_25"
77.172.234.83 - - [07/Oct/2013:03:23:04 +0200] "GET /wcms3/custom/OSSPAD3/ote/regions/ote.js HTTP/1.1" 301 404 "-" "Java/1.7.0_25"
77.172.234.83 - - [07/Oct/2013:03:23:05 +0200] "GET /_layouts/Querplex/Siemens/WCMS3/images/mobile/apple-touch-icon-114x114-Default.png HTTP/1.1" 301 447 "-" "Java/1.7.0_25"
77.172.234.83 - - [07/Oct/2013:03:23:05 +0200] "GET /_layouts/Querplex/Siemens/WCMS3/images/mobile/apple-touch-icon-57x57-Default.png HTTP/1.1" 301 445 "-" "Java/1.7.0_25"
77.172.234.83 - - [07/Oct/2013:03:23:05 +0200] "GET /_layouts/Querplex/Siemens/WCMS3/images/mobile/apple-touch-icon-72x72-Default.png HTTP/1.1" 301 445 "-" "Java/1.7.0_25"
77.172.234.83 - - [07/Oct/2013:03:23:05 +0200] "GET /_layouts/Querplex/Siemens/WCMS3/scripts/libs/jquery-1.4.4.min.js HTTP/1.1" 301 429 "-" "Java/1.7.0_25"
77.172.234.83 - - [07/Oct/2013:03:23:05 +0200] "GET /_layouts/Querplex/Siemens/WCMS3/scripts/libs/jquery-ui-1.8.13.custom.min.js HTTP/1.1" 301 440 "-" "Java/1.7.0_25"
77.172.234.83 - - [07/Oct/2013:03:23:19 +0200] "GET /_layouts/Querplex/Siemens/WCMS3/scripts/libs/lazyload-2.0.1.min.js HTTP/1.1" 301 431 "-" "Java/1.7.0_25"
5.10.83.66 - - [07/Oct/2013:05:46:25 +0200] "GET / HTTP/1.1" 301 376 "-" "Mozilla/5.0 (compatible; AhrefsBot/5.0; +http://ahrefs.com/robot/)"
141.8.147.12 - - [07/Oct/2013:09:59:26 +0200] "GET /robots.txt HTTP/1.1" 301 392 "-" "Mozilla/5.0 (compatible; YandexBot/3.0; +http://yandex.com/bots)"
141.8.147.12 - - [07/Oct/2013:10:37:23 +0200] "GET / HTTP/1.1" 301 382 "-" "Mozilla/5.0 (compatible; YandexBot/3.0; +http://yandex.com/bots)"
157.55.32.108 - - [07/Oct/2013:12:36:19 +0200] "GET /robots.txt HTTP/1.1" 301 386 "-" "Mozilla/5.0 (compatible; bingbot/2.0; +http://www.bing.com/bingbot.htm)"
157.55.32.108 - - [07/Oct/2013:12:39:52 +0200] "GET / HTTP/1.1" 301 376 "-" "Mozilla/5.0 (compatible; bingbot/2.0; +http://www.bing.com/bingbot.htm)"
208.88.226.73 - - [07/Oct/2013:14:42:32 +0200] "HEAD / HTTP/1.1" 301 - "-" "Mozilla/5.0 (Windows NT 6.1; WOW64; rv:7.0.1) Gecko/20100101 Firefox/7.0.1"
141.8.147.12 - - [07/Oct/2013:15:57:03 +0200] "GET /robots.txt HTTP/1.1" 301 386 "-" "Mozilla/5.0 (compatible; YandexBot/3.0; +http://yandex.com/bots)"
5.9.61.162 - - [07/Oct/2013:16:08:22 +0200] "GET /robots.txt HTTP/1.1" 301 377 "-" "BuddhaBot"
5.9.61.162 - - [07/Oct/2013:16:08:23 +0200] "GET / HTTP/1.1" 301 367 "-" "BuddhaBot"
141.8.147.12 - - [07/Oct/2013:18:49:07 +0200] "GET / HTTP/1.1" 301 376 "-" "Mozilla/5.0 (compatible; YandexBot/3.0; +http://yandex.com/bots)"
65.55.24.244 - - [07/Oct/2013:19:50:53 +0200] "GET /robots.txt HTTP/1.1" 301 375 "-" "Mozilla/5.0 (compatible; bingbot/2.0; +http://www.bing.com/bingbot.htm)"
65.55.24.244 - - [07/Oct/2013:19:53:25 +0200] "GET /security/forw_sibt_security/index.html HTTP/1.1" 301 403 "-" "Mozilla/5.0 (compatible; bingbot/2.0; +http://www.bing.com/bingbot.htm)"
84.38.65.176 - - [07/Oct/2013:20:35:08 +0200] "GET / HTTP/1.0" 301 365 "http://www.domain-reputation.de/www.sibt.de" "Mozilla/4.0 (compatible; MSIE 8.0; Windows NT 5.1; Trident/4.0; FBSMTWB; ATC/1.0; .NET CLR 1.1.4322; ATC/1.0; .NET CLR 2.0.50727; .NET CLR 3.0.4506.2152; .NET CLR 3.5.30729)"
5.10.83.88 - - [07/Oct/2013:20:53:23 +0200] "GET /text/11020402_0000.htm HTTP/1.1" 301 387 "-" "Mozilla/5.0 (compatible; AhrefsBot/5.0; +http://ahrefs.com/robot/)"
54.202.50.140 - - [07/Oct/2013:21:44:05 +0200] "GET / HTTP/1.1" 301 382 "http://www.binary-deluxe.com" "Mozilla/5.0 (Macintosh; Intel Mac OS X 10_8_4) AppleWebKit/536.30.1 (KHTML, like Gecko) Version/6.0.5 Safari/536.30.1"
54.202.50.140 - - [07/Oct/2013:21:44:36 +0200] "GET / HTTP/1.1" 301 382 "http://www.binary-deluxe.com" "Mozilla/5.0 (Macintosh; Intel Mac OS X 10_8_4) AppleWebKit/536.30.1 (KHTML, like Gecko) Version/6.0.5 Safari/536.30.1"
54.202.50.140 - - [07/Oct/2013:21:45:04 +0200] "GET / HTTP/1.1" 301 382 "http://www.binary-deluxe.com" "Mozilla/5.0 (Macintosh; Intel Mac OS X 10_8_4) AppleWebKit/536.30.1 (KHTML, like Gecko) Version/6.0.5 Safari/536.30.1"
54.202.73.123 - - [07/Oct/2013:21:45:32 +0200] "GET / HTTP/1.1" 301 382 "http://www.forexunion.net" "Mozilla/5.0 (Macintosh; Intel Mac OS X 10_8_4) AppleWebKit/536.30.1 (KHTML, like Gecko) Version/6.0.5 Safari/536.30.1"
54.202.33.95 - - [07/Oct/2013:21:47:08 +0200] "GET / HTTP/1.1" 301 382 "http://www.binary-deluxe.com" "Mozilla/5.0 (Macintosh; Intel Mac OS X 10_8_4) AppleWebKit/536.30.1 (KHTML, like Gecko) Version/6.0.5 Safari/536.30.1"
54.202.50.140 - - [07/Oct/2013:21:47:45 +0200] "GET / HTTP/1.1" 301 382 "http://www.binary-deluxe.com" "Mozilla/5.0 (Macintosh; Intel Mac OS X 10_8_4) AppleWebKit/536.30.1 (KHTML, like Gecko) Version/6.0.5 Safari/536.30.1"
5.9.61.162 - - [08/Oct/2013:01:06:54 +0200] "GET /robots.txt HTTP/1.1" 301 375 "-" "BuddhaBot"
5.9.61.162 - - [08/Oct/2013:01:06:56 +0200] "GET / HTTP/1.1" 301 365 "-" "BuddhaBot"
5.10.83.88 - - [08/Oct/2013:03:26:19 +0200] "GET / HTTP/1.1" 301 365 "-" "Mozilla/5.0 (compatible; AhrefsBot/5.0; +http://ahrefs.com/robot/)"
141.8.147.12 - - [08/Oct/2013:03:53:49 +0200] "GET /robots.txt HTTP/1.1" 301 392 "-" "Mozilla/5.0 (compatible; YandexBot/3.0; +http://yandex.com/bots)"
66.249.78.65 - - [08/Oct/2013:08:01:59 +0200] "GET /robots.txt HTTP/1.1" 301 375 "-" "Mozilla/5.0 (compatible; Googlebot/2.1; +http://www.google.com/bot.html)"
66.249.78.65 - - [08/Oct/2013:08:01:59 +0200] "GET / HTTP/1.1" 301 365 "-" "SAMSUNG-SGH-E250/1.0 Profile/MIDP-2.0 Configuration/CLDC-1.1 UP.Browser/6.2.3.3.c.1.101 (GUI) MMP/2.0 (compatible; Googlebot-Mobile/2.1; +http://www.google.com/bot.html)"
66.249.78.81 - - [08/Oct/2013:08:54:07 +0200] "GET /robots.txt HTTP/1.1" 301 386 "-" "Mozilla/5.0 (compatible; Googlebot/2.1; +http://www.google.com/bot.html)"
66.249.78.81 - - [08/Oct/2013:08:54:07 +0200] "GET / HTTP/1.1" 301 376 "-" "SAMSUNG-SGH-E250/1.0 Profile/MIDP-2.0 Configuration/CLDC-1.1 UP.Browser/6.2.3.3.c.1.101 (GUI) MMP/2.0 (compatible; Googlebot-Mobile/2.1; +http://www.google.com/bot.html)"
208.115.113.89 - - [08/Oct/2013:09:22:31 +0200] "GET /robots.txt HTTP/1.1" 301 375 "-" "Mozilla/5.0 (compatible; Ezooms/1.0; ezooms.bot@gmail.com)"
66.249.78.240 - - [08/Oct/2013:09:46:02 +0200] "GET /robots.txt HTTP/1.1" 301 377 "-" "Mozilla/5.0 (compatible; Googlebot/2.1; +http://www.google.com/bot.html)"
66.249.78.240 - - [08/Oct/2013:09:46:02 +0200] "GET / HTTP/1.1" 301 367 "-" "SAMSUNG-SGH-E250/1.0 Profile/MIDP-2.0 Configuration/CLDC-1.1 UP.Browser/6.2.3.3.c.1.101 (GUI) MMP/2.0 (compatible; Googlebot-Mobile/2.1; +http://www.google.com/bot.html)"
188.165.195.156 - - [08/Oct/2013:10:25:25 +0200] "HEAD / HTTP/1.1" 301 - "-" "Mozilla/4.0 (compatible; MSIE 5.01; Windows NT 5.0)"
217.69.133.215 - - [08/Oct/2013:10:29:56 +0200] "GET /robots.txt HTTP/1.0" 301 375 "-" "Mozilla/5.0 (compatible; Linux x86_64; Mail.RU_Bot/2.0; +http://go.mail.ru/help/robots)"
217.69.133.84 - - [08/Oct/2013:10:29:57 +0200] "GET /robots.txt HTTP/1.0" 301 386 "-" "Mozilla/5.0 (compatible; Linux x86_64; Mail.RU_Bot/2.0; +http://go.mail.ru/help/robots)"
217.69.133.215 - - [08/Oct/2013:10:29:58 +0200] "GET /robots.txt HTTP/1.0" 301 375 "-" "Mozilla/5.0 (compatible; Linux x86_64; Mail.RU_Bot/2.0; +http://go.mail.ru/help/robots)"
217.69.133.217 - - [08/Oct/2013:10:29:59 +0200] "GET /robots.txt HTTP/1.0" 301 386 "-" "Mozilla/5.0 (compatible; Linux x86_64; Mail.RU_Bot/2.0; +http://go.mail.ru/help/robots)"
141.8.147.12 - - [08/Oct/2013:10:33:27 +0200] "GET / HTTP/1.1" 301 382 "-" "Mozilla/5.0 (compatible; YandexBot/3.0; +http://yandex.com/bots)"
80.153.161.166 - - [08/Oct/2013:10:46:37 +0200] "GET / HTTP/1.1" 301 384 "-" "Mozilla/4.0 (compatible; MSIE 7.0; Windows NT 5.1; Trident/4.0; .NET CLR 2.0.50727; .NET CLR 3.0.4506.2152; .NET CLR 3.5.30729; .NET4.0C; .NET4.0E; OfficeLiveConnector.1.5; OfficeLivePatch.1.3)"
80.153.161.166 - - [08/Oct/2013:10:52:29 +0200] "GET / HTTP/1.1" 301 384 "-" "Mozilla/4.0 (compatible; MSIE 7.0; Windows NT 5.1; Trident/4.0; .NET CLR 2.0.50727; .NET CLR 3.0.4506.2152; .NET CLR 3.5.30729; .NET4.0C; .NET4.0E; OfficeLiveConnector.1.5; OfficeLivePatch.1.3)"
208.115.113.89 - - [08/Oct/2013:11:23:52 +0200] "GET /fire/ HTTP/1.1" 301 370 "-" "Mozilla/5.0 (compatible; Ezooms/1.0; ezooms.bot@gmail.com)"
188.165.195.156 - - [08/Oct/2013:13:05:00 +0200] "HEAD / HTTP/1.1" 301 - "-" "Mozilla/4.0 (compatible; MSIE 5.01; Windows NT 5.0)"
54.212.113.81 - - [08/Oct/2013:17:17:10 +0200] "GET / HTTP/1.1" 301 382 "http://www.ausergrubhof.info" "Mozilla/5.0 (Macintosh; Intel Mac OS X 10_8_4) AppleWebKit/536.30.1 (KHTML, like Gecko) Version/6.0.5 Safari/536.30.1"
54.202.98.128 - - [08/Oct/2013:17:18:44 +0200] "GET / HTTP/1.1" 301 382 "http://www.ausergrubhof.info" "Mozilla/5.0 (Macintosh; Intel Mac OS X 10_8_4) AppleWebKit/536.30.1 (KHTML, like Gecko) Version/6.0.5 Safari/536.30.1"
62.212.77.185 - - [08/Oct/2013:21:01:36 +0200] "GET / HTTP/1.1" 301 376 "-" "Mozilla/5.0 (compatible; Dataprovider Site Explorer; http://www.dataprovider.com/)"
217.230.189.145 - - [08/Oct/2013:23:03:55 +0200] "GET / HTTP/1.1" 301 382 "http://www.bigfinder.de/?c=ws&q=online" "Mozilla/5.0 (Windows; U; Windows NT 6.1; de; rv:1.9.2.8) Gecko/20100722 Firefox/3.6.8 GTB7.1"
85.25.134.59 - - [09/Oct/2013:09:06:58 +0200] "GET /robots.txt HTTP/1.1" 301 375 "http://sibt.de.macinroy.com/sibt.de" "MacInroy Privacy Auditors. See sibt.de's privacy violation report: http://sibt.de.macinroy.com/sibt.de"
85.25.134.59 - - [09/Oct/2013:09:06:59 +0200] "GET / HTTP/1.1" 301 365 "http://sibt.de.macinroy.com/sibt.de" "MacInroy Privacy Auditors. See sibt.de's privacy violation report: http://sibt.de.macinroy.com/sibt.de"
217.69.133.85 - - [09/Oct/2013:09:36:28 +0200] "GET /robots.txt HTTP/1.0" 301 386 "-" "Mozilla/5.0 (compatible; Linux x86_64; Mail.RU_Bot/2.0; +http://go.mail.ru/help/robots)"
217.69.133.218 - - [09/Oct/2013:09:36:29 +0200] "GET /robots.txt HTTP/1.0" 301 386 "-" "Mozilla/5.0 (compatible; Linux x86_64; Mail.RU_Bot/2.0; +http://go.mail.ru/help/robots)"
208.115.113.89 - - [09/Oct/2013:09:38:44 +0200] "GET /robots.txt HTTP/1.1" 301 375 "-" "Mozilla/5.0 (compatible; Ezooms/1.0; ezooms.bot@gmail.com)"
46.4.100.231 - - [09/Oct/2013:09:41:17 +0200] "GET /robots.txt HTTP/1.1" 301 375 "-" "BacklinkCrawler (http://www.backlinktest.com/crawler.html)"
46.4.100.231 - - [09/Oct/2013:09:41:18 +0200] "GET /sitemap.xml HTTP/1.1" 301 376 "-" "BacklinkCrawler (http://www.backlinktest.com/crawler.html)"
46.4.100.231 - - [09/Oct/2013:09:41:20 +0200] "GET / HTTP/1.1" 301 365 "-" "BacklinkCrawler (http://www.backlinktest.com/crawler.html)"
208.115.113.89 - - [09/Oct/2013:10:06:48 +0200] "GET /text/11020402_0000.htm HTTP/1.1" 301 387 "-" "Mozilla/5.0 (compatible; Ezooms/1.0; ezooms.bot@gmail.com)"
217.69.133.216 - - [09/Oct/2013:11:08:55 +0200] "GET /robots.txt HTTP/1.0" 301 375 "-" "Mozilla/5.0 (compatible; Linux x86_64; Mail.RU_Bot/2.0; +http://go.mail.ru/help/robots)"
217.69.133.85 - - [09/Oct/2013:11:08:56 +0200] "GET /robots.txt HTTP/1.0" 301 375 "-" "Mozilla/5.0 (compatible; Linux x86_64; Mail.RU_Bot/2.0; +http://go.mail.ru/help/robots)"
5.44.20.204 - - [09/Oct/2013:12:27:02 +0200] "GET / HTTP/1.0" 301 384 "-" "Mozilla/5.0 (Windows; U; Windows NT 5.1; en-GB; rv:1.8.0.7) Gecko/20060909 Firefox/1.5.0.7"
5.44.20.204 - - [09/Oct/2013:13:25:37 +0200] "GET / HTTP/1.0" 301 382 "-" "Mozilla/5.0 (Windows; U; Windows NT 5.1; en-GB; rv:1.8.0.7) Gecko/20060909 Firefox/1.5.0.7"
54.205.166.176 - - [09/Oct/2013:13:45:19 +0200] "HEAD / HTTP/1.1" 301 - "http://www.netcraft.com/survey/" "Mozilla/4.0 (compatible; Netcraft Web Server Survey)"
54.205.172.210 - - [09/Oct/2013:14:29:22 +0200] "HEAD / HTTP/1.1" 301 - "http://www.netcraft.com/survey/" "Mozilla/4.0 (compatible; Netcraft Web Server Survey)"
144.76.167.214 - - [09/Oct/2013:17:09:39 +0200] "GET /robots.txt HTTP/1.1" 301 377 "-" "Mozilla/5.0 (compatible; SISTRIX Crawler; http://crawler.sistrix.net/)"
144.76.167.214 - - [09/Oct/2013:17:09:39 +0200] "GET / HTTP/1.1" 301 367 "-" "Mozilla/5.0 (compatible; SISTRIX Crawler; http://crawler.sistrix.net/)"
157.55.34.93 - - [09/Oct/2013:17:15:04 +0200] "GET /robots.txt HTTP/1.1" 301 375 "-" "Mozilla/5.0 (compatible; bingbot/2.0; +http://www.bing.com/bingbot.htm)"
157.55.34.93 - - [09/Oct/2013:17:15:30 +0200] "GET /fire/forw_sibt_fire/index.html HTTP/1.1" 301 395 "-" "Mozilla/5.0 (compatible; bingbot/2.0; +http://www.bing.com/bingbot.htm)"
162.243.37.75 - - [09/Oct/2013:17:29:55 +0200] "HEAD / HTTP/1.1" 301 - "http://www.netcraft.com/survey/" "Mozilla/4.0 (compatible; Netcraft Web Server Survey)"
67.228.50.178 - - [09/Oct/2013:17:54:35 +0200] "GET / HTTP/1.0" 301 384 "-" "Mozilla/4.0 (compatible; MSIE 5.5; Windows 98)"
67.228.50.178 - - [09/Oct/2013:17:55:30 +0200] "GET / HTTP/1.0" 301 382 "-" "Mozilla/4.0 (compatible; MSIE 5.5; Windows 98)"
54.205.129.153 - - [09/Oct/2013:17:58:21 +0200] "HEAD / HTTP/1.1" 301 - "http://www.netcraft.com/survey/" "Mozilla/4.0 (compatible; Netcraft Web Server Survey)"
157.55.32.60 - - [09/Oct/2013:23:25:39 +0200] "GET /robots.txt HTTP/1.1" 301 375 "-" "Mozilla/5.0 (compatible; bingbot/2.0; +http://www.bing.com/bingbot.htm)"
157.55.32.60 - - [09/Oct/2013:23:26:31 +0200] "GET /security/ HTTP/1.1" 301 374 "-" "Mozilla/5.0 (compatible; bingbot/2.0; +http://www.bing.com/bingbot.htm)"
66.249.78.65 - - [10/Oct/2013:00:26:36 +0200] "GET /robots.txt HTTP/1.1" 301 375 "-" "Mozilla/5.0 (compatible; Googlebot/2.1; +http://www.google.com/bot.html)"
66.249.64.2 - - [10/Oct/2013:00:26:36 +0200] "GET /text/11030600_0000.htm HTTP/1.1" 301 387 "-" "Mozilla/5.0 (compatible; Googlebot/2.1; +http://www.google.com/bot.html)"
151.25.86.139 - - [10/Oct/2013:00:46:50 +0200] "GET / HTTP/1.1" 301 365 "-" "Java/1.4.1_04"
151.25.86.139 - - [10/Oct/2013:00:46:54 +0200] "GET /_layouts/blank.js?rev=QGOYAJlouiWgFRlhHVlMKA%3D%3D HTTP/1.1" 301 415 "-" "Java/1.4.1_04"
151.25.86.139 - - [10/Oct/2013:00:46:55 +0200] "GET /buildingtechnologies/de HTTP/1.1" 301 388 "-" "Java/1.4.1_04"
