151.25.86.139 - - [10/Oct/2013:00:46:55 +0200] "GET //w3.siemens.com/ote/ote_config.js HTTP/1.1" 301 397 "-" "Java/1.4.1_04"
151.25.86.139 - - [10/Oct/2013:00:46:56 +0200] "GET /buildingtechnologies/de/de/Pages/home.aspx HTTP/1.1" 301 407 "-" "Java/1.4.1_04"
151.25.86.139 - - [10/Oct/2013:00:46:56 +0200] "GET /_layouts/Querplex/Siemens/WCMS3/scripts/jquery.jcarousel.js?rev=29967635136983423621768 HTTP/1.1" 301 452 "-" "Java/1.4.1_04"
151.25.86.139 - - [10/Oct/2013:00:46:56 +0200] "GET /_layouts/Querplex/Siemens/WCMS3/scripts/scripts.pack.js?rev=19816635136983424089780 HTTP/1.1" 301 448 "-" "Java/1.4.1_04"
151.25.86.139 - - [10/Oct/2013:00:46:56 +0200] "GET /_layouts/Querplex/Siemens/WCMS3/scripts/social-media-accordion.js?rev=15324635136983424401788 HTTP/1.1" 301 458 "-" "Java/1.4.1_04"
151.25.86.139 - - [10/Oct/2013:00:46:57 +0200] "GET /_layouts/Querplex/Siemens/WCMS3/scripts/swfobject-2.2.js HTTP/1.1" 301 421 "-" "Java/1.4.1_04"
151.25.86.139 - - [10/Oct/2013:00:46:57 +0200] "GET /_layouts/Querplex/Siemens/WCMS3/scripts/w2glayer.pack.js?rev=54117635136983424713796 HTTP/1.1" 301 449 "-" "Java/1.4.1_04"
151.25.86.139 - - [10/Oct/2013:00:46:57 +0200] "GET /buildingtechnologies/de/de/brandschutz/Seiten/brandschutz.aspx HTTP/1.1" 301 427 "-" "Java/1.4.1_04"
151.25.86.139 - - [10/Oct/2013:00:46:58 +0200] "GET /buildingtechnologies/de/de/energieeffizienz/Seiten/energieeffizienz.aspx HTTP/1.1" 301 437 "-" "Java/1.4.1_04"
151.25.86.139 - - [10/Oct/2013:00:46:58 +0200] "GET /buildingtechnologies/de/de/extranet/Seiten/extranet.aspx HTTP/1.1" 301 421 "-" "Java/1.4.1_04"
151.25.86.139 - - [10/Oct/2013:00:46:59 +0200] "GET /buildingtechnologies/de/de/gebaeudeautomation-hlk/Seiten/gebaeudeautomation.aspx HTTP/1.1" 301 445 "-" "Java/1.4.1_04"
151.25.86.139 - - [10/Oct/2013:00:46:59 +0200] "GET /buildingtechnologies/de/de/kundenzeitschriften/Pages/kundenzeitschriften.aspx HTTP/1.1" 301 442 "-" "Java/1.4.1_04"
151.25.86.139 - - [10/Oct/2013:00:47:00 +0200] "GET /buildingtechnologies/de/de/marktspezifische-loesungen/Seiten/marktspezifische-loesungen.aspx HTTP/1.1" 301 457 "-" "Java/1.4.1_04"
151.25.86.139 - - [10/Oct/2013:00:47:00 +0200] "GET /buildingtechnologies/de/de/messen-events/Seiten/messen-events.aspx HTTP/1.1" 301 431 "-" "Java/1.4.1_04"
151.25.86.139 - - [10/Oct/2013:00:47:01 +0200] "GET /buildingtechnologies/de/de/news/Seiten/news.aspx HTTP/1.1" 301 413 "-" "Java/1.4.1_04"
151.25.86.139 - - [10/Oct/2013:00:47:01 +0200] "GET /buildingtechnologies/de/de/partners/Seiten/partners.aspx HTTP/1.1" 301 421 "-" "Java/1.4.1_04"
151.25.86.139 - - [10/Oct/2013:00:47:01 +0200] "GET /buildingtechnologies/de/de/presse/Seiten/presse.aspx HTTP/1.1" 301 417 "-" "Java/1.4.1_04"
151.25.86.139 - - [10/Oct/2013:00:47:02 +0200] "GET /buildingtechnologies/de/de/referenzen/Seiten/referenzen.aspx HTTP/1.1" 301 425 "-" "Java/1.4.1_04"
151.25.86.139 - - [10/Oct/2013:00:47:02 +0200] "GET /buildingtechnologies/de/de/sicherheit/Seiten/sicherheitstechnik.aspx HTTP/1.1" 301 433 "-" "Java/1.4.1_04"
151.25.86.139 - - [10/Oct/2013:00:47:02 +0200] "GET /buildingtechnologies/de/de/support/Seiten/kostenlose-apps.aspx HTTP/1.1" 301 427 "-" "Java/1.4.1_04"
151.25.86.139 - - [10/Oct/2013:00:47:02 +0200] "GET /buildingtechnologies/de/de/support/Seiten/support.aspx HTTP/1.1" 301 419 "-" "Java/1.4.1_04"
151.25.86.139 - - [10/Oct/2013:00:47:03 +0200] "GET /buildingtechnologies/de/de/total-building-solutions/Seiten/total-building-solutions.aspx HTTP/1.1" 301 453 "-" "Java/1.4.1_04"
151.25.86.139 - - [10/Oct/2013:00:47:03 +0200] "GET /buildingtechnologies/de/de/ueber-uns/Seiten/ueber-uns.aspx HTTP/1.1" 301 423 "-" "Java/1.4.1_04"
151.25.86.139 - - [10/Oct/2013:00:47:03 +0200] "GET /wcms3/custom/OSSPAD3/ote/regions/ote.js HTTP/1.1" 301 404 "-" "Java/1.4.1_04"
151.25.86.139 - - [10/Oct/2013:00:47:04 +0200] "GET /_layouts/Querplex/Siemens/WCMS3/scripts/libs/jquery-1.4.4.min.js HTTP/1.1" 301 429 "-" "Java/1.4.1_04"
151.25.86.139 - - [10/Oct/2013:00:47:05 +0200] "GET /_layouts/Querplex/Siemens/WCMS3/scripts/libs/jquery-ui-1.8.13.custom.min.js HTTP/1.1" 301 440 "-" "Java/1.4.1_04"
151.25.86.139 - - [10/Oct/2013:00:47:06 +0200] "GET /_layouts/Querplex/Siemens/WCMS3/scripts/libs/jquery.colorbox-1.3.17.1.min.js HTTP/1.1" 301 441 "-" "Java/1.4.1_04"
81.223.254.34 - - [10/Oct/2013:01:18:54 +0200] "GET /robots.txt HTTP/1.1" 301 375 "-" "Mozilla/4.0 (compatible; MSIE 5.01; Windows NT)"
81.223.254.34 - - [10/Oct/2013:01:19:01 +0200] "GET / HTTP/1.1" 301 365 "-" "Mozilla/4.0 (compatible; MSIE 5.01; Windows NT)"
159.149.133.253 - - [10/Oct/2013:01:40:12 +0200] "GET /robots.txt HTTP/1.1" 301 386 "-" "BUbiNG (+http://law.di.unimi.it/BUbiNG.html)"
159.149.133.253 - - [10/Oct/2013:01:40:13 +0200] "GET / HTTP/1.1" 301 376 "-" "BUbiNG (+http://law.di.unimi.it/BUbiNG.html)"
66.249.78.188 - - [10/Oct/2013:04:08:24 +0200] "GET /robots.txt HTTP/1.1" 301 384 "-" "Mozilla/5.0 (compatible; Googlebot/2.1; +http://www.google.com/bot.html)"
66.249.78.188 - - [10/Oct/2013:04:08:24 +0200] "GET / HTTP/1.1" 301 374 "-" "Mozilla/5.0 (compatible; Googlebot/2.1; +http://www.google.com/bot.html)"
80.242.34.105 - - [10/Oct/2013:04:19:53 +0200] "GET / HTTP/1.1" 301 365 "-" "Mozilla/4.0 (compatible; MSIE 7.0; Windows NT 6.0)"
178.77.126.55 - - [10/Oct/2013:04:52:31 +0200] "GET /robots.txt HTTP/1.1" 301 375 "-" "Mozilla/5.0 (compatible; CareerBot/1.1; +http://www.career-x.de/bot.html)"
178.77.126.55 - - [10/Oct/2013:04:52:31 +0200] "GET / HTTP/1.1" 301 365 "-" "Mozilla/5.0 (compatible; CareerBot/1.1; +http://www.career-x.de/bot.html)"
178.77.126.55 - - [10/Oct/2013:05:43:42 +0200] "GET /robots.txt HTTP/1.1" 301 386 "-" "Mozilla/5.0 (compatible; CareerBot/1.1; +http://www.career-x.de/bot.html)"
178.77.126.55 - - [10/Oct/2013:05:43:42 +0200] "GET / HTTP/1.1" 301 376 "-" "Mozilla/5.0 (compatible; CareerBot/1.1; +http://www.career-x.de/bot.html)"
80.187.96.163 - - [10/Oct/2013:08:35:58 +0200] "GET / HTTP/1.1" 301 365 "http://www.bielefeldundbuss.de/refwww0.html" "Mozilla/5.0 (Windows NT 6.1; WOW64; rv:24.0) Gecko/20100101 Firefox/24.0"
144.76.176.17 - - [10/Oct/2013:08:56:35 +0200] "GET /robots.txt HTTP/1.0" 301 377 "-" "Mozilla/5.0 (compatible; MJ12bot/v1.4.4; http://www.majestic12.co.uk/bot.php?+)"
144.76.176.17 - - [10/Oct/2013:08:56:38 +0200] "GET / HTTP/1.0" 301 367 "-" "Mozilla/5.0 (compatible; MJ12bot/v1.4.4; http://www.majestic12.co.uk/bot.php?+)"
66.249.78.188 - - [10/Oct/2013:09:46:11 +0200] "GET /robots.txt HTTP/1.1" 301 384 "-" "Mozilla/5.0 (compatible; Googlebot/2.1; +http://www.google.com/bot.html)"
125.209.208.9 - - [10/Oct/2013:10:50:08 +0200] "GET /robots.txt HTTP/1.1" 301 375 "-" "Yeti/1.0 (NHN Corp.; http://help.naver.com/robots/)"
125.209.208.4 - - [10/Oct/2013:10:50:10 +0200] "GET / HTTP/1.1" 301 365 "-" "Yeti/1.0 (NHN Corp.; http://help.naver.com/robots/)"
157.55.33.49 - - [10/Oct/2013:13:14:06 +0200] "GET /robots.txt HTTP/1.1" 301 375 "-" "Mozilla/5.0 (compatible; bingbot/2.0; +http://www.bing.com/bingbot.htm)"
66.249.78.81 - - [10/Oct/2013:13:46:35 +0200] "GET /robots.txt HTTP/1.1" 301 386 "-" "Mozilla/5.0 (compatible; Googlebot/2.1; +http://www.google.com/bot.html)"
66.249.64.2 - - [10/Oct/2013:13:46:35 +0200] "GET / HTTP/1.1" 301 376 "-" "Mozilla/5.0 (compatible; Googlebot/2.1; +http://www.google.com/bot.html)"
157.55.33.49 - - [10/Oct/2013:13:51:50 +0200] "GET / HTTP/1.1" 301 365 "-" "Mozilla/5.0 (compatible; bingbot/2.0; +http://www.bing.com/bingbot.htm)"
141.8.147.12 - - [10/Oct/2013:16:54:29 +0200] "GET /robots.txt HTTP/1.1" 301 386 "-" "Mozilla/5.0 (compatible; YandexBot/3.0; +http://yandex.com/bots)"
157.56.92.142 - - [10/Oct/2013:17:37:22 +0200] "GET /robots.txt HTTP/1.1" 301 375 "-" "Mozilla/5.0 (compatible; bingbot/2.0; +http://www.bing.com/bingbot.htm)"
66.249.78.65 - - [10/Oct/2013:17:38:47 +0200] "GET /robots.txt HTTP/1.1" 301 375 "-" "Mozilla/5.0 (compatible; Googlebot/2.1; +http://www.google.com/bot.html)"
66.249.78.65 - - [10/Oct/2013:17:38:48 +0200] "GET /text/10000000_0000.htm HTTP/1.1" 301 387 "-" "Mozilla/5.0 (compatible; Googlebot/2.1; +http://www.google.com/bot.html)"
157.56.92.142 - - [10/Oct/2013:17:42:05 +0200] "GET /text/11020402_0000.htm HTTP/1.1" 301 387 "-" "Mozilla/5.0 (compatible; bingbot/2.0; +http://www.bing.com/bingbot.htm)"
207.241.226.238 - - [10/Oct/2013:19:56:05 +0200] "GET /robots.txt HTTP/1.1" 301 386 "-" "ia_archiver(OS-Wayback)"
141.8.147.12 - - [10/Oct/2013:20:29:00 +0200] "GET /robots.txt HTTP/1.1" 301 394 "-" "Mozilla/5.0 (compatible; YandexBot/3.0; +http://yandex.com/bots)"
141.8.147.12 - - [10/Oct/2013:21:38:35 +0200] "GET / HTTP/1.1" 301 376 "-" "Mozilla/5.0 (compatible; YandexBot/3.0; +http://yandex.com/bots)"
89.99.67.50 - - [10/Oct/2013:22:53:28 +0200] "GET / HTTP/1.1" 301 376 "-" "Java/1.4.1_04"
89.99.67.50 - - [10/Oct/2013:22:53:32 +0200] "GET /home.aspx HTTP/1.1" 301 385 "-" "Java/1.4.1_04"
89.99.67.50 - - [10/Oct/2013:22:53:32 +0200] "GET /_layouts/blank.js?rev=QGOYAJlouiWgFRlhHVlMKA%3D%3D HTTP/1.1" 301 426 "-" "Java/1.4.1_04"
89.99.67.50 - - [10/Oct/2013:22:53:32 +0200] "GET /buildingtechnologies/de HTTP/1.1" 301 399 "-" "Java/1.4.1_04"
89.99.67.50 - - [10/Oct/2013:22:53:32 +0200] "GET //w3.siemens.com/ote/ote_config.js HTTP/1.1" 301 408 "-" "Java/1.4.1_04"
89.99.67.50 - - [10/Oct/2013:22:53:32 +0200] "GET /buildingtechnologies/de/de/Pages/home.aspx HTTP/1.1" 301 418 "-" "Java/1.4.1_04"
89.99.67.50 - - [10/Oct/2013:22:53:32 +0200] "GET /_layouts/Querplex/Siemens/WCMS3/scripts/jquery.jcarousel.js?rev=29967635136983423621768 HTTP/1.1" 301 463 "-" "Java/1.4.1_04"
89.99.67.50 - - [10/Oct/2013:22:53:32 +0200] "GET /_layouts/Querplex/Siemens/WCMS3/scripts/scripts.pack.js?rev=19816635136983424089780 HTTP/1.1" 301 459 "-" "Java/1.4.1_04"
89.99.67.50 - - [10/Oct/2013:22:53:33 +0200] "GET /_layouts/Querplex/Siemens/WCMS3/scripts/social-media-accordion.js?rev=15324635136983424401788 HTTP/1.1" 301 469 "-" "Java/1.4.1_04"
89.99.67.50 - - [10/Oct/2013:22:53:34 +0200] "GET /_layouts/Querplex/Siemens/WCMS3/scripts/swfobject-2.2.js HTTP/1.1" 301 432 "-" "Java/1.4.1_04"
89.99.67.50 - - [10/Oct/2013:22:53:34 +0200] "GET /_layouts/Querplex/Siemens/WCMS3/scripts/w2glayer.pack.js?rev=54117635136983424713796 HTTP/1.1" 301 460 "-" "Java/1.4.1_04"
89.99.67.50 - - [10/Oct/2013:22:53:34 +0200] "GET /buildingtechnologies/de/de/brandschutz/Seiten/brandschutz.aspx HTTP/1.1" 301 438 "-" "Java/1.4.1_04"
89.99.67.50 - - [10/Oct/2013:22:53:34 +0200] "GET /buildingtechnologies/de/de/energieeffizienz/Seiten/energieeffizienz.aspx HTTP/1.1" 301 448 "-" "Java/1.4.1_04"
89.99.67.50 - - [10/Oct/2013:22:53:34 +0200] "GET /buildingtechnologies/de/de/extranet/Seiten/extranet.aspx HTTP/1.1" 301 432 "-" "Java/1.4.1_04"
89.99.67.50 - - [10/Oct/2013:22:53:34 +0200] "GET /buildingtechnologies/de/de/gebaeudeautomation-hlk/Seiten/gebaeudeautomation.aspx HTTP/1.1" 301 456 "-" "Java/1.4.1_04"
89.99.67.50 - - [10/Oct/2013:22:53:35 +0200] "GET /buildingtechnologies/de/de/kundenzeitschriften/Pages/kundenzeitschriften.aspx HTTP/1.1" 301 453 "-" "Java/1.4.1_04"
89.99.67.50 - - [10/Oct/2013:22:53:35 +0200] "GET /buildingtechnologies/de/de/marktspezifische-loesungen/Seiten/marktspezifische-loesungen.aspx HTTP/1.1" 301 468 "-" "Java/1.4.1_04"
89.99.67.50 - - [10/Oct/2013:22:53:35 +0200] "GET /buildingtechnologies/de/de/messen-events/Seiten/messen-events.aspx HTTP/1.1" 301 442 "-" "Java/1.4.1_04"
89.99.67.50 - - [10/Oct/2013:22:53:35 +0200] "GET /buildingtechnologies/de/de/news/Seiten/news.aspx HTTP/1.1" 301 424 "-" "Java/1.4.1_04"
89.99.67.50 - - [10/Oct/2013:22:53:35 +0200] "GET /buildingtechnologies/de/de/partners/Seiten/partners.aspx HTTP/1.1" 301 432 "-" "Java/1.4.1_04"
89.99.67.50 - - [10/Oct/2013:22:53:35 +0200] "GET /buildingtechnologies/de/de/presse/Seiten/presse.aspx HTTP/1.1" 301 428 "-" "Java/1.4.1_04"
89.99.67.50 - - [10/Oct/2013:22:53:36 +0200] "GET /buildingtechnologies/de/de/referenzen/Seiten/referenzen.aspx HTTP/1.1" 301 436 "-" "Java/1.4.1_04"
89.99.67.50 - - [10/Oct/2013:22:53:36 +0200] "GET /buildingtechnologies/de/de/sicherheit/Seiten/sicherheitstechnik.aspx HTTP/1.1" 301 444 "-" "Java/1.4.1_04"
89.99.67.50 - - [10/Oct/2013:22:53:36 +0200] "GET /buildingtechnologies/de/de/support/Seiten/kostenlose-apps.aspx HTTP/1.1" 301 438 "-" "Java/1.4.1_04"
89.99.67.50 - - [10/Oct/2013:22:53:36 +0200] "GET /buildingtechnologies/de/de/support/Seiten/support.aspx HTTP/1.1" 301 430 "-" "Java/1.4.1_04"
89.99.67.50 - - [10/Oct/2013:22:53:36 +0200] "GET /buildingtechnologies/de/de/total-building-solutions/Seiten/total-building-solutions.aspx HTTP/1.1" 301 464 "-" "Java/1.4.1_04"
89.99.67.50 - - [10/Oct/2013:22:53:37 +0200] "GET /buildingtechnologies/de/de/ueber-uns/Seiten/ueber-uns.aspx HTTP/1.1" 301 434 "-" "Java/1.4.1_04"
89.99.67.50 - - [10/Oct/2013:22:53:37 +0200] "GET /wcms3/custom/OSSPAD3/ote/regions/ote.js HTTP/1.1" 301 415 "-" "Java/1.4.1_04"
89.99.67.50 - - [10/Oct/2013:22:53:37 +0200] "GET /_layouts/Querplex/Siemens/WCMS3/scripts/libs/jquery-1.4.4.min.js HTTP/1.1" 301 440 "-" "Java/1.4.1_04"
89.99.67.50 - - [10/Oct/2013:22:53:39 +0200] "GET /_layouts/Querplex/Siemens/WCMS3/scripts/libs/jquery-ui-1.8.13.custom.min.js HTTP/1.1" 301 451 "-" "Java/1.4.1_04"
141.8.147.12 - - [10/Oct/2013:23:04:49 +0200] "GET / HTTP/1.1" 301 384 "-" "Mozilla/5.0 (compatible; YandexBot/3.0; +http://yandex.com/bots)"
141.8.147.12 - - [11/Oct/2013:03:15:54 +0200] "GET /robots.txt HTTP/1.1" 301 375 "-" "Mozilla/5.0 (compatible; YandexBot/3.0; +http://yandex.com/bots)"
141.8.147.12 - - [11/Oct/2013:04:45:12 +0200] "GET /robots.txt HTTP/1.1" 301 392 "-" "Mozilla/5.0 (compatible; YandexBot/3.0; +http://yandex.com/bots)"
208.115.111.73 - - [11/Oct/2013:07:15:45 +0200] "GET /robots.txt HTTP/1.1" 301 375 "-" "Mozilla/5.0 (compatible; Ezooms/1.0; ezooms.bot@gmail.com)"
208.115.111.73 - - [11/Oct/2013:07:43:40 +0200] "GET / HTTP/1.1" 301 365 "-" "Mozilla/5.0 (compatible; Ezooms/1.0; ezooms.bot@gmail.com)"
141.8.147.12 - - [11/Oct/2013:09:12:16 +0200] "GET / HTTP/1.1" 301 365 "-" "Mozilla/5.0 (compatible; YandexBot/3.0; +http://yandex.com/bots)"
217.69.133.215 - - [11/Oct/2013:09:12:59 +0200] "GET /robots.txt HTTP/1.0" 301 386 "-" "Mozilla/5.0 (compatible; Linux x86_64; Mail.RU_Bot/2.0; +http://go.mail.ru/help/robots)"
217.69.133.217 - - [11/Oct/2013:09:13:00 +0200] "GET /robots.txt HTTP/1.0" 301 386 "-" "Mozilla/5.0 (compatible; Linux x86_64; Mail.RU_Bot/2.0; +http://go.mail.ru/help/robots)"
141.8.147.12 - - [11/Oct/2013:11:07:14 +0200] "GET /robots.txt HTTP/1.1" 301 386 "-" "Mozilla/5.0 (compatible; YandexBot/3.0; +http://yandex.com/bots)"
141.8.147.12 - - [11/Oct/2013:11:43:56 +0200] "GET / HTTP/1.1" 301 382 "-" "Mozilla/5.0 (compatible; YandexBot/3.0; +http://yandex.com/bots)"
141.8.147.12 - - [11/Oct/2013:12:27:39 +0200] "GET /robots.txt HTTP/1.1" 301 384 "-" "Mozilla/5.0 (compatible; YandexBot/3.0; +http://yandex.com/bots)"
141.8.147.12 - - [11/Oct/2013:16:48:46 +0200] "GET / HTTP/1.1" 301 376 "-" "Mozilla/5.0 (compatible; YandexBot/3.0; +http://yandex.com/bots)"
54.227.105.135 - - [11/Oct/2013:17:03:03 +0200] "GET / HTTP/1.0" 301 384 "-" "Mozilla/5.0 (compatible; NetcraftSurveyAgent/1.0; +info@netcraft.com)"
54.237.102.227 - - [11/Oct/2013:19:35:23 +0200] "GET / HTTP/1.0" 301 365 "-" "Mozilla/5.0 (compatible; NetcraftSurveyAgent/1.0; +info@netcraft.com)"
141.8.147.12 - - [11/Oct/2013:19:41:27 +0200] "GET / HTTP/1.1" 301 374 "-" "Mozilla/5.0 (compatible; YandexBot/3.0; +http://yandex.com/bots)"
54.237.11.6 - - [11/Oct/2013:20:02:15 +0200] "GET / HTTP/1.0" 301 376 "-" "Mozilla/5.0 (compatible; NetcraftSurveyAgent/1.0; +info@netcraft.com)"
207.241.226.239 - - [11/Oct/2013:20:41:21 +0200] "GET /robots.txt HTTP/1.1" 301 392 "-" "ia_archiver(OS-Wayback)"
54.226.38.55 - - [11/Oct/2013:20:44:21 +0200] "GET / HTTP/1.0" 301 374 "-" "Mozilla/5.0 (compatible; NetcraftSurveyAgent/1.0; +info@netcraft.com)"
23.20.24.202 - - [11/Oct/2013:21:07:18 +0200] "GET / HTTP/1.0" 301 379 "-" "Mozilla/5.0 (compatible; NetcraftSurveyAgent/1.0; +info@netcraft.com)"
184.72.177.47 - - [11/Oct/2013:22:09:34 +0200] "GET / HTTP/1.0" 301 367 "-" "Mozilla/5.0 (compatible; NetcraftSurveyAgent/1.0; +info@netcraft.com)"
50.17.13.242 - - [11/Oct/2013:22:11:19 +0200] "GET / HTTP/1.0" 301 382 "-" "Mozilla/5.0 (compatible; NetcraftSurveyAgent/1.0; +info@netcraft.com)"
157.56.93.84 - - [11/Oct/2013:22:42:35 +0200] "GET /robots.txt HTTP/1.1" 301 384 "-" "Mozilla/5.0 (compatible; bingbot/2.0; +http://www.bing.com/bingbot.htm)"
157.56.93.84 - - [11/Oct/2013:22:48:47 +0200] "GET / HTTP/1.1" 301 374 "-" "Mozilla/5.0 (compatible; bingbot/2.0; +http://www.bing.com/bingbot.htm)"
141.8.147.12 - - [11/Oct/2013:22:53:55 +0200] "GET /robots.txt HTTP/1.1" 301 392 "-" "Mozilla/5.0 (compatible; YandexBot/3.0; +http://yandex.com/bots)"
5.10.83.72 - - [11/Oct/2013:23:17:18 +0200] "GET /fire HTTP/1.1" 301 369 "-" "Mozilla/5.0 (compatible; AhrefsBot/5.0; +http://ahrefs.com/robot/)"
54.202.98.128 - - [12/Oct/2013:02:11:06 +0200] "GET / HTTP/1.1" 301 365 "http://www.ausergrubhof.info" "Mozilla/5.0 (Macintosh; Intel Mac OS X 10_8_4) AppleWebKit/536.30.1 (KHTML, like Gecko) Version/6.0.5 Safari/536.30.1"
54.212.113.81 - - [12/Oct/2013:02:13:28 +0200] "GET / HTTP/1.1" 301 365 "http://www.ausergrubhof.info" "Mozilla/5.0 (Macintosh; Intel Mac OS X 10_8_4) AppleWebKit/536.30.1 (KHTML, like Gecko) Version/6.0.5 Safari/536.30.1"
77.75.77.36 - - [12/Oct/2013:03:27:06 +0200] "GET /robots.txt HTTP/1.1" 301 386 "-" "SeznamBot/3.0 (+http://fulltext.sblog.cz/)"
77.75.77.36 - - [12/Oct/2013:03:27:06 +0200] "GET / HTTP/1.1" 301 376 "-" "SeznamBot/3.0 (+http://fulltext.sblog.cz/)"
208.88.226.73 - - [12/Oct/2013:05:52:41 +0200] "HEAD / HTTP/1.1" 301 - "-" "Mozilla/5.0 (Windows NT 6.1; WOW64; rv:7.0.1) Gecko/20100101 Firefox/7.0.1"
141.8.147.12 - - [12/Oct/2013:06:35:49 +0200] "GET / HTTP/1.1" 301 382 "-" "Mozilla/5.0 (compatible; YandexBot/3.0; +http://yandex.com/bots)"
5.10.83.42 - - [12/Oct/2013:08:25:22 +0200] "GET /text/11020402_0000.htm HTTP/1.1" 301 387 "-" "Mozilla/5.0 (compatible; AhrefsBot/5.0; +http://ahrefs.com/robot/)"
141.8.147.12 - - [12/Oct/2013:09:40:57 +0200] "GET /robots.txt HTTP/1.1" 301 394 "-" "Mozilla/5.0 (compatible; YandexBot/3.0; +http://yandex.com/bots)"
91.121.75.211 - - [12/Oct/2013:11:28:53 +0200] "GET / HTTP/1.1" 301 365 "-" "-"
141.8.147.12 - - [12/Oct/2013:12:31:28 +0200] "GET /robots.txt HTTP/1.1" 301 377 "-" "Mozilla/5.0 (compatible; YandexBot/3.0; +http://yandex.com/bots)"
217.69.133.217 - - [12/Oct/2013:13:38:13 +0200] "GET /robots.txt HTTP/1.0" 301 375 "-" "Mozilla/5.0 (compatible; Linux x86_64; Mail.RU_Bot/2.0; +http://go.mail.ru/help/robots)"
217.69.133.218 - - [12/Oct/2013:13:38:14 +0200] "GET /robots.txt HTTP/1.0" 301 375 "-" "Mozilla/5.0 (compatible; Linux x86_64; Mail.RU_Bot/2.0; +http://go.mail.ru/help/robots)"
5.10.83.21 - - [12/Oct/2013:13:40:21 +0200] "GET / HTTP/1.1" 301 384 "-" "Mozilla/5.0 (compatible; AhrefsBot/5.0; +http://ahrefs.com/robot/)"
66.249.73.202 - - [12/Oct/2013:13:45:29 +0200] "GET /robots.txt HTTP/1.1" 301 375 "-" "Mozilla/5.0 (compatible; Googlebot/2.1; +http://www.google.com/bot.html)"
66.249.73.202 - - [12/Oct/2013:13:45:30 +0200] "GET /text/11020402_0000.htm HTTP/1.1" 301 387 "-" "SAMSUNG-SGH-E250/1.0 Profile/MIDP-2.0 Configuration/CLDC-1.1 UP.Browser/6.2.3.3.c.1.101 (GUI) MMP/2.0 (compatible; Googlebot-Mobile/2.1; +http://www.google.com/bot.html)"
5.10.83.63 - - [12/Oct/2013:14:44:06 +0200] "GET / HTTP/1.1" 301 376 "-" "Mozilla/5.0 (compatible; AhrefsBot/5.0; +http://ahrefs.com/robot/)"
141.8.147.12 - - [12/Oct/2013:16:23:06 +0200] "GET / HTTP/1.1" 301 384 "-" "Mozilla/5.0 (compatible; YandexBot/3.0; +http://yandex.com/bots)"
84.38.65.176 - - [12/Oct/2013:16:54:12 +0200] "GET / HTTP/1.0" 301 367 "http://www.domain-reputation.de/www.sgtost.de" "Mozilla/4.0 (compatible; MSIE 8.0; Windows NT 5.1; Trident/4.0; FBSMTWB; ATC/1.0; .NET CLR 1.1.4322; ATC/1.0; .NET CLR 2.0.50727; .NET CLR 3.0.4506.2152; .NET CLR 3.5.30729)"
141.8.147.12 - - [12/Oct/2013:17:09:36 +0200] "GET / HTTP/1.1" 301 367 "-" "Mozilla/5.0 (compatible; YandexBot/3.0; +http://yandex.com/bots)"
88.198.40.163 - - [12/Oct/2013:18:17:59 +0200] "GET /robots.txt HTTP/1.1" 301 386 "-" "Mozilla/5.0 (compatible; SISTRIX Crawler; http://crawler.sistrix.net/)"
88.198.40.163 - - [12/Oct/2013:18:17:59 +0200] "GET / HTTP/1.1" 301 376 "-" "Mozilla/5.0 (compatible; SISTRIX Crawler; http://crawler.sistrix.net/)"
141.8.147.12 - - [12/Oct/2013:21:17:10 +0200] "GET /robots.txt HTTP/1.1" 301 375 "-" "Mozilla/5.0 (compatible; YandexBot/3.0; +http://yandex.com/bots)"
62.163.251.159 - - [12/Oct/2013:22:25:05 +0200] "GET / HTTP/1.1" 301 376 "-" "Java/1.7.0_40"
62.163.251.159 - - [12/Oct/2013:22:25:06 +0200] "GET /WebResource.axd?d=Bv1-mjeyja02JJ6n2wFQ43vgZO8UaX85QiobgQo7CCZG-fnqlRFt6lLkR6htUda4792Vc2iS18Exe7hUAGV65k4aHrI1&t=635022714918232500 HTTP/1.1" 301 515 "-" "Java/1.7.0_40"
62.163.251.159 - - [12/Oct/2013:22:25:06 +0200] "GET /home.aspx HTTP/1.1" 301 385 "-" "Java/1.7.0_40"
62.163.251.159 - - [12/Oct/2013:22:25:06 +0200] "GET /_layouts/blank.js?rev=QGOYAJlouiWgFRlhHVlMKA%3D%3D HTTP/1.1" 301 426 "-" "Java/1.7.0_40"
62.163.251.159 - - [12/Oct/2013:22:25:06 +0200] "GET /buildingtechnologies/de HTTP/1.1" 301 399 "-" "Java/1.7.0_40"
62.163.251.159 - - [12/Oct/2013:22:25:06 +0200] "GET //w3.siemens.com/ote/ote_config.js HTTP/1.1" 301 408 "-" "Java/1.7.0_40"
62.163.251.159 - - [12/Oct/2013:22:25:07 +0200] "GET /buildingtechnologies/de/de/Pages/home.aspx HTTP/1.1" 301 418 "-" "Java/1.7.0_40"
62.163.251.159 - - [12/Oct/2013:22:25:07 +0200] "GET /_layouts/Querplex/Siemens/WCMS3/scripts/jquery.jcarousel.js?rev=29967635136983423621768 HTTP/1.1" 301 463 "-" "Java/1.7.0_40"
62.163.251.159 - - [12/Oct/2013:22:25:07 +0200] "GET /_layouts/Querplex/Siemens/WCMS3/scripts/scripts.pack.js?rev=19816635136983424089780 HTTP/1.1" 301 459 "-" "Java/1.7.0_40"
62.163.251.159 - - [12/Oct/2013:22:25:07 +0200] "GET /_layouts/Querplex/Siemens/WCMS3/scripts/social-media-accordion.js?rev=15324635136983424401788 HTTP/1.1" 301 469 "-" "Java/1.7.0_40"
62.163.251.159 - - [12/Oct/2013:22:25:07 +0200] "GET /_layouts/Querplex/Siemens/WCMS3/scripts/swfobject-2.2.js HTTP/1.1" 301 432 "-" "Java/1.7.0_40"
62.163.251.159 - - [12/Oct/2013:22:25:07 +0200] "GET /_layouts/Querplex/Siemens/WCMS3/scripts/w2glayer.pack.js?rev=54117635136983424713796 HTTP/1.1" 301 460 "-" "Java/1.7.0_40"
62.163.251.159 - - [12/Oct/2013:22:25:07 +0200] "GET /buildingtechnologies/de/de/brandschutz/Seiten/brandschutz.aspx HTTP/1.1" 301 438 "-" "Java/1.7.0_40"
62.163.251.159 - - [12/Oct/2013:22:25:07 +0200] "GET /buildingtechnologies/de/de/energieeffizienz/Seiten/energieeffizienz.aspx HTTP/1.1" 301 448 "-" "Java/1.7.0_40"
62.163.251.159 - - [12/Oct/2013:22:25:07 +0200] "GET /buildingtechnologies/de/de/extranet/Seiten/extranet.aspx HTTP/1.1" 301 432 "-" "Java/1.7.0_40"
62.163.251.159 - - [12/Oct/2013:22:25:08 +0200] "GET /buildingtechnologies/de/de/gebaeudeautomation-hlk/Seiten/gebaeudeautomation.aspx HTTP/1.1" 301 456 "-" "Java/1.7.0_40"
62.163.251.159 - - [12/Oct/2013:22:25:08 +0200] "GET /buildingtechnologies/de/de/kundenzeitschriften/Pages/kundenzeitschriften.aspx HTTP/1.1" 301 453 "-" "Java/1.7.0_40"
62.163.251.159 - - [12/Oct/2013:22:25:08 +0200] "GET /buildingtechnologies/de/de/marktspezifische-loesungen/Seiten/marktspezifische-loesungen.aspx HTTP/1.1" 301 468 "-" "Java/1.7.0_40"
62.163.251.159 - - [12/Oct/2013:22:25:08 +0200] "GET /buildingtechnologies/de/de/messen-events/Seiten/messen-events.aspx HTTP/1.1" 301 442 "-" "Java/1.7.0_40"
62.163.251.159 - - [12/Oct/2013:22:25:08 +0200] "GET /buildingtechnologies/de/de/news/Seiten/news.aspx HTTP/1.1" 301 424 "-" "Java/1.7.0_40"
62.163.251.159 - - [12/Oct/2013:22:25:08 +0200] "GET /buildingtechnologies/de/de/partners/Seiten/partners.aspx HTTP/1.1" 301 432 "-" "Java/1.7.0_40"
62.163.251.159 - - [12/Oct/2013:22:25:08 +0200] "GET /buildingtechnologies/de/de/presse/Seiten/presse.aspx HTTP/1.1" 301 428 "-" "Java/1.7.0_40"
62.163.251.159 - - [12/Oct/2013:22:25:08 +0200] "GET /buildingtechnologies/de/de/referenzen/Seiten/referenzen.aspx HTTP/1.1" 301 436 "-" "Java/1.7.0_40"
62.163.251.159 - - [12/Oct/2013:22:25:09 +0200] "GET /buildingtechnologies/de/de/sicherheit/Seiten/sicherheitstechnik.aspx HTTP/1.1" 301 444 "-" "Java/1.7.0_40"
62.163.251.159 - - [12/Oct/2013:22:25:09 +0200] "GET /buildingtechnologies/de/de/support/Seiten/kostenlose-apps.aspx HTTP/1.1" 301 438 "-" "Java/1.7.0_40"
62.163.251.159 - - [12/Oct/2013:22:25:09 +0200] "GET /buildingtechnologies/de/de/support/Seiten/support.aspx HTTP/1.1" 301 430 "-" "Java/1.7.0_40"
62.163.251.159 - - [12/Oct/2013:22:25:09 +0200] "GET /buildingtechnologies/de/de/total-building-solutions/Seiten/total-building-solutions.aspx HTTP/1.1" 301 464 "-" "Java/1.7.0_40"
62.163.251.159 - - [12/Oct/2013:22:25:09 +0200] "GET /buildingtechnologies/de/de/ueber-uns/Seiten/ueber-uns.aspx HTTP/1.1" 301 434 "-" "Java/1.7.0_40"
62.163.251.159 - - [12/Oct/2013:22:25:09 +0200] "GET /wcms3/custom/OSSPAD3/ote/regions/ote.js HTTP/1.1" 301 415 "-" "Java/1.7.0_40"
62.163.251.159 - - [12/Oct/2013:22:25:09 +0200] "GET /_layouts/Querplex/Siemens/WCMS3/scripts/libs/jquery-1.4.4.min.js HTTP/1.1" 301 440 "-" "Java/1.7.0_40"
5.9.36.87 - - [13/Oct/2013:00:26:14 +0200] "GET /robots.txt HTTP/1.1" 301 377 "-" "BuddhaBot"
5.9.36.87 - - [13/Oct/2013:00:26:14 +0200] "GET / HTTP/1.1" 301 367 "-" "BuddhaBot"
66.249.78.65 - - [13/Oct/2013:01:27:52 +0200] "GET /robots.txt HTTP/1.1" 301 375 "-" "Mozilla/5.0 (compatible; Googlebot/2.1; +http://www.google.com/bot.html)"
66.249.66.76 - - [13/Oct/2013:01:27:52 +0200] "GET /text/11020402_0000.htm HTTP/1.1" 301 387 "-" "DoCoMo/2.0 N905i(c100;TB;W24H16) (compatible; Googlebot-Mobile/2.1; +http://www.google.com/bot.html)"
141.8.147.12 - - [13/Oct/2013:01:51:34 +0200] "GET / HTTP/1.1" 301 365 "-" "Mozilla/5.0 (compatible; YandexBot/3.0; +http://yandex.com/bots)"
5.9.61.162 - - [13/Oct/2013:02:45:04 +0200] "GET /robots.txt HTTP/1.1" 301 375 "-" "BuddhaBot"
5.9.61.162 - - [13/Oct/2013:02:45:05 +0200] "GET / HTTP/1.1" 301 365 "-" "BuddhaBot"
192.210.200.216 - - [13/Oct/2013:04:47:50 +0200] "GET / HTTP/1.1" 301 376 "-" "Java/1.6.0_04"
192.210.200.216 - - [13/Oct/2013:04:47:53 +0200] "GET /home.aspx HTTP/1.1" 301 385 "-" "Java/1.6.0_04"
192.210.200.216 - - [13/Oct/2013:04:47:54 +0200] "GET /_layouts/blank.js?rev=QGOYAJlouiWgFRlhHVlMKA%3D%3D HTTP/1.1" 301 426 "-" "Java/1.6.0_04"
192.210.200.216 - - [13/Oct/2013:04:47:55 +0200] "GET /buildingtechnologies/de HTTP/1.1" 301 399 "-" "Java/1.6.0_04"
208.115.111.73 - - [13/Oct/2013:07:17:26 +0200] "GET /robots.txt HTTP/1.1" 301 375 "-" "Mozilla/5.0 (compatible; Ezooms/1.0; ezooms.bot@gmail.com)"
64.246.165.210 - - [13/Oct/2013:08:04:11 +0200] "GET /robots.txt HTTP/1.0" 301 386 "-" "Mozilla/5.0 (Windows; U; Windows NT 5.1; en; rv:1.9.0.13) Gecko/2009073022 Firefox/3.5.2 (.NET CLR 3.5.30729) SurveyBot/2.3 (DomainTools)"
64.246.165.210 - - [13/Oct/2013:08:04:12 +0200] "GET / HTTP/1.1" 301 376 "http://whois.domaintools.com/algorex-partner.de" "Mozilla/5.0 (Windows; U; Windows NT 5.1; en; rv:1.9.0.13) Gecko/2009073022 Firefox/3.5.2 (.NET CLR 3.5.30729) SurveyBot/2.3 (DomainTools)"
208.115.111.73 - - [13/Oct/2013:09:00:16 +0200] "GET /security/ HTTP/1.1" 301 374 "-" "Mozilla/5.0 (compatible; Ezooms/1.0; ezooms.bot@gmail.com)"
208.115.113.89 - - [13/Oct/2013:09:21:26 +0200] "GET /robots.txt HTTP/1.1" 301 375 "-" "Mozilla/5.0 (compatible; Ezooms/1.0; ezooms.bot@gmail.com)"
217.69.133.218 - - [13/Oct/2013:09:40:49 +0200] "GET /robots.txt HTTP/1.0" 301 375 "-" "Mozilla/5.0 (compatible; Linux x86_64; Mail.RU_Bot/2.0; +http://go.mail.ru/help/robots)"
217.69.133.216 - - [13/Oct/2013:09:40:50 +0200] "GET /robots.txt HTTP/1.0" 301 375 "-" "Mozilla/5.0 (compatible; Linux x86_64; Mail.RU_Bot/2.0; +http://go.mail.ru/help/robots)"
192.114.71.13 - - [13/Oct/2013:10:59:42 +0200] "GET / HTTP/1.1" 301 365 "-" "Mozilla/5.0 (compatible; MSIE 9.0; Windows NT 6.1; WOW64; Trident/5.0) AppleWebKit/537.22 (KHTML, like Gecko) Chrome/25.0.1364.172 Safari/537.22"
208.115.113.89 - - [13/Oct/2013:11:19:55 +0200] "GET /fire/forw_sibt_fire/index.html HTTP/1.1" 301 395 "-" "Mozilla/5.0 (compatible; Ezooms/1.0; ezooms.bot@gmail.com)"
88.198.55.242 - - [13/Oct/2013:11:26:23 +0200] "GET / HTTP/1.1" 301 365 "-" "User-Agent: Mozilla/4.0 (compatible; MSIE 7.0; Windows NT 6.0; SLCC1; .NET CLR 2.0.50727; Media Center PC 5.0; .NET CLR 3.0.04506; InfoPath.2)"
88.198.55.242 - - [13/Oct/2013:11:26:23 +0200] "GET /robots.txt HTTP/1.1" 301 375 "-" "libwww-perl/6.03"
88.198.55.242 - - [13/Oct/2013:11:26:23 +0200] "GET / HTTP/1.1" 301 365 "-" "User-Agent: Mozilla/4.0 (compatible; MSIE 7.0; Windows NT 6.0; SLCC1; .NET CLR 2.0.50727; Media Center PC 5.0; .NET CLR 3.0.04506; InfoPath.2)"
217.69.133.215 - - [13/Oct/2013:16:26:19 +0200] "GET /robots.txt HTTP/1.0" 301 386 "-" "Mozilla/5.0 (compatible; Linux x86_64; Mail.RU_Bot/2.0; +http://go.mail.ru/help/robots)"
217.69.133.216 - - [13/Oct/2013:16:26:20 +0200] "GET /robots.txt HTTP/1.0" 301 386 "-" "Mozilla/5.0 (compatible; Linux x86_64; Mail.RU_Bot/2.0; +http://go.mail.ru/help/robots)"
101.226.167.246 - - [13/Oct/2013:18:50:11 +0200] "GET /robots.txt HTTP/1.1" 301 386 "http://www.algorex-partner.de/robots.txt" "Mozilla/4.0 (compatible; MSIE 8.0; Windows NT 6.1; Trident/4.0; SLCC2; .NET CLR 2.0.50727; .NET CLR 3.5.30729; .NET CLR 3.0.30729; Media Center PC 6.0; MDDR; .NET4.0C; .NET4.0E; .NET CLR 1.1.4322; Tablet PC 2.0); 360Spider"
208.115.111.73 - - [13/Oct/2013:23:18:47 +0200] "GET /robots.txt HTTP/1.1" 301 375 "-" "Mozilla/5.0 (compatible; Ezooms/1.0; ezooms.bot@gmail.com)"
208.115.111.73 - - [13/Oct/2013:23:46:15 +0200] "GET /fire HTTP/1.1" 301 369 "-" "Mozilla/5.0 (compatible; Ezooms/1.0; ezooms.bot@gmail.com)"
69.58.178.57 - - [14/Oct/2013:00:30:50 +0200] "GET /robots.txt HTTP/1.1" 301 386 "-" "Mozilla/5.0 (X11; Ubuntu; Linux i686; rv:14.0; ips-agent) Gecko/20100101 Firefox/14.0.1"
69.58.178.57 - - [14/Oct/2013:00:30:51 +0200] "GET / HTTP/1.1" 301 376 "-" "Mozilla/5.0 (X11; Ubuntu; Linux i686; rv:14.0; ips-agent) Gecko/20100101 Firefox/14.0.1"
157.55.33.17 - - [14/Oct/2013:05:03:14 +0200] "GET /robots.txt HTTP/1.1" 301 375 "-" "Mozilla/5.0 (compatible; bingbot/2.0; +http://www.bing.com/bingbot.htm)"
178.77.126.55 - - [14/Oct/2013:05:06:23 +0200] "GET /robots.txt HTTP/1.1" 301 375 "-" "Mozilla/5.0 (compatible; CareerBot/1.1; +http://www.career-x.de/bot.html)"
178.77.126.55 - - [14/Oct/2013:05:06:23 +0200] "GET / HTTP/1.1" 301 365 "-" "Mozilla/5.0 (compatible; CareerBot/1.1; +http://www.career-x.de/bot.html)"
157.55.33.17 - - [14/Oct/2013:05:10:20 +0200] "GET /fire/ HTTP/1.1" 301 370 "-" "Mozilla/5.0 (compatible; bingbot/2.0; +http://www.bing.com/bingbot.htm)"
217.225.190.18 - - [14/Oct/2013:05:52:24 +0200] "GET / HTTP/1.1" 301 365 "http://www.bigfinder.de/?c=ws&q=online" "Mozilla/4.0 (compatible; MSIE 8.0; Windows NT 6.0; Trident/4.0; GTB0.0; SLCC1; .NET CLR 2.0.50727; Media Center PC 5.0; .NET CLR 3.5.30729; .NET CLR 3.0.30729; .NET4.0C)"
178.77.126.55 - - [14/Oct/2013:05:58:10 +0200] "GET /robots.txt HTTP/1.1" 301 386 "-" "Mozilla/5.0 (compatible; CareerBot/1.1; +http://www.career-x.de/bot.html)"
178.77.126.55 - - [14/Oct/2013:05:58:10 +0200] "GET / HTTP/1.1" 301 376 "-" "Mozilla/5.0 (compatible; CareerBot/1.1; +http://www.career-x.de/bot.html)"
66.249.78.81 - - [14/Oct/2013:06:15:32 +0200] "GET /robots.txt HTTP/1.1" 301 386 "-" "Mozilla/5.0 (compatible; Googlebot/2.1; +http://www.google.com/bot.html)"
66.249.66.178 - - [14/Oct/2013:06:15:32 +0200] "GET / HTTP/1.1" 301 376 "-" "DoCoMo/2.0 N905i(c100;TB;W24H16) (compatible; Googlebot-Mobile/2.1; +http://www.google.com/bot.html)"
192.114.71.13 - - [14/Oct/2013:09:04:57 +0200] "GET / HTTP/1.1" 301 374 "-" "Mozilla/5.0 (compatible; MSIE 9.0; Windows NT 6.1; WOW64; Trident/5.0) AppleWebKit/537.22 (KHTML, like Gecko) Chrome/25.0.1364.172 Safari/537.22"
5.10.83.69 - - [14/Oct/2013:10:42:36 +0200] "GET / HTTP/1.1" 301 376 "-" "Mozilla/5.0 (compatible; AhrefsBot/5.0; +http://ahrefs.com/robot/)"
66.249.78.240 - - [14/Oct/2013:12:18:21 +0200] "GET /robots.txt HTTP/1.1" 301 377 "-" "Mozilla/5.0 (compatible; Googlebot/2.1; +http://www.google.com/bot.html)"
66.249.66.215 - - [14/Oct/2013:12:18:22 +0200] "GET / HTTP/1.1" 301 367 "-" "DoCoMo/2.0 N905i(c100;TB;W24H16) (compatible; Googlebot-Mobile/2.1; +http://www.google.com/bot.html)"
62.219.8.238 - - [14/Oct/2013:12:45:19 +0200] "GET / HTTP/1.1" 301 374 "-" "Mozilla/5.0 (Windows NT 6.0; WOW64) AppleWebKit/534.30 (KHTML, like Gecko) Chrome/12.0.742.91 Safari/534.30"
141.8.147.12 - - [14/Oct/2013:12:48:54 +0200] "GET /robots.txt HTTP/1.1" 301 384 "-" "Mozilla/5.0 (compatible; YandexBot/3.0; +http://yandex.com/bots)"
66.249.78.65 - - [14/Oct/2013:13:49:04 +0200] "GET /robots.txt HTTP/1.1" 301 375 "-" "Mozilla/5.0 (compatible; Googlebot/2.1; +http://www.google.com/bot.html)"
66.249.66.76 - - [14/Oct/2013:13:49:05 +0200] "GET / HTTP/1.1" 301 365 "-" "DoCoMo/2.0 N905i(c100;TB;W24H16) (compatible; Googlebot-Mobile/2.1; +http://www.google.com/bot.html)"
5.10.83.35 - - [14/Oct/2013:14:04:47 +0200] "GET /robots.txt HTTP/1.1" 301 375 "-" "Mozilla/5.0 (compatible; AhrefsBot/5.0; +http://ahrefs.com/robot/)"
5.10.83.56 - - [14/Oct/2013:14:04:52 +0200] "GET /robots.txt HTTP/1.1" 301 386 "-" "Mozilla/5.0 (compatible; AhrefsBot/5.0; +http://ahrefs.com/robot/)"
5.10.83.35 - - [14/Oct/2013:14:09:11 +0200] "GET /robots.txt HTTP/1.1" 301 394 "-" "Mozilla/5.0 (compatible; AhrefsBot/5.0; +http://ahrefs.com/robot/)"
182.118.25.210 - - [14/Oct/2013:18:08:29 +0200] "GET /robots.txt HTTP/1.1" 301 386 "http://www.algorex-partner.de/robots.txt" "Mozilla/5.0 (Windows; U; Windows NT 5.1; zh-CN; rv:1.8.0.11) Firefox/1.5.0.11; 360Spider"
141.8.147.12 - - [14/Oct/2013:18:19:17 +0200] "GET / HTTP/1.1" 301 374 "-" "Mozilla/5.0 (compatible; YandexBot/3.0; +http://yandex.com/bots)"
157.55.33.47 - - [14/Oct/2013:19:10:24 +0200] "GET /robots.txt HTTP/1.1" 301 392 "-" "Mozilla/5.0 (compatible; bingbot/2.0; +http://www.bing.com/bingbot.htm)"
157.55.33.47 - - [14/Oct/2013:19:14:07 +0200] "GET /webinfo/info.html HTTP/1.1" 301 399 "-" "Mozilla/5.0 (compatible; bingbot/2.0; +http://www.bing.com/bingbot.htm)"
157.55.32.104 - - [14/Oct/2013:22:23:55 +0200] "GET /robots.txt HTTP/1.1" 301 386 "-" "Mozilla/5.0 (compatible; bingbot/2.0; +http://www.bing.com/bingbot.htm)"
157.55.32.104 - - [14/Oct/2013:22:31:37 +0200] "GET / HTTP/1.1" 301 376 "-" "Mozilla/5.0 (compatible; bingbot/2.0; +http://www.bing.com/bingbot.htm)"
144.76.69.142 - - [15/Oct/2013:01:23:56 +0200] "GET /robots.txt HTTP/1.1" 301 375 "-" "Mozilla/5.0 (compatible; SISTRIX Crawler; http://crawler.sistrix.net/)"
144.76.69.142 - - [15/Oct/2013:01:23:56 +0200] "GET / HTTP/1.1" 301 365 "-" "Mozilla/5.0 (compatible; SISTRIX Crawler; http://crawler.sistrix.net/)"
141.8.147.12 - - [15/Oct/2013:05:36:10 +0200] "GET /robots.txt HTTP/1.1" 301 392 "-" "Mozilla/5.0 (compatible; YandexBot/3.0; +http://yandex.com/bots)"
141.8.147.12 - - [15/Oct/2013:06:30:16 +0200] "GET / HTTP/1.1" 301 382 "-" "Mozilla/5.0 (compatible; YandexBot/3.0; +http://yandex.com/bots)"
141.8.147.12 - - [15/Oct/2013:09:52:10 +0200] "GET /robots.txt HTTP/1.1" 301 394 "-" "Mozilla/5.0 (compatible; YandexBot/3.0; +http://yandex.com/bots)"
62.157.228.178 - - [15/Oct/2013:10:46:38 +0200] "GET / HTTP/1.1" 301 365 "-" "Mozilla/5.0 (compatible; MSIE 10.0; Windows NT 6.1; WOW64; Trident/6.0)"
101.226.166.217 - - [15/Oct/2013:10:56:06 +0200] "GET /robots.txt HTTP/1.1" 301 386 "http://www.algorex-partner.de/robots.txt" "Mozilla/4.0 (compatible; MSIE 8.0; Windows NT 6.1; Trident/4.0; SLCC2; .NET CLR 2.0.50727; .NET CLR 3.5.30729; .NET CLR 3.0.30729; Media Center PC 6.0; MDDR; .NET4.0C; .NET4.0E; .NET CLR 1.1.4322; Tablet PC 2.0); 360Spider"
193.174.142.101 - - [15/Oct/2013:11:43:52 +0200] "GET / HTTP/1.1" 301 365 "http://urlm.de/www.sibt.de" "Mozilla/5.0 (Windows NT 5.1; rv:24.0) Gecko/20100101 Firefox/24.0"
66.249.78.88 - - [15/Oct/2013:11:50:14 +0200] "GET /robots.txt HTTP/1.1" 301 394 "-" "Mozilla/5.0 (compatible; Googlebot/2.1; +http://www.google.com/bot.html)"
66.249.78.88 - - [15/Oct/2013:11:50:15 +0200] "GET / HTTP/1.1" 301 384 "-" "Mozilla/5.0 (compatible; Googlebot/2.1; +http://www.google.com/bot.html)"
66.249.78.45 - - [15/Oct/2013:12:14:15 +0200] "GET /robots.txt HTTP/1.1" 301 389 "-" "Mozilla/5.0 (compatible; Googlebot/2.1; +http://www.google.com/bot.html)"
66.249.78.45 - - [15/Oct/2013:12:14:15 +0200] "GET / HTTP/1.1" 301 379 "-" "Mozilla/5.0 (compatible; Googlebot/2.1; +http://www.google.com/bot.html)"
66.249.78.85 - - [15/Oct/2013:12:26:15 +0200] "GET /robots.txt HTTP/1.1" 301 392 "-" "Mozilla/5.0 (compatible; Googlebot/2.1; +http://www.google.com/bot.html)"
66.249.78.85 - - [15/Oct/2013:12:26:15 +0200] "GET / HTTP/1.1" 301 382 "-" "Mozilla/5.0 (compatible; Googlebot/2.1; +http://www.google.com/bot.html)"
66.249.78.65 - - [15/Oct/2013:12:50:15 +0200] "GET /robots.txt HTTP/1.1" 301 375 "-" "Mozilla/5.0 (compatible; Googlebot/2.1; +http://www.google.com/bot.html)"
66.249.78.65 - - [15/Oct/2013:12:50:15 +0200] "GET / HTTP/1.1" 301 365 "-" "Mozilla/5.0 (compatible; Googlebot/2.1; +http://www.google.com/bot.html)"
141.8.147.12 - - [15/Oct/2013:12:50:56 +0200] "GET /robots.txt HTTP/1.1" 301 377 "-" "Mozilla/5.0 (compatible; YandexBot/3.0; +http://yandex.com/bots)"
66.249.78.81 - - [15/Oct/2013:13:02:15 +0200] "GET /robots.txt HTTP/1.1" 301 386 "-" "Mozilla/5.0 (compatible; Googlebot/2.1; +http://www.google.com/bot.html)"
66.249.78.81 - - [15/Oct/2013:13:02:15 +0200] "GET / HTTP/1.1" 301 376 "-" "Mozilla/5.0 (compatible; Googlebot/2.1; +http://www.google.com/bot.html)"
66.249.78.240 - - [15/Oct/2013:13:14:15 +0200] "GET /robots.txt HTTP/1.1" 301 377 "-" "Mozilla/5.0 (compatible; Googlebot/2.1; +http://www.google.com/bot.html)"
66.249.78.240 - - [15/Oct/2013:13:14:15 +0200] "GET / HTTP/1.1" 301 367 "-" "Mozilla/5.0 (compatible; Googlebot/2.1; +http://www.google.com/bot.html)"
217.69.133.218 - - [15/Oct/2013:15:13:04 +0200] "GET /robots.txt HTTP/1.0" 301 386 "-" "Mozilla/5.0 (compatible; Linux x86_64; Mail.RU_Bot/2.0; +http://go.mail.ru/help/robots)"
217.69.133.84 - - [15/Oct/2013:15:13:05 +0200] "GET /robots.txt HTTP/1.0" 301 386 "-" "Mozilla/5.0 (compatible; Linux x86_64; Mail.RU_Bot/2.0; +http://go.mail.ru/help/robots)"
141.8.147.12 - - [15/Oct/2013:15:48:17 +0200] "GET / HTTP/1.1" 301 384 "-" "Mozilla/5.0 (compatible; YandexBot/3.0; +http://yandex.com/bots)"
141.8.147.12 - - [15/Oct/2013:16:33:55 +0200] "GET / HTTP/1.1" 301 367 "-" "Mozilla/5.0 (compatible; YandexBot/3.0; +http://yandex.com/bots)"
217.69.133.67 - - [15/Oct/2013:21:20:55 +0200] "GET /robots.txt HTTP/1.0" 301 375 "-" "Mozilla/5.0 (compatible; Linux x86_64; Mail.RU_Bot/2.0; +http://go.mail.ru/help/robots)"
217.69.133.215 - - [15/Oct/2013:21:20:56 +0200] "GET /robots.txt HTTP/1.0" 301 375 "-" "Mozilla/5.0 (compatible; Linux x86_64; Mail.RU_Bot/2.0; +http://go.mail.ru/help/robots)"
141.8.147.12 - - [15/Oct/2013:22:12:45 +0200] "GET /robots.txt HTTP/1.1" 301 375 "-" "Mozilla/5.0 (compatible; YandexBot/3.0; +http://yandex.com/bots)"
208.43.225.84 - - [16/Oct/2013:00:37:08 +0200] "GET /robots.txt HTTP/1.1" 301 386 "-" "Mozilla/5.0 (compatible; SiteExplorer/1.0b; +http://siteexplorer.info/)"
208.43.225.84 - - [16/Oct/2013:00:37:12 +0200] "GET / HTTP/1.1" 301 376 "-" "Mozilla/5.0 (compatible; SiteExplorer/1.0b; +http://siteexplorer.info/)"
192.114.71.13 - - [16/Oct/2013:03:47:38 +0200] "GET / HTTP/1.1" 301 365 "-" "Mozilla/5.0 (compatible; MSIE 9.0; Windows NT 6.1; WOW64; Trident/5.0) AppleWebKit/537.22 (KHTML, like Gecko) Chrome/25.0.1364.172 Safari/537.22"
208.43.225.84 - - [16/Oct/2013:06:20:03 +0200] "GET /robots.txt HTTP/1.1" 301 375 "-" "Mozilla/5.0 (compatible; SiteExplorer/1.0b; +http://siteexplorer.info/)"
208.43.225.84 - - [16/Oct/2013:06:20:05 +0200] "GET /fire HTTP/1.1" 301 369 "-" "Mozilla/5.0 (compatible; SiteExplorer/1.0b; +http://siteexplorer.info/)"
208.43.225.84 - - [16/Oct/2013:06:20:10 +0200] "GET / HTTP/1.1" 301 365 "-" "Mozilla/5.0 (compatible; SiteExplorer/1.0b; +http://siteexplorer.info/)"
141.8.147.12 - - [16/Oct/2013:06:55:11 +0200] "GET / HTTP/1.1" 301 365 "-" "Mozilla/5.0 (compatible; YandexBot/3.0; +http://yandex.com/bots)"
208.88.226.73 - - [16/Oct/2013:13:01:13 +0200] "HEAD / HTTP/1.1" 301 - "-" "Mozilla/5.0 (Windows NT 6.1; WOW64; rv:7.0.1) Gecko/20100101 Firefox/7.0.1"
195.226.24.18 - - [16/Oct/2013:14:03:06 +0200] "GET / HTTP/1.1" 301 376 "-" "Apache-HttpClient/4.2.2 (java 1.5)"
195.226.24.18 - - [16/Oct/2013:14:03:09 +0200] "GET / HTTP/1.1" 301 376 "-" "Apache-HttpClient/4.2.2 (java 1.5)"
195.226.24.18 - - [16/Oct/2013:14:03:11 +0200] "GET /buildingtechnologies/de HTTP/1.1" 301 399 "-" "Apache-HttpClient/4.2.2 (java 1.5)"
195.226.24.18 - - [16/Oct/2013:14:03:13 +0200] "GET /buildingtechnologies/de/de/ueber-uns/Seiten/ueber-uns.aspx HTTP/1.1" 301 434 "-" "Apache-HttpClient/4.2.2 (java 1.5)"
195.226.24.18 - - [16/Oct/2013:14:03:15 +0200] "GET /buildingtechnologies/de/de/marktspezifische-loesungen/Seiten/marktspezifische-loesungen.aspx HTTP/1.1" 301 468 "-" "Apache-HttpClient/4.2.2 (java 1.5)"
195.226.24.18 - - [16/Oct/2013:14:03:18 +0200] "GET /buildingtechnologies/de/de/brandschutz/Seiten/brandschutz.aspx HTTP/1.1" 301 438 "-" "Apache-HttpClient/4.2.2 (java 1.5)"
195.226.24.18 - - [16/Oct/2013:14:03:20 +0200] "GET /buildingtechnologies/de/de/energieeffizienz/Seiten/energieeffizienz.aspx HTTP/1.1" 301 448 "-" "Apache-HttpClient/4.2.2 (java 1.5)"
195.226.24.18 - - [16/Oct/2013:14:03:22 +0200] "GET /buildingtechnologies/de/de/gebaeudeautomation-hlk/Seiten/gebaeudeautomation.aspx HTTP/1.1" 301 456 "-" "Apache-HttpClient/4.2.2 (java 1.5)"
195.226.24.18 - - [16/Oct/2013:14:03:24 +0200] "GET /buildingtechnologies/de/de/news/Seiten/news.aspx HTTP/1.1" 301 424 "-" "Apache-HttpClient/4.2.2 (java 1.5)"
195.226.24.18 - - [16/Oct/2013:14:03:26 +0200] "GET /buildingtechnologies/de/de/partners/Seiten/partners.aspx HTTP/1.1" 301 432 "-" "Apache-HttpClient/4.2.2 (java 1.5)"
195.226.24.18 - - [16/Oct/2013:14:03:28 +0200] "GET /buildingtechnologies/de/de/presse/Seiten/presse.aspx HTTP/1.1" 301 428 "-" "Apache-HttpClient/4.2.2 (java 1.5)"
195.226.24.18 - - [16/Oct/2013:14:03:30 +0200] "GET /buildingtechnologies/de/de/referenzen/Seiten/referenzen.aspx HTTP/1.1" 301 436 "-" "Apache-HttpClient/4.2.2 (java 1.5)"
195.226.24.18 - - [16/Oct/2013:14:03:33 +0200] "GET /buildingtechnologies/de/de/sicherheit/Seiten/sicherheitstechnik.aspx HTTP/1.1" 301 444 "-" "Apache-HttpClient/4.2.2 (java 1.5)"
195.226.24.18 - - [16/Oct/2013:14:03:35 +0200] "GET /buildingtechnologies/de/de/support/Seiten/support.aspx HTTP/1.1" 301 430 "-" "Apache-HttpClient/4.2.2 (java 1.5)"
195.226.24.18 - - [16/Oct/2013:14:03:37 +0200] "GET /buildingtechnologies/de/de/total-building-solutions/Seiten/total-building-solutions.aspx HTTP/1.1" 301 464 "-" "Apache-HttpClient/4.2.2 (java 1.5)"
195.226.24.18 - - [16/Oct/2013:14:03:39 +0200] "GET /buildingtechnologies/de/de/kundenzeitschriften/Pages/kundenzeitschriften.aspx HTTP/1.1" 301 453 "-" "Apache-HttpClient/4.2.2 (java 1.5)"
195.226.24.18 - - [16/Oct/2013:14:03:41 +0200] "GET /buildingtechnologies/de/de/messen-events/Seiten/messen-events.aspx HTTP/1.1" 301 442 "-" "Apache-HttpClient/4.2.2 (java 1.5)"
195.226.24.18 - - [16/Oct/2013:14:03:43 +0200] "GET /buildingtechnologies/de/de/extranet/Seiten/extranet.aspx HTTP/1.1" 301 432 "-" "Apache-HttpClient/4.2.2 (java 1.5)"
195.226.24.18 - - [16/Oct/2013:14:03:46 +0200] "GET /buildingtechnologies/de/de/Pages/home.aspx HTTP/1.1" 301 418 "-" "Apache-HttpClient/4.2.2 (java 1.5)"
195.226.24.18 - - [16/Oct/2013:14:03:48 +0200] "GET /buildingtechnologies/de/de/gebaeudeautomation-hlk/home-automation-system-synco-living/Seiten/home-automation-system-synco-living.aspx HTTP/1.1" 301 509 "-" "Apache-HttpClient/4.2.2 (java 1.5)"
195.226.24.18 - - [16/Oct/2013:14:03:50 +0200] "GET /buildingtechnologies/de/de/gebaeudeautomation-hlk/gebaeudeautomationssystem-desigo/Seiten/gebaeudeautomationssystem-desigo.aspx HTTP/1.1" 301 503 "-" "Apache-HttpClient/4.2.2 (java 1.5)"
46.4.100.231 - - [17/Oct/2013:02:19:17 +0200] "GET /robots.txt HTTP/1.1" 301 386 "-" "BacklinkCrawler (http://www.backlinktest.com/crawler.html)"
46.4.100.231 - - [17/Oct/2013:02:19:17 +0200] "GET /sitemap.xml HTTP/1.1" 301 387 "-" "BacklinkCrawler (http://www.backlinktest.com/crawler.html)"
46.4.100.231 - - [17/Oct/2013:02:19:19 +0200] "GET / HTTP/1.1" 301 376 "-" "BacklinkCrawler (http://www.backlinktest.com/crawler.html)"
157.55.32.110 - - [17/Oct/2013:04:09:04 +0200] "GET /robots.txt HTTP/1.1" 301 392 "-" "Mozilla/5.0 (compatible; bingbot/2.0; +http://www.bing.com/bingbot.htm)"
91.61.67.172 - - [17/Oct/2013:04:09:14 +0200] "GET / HTTP/1.1" 301 365 "-" "Mozilla/5.0 (Windows NT 6.1; Win64; x64; rv:22.0) Gecko/20130328 Firefox/22.0"
157.55.32.110 - - [17/Oct/2013:04:14:22 +0200] "GET /news/index.php?action=shownews&mode=archiv&showtopic= HTTP/1.1" 301 443 "-" "Mozilla/5.0 (compatible; bingbot/2.0; +http://www.bing.com/bingbot.htm)"
46.37.83.192 - - [17/Oct/2013:04:46:59 +0200] "GET / HTTP/1.1" 301 376 "-" "Java/1.6.0_04"
46.37.83.192 - - [17/Oct/2013:04:47:01 +0200] "GET /home.aspx HTTP/1.1" 301 385 "-" "Java/1.6.0_04"
46.37.83.192 - - [17/Oct/2013:04:47:02 +0200] "GET /_layouts/blank.js?rev=QGOYAJlouiWgFRlhHVlMKA%3D%3D HTTP/1.1" 301 426 "-" "Java/1.6.0_04"
46.37.83.192 - - [17/Oct/2013:04:47:02 +0200] "GET /buildingtechnologies/de HTTP/1.1" 301 399 "-" "Java/1.6.0_04"
46.37.83.192 - - [17/Oct/2013:04:47:02 +0200] "GET //w3.siemens.com/ote/ote_config.js HTTP/1.1" 301 408 "-" "Java/1.6.0_04"
46.37.83.192 - - [17/Oct/2013:04:47:03 +0200] "GET /buildingtechnologies/de/de/Pages/home.aspx HTTP/1.1" 301 418 "-" "Java/1.6.0_04"
46.37.83.192 - - [17/Oct/2013:04:47:03 +0200] "GET /_layouts/Querplex/Siemens/WCMS3/scripts/jquery.jcarousel.js?rev=29967635136983423621768 HTTP/1.1" 301 463 "-" "Java/1.6.0_04"
46.37.83.192 - - [17/Oct/2013:04:47:03 +0200] "GET /_layouts/Querplex/Siemens/WCMS3/scripts/scripts.pack.js?rev=19816635136983424089780 HTTP/1.1" 301 459 "-" "Java/1.6.0_04"
46.37.83.192 - - [17/Oct/2013:04:47:03 +0200] "GET /_layouts/Querplex/Siemens/WCMS3/scripts/social-media-accordion.js?rev=15324635136983424401788 HTTP/1.1" 301 469 "-" "Java/1.6.0_04"
46.37.83.192 - - [17/Oct/2013:04:47:04 +0200] "GET /_layouts/Querplex/Siemens/WCMS3/scripts/swfobject-2.2.js HTTP/1.1" 301 432 "-" "Java/1.6.0_04"
46.37.83.192 - - [17/Oct/2013:04:47:04 +0200] "GET /_layouts/Querplex/Siemens/WCMS3/scripts/w2glayer.pack.js?rev=54117635136983424713796 HTTP/1.1" 301 460 "-" "Java/1.6.0_04"
46.37.83.192 - - [17/Oct/2013:04:47:04 +0200] "GET /buildingtechnologies/de/de/brandschutz/Seiten/brandschutz.aspx HTTP/1.1" 301 438 "-" "Java/1.6.0_04"
46.37.83.192 - - [17/Oct/2013:04:47:05 +0200] "GET /buildingtechnologies/de/de/energieeffizienz/Seiten/energieeffizienz.aspx HTTP/1.1" 301 448 "-" "Java/1.6.0_04"
46.37.83.192 - - [17/Oct/2013:04:47:05 +0200] "GET /buildingtechnologies/de/de/extranet/Seiten/extranet.aspx HTTP/1.1" 301 432 "-" "Java/1.6.0_04"
46.37.83.192 - - [17/Oct/2013:04:47:05 +0200] "GET /buildingtechnologies/de/de/gebaeudeautomation-hlk/Seiten/gebaeudeautomation.aspx HTTP/1.1" 301 456 "-" "Java/1.6.0_04"
46.37.83.192 - - [17/Oct/2013:04:47:05 +0200] "GET /buildingtechnologies/de/de/kundenzeitschriften/Pages/kundenzeitschriften.aspx HTTP/1.1" 301 453 "-" "Java/1.6.0_04"
46.37.83.192 - - [17/Oct/2013:04:47:06 +0200] "GET /buildingtechnologies/de/de/marktspezifische-loesungen/Seiten/marktspezifische-loesungen.aspx HTTP/1.1" 301 468 "-" "Java/1.6.0_04"
46.37.83.192 - - [17/Oct/2013:04:47:06 +0200] "GET /buildingtechnologies/de/de/messen-events/Seiten/messen-events.aspx HTTP/1.1" 301 442 "-" "Java/1.6.0_04"
46.37.83.192 - - [17/Oct/2013:04:47:06 +0200] "GET /buildingtechnologies/de/de/news/Seiten/news.aspx HTTP/1.1" 301 424 "-" "Java/1.6.0_04"
46.37.83.192 - - [17/Oct/2013:04:47:07 +0200] "GET /buildingtechnologies/de/de/partners/Seiten/partners.aspx HTTP/1.1" 301 432 "-" "Java/1.6.0_04"
46.37.83.192 - - [17/Oct/2013:04:47:07 +0200] "GET /buildingtechnologies/de/de/presse/Seiten/presse.aspx HTTP/1.1" 301 428 "-" "Java/1.6.0_04"
46.37.83.192 - - [17/Oct/2013:04:47:07 +0200] "GET /buildingtechnologies/de/de/referenzen/Seiten/referenzen.aspx HTTP/1.1" 301 436 "-" "Java/1.6.0_04"
46.37.83.192 - - [17/Oct/2013:04:47:08 +0200] "GET /buildingtechnologies/de/de/sicherheit/Seiten/sicherheitstechnik.aspx HTTP/1.1" 301 444 "-" "Java/1.6.0_04"
46.37.83.192 - - [17/Oct/2013:04:47:08 +0200] "GET /buildingtechnologies/de/de/support/Seiten/kostenlose-apps.aspx HTTP/1.1" 301 438 "-" "Java/1.6.0_04"
46.37.83.192 - - [17/Oct/2013:04:47:08 +0200] "GET /buildingtechnologies/de/de/support/Seiten/support.aspx HTTP/1.1" 301 430 "-" "Java/1.6.0_04"
46.37.83.192 - - [17/Oct/2013:04:47:09 +0200] "GET /buildingtechnologies/de/de/total-building-solutions/Seiten/total-building-solutions.aspx HTTP/1.1" 301 464 "-" "Java/1.6.0_04"
46.37.83.192 - - [17/Oct/2013:04:47:09 +0200] "GET /buildingtechnologies/de/de/ueber-uns/Seiten/ueber-uns.aspx HTTP/1.1" 301 434 "-" "Java/1.6.0_04"
46.37.83.192 - - [17/Oct/2013:04:47:09 +0200] "GET /wcms3/custom/OSSPAD3/ote/regions/ote.js HTTP/1.1" 301 415 "-" "Java/1.6.0_04"
46.37.83.192 - - [17/Oct/2013:04:47:09 +0200] "GET /_layouts/Querplex/Siemens/WCMS3/scripts/libs/jquery-1.4.4.min.js HTTP/1.1" 301 440 "-" "Java/1.6.0_04"
46.37.83.192 - - [17/Oct/2013:04:47:10 +0200] "GET /_layouts/Querplex/Siemens/WCMS3/scripts/libs/jquery-ui-1.8.13.custom.min.js HTTP/1.1" 301 451 "-" "Java/1.6.0_04"
66.249.78.65 - - [17/Oct/2013:05:06:20 +0200] "GET /robots.txt HTTP/1.1" 301 375 "-" "Mozilla/5.0 (compatible; Googlebot/2.1; +http://www.google.com/bot.html)"
66.249.78.65 - - [17/Oct/2013:05:06:21 +0200] "GET / HTTP/1.1" 301 365 "-" "SAMSUNG-SGH-E250/1.0 Profile/MIDP-2.0 Configuration/CLDC-1.1 UP.Browser/6.2.3.3.c.1.101 (GUI) MMP/2.0 (compatible; Googlebot-Mobile/2.1; +http://www.google.com/bot.html)"
208.115.111.73 - - [17/Oct/2013:07:14:51 +0200] "GET /robots.txt HTTP/1.1" 301 375 "-" "Mozilla/5.0 (compatible; Ezooms/1.0; ezooms.bot@gmail.com)"
