178.63.49.74 - - [17/Jul/2014:10:40:24 +0200] "GET /documents/grundstueckseigentuemer.pdf HTTP/1.1" 200 37437 "http://www.straman.de/seiten/straman_gesetze.htm" "Mozilla/4.0 (compatible; MSIE 6.0; Windows NT 5.1; SV1; .NET CLR 1.1.4322)"
178.63.49.74 - - [17/Jul/2014:10:40:24 +0200] "GET /documents/Strassenreinigungssatzung_Bernau02_2005.pdf HTTP/1.1" 200 113264 "http://www.straman.de/documents/grundstueckseigentuemer.pdf" "Mozilla/4.0 (compatible; MSIE 6.0; Windows NT 5.1; SV1; .NET CLR 1.1.4322)"
178.63.49.74 - - [17/Jul/2014:10:40:24 +0200] "GET /documents/Berliner_Strassenreinigungsgesetz.pdf HTTP/1.1" 200 49081 "http://www.straman.de/documents/Strassenreinigungssatzung_Bernau02_2005.pdf" "Mozilla/4.0 (compatible; MSIE 6.0; Windows NT 5.1; SV1; .NET CLR 1.1.4322)"
178.63.49.74 - - [17/Jul/2014:10:40:24 +0200] "GET /documents/Strassenreinigungssatzung_Schwaneneck.pdf HTTP/1.1" 200 108696 "http://www.straman.de/documents/Berliner_Strassenreinigungsgesetz.pdf" "Mozilla/4.0 (compatible; MSIE 6.0; Windows NT 5.1; SV1; .NET CLR 1.1.4322)"
178.63.49.74 - - [17/Jul/2014:10:40:24 +0200] "GET /documents/Strassenreinigungssatzung_Zepernick.pdf HTTP/1.1" 200 111765 "http://www.straman.de/documents/Strassenreinigungssatzung_Schwaneneck.pdf" "Mozilla/4.0 (compatible; MSIE 6.0; Windows NT 5.1; SV1; .NET CLR 1.1.4322)"
207.46.13.68 - - [17/Jul/2014:10:40:32 +0200] "GET /robots.txt HTTP/1.1" 200 192 "-" "Mozilla/5.0 (compatible; bingbot/2.0; +http://www.bing.com/bingbot.htm)"
207.46.13.68 - - [17/Jul/2014:10:42:08 +0200] "GET /servicebereiche/gruenanlagenpflege.html HTTP/1.1" 404 1256 "-" "Mozilla/5.0 (compatible; bingbot/2.0; +http://www.bing.com/bingbot.htm)"
66.249.66.137 - - [17/Jul/2014:11:20:08 +0200] "GET / HTTP/1.1" 200 8535 "-" "Mozilla/5.0 (compatible; Googlebot/2.1; +http://www.google.com/bot.html)"
89.204.130.221 - - [17/Jul/2014:11:27:15 +0200] "GET / HTTP/1.1" 200 8535 "https://www.google.de/" "Mozilla/5.0 (Linux; Android 4.4.2; de-de; SAMSUNG SM-G900F Build/KOT49H) AppleWebKit/537.36 (KHTML, like Gecko) Version/1.6 Chrome/28.0.1500.94 Mobile Safari/537.36"
89.204.130.221 - - [17/Jul/2014:11:27:15 +0200] "GET /css/format.css HTTP/1.1" 200 8709 "http://www.straman.de/" "Mozilla/5.0 (Linux; Android 4.4.2; de-de; SAMSUNG SM-G900F Build/KOT49H) AppleWebKit/537.36 (KHTML, like Gecko) Version/1.6 Chrome/28.0.1500.94 Mobile Safari/537.36"
89.204.130.221 - - [17/Jul/2014:11:27:15 +0200] "GET /scripte/stra_scr.js HTTP/1.1" 200 1580 "http://www.straman.de/" "Mozilla/5.0 (Linux; Android 4.4.2; de-de; SAMSUNG SM-G900F Build/KOT49H) AppleWebKit/537.36 (KHTML, like Gecko) Version/1.6 Chrome/28.0.1500.94 Mobile Safari/537.36"
89.204.130.221 - - [17/Jul/2014:11:27:15 +0200] "GET /images/f_1-p.gif HTTP/1.1" 200 43 "http://www.straman.de/" "Mozilla/5.0 (Linux; Android 4.4.2; de-de; SAMSUNG SM-G900F Build/KOT49H) AppleWebKit/537.36 (KHTML, like Gecko) Version/1.6 Chrome/28.0.1500.94 Mobile Safari/537.36"
89.204.130.221 - - [17/Jul/2014:11:27:15 +0200] "GET /images/logo_straman_neu.jpg HTTP/1.1" 200 19228 "http://www.straman.de/" "Mozilla/5.0 (Linux; Android 4.4.2; de-de; SAMSUNG SM-G900F Build/KOT49H) AppleWebKit/537.36 (KHTML, like Gecko) Version/1.6 Chrome/28.0.1500.94 Mobile Safari/537.36"
89.204.130.221 - - [17/Jul/2014:11:27:15 +0200] "GET /images/start_1.jpg HTTP/1.1" 200 6732 "http://www.straman.de/" "Mozilla/5.0 (Linux; Android 4.4.2; de-de; SAMSUNG SM-G900F Build/KOT49H) AppleWebKit/537.36 (KHTML, like Gecko) Version/1.6 Chrome/28.0.1500.94 Mobile Safari/537.36"
89.204.130.221 - - [17/Jul/2014:11:27:15 +0200] "GET /images/footer1_neu.gif HTTP/1.1" 200 58 "http://www.straman.de/" "Mozilla/5.0 (Linux; Android 4.4.2; de-de; SAMSUNG SM-G900F Build/KOT49H) AppleWebKit/537.36 (KHTML, like Gecko) Version/1.6 Chrome/28.0.1500.94 Mobile Safari/537.36"
89.204.130.221 - - [17/Jul/2014:11:27:15 +0200] "GET /images/start_2.jpg HTTP/1.1" 200 8241 "http://www.straman.de/" "Mozilla/5.0 (Linux; Android 4.4.2; de-de; SAMSUNG SM-G900F Build/KOT49H) AppleWebKit/537.36 (KHTML, like Gecko) Version/1.6 Chrome/28.0.1500.94 Mobile Safari/537.36"
89.204.130.221 - - [17/Jul/2014:11:27:16 +0200] "GET /images/favicon.ico HTTP/1.1" 200 3638 "-" "Mozilla/5.0 (Linux; Android 4.4.2; de-de; SAMSUNG SM-G900F Build/KOT49H) AppleWebKit/537.36 (KHTML, like Gecko) Version/1.6 Chrome/28.0.1500.94 Mobile Safari/537.36"
207.46.13.68 - - [17/Jul/2014:11:31:19 +0200] "GET /component/mailto/?tmpl=component&link=36cb8e498b4a9e6511df8fbfa3153ba67680ede8 HTTP/1.1" 404 1256 "-" "Mozilla/5.0 (compatible; bingbot/2.0; +http://www.bing.com/bingbot.htm)"
68.180.224.174 - - [17/Jul/2014:11:35:23 +0200] "GET /SlurpConfirm404/kamisama.htm HTTP/1.1" 404 1256 "-" "Mozilla/5.0 (compatible; Yahoo! Slurp; http://help.yahoo.com/help/us/ysearch/slurp)"
81.0.199.226 - - [17/Jul/2014:11:37:58 +0200] "GET / HTTP/1.1" 200 8535 "-" "Mozilla/5.0 (Macintosh; Intel Mac OS X 10.7; rv:22.0) Gecko/20100101 Firefox/22.0"
66.249.66.137 - - [17/Jul/2014:11:50:58 +0200] "GET /seiten/straman_gesetze.htm HTTP/1.1" 200 5637 "-" "Mozilla/5.0 (compatible; Googlebot/2.1; +http://www.google.com/bot.html)"
54.210.86.123 - - [17/Jul/2014:11:52:27 +0200] "GET / HTTP/1.1" 200 8535 "-" "Mozilla/5.0 (X11; Linux x86_64) AppleWebKit/537.21 (KHTML, like Gecko) webkit2png Safari/537.21"
54.210.86.123 - - [17/Jul/2014:11:52:27 +0200] "GET /css/format.css HTTP/1.1" 200 8709 "http://www.straman.de/" "Mozilla/5.0 (X11; Linux x86_64) AppleWebKit/537.21 (KHTML, like Gecko) webkit2png Safari/537.21"
54.210.86.123 - - [17/Jul/2014:11:52:27 +0200] "GET /images/start_1.jpg HTTP/1.1" 200 6732 "http://www.straman.de/" "Mozilla/5.0 (X11; Linux x86_64) AppleWebKit/537.21 (KHTML, like Gecko) webkit2png Safari/537.21"
54.210.86.123 - - [17/Jul/2014:11:52:27 +0200] "GET /images/f_1-p.gif HTTP/1.1" 200 43 "http://www.straman.de/" "Mozilla/5.0 (X11; Linux x86_64) AppleWebKit/537.21 (KHTML, like Gecko) webkit2png Safari/537.21"
54.210.86.123 - - [17/Jul/2014:11:52:27 +0200] "GET /images/start_2.jpg HTTP/1.1" 200 8241 "http://www.straman.de/" "Mozilla/5.0 (X11; Linux x86_64) AppleWebKit/537.21 (KHTML, like Gecko) webkit2png Safari/537.21"
54.210.86.123 - - [17/Jul/2014:11:52:27 +0200] "GET /images/logo_straman_neu.jpg HTTP/1.1" 200 19228 "http://www.straman.de/" "Mozilla/5.0 (X11; Linux x86_64) AppleWebKit/537.21 (KHTML, like Gecko) webkit2png Safari/537.21"
54.210.86.123 - - [17/Jul/2014:11:52:27 +0200] "GET /images/footer1_neu.gif HTTP/1.1" 200 58 "http://www.straman.de/" "Mozilla/5.0 (X11; Linux x86_64) AppleWebKit/537.21 (KHTML, like Gecko) webkit2png Safari/537.21"
130.185.139.213 - - [17/Jul/2014:11:56:24 +0200] "GET / HTTP/1.0" 200 8535 "-" "-"
148.251.75.46 - - [17/Jul/2014:12:06:06 +0200] "GET /documents/Mustervertrag_WD_Leistg_Besch_GmbH_Straman.pdf HTTP/1.1" 200 47063 "-" "Mozilla/5.0 (Windows NT 5.1; rv:12.0) Gecko/20120403211507 Firefox/12.0"
66.249.66.137 - - [17/Jul/2014:12:20:02 +0200] "GET /seiten/straman_aktuell.htm HTTP/1.1" 200 5933 "-" "Mozilla/5.0 (compatible; Googlebot/2.1; +http://www.google.com/bot.html)"
66.249.66.137 - - [17/Jul/2014:12:35:00 +0200] "GET /seiten/straman_kontakt.php HTTP/1.1" 200 9834 "-" "Mozilla/5.0 (compatible; Googlebot/2.1; +http://www.google.com/bot.html)"
157.55.39.238 - - [17/Jul/2014:12:59:30 +0200] "GET /unternehmen/jobs.html HTTP/1.1" 404 1256 "-" "Mozilla/5.0 (compatible; bingbot/2.0; +http://www.bing.com/bingbot.htm)"
208.115.113.87 - - [17/Jul/2014:13:01:50 +0200] "GET /robots.txt HTTP/1.1" 200 192 "-" "Mozilla/5.0 (compatible; DotBot/1.1; http://www.opensiteexplorer.org/dotbot, help@moz.com)"
188.40.45.13 - - [17/Jul/2014:13:03:38 +0200] "GET / HTTP/1.0" 200 8535 "-" "Snoopy v1.2.4"
188.40.45.13 - - [17/Jul/2014:13:03:38 +0200] "GET /seiten/strassenreinigung.htm HTTP/1.0" 200 7046 "-" "Snoopy v1.2.4"
188.40.45.13 - - [17/Jul/2014:13:03:38 +0200] "GET /seiten/winterdienst.htm HTTP/1.0" 200 17245 "-" "Snoopy v1.2.4"
188.40.45.13 - - [17/Jul/2014:13:03:38 +0200] "GET /seiten/gruenanlagenpflege.htm HTTP/1.0" 200 13533 "-" "Snoopy v1.2.4"
188.40.45.13 - - [17/Jul/2014:13:03:38 +0200] "GET /seiten/straman_aktuell.htm HTTP/1.0" 200 5933 "-" "Snoopy v1.2.4"
188.40.45.13 - - [17/Jul/2014:13:03:38 +0200] "GET /seiten/straman_gesetze.htm HTTP/1.0" 200 5637 "-" "Snoopy v1.2.4"
188.40.45.13 - - [17/Jul/2014:13:03:38 +0200] "GET /seiten/straman_jobs.htm HTTP/1.0" 200 5214 "-" "Snoopy v1.2.4"
188.40.45.13 - - [17/Jul/2014:13:03:38 +0200] "GET /seiten/straman_kontakt.php HTTP/1.0" 200 9834 "-" "Snoopy v1.2.4"
188.40.45.13 - - [17/Jul/2014:13:03:38 +0200] "GET /seiten/straman_impr.htm HTTP/1.0" 200 5731 "-" "Snoopy v1.2.4"
188.40.45.13 - - [17/Jul/2014:13:03:38 +0200] "GET /seiten/sitemap.htm HTTP/1.0" 200 5431 "-" "Snoopy v1.2.4"
188.40.45.13 - - [17/Jul/2014:13:03:38 +0200] "GET / HTTP/1.0" 200 8535 "-" "Snoopy v1.2.4"
157.55.39.238 - - [17/Jul/2014:13:16:04 +0200] "GET /unternehmen/historie.html HTTP/1.1" 404 1256 "-" "Mozilla/5.0 (compatible; bingbot/2.0; +http://www.bing.com/bingbot.htm)"
88.198.208.72 - - [17/Jul/2014:13:26:36 +0200] "GET / HTTP/1.1" 200 8535 "-" "Mozilla/5.0 (Macintosh; Intel Mac OS X 10.6; rv:22.0) Gecko/20100101 Firefox/22.0"
141.8.147.12 - - [17/Jul/2014:13:34:25 +0200] "GET /robots.txt HTTP/1.1" 200 192 "-" "Mozilla/5.0 (compatible; YandexBot/3.0; +http://yandex.com/bots)"
100.43.85.4 - - [17/Jul/2014:13:34:28 +0200] "GET / HTTP/1.1" 200 8535 "-" "Mozilla/5.0 (compatible; YandexBot/3.0; +http://yandex.com/bots)"
217.91.83.190 - - [17/Jul/2014:13:35:31 +0200] "GET / HTTP/1.1" 200 8535 "http://www.firmenverzeichnis-pankow.de/verzeichnis/straman/" "Mozilla/5.0 (compatible; MSIE 10.0; Windows NT 6.1; WOW64; Trident/6.0; MAFSJS)"
217.91.83.190 - - [17/Jul/2014:13:35:31 +0200] "GET /css/format.css HTTP/1.1" 200 8709 "http://www.straman.de/" "Mozilla/5.0 (compatible; MSIE 10.0; Windows NT 6.1; WOW64; Trident/6.0; MAFSJS)"
217.91.83.190 - - [17/Jul/2014:13:35:31 +0200] "GET /scripte/stra_scr.js HTTP/1.1" 200 1580 "http://www.straman.de/" "Mozilla/5.0 (compatible; MSIE 10.0; Windows NT 6.1; WOW64; Trident/6.0; MAFSJS)"
217.91.83.190 - - [17/Jul/2014:13:35:32 +0200] "GET /images/f_1-p.gif HTTP/1.1" 200 43 "http://www.straman.de/" "Mozilla/5.0 (compatible; MSIE 10.0; Windows NT 6.1; WOW64; Trident/6.0; MAFSJS)"
217.91.83.190 - - [17/Jul/2014:13:35:32 +0200] "GET /images/logo_straman_neu.jpg HTTP/1.1" 200 19228 "http://www.straman.de/" "Mozilla/5.0 (compatible; MSIE 10.0; Windows NT 6.1; WOW64; Trident/6.0; MAFSJS)"
217.91.83.190 - - [17/Jul/2014:13:35:32 +0200] "GET /images/start_1.jpg HTTP/1.1" 200 6732 "http://www.straman.de/" "Mozilla/5.0 (compatible; MSIE 10.0; Windows NT 6.1; WOW64; Trident/6.0; MAFSJS)"
217.91.83.190 - - [17/Jul/2014:13:35:32 +0200] "GET /images/start_2.jpg HTTP/1.1" 200 8241 "http://www.straman.de/" "Mozilla/5.0 (compatible; MSIE 10.0; Windows NT 6.1; WOW64; Trident/6.0; MAFSJS)"
217.91.83.190 - - [17/Jul/2014:13:35:32 +0200] "GET /css/format_ie.css HTTP/1.1" 200 6492 "http://www.straman.de/" "Mozilla/5.0 (compatible; MSIE 10.0; Windows NT 6.1; WOW64; Trident/6.0; MAFSJS)"
217.91.83.190 - - [17/Jul/2014:13:35:32 +0200] "GET /images/footer1_neu.gif HTTP/1.1" 200 58 "http://www.straman.de/" "Mozilla/5.0 (compatible; MSIE 10.0; Windows NT 6.1; WOW64; Trident/6.0; MAFSJS)"
217.91.83.190 - - [17/Jul/2014:13:35:33 +0200] "GET /images/favicon.ico HTTP/1.1" 200 3638 "-" "Mozilla/5.0 (compatible; MSIE 10.0; Windows NT 6.1; WOW64; Trident/6.0; MAFSJS)"
217.91.83.190 - - [17/Jul/2014:13:35:37 +0200] "GET /seiten/straman_kontakt.php HTTP/1.1" 200 9834 "http://www.straman.de/" "Mozilla/5.0 (compatible; MSIE 10.0; Windows NT 6.1; WOW64; Trident/6.0; MAFSJS)"
217.91.83.190 - - [17/Jul/2014:13:35:37 +0200] "GET /images/nav7_1.jpg HTTP/1.1" 200 7067 "http://www.straman.de/seiten/straman_kontakt.php" "Mozilla/5.0 (compatible; MSIE 10.0; Windows NT 6.1; WOW64; Trident/6.0; MAFSJS)"
217.91.83.190 - - [17/Jul/2014:13:35:37 +0200] "GET /images/nav7_2.jpg HTTP/1.1" 200 6481 "http://www.straman.de/seiten/straman_kontakt.php" "Mozilla/5.0 (compatible; MSIE 10.0; Windows NT 6.1; WOW64; Trident/6.0; MAFSJS)"
217.91.83.190 - - [17/Jul/2014:13:35:40 +0200] "GET /seiten/straman_impr.htm HTTP/1.1" 200 5731 "http://www.straman.de/seiten/straman_kontakt.php" "Mozilla/5.0 (compatible; MSIE 10.0; Windows NT 6.1; WOW64; Trident/6.0; MAFSJS)"
217.91.83.190 - - [17/Jul/2014:13:35:41 +0200] "GET /images/nav8_1.jpg HTTP/1.1" 200 8241 "http://www.straman.de/seiten/straman_impr.htm" "Mozilla/5.0 (compatible; MSIE 10.0; Windows NT 6.1; WOW64; Trident/6.0; MAFSJS)"
217.91.83.190 - - [17/Jul/2014:13:35:41 +0200] "GET /images/nav8_2.jpg HTTP/1.1" 200 6210 "http://www.straman.de/seiten/straman_impr.htm" "Mozilla/5.0 (compatible; MSIE 10.0; Windows NT 6.1; WOW64; Trident/6.0; MAFSJS)"
217.91.83.190 - - [17/Jul/2014:13:35:47 +0200] "GET /seiten/straman_jobs.htm HTTP/1.1" 200 5214 "http://www.straman.de/seiten/straman_impr.htm" "Mozilla/5.0 (compatible; MSIE 10.0; Windows NT 6.1; WOW64; Trident/6.0; MAFSJS)"
217.91.83.190 - - [17/Jul/2014:13:35:47 +0200] "GET /images/nav6_1.jpg HTTP/1.1" 200 9481 "http://www.straman.de/seiten/straman_jobs.htm" "Mozilla/5.0 (compatible; MSIE 10.0; Windows NT 6.1; WOW64; Trident/6.0; MAFSJS)"
217.91.83.190 - - [17/Jul/2014:13:35:47 +0200] "GET /images/hacken.gif HTTP/1.1" 200 307 "http://www.straman.de/seiten/straman_jobs.htm" "Mozilla/5.0 (compatible; MSIE 10.0; Windows NT 6.1; WOW64; Trident/6.0; MAFSJS)"
217.91.83.190 - - [17/Jul/2014:13:35:54 +0200] "GET /seiten/winterdienst.htm HTTP/1.1" 200 17245 "http://www.straman.de/seiten/straman_jobs.htm" "Mozilla/5.0 (compatible; MSIE 10.0; Windows NT 6.1; WOW64; Trident/6.0; MAFSJS)"
217.91.83.190 - - [17/Jul/2014:13:35:54 +0200] "GET /images/nav2_1a.jpg HTTP/1.1" 200 33913 "http://www.straman.de/seiten/winterdienst.htm" "Mozilla/5.0 (compatible; MSIE 10.0; Windows NT 6.1; WOW64; Trident/6.0; MAFSJS)"
217.91.83.190 - - [17/Jul/2014:13:35:55 +0200] "GET /images/winkel.gif HTTP/1.1" 200 314 "http://www.straman.de/seiten/winterdienst.htm" "Mozilla/5.0 (compatible; MSIE 10.0; Windows NT 6.1; WOW64; Trident/6.0; MAFSJS)"
217.91.83.190 - - [17/Jul/2014:13:35:55 +0200] "GET /images/besch_logo.jpg HTTP/1.1" 200 22062 "http://www.straman.de/seiten/winterdienst.htm" "Mozilla/5.0 (compatible; MSIE 10.0; Windows NT 6.1; WOW64; Trident/6.0; MAFSJS)"
217.91.83.190 - - [17/Jul/2014:13:35:55 +0200] "GET /images/nav2_2a.jpg HTTP/1.1" 200 32913 "http://www.straman.de/seiten/winterdienst.htm" "Mozilla/5.0 (compatible; MSIE 10.0; Windows NT 6.1; WOW64; Trident/6.0; MAFSJS)"
217.91.83.190 - - [17/Jul/2014:13:35:55 +0200] "GET /images/nav2_1.jpg HTTP/1.1" 200 6962 "http://www.straman.de/seiten/winterdienst.htm" "Mozilla/5.0 (compatible; MSIE 10.0; Windows NT 6.1; WOW64; Trident/6.0; MAFSJS)"
217.91.83.190 - - [17/Jul/2014:13:35:55 +0200] "GET /images/nav2_2.jpg HTTP/1.1" 200 8057 "http://www.straman.de/seiten/winterdienst.htm" "Mozilla/5.0 (compatible; MSIE 10.0; Windows NT 6.1; WOW64; Trident/6.0; MAFSJS)"
217.91.83.190 - - [17/Jul/2014:13:35:55 +0200] "GET /images/pdf.gif HTTP/1.1" 200 214 "http://www.straman.de/seiten/winterdienst.htm" "Mozilla/5.0 (compatible; MSIE 10.0; Windows NT 6.1; WOW64; Trident/6.0; MAFSJS)"
217.91.83.190 - - [17/Jul/2014:13:36:09 +0200] "GET /seiten/straman_kontakt.php HTTP/1.1" 200 9834 "http://www.straman.de/seiten/winterdienst.htm" "Mozilla/5.0 (compatible; MSIE 10.0; Windows NT 6.1; WOW64; Trident/6.0; MAFSJS)"
77.172.150.206 - - [17/Jul/2014:13:53:56 +0200] "GET / HTTP/1.1" 200 8535 "-" "Java/1.6.0_04"
77.172.150.206 - - [17/Jul/2014:13:53:56 +0200] "GET /robots.txt HTTP/1.1" 200 192 "-" "Java/1.6.0_04"
77.172.150.206 - - [17/Jul/2014:13:53:56 +0200] "GET /\" + gaJsHost + \"google-analytics.com/ga.js HTTP/1.1" 404 1256 "-" "Java/1.6.0_04"
77.172.150.206 - - [17/Jul/2014:13:53:56 +0200] "GET /scripte/stra_scr.js HTTP/1.1" 200 1580 "-" "Java/1.6.0_04"
77.172.150.206 - - [17/Jul/2014:13:53:57 +0200] "GET /seiten/gruenanlagenpflege.htm HTTP/1.1" 200 13533 "-" "Java/1.6.0_04"
77.172.150.206 - - [17/Jul/2014:13:53:57 +0200] "GET /seiten/sitemap.htm HTTP/1.1" 200 5431 "-" "Java/1.6.0_04"
77.172.150.206 - - [17/Jul/2014:13:53:57 +0200] "GET /seiten/straman_aktuell.htm HTTP/1.1" 200 5933 "-" "Java/1.6.0_04"
77.172.150.206 - - [17/Jul/2014:13:53:57 +0200] "GET /seiten/straman_gesetze.htm HTTP/1.1" 200 5637 "-" "Java/1.6.0_04"
77.172.150.206 - - [17/Jul/2014:13:53:57 +0200] "GET /seiten/straman_impr.htm HTTP/1.1" 200 5731 "-" "Java/1.6.0_04"
77.172.150.206 - - [17/Jul/2014:13:53:57 +0200] "GET /seiten/straman_jobs.htm HTTP/1.1" 200 5214 "-" "Java/1.6.0_04"
77.172.150.206 - - [17/Jul/2014:13:53:57 +0200] "GET /seiten/straman_kontakt.php HTTP/1.1" 200 9834 "-" "Java/1.6.0_04"
77.172.150.206 - - [17/Jul/2014:13:53:57 +0200] "GET /seiten/strassenreinigung.htm HTTP/1.1" 200 7046 "-" "Java/1.6.0_04"
77.172.150.206 - - [17/Jul/2014:13:53:57 +0200] "GET /seiten/winterdienst.htm HTTP/1.1" 200 17245 "-" "Java/1.6.0_04"
77.172.150.206 - - [17/Jul/2014:13:53:57 +0200] "GET /seiten/karte.htm HTTP/1.1" 200 2099 "-" "Java/1.6.0_04"
77.172.150.206 - - [17/Jul/2014:13:53:57 +0200] "GET /seiten/\" + gaJsHost + \"google-analytics.com/ga.js HTTP/1.1" 404 1256 "-" "Java/1.6.0_04"
66.249.66.137 - - [17/Jul/2014:13:59:04 +0200] "GET /seiten/sitemap.htm HTTP/1.1" 200 5431 "-" "Mozilla/5.0 (iPhone; CPU iPhone OS 6_0 like Mac OS X) AppleWebKit/536.26 (KHTML, like Gecko) Version/6.0 Mobile/10A5376e Safari/8536.25 (compatible; Googlebot/2.1; +http://www.google.com/bot.html)"
157.55.39.238 - - [17/Jul/2014:14:29:51 +0200] "GET / HTTP/1.1" 200 8535 "-" "Mozilla/5.0 (compatible; bingbot/2.0; +http://www.bing.com/bingbot.htm)"
157.55.39.238 - - [17/Jul/2014:14:30:53 +0200] "GET / HTTP/1.1" 200 8535 "-" "Mozilla/5.0 (compatible; bingbot/2.0; +http://www.bing.com/bingbot.htm)"
85.179.143.227 - - [17/Jul/2014:14:48:54 +0200] "GET / HTTP/1.1" 200 8535 "-" "Mozilla/5.0 (Windows NT 6.1; WOW64; rv:30.0) Gecko/20100101 Firefox/30.0"
85.179.143.227 - - [17/Jul/2014:14:48:55 +0200] "GET /css/format.css HTTP/1.1" 200 8709 "http://www.straman.de/" "Mozilla/5.0 (Windows NT 6.1; WOW64; rv:30.0) Gecko/20100101 Firefox/30.0"
85.179.143.227 - - [17/Jul/2014:14:48:55 +0200] "GET /scripte/stra_scr.js HTTP/1.1" 200 1580 "http://www.straman.de/" "Mozilla/5.0 (Windows NT 6.1; WOW64; rv:30.0) Gecko/20100101 Firefox/30.0"
85.179.143.227 - - [17/Jul/2014:14:48:55 +0200] "GET /images/favicon.ico HTTP/1.1" 200 3638 "-" "Mozilla/5.0 (Windows NT 6.1; WOW64; rv:30.0) Gecko/20100101 Firefox/30.0"
85.179.143.227 - - [17/Jul/2014:14:48:55 +0200] "GET /images/f_1-p.gif HTTP/1.1" 200 43 "http://www.straman.de/" "Mozilla/5.0 (Windows NT 6.1; WOW64; rv:30.0) Gecko/20100101 Firefox/30.0"
85.179.143.227 - - [17/Jul/2014:14:48:55 +0200] "GET /images/start_1.jpg HTTP/1.1" 200 6732 "http://www.straman.de/" "Mozilla/5.0 (Windows NT 6.1; WOW64; rv:30.0) Gecko/20100101 Firefox/30.0"
85.179.143.227 - - [17/Jul/2014:14:48:55 +0200] "GET /images/logo_straman_neu.jpg HTTP/1.1" 200 19228 "http://www.straman.de/" "Mozilla/5.0 (Windows NT 6.1; WOW64; rv:30.0) Gecko/20100101 Firefox/30.0"
85.179.143.227 - - [17/Jul/2014:14:48:55 +0200] "GET /images/start_2.jpg HTTP/1.1" 200 8241 "http://www.straman.de/" "Mozilla/5.0 (Windows NT 6.1; WOW64; rv:30.0) Gecko/20100101 Firefox/30.0"
85.179.143.227 - - [17/Jul/2014:14:48:55 +0200] "GET /images/footer1_neu.gif HTTP/1.1" 200 58 "http://www.straman.de/css/format.css" "Mozilla/5.0 (Windows NT 6.1; WOW64; rv:30.0) Gecko/20100101 Firefox/30.0"
85.179.143.227 - - [17/Jul/2014:14:49:10 +0200] "GET /seiten/straman_jobs.htm HTTP/1.1" 200 5214 "http://www.straman.de/" "Mozilla/5.0 (Windows NT 6.1; WOW64; rv:30.0) Gecko/20100101 Firefox/30.0"
85.179.143.227 - - [17/Jul/2014:14:49:10 +0200] "GET /images/nav6_1.jpg HTTP/1.1" 200 9481 "http://www.straman.de/seiten/straman_jobs.htm" "Mozilla/5.0 (Windows NT 6.1; WOW64; rv:30.0) Gecko/20100101 Firefox/30.0"
85.179.143.227 - - [17/Jul/2014:14:49:10 +0200] "GET /images/hacken.gif HTTP/1.1" 200 307 "http://www.straman.de/seiten/straman_jobs.htm" "Mozilla/5.0 (Windows NT 6.1; WOW64; rv:30.0) Gecko/20100101 Firefox/30.0"
85.179.143.227 - - [17/Jul/2014:14:49:38 +0200] "GET /seiten/straman_aktuell.htm HTTP/1.1" 200 5933 "http://www.straman.de/seiten/straman_jobs.htm" "Mozilla/5.0 (Windows NT 6.1; WOW64; rv:30.0) Gecko/20100101 Firefox/30.0"
85.179.143.227 - - [17/Jul/2014:14:49:38 +0200] "GET /images/nav4_1.jpg HTTP/1.1" 200 6241 "http://www.straman.de/seiten/straman_aktuell.htm" "Mozilla/5.0 (Windows NT 6.1; WOW64; rv:30.0) Gecko/20100101 Firefox/30.0"
85.179.143.227 - - [17/Jul/2014:14:49:38 +0200] "GET /images/nav4_2.jpg HTTP/1.1" 200 7407 "http://www.straman.de/seiten/straman_aktuell.htm" "Mozilla/5.0 (Windows NT 6.1; WOW64; rv:30.0) Gecko/20100101 Firefox/30.0"
85.179.143.227 - - [17/Jul/2014:14:49:46 +0200] "GET /seiten/gruenanlagenpflege.htm HTTP/1.1" 200 13533 "http://www.straman.de/seiten/straman_aktuell.htm" "Mozilla/5.0 (Windows NT 6.1; WOW64; rv:30.0) Gecko/20100101 Firefox/30.0"
85.179.143.227 - - [17/Jul/2014:14:49:46 +0200] "GET /images/nav3_1.jpg HTTP/1.1" 200 6891 "http://www.straman.de/seiten/gruenanlagenpflege.htm" "Mozilla/5.0 (Windows NT 6.1; WOW64; rv:30.0) Gecko/20100101 Firefox/30.0"
85.179.143.227 - - [17/Jul/2014:14:49:46 +0200] "GET /images/nav3_2.jpg HTTP/1.1" 200 7241 "http://www.straman.de/seiten/gruenanlagenpflege.htm" "Mozilla/5.0 (Windows NT 6.1; WOW64; rv:30.0) Gecko/20100101 Firefox/30.0"
85.179.143.227 - - [17/Jul/2014:14:49:46 +0200] "GET /images/nav3_3.jpg HTTP/1.1" 200 24661 "http://www.straman.de/seiten/gruenanlagenpflege.htm" "Mozilla/5.0 (Windows NT 6.1; WOW64; rv:30.0) Gecko/20100101 Firefox/30.0"
85.179.143.227 - - [17/Jul/2014:14:49:46 +0200] "GET /images/nav3_4.jpg HTTP/1.1" 200 24093 "http://www.straman.de/seiten/gruenanlagenpflege.htm" "Mozilla/5.0 (Windows NT 6.1; WOW64; rv:30.0) Gecko/20100101 Firefox/30.0"
85.179.143.227 - - [17/Jul/2014:14:49:46 +0200] "GET /images/besch_logo.jpg HTTP/1.1" 200 22062 "http://www.straman.de/seiten/gruenanlagenpflege.htm" "Mozilla/5.0 (Windows NT 6.1; WOW64; rv:30.0) Gecko/20100101 Firefox/30.0"
85.179.143.227 - - [17/Jul/2014:14:49:46 +0200] "GET /images/winkel.gif HTTP/1.1" 200 314 "http://www.straman.de/seiten/gruenanlagenpflege.htm" "Mozilla/5.0 (Windows NT 6.1; WOW64; rv:30.0) Gecko/20100101 Firefox/30.0"
85.179.143.227 - - [17/Jul/2014:14:50:06 +0200] "GET /favicon.ico HTTP/1.1" 404 1256 "-" "Mozilla/5.0 (Windows NT 6.1; WOW64; rv:30.0) Gecko/20100101 Firefox/30.0"
85.179.143.227 - - [17/Jul/2014:14:50:06 +0200] "GET /favicon.ico HTTP/1.1" 404 1256 "-" "Mozilla/5.0 (Windows NT 6.1; WOW64; rv:30.0) Gecko/20100101 Firefox/30.0"
93.220.96.43 - - [17/Jul/2014:14:58:38 +0200] "GET /templates/gk_penguinmail/favicon.ico HTTP/1.1" 404 1256 "-" "Mozilla/5.0 (Windows NT 6.1; WOW64; rv:30.0) Gecko/20100101 Firefox/30.0"
208.115.113.87 - - [17/Jul/2014:14:58:45 +0200] "GET /servicebereiche/uebersichtgebaeudemanagement/gebaeudemanagement/58.html HTTP/1.1" 404 1256 "-" "Mozilla/5.0 (compatible; DotBot/1.1; http://www.opensiteexplorer.org/dotbot, help@moz.com)"
93.220.96.43 - - [17/Jul/2014:15:27:48 +0200] "GET /templates/gk_penguinmail/favicon.ico HTTP/1.1" 404 1256 "-" "Mozilla/5.0 (Windows NT 6.1; WOW64; rv:30.0) Gecko/20100101 Firefox/30.0"
79.194.174.212 - - [17/Jul/2014:15:38:24 +0200] "GET /documents/Strassenreinigungssatzung_Zepernick.pdf HTTP/1.1" 200 111765 "http://www.google.de/search?hl=de&source=hp&q=grundst%C3%BCck+zepernick+brahmsstra%C3%9Fe&btnG=Google-Suche&gbv=1" "Mozilla/5.0 (Windows; U; Win98; de; rv:1.8.0.1) Gecko/20060111 Firefox/1.5.0.1"
87.142.111.221 - - [17/Jul/2014:15:42:26 +0200] "GET /seiten/straman_jobs.htm HTTP/1.1" 200 5214 "-" "Mozilla/5.0 (Windows NT 6.1; Win64; x64; rv:22.0) Gecko/20130328 Firefox/22.0"
217.86.196.40 - - [17/Jul/2014:16:04:10 +0200] "GET / HTTP/1.1" 200 8535 "-" "-"
217.86.196.40 - - [17/Jul/2014:16:04:10 +0200] "GET / HTTP/1.1" 200 8535 "http://www.google.de/" "finbot"
217.86.196.40 - - [17/Jul/2014:16:04:10 +0200] "GET / HTTP/1.1" 200 8535 "http://www.google.de/" "Mozilla/5.0 (Linux; U; Android 4.1.2; de-de; GT-I8190 Build/JZO54K) AppleWebKit/534.30 (KHTML, like Gecko) Version/4.0 Mobile Safari/534.30"
217.86.196.40 - - [17/Jul/2014:16:04:11 +0200] "GET /css/format.css HTTP/1.1" 200 8709 "http://www.google.de/" "finbot"
217.86.196.40 - - [17/Jul/2014:16:04:11 +0200] "GET /css/format_ie.css HTTP/1.1" 200 6492 "http://www.google.de/" "finbot"
66.249.66.137 - - [17/Jul/2014:17:08:41 +0200] "GET /robots.txt HTTP/1.1" 200 192 "-" "Mozilla/5.0 (compatible; Googlebot/2.1; +http://www.google.com/bot.html)"
66.249.66.137 - - [17/Jul/2014:17:08:42 +0200] "GET /news/61-wir-begruessen-sie-auf-den-seiten-von-straman-ihren-komplettdienstleister-rund-um-die-immobilie.html HTTP/1.1" 404 1256 "-" "Mozilla/5.0 (compatible; Googlebot/2.1; +http://www.google.com/bot.html)"
62.210.215.100 - - [17/Jul/2014:17:19:37 +0200] "GET /news.feed?type=rss HTTP/1.1" 404 1256 "-" "Mozilla/5.0 (X11; Linux i686) AppleWebKit/537.36 (KHTML, like Gecko) Chrome/30.0.1599.66 Safari/537.36"
87.142.111.221 - - [17/Jul/2014:17:21:37 +0200] "GET /seiten/straman_jobs.htm HTTP/1.1" 200 5214 "-" "Mozilla/5.0 (Windows NT 6.1; Win64; x64; rv:22.0) Gecko/20130328 Firefox/22.0"
62.210.215.100 - - [17/Jul/2014:17:40:12 +0200] "GET /index.php?format=feed&type=rss HTTP/1.1" 404 1256 "-" "Mozilla/5.0 (X11; Linux i686) AppleWebKit/537.36 (KHTML, like Gecko) Chrome/30.0.1599.66 Safari/537.36"
157.55.39.238 - - [17/Jul/2014:18:17:52 +0200] "GET / HTTP/1.1" 200 8535 "-" "Mozilla/5.0 (compatible; bingbot/2.0; +http://www.bing.com/bingbot.htm)"
66.249.69.215 - - [17/Jul/2014:18:42:00 +0200] "GET /robots.txt HTTP/1.1" 200 192 "-" "Mozilla/5.0 (compatible; Googlebot/2.1; +http://www.google.com/bot.html)"
66.249.69.215 - - [17/Jul/2014:18:42:00 +0200] "GET /news/60-ihr-komplettdienstleister-rund-um-die-immobilie.html HTTP/1.1" 404 1256 "-" "Mozilla/5.0 (compatible; Googlebot/2.1; +http://www.google.com/bot.html)"
66.249.69.253 - - [17/Jul/2014:18:53:09 +0200] "GET /seiten/strassenreinigung.htm HTTP/1.1" 200 7046 "-" "Mozilla/5.0 (compatible; Googlebot/2.1; +http://www.google.com/bot.html)"
87.142.119.35 - - [17/Jul/2014:18:53:19 +0200] "GET /seiten/straman_jobs.htm HTTP/1.1" 200 5214 "-" "Mozilla/5.0 (Windows NT 6.1; Win64; x64; rv:22.0) Gecko/20130328 Firefox/22.0"
68.180.224.174 - - [17/Jul/2014:19:14:48 +0200] "GET /news.html HTTP/1.1" 404 1256 "-" "Mozilla/5.0 (compatible; Yahoo! Slurp; http://help.yahoo.com/help/us/ysearch/slurp)"
66.249.69.253 - - [17/Jul/2014:19:16:10 +0200] "GET /servicebereiche/strassenreinigung.html HTTP/1.1" 404 1256 "-" "Mozilla/5.0 (compatible; Googlebot/2.1; +http://www.google.com/bot.html)"
178.77.126.55 - - [17/Jul/2014:19:53:38 +0200] "GET /robots.txt HTTP/1.1" 200 192 "-" "Mozilla/5.0 (compatible; CareerBot/1.1; +http://www.career-x.de/bot.html)"
178.77.126.55 - - [17/Jul/2014:19:53:38 +0200] "GET / HTTP/1.1" 200 8535 "-" "Mozilla/5.0 (compatible; CareerBot/1.1; +http://www.career-x.de/bot.html)"
79.228.250.97 - - [17/Jul/2014:20:25:24 +0200] "GET /seiten/straman_jobs.htm HTTP/1.1" 200 5214 "-" "Mozilla/5.0 (Windows NT 6.1; Win64; x64; rv:22.0) Gecko/20130328 Firefox/22.0"
68.180.224.174 - - [17/Jul/2014:20:30:32 +0200] "GET /SlurpConfirm404/introduction/Marshals.htm HTTP/1.1" 404 1256 "-" "Mozilla/5.0 (compatible; Yahoo! Slurp; http://help.yahoo.com/help/us/ysearch/slurp)"
37.58.100.229 - - [17/Jul/2014:20:35:03 +0200] "GET /component/user/login.html HTTP/1.1" 404 1256 "-" "Mozilla/5.0 (compatible; AhrefsBot/5.0; +http://ahrefs.com/robot/)"
66.249.69.231 - - [17/Jul/2014:20:37:36 +0200] "GET /referenzen.html HTTP/1.1" 404 1256 "-" "Mozilla/5.0 (compatible; Googlebot/2.1; +http://www.google.com/bot.html)"
66.249.69.215 - - [17/Jul/2014:20:43:58 +0200] "GET /component/forme/?fid=2 HTTP/1.1" 404 1256 "-" "Mozilla/5.0 (compatible; Googlebot/2.1; +http://www.google.com/bot.html)"
66.249.69.215 - - [17/Jul/2014:20:44:04 +0200] "GET /documents/Strassenreinigungssatzung_Bernau02_2005.pdf HTTP/1.1" 200 113264 "-" "Mozilla/5.0 (compatible; Googlebot/2.1; +http://www.google.com/bot.html)"
66.249.69.215 - - [17/Jul/2014:20:44:08 +0200] "GET /documents/Strassenreinigungssatzung_Zepernick.pdf HTTP/1.1" 200 111765 "-" "Mozilla/5.0 (compatible; Googlebot/2.1; +http://www.google.com/bot.html)"
66.249.69.215 - - [17/Jul/2014:20:44:11 +0200] "GET /news.html HTTP/1.1" 404 1256 "-" "Mozilla/5.0 (compatible; Googlebot/2.1; +http://www.google.com/bot.html)"
208.115.113.87 - - [17/Jul/2014:21:01:46 +0200] "GET /robots.txt HTTP/1.1" 200 192 "-" "Mozilla/5.0 (compatible; DotBot/1.1; http://www.opensiteexplorer.org/dotbot, help@moz.com)"
79.216.79.59 - - [17/Jul/2014:22:15:23 +0200] "GET / HTTP/1.1" 200 8535 "http://www.besch-rent.de/infos.html" "Mozilla/5.0 (Windows NT 5.1; rv:30.0) Gecko/20100101 Firefox/30.0"
79.216.79.59 - - [17/Jul/2014:22:15:23 +0200] "GET /css/format.css HTTP/1.1" 200 8709 "http://www.straman.de/" "Mozilla/5.0 (Windows NT 5.1; rv:30.0) Gecko/20100101 Firefox/30.0"
79.216.79.59 - - [17/Jul/2014:22:15:23 +0200] "GET /scripte/stra_scr.js HTTP/1.1" 200 1580 "http://www.straman.de/" "Mozilla/5.0 (Windows NT 5.1; rv:30.0) Gecko/20100101 Firefox/30.0"
79.216.79.59 - - [17/Jul/2014:22:15:23 +0200] "GET /images/f_1-p.gif HTTP/1.1" 200 43 "http://www.straman.de/" "Mozilla/5.0 (Windows NT 5.1; rv:30.0) Gecko/20100101 Firefox/30.0"
79.216.79.59 - - [17/Jul/2014:22:15:23 +0200] "GET /images/logo_straman_neu.jpg HTTP/1.1" 200 19228 "http://www.straman.de/" "Mozilla/5.0 (Windows NT 5.1; rv:30.0) Gecko/20100101 Firefox/30.0"
79.216.79.59 - - [17/Jul/2014:22:15:23 +0200] "GET /images/start_1.jpg HTTP/1.1" 200 6732 "http://www.straman.de/" "Mozilla/5.0 (Windows NT 5.1; rv:30.0) Gecko/20100101 Firefox/30.0"
79.216.79.59 - - [17/Jul/2014:22:15:23 +0200] "GET /images/favicon.ico HTTP/1.1" 200 3638 "-" "Mozilla/5.0 (Windows NT 5.1; rv:30.0) Gecko/20100101 Firefox/30.0"
79.216.79.59 - - [17/Jul/2014:22:15:23 +0200] "GET /images/start_2.jpg HTTP/1.1" 200 8241 "http://www.straman.de/" "Mozilla/5.0 (Windows NT 5.1; rv:30.0) Gecko/20100101 Firefox/30.0"
79.216.79.59 - - [17/Jul/2014:22:15:24 +0200] "GET /images/footer1_neu.gif HTTP/1.1" 200 58 "http://www.straman.de/css/format.css" "Mozilla/5.0 (Windows NT 5.1; rv:30.0) Gecko/20100101 Firefox/30.0"
79.216.79.59 - - [17/Jul/2014:22:15:37 +0200] "GET /seiten/straman_impr.htm HTTP/1.1" 200 5731 "http://www.straman.de/" "Mozilla/5.0 (Windows NT 5.1; rv:30.0) Gecko/20100101 Firefox/30.0"
79.216.79.59 - - [17/Jul/2014:22:15:37 +0200] "GET /images/nav8_1.jpg HTTP/1.1" 200 8241 "http://www.straman.de/seiten/straman_impr.htm" "Mozilla/5.0 (Windows NT 5.1; rv:30.0) Gecko/20100101 Firefox/30.0"
79.216.79.59 - - [17/Jul/2014:22:15:37 +0200] "GET /images/nav8_2.jpg HTTP/1.1" 200 6210 "http://www.straman.de/seiten/straman_impr.htm" "Mozilla/5.0 (Windows NT 5.1; rv:30.0) Gecko/20100101 Firefox/30.0"
79.216.79.59 - - [17/Jul/2014:22:15:57 +0200] "GET /seiten/straman_kontakt.php HTTP/1.1" 200 9834 "http://www.straman.de/seiten/straman_impr.htm" "Mozilla/5.0 (Windows NT 5.1; rv:30.0) Gecko/20100101 Firefox/30.0"
79.216.79.59 - - [17/Jul/2014:22:15:57 +0200] "GET /images/nav7_1.jpg HTTP/1.1" 200 7067 "http://www.straman.de/seiten/straman_kontakt.php" "Mozilla/5.0 (Windows NT 5.1; rv:30.0) Gecko/20100101 Firefox/30.0"
79.216.79.59 - - [17/Jul/2014:22:15:57 +0200] "GET /images/nav7_2.jpg HTTP/1.1" 200 6481 "http://www.straman.de/seiten/straman_kontakt.php" "Mozilla/5.0 (Windows NT 5.1; rv:30.0) Gecko/20100101 Firefox/30.0"
79.216.79.59 - - [17/Jul/2014:22:15:59 +0200] "GET /seiten/straman_jobs.htm HTTP/1.1" 200 5214 "http://www.straman.de/seiten/straman_kontakt.php" "Mozilla/5.0 (Windows NT 5.1; rv:30.0) Gecko/20100101 Firefox/30.0"
79.216.79.59 - - [17/Jul/2014:22:15:59 +0200] "GET /images/nav6_1.jpg HTTP/1.1" 200 9481 "http://www.straman.de/seiten/straman_jobs.htm" "Mozilla/5.0 (Windows NT 5.1; rv:30.0) Gecko/20100101 Firefox/30.0"
79.216.79.59 - - [17/Jul/2014:22:15:59 +0200] "GET /images/hacken.gif HTTP/1.1" 200 307 "http://www.straman.de/seiten/straman_jobs.htm" "Mozilla/5.0 (Windows NT 5.1; rv:30.0) Gecko/20100101 Firefox/30.0"
79.216.79.59 - - [17/Jul/2014:22:16:01 +0200] "GET /seiten/straman_gesetze.htm HTTP/1.1" 200 5637 "http://www.straman.de/seiten/straman_jobs.htm" "Mozilla/5.0 (Windows NT 5.1; rv:30.0) Gecko/20100101 Firefox/30.0"
79.216.79.59 - - [17/Jul/2014:22:16:01 +0200] "GET /images/pdf.gif HTTP/1.1" 200 214 "http://www.straman.de/seiten/straman_gesetze.htm" "Mozilla/5.0 (Windows NT 5.1; rv:30.0) Gecko/20100101 Firefox/30.0"
79.216.79.59 - - [17/Jul/2014:22:16:03 +0200] "GET /seiten/straman_aktuell.htm HTTP/1.1" 200 5933 "http://www.straman.de/seiten/straman_gesetze.htm" "Mozilla/5.0 (Windows NT 5.1; rv:30.0) Gecko/20100101 Firefox/30.0"
79.216.79.59 - - [17/Jul/2014:22:16:03 +0200] "GET /images/nav4_1.jpg HTTP/1.1" 200 6241 "http://www.straman.de/seiten/straman_aktuell.htm" "Mozilla/5.0 (Windows NT 5.1; rv:30.0) Gecko/20100101 Firefox/30.0"
79.216.79.59 - - [17/Jul/2014:22:16:03 +0200] "GET /images/nav4_2.jpg HTTP/1.1" 200 7407 "http://www.straman.de/seiten/straman_aktuell.htm" "Mozilla/5.0 (Windows NT 5.1; rv:30.0) Gecko/20100101 Firefox/30.0"
79.216.79.59 - - [17/Jul/2014:22:16:12 +0200] "GET /seiten/gruenanlagenpflege.htm HTTP/1.1" 200 13533 "http://www.straman.de/seiten/straman_aktuell.htm" "Mozilla/5.0 (Windows NT 5.1; rv:30.0) Gecko/20100101 Firefox/30.0"
79.216.79.59 - - [17/Jul/2014:22:16:12 +0200] "GET /images/nav3_2.jpg HTTP/1.1" 200 7241 "http://www.straman.de/seiten/gruenanlagenpflege.htm" "Mozilla/5.0 (Windows NT 5.1; rv:30.0) Gecko/20100101 Firefox/30.0"
79.216.79.59 - - [17/Jul/2014:22:16:12 +0200] "GET /images/nav3_1.jpg HTTP/1.1" 200 6891 "http://www.straman.de/seiten/gruenanlagenpflege.htm" "Mozilla/5.0 (Windows NT 5.1; rv:30.0) Gecko/20100101 Firefox/30.0"
79.216.79.59 - - [17/Jul/2014:22:16:12 +0200] "GET /images/besch_logo.jpg HTTP/1.1" 200 22062 "http://www.straman.de/seiten/gruenanlagenpflege.htm" "Mozilla/5.0 (Windows NT 5.1; rv:30.0) Gecko/20100101 Firefox/30.0"
79.216.79.59 - - [17/Jul/2014:22:16:12 +0200] "GET /images/nav3_4.jpg HTTP/1.1" 200 24093 "http://www.straman.de/seiten/gruenanlagenpflege.htm" "Mozilla/5.0 (Windows NT 5.1; rv:30.0) Gecko/20100101 Firefox/30.0"
79.216.79.59 - - [17/Jul/2014:22:16:12 +0200] "GET /images/nav3_3.jpg HTTP/1.1" 200 24661 "http://www.straman.de/seiten/gruenanlagenpflege.htm" "Mozilla/5.0 (Windows NT 5.1; rv:30.0) Gecko/20100101 Firefox/30.0"
79.216.79.59 - - [17/Jul/2014:22:16:12 +0200] "GET /images/winkel.gif HTTP/1.1" 200 314 "http://www.straman.de/seiten/gruenanlagenpflege.htm" "Mozilla/5.0 (Windows NT 5.1; rv:30.0) Gecko/20100101 Firefox/30.0"
79.216.79.59 - - [17/Jul/2014:22:16:20 +0200] "GET /seiten/winterdienst.htm HTTP/1.1" 200 17245 "http://www.straman.de/seiten/gruenanlagenpflege.htm" "Mozilla/5.0 (Windows NT 5.1; rv:30.0) Gecko/20100101 Firefox/30.0"
79.216.79.59 - - [17/Jul/2014:22:16:20 +0200] "GET /images/nav2_1a.jpg HTTP/1.1" 200 33913 "http://www.straman.de/seiten/winterdienst.htm" "Mozilla/5.0 (Windows NT 5.1; rv:30.0) Gecko/20100101 Firefox/30.0"
79.216.79.59 - - [17/Jul/2014:22:16:20 +0200] "GET /images/nav2_2a.jpg HTTP/1.1" 200 32913 "http://www.straman.de/seiten/winterdienst.htm" "Mozilla/5.0 (Windows NT 5.1; rv:30.0) Gecko/20100101 Firefox/30.0"
79.216.79.59 - - [17/Jul/2014:22:16:20 +0200] "GET /images/nav2_1.jpg HTTP/1.1" 200 6962 "http://www.straman.de/seiten/winterdienst.htm" "Mozilla/5.0 (Windows NT 5.1; rv:30.0) Gecko/20100101 Firefox/30.0"
79.216.79.59 - - [17/Jul/2014:22:16:20 +0200] "GET /images/nav2_2.jpg HTTP/1.1" 200 8057 "http://www.straman.de/seiten/winterdienst.htm" "Mozilla/5.0 (Windows NT 5.1; rv:30.0) Gecko/20100101 Firefox/30.0"
79.216.79.59 - - [17/Jul/2014:22:16:28 +0200] "GET /seiten/strassenreinigung.htm HTTP/1.1" 200 7046 "http://www.straman.de/seiten/winterdienst.htm" "Mozilla/5.0 (Windows NT 5.1; rv:30.0) Gecko/20100101 Firefox/30.0"
79.216.79.59 - - [17/Jul/2014:22:16:28 +0200] "GET /images/nav1_1a.jpg HTTP/1.1" 200 30034 "http://www.straman.de/seiten/strassenreinigung.htm" "Mozilla/5.0 (Windows NT 5.1; rv:30.0) Gecko/20100101 Firefox/30.0"
79.216.79.59 - - [17/Jul/2014:22:16:28 +0200] "GET /images/nav1_2.jpg HTTP/1.1" 200 6717 "http://www.straman.de/seiten/strassenreinigung.htm" "Mozilla/5.0 (Windows NT 5.1; rv:30.0) Gecko/20100101 Firefox/30.0"
79.216.79.59 - - [17/Jul/2014:22:16:28 +0200] "GET /images/nav1_1.jpg HTTP/1.1" 200 9431 "http://www.straman.de/seiten/strassenreinigung.htm" "Mozilla/5.0 (Windows NT 5.1; rv:30.0) Gecko/20100101 Firefox/30.0"
188.138.41.137 - - [17/Jul/2014:22:39:56 +0200] "GET /robots.txt HTTP/1.1" 200 192 "-" "Mozilla/5.0 (X11; U; Linux i686; de; rv:1.9.0.1; compatible; iCjobs Stellenangebote Jobs; http://www.icjobs.de) Gecko/20100401 iCjobs/3.2.3"
188.138.41.137 - - [17/Jul/2014:22:39:56 +0200] "GET / HTTP/1.1" 200 8535 "-" "Mozilla/5.0 (X11; U; Linux i686; de; rv:1.9.0.1; compatible; iCjobs Stellenangebote Jobs; http://www.icjobs.de) Gecko/20100401 iCjobs/3.2.3"
188.138.41.137 - - [17/Jul/2014:22:39:57 +0200] "GET / HTTP/1.1" 200 8535 "-" "Mozilla/5.0 (X11; U; Linux i686; de; rv:1.9.0.1; compatible; iCjobs Stellenangebote Jobs; http://www.icjobs.de) Gecko/20100401 iCjobs/3.2.3"
188.138.41.137 - - [17/Jul/2014:22:39:59 +0200] "GET /scripte/stra_scr.js HTTP/1.1" 200 1580 "-" "Mozilla/5.0 (X11; U; Linux i686; de; rv:1.9.0.1; compatible; iCjobs Stellenangebote Jobs; http://www.icjobs.de) Gecko/20100401 iCjobs/3.2.3"
188.138.41.137 - - [17/Jul/2014:22:40:16 +0200] "GET /seiten/straman_jobs.htm HTTP/1.1" 200 5214 "-" "Mozilla/5.0 (X11; U; Linux i686; de; rv:1.9.0.1; compatible; iCjobs Stellenangebote Jobs; http://www.icjobs.de) Gecko/20100401 iCjobs/3.2.3"
188.138.41.137 - - [17/Jul/2014:22:41:00 +0200] "GET /seiten/straman_kontakt.php HTTP/1.1" 200 9834 "-" "Mozilla/5.0 (X11; U; Linux i686; de; rv:1.9.0.1; compatible; iCjobs Stellenangebote Jobs; http://www.icjobs.de) Gecko/20100401 iCjobs/3.2.3"
188.138.41.137 - - [17/Jul/2014:22:41:12 +0200] "GET /seiten/sitemap.htm HTTP/1.1" 200 5431 "-" "Mozilla/5.0 (X11; U; Linux i686; de; rv:1.9.0.1; compatible; iCjobs Stellenangebote Jobs; http://www.icjobs.de) Gecko/20100401 iCjobs/3.2.3"
188.138.41.137 - - [17/Jul/2014:22:41:23 +0200] "GET /seiten/straman_aktuell.htm HTTP/1.1" 200 5933 "-" "Mozilla/5.0 (X11; U; Linux i686; de; rv:1.9.0.1; compatible; iCjobs Stellenangebote Jobs; http://www.icjobs.de) Gecko/20100401 iCjobs/3.2.3"
188.138.41.137 - - [17/Jul/2014:22:41:38 +0200] "GET /seiten/strassenreinigung.htm HTTP/1.1" 200 7046 "-" "Mozilla/5.0 (X11; U; Linux i686; de; rv:1.9.0.1; compatible; iCjobs Stellenangebote Jobs; http://www.icjobs.de) Gecko/20100401 iCjobs/3.2.3"
188.138.41.137 - - [17/Jul/2014:22:41:42 +0200] "GET /seiten/winterdienst.htm HTTP/1.1" 200 17245 "-" "Mozilla/5.0 (X11; U; Linux i686; de; rv:1.9.0.1; compatible; iCjobs Stellenangebote Jobs; http://www.icjobs.de) Gecko/20100401 iCjobs/3.2.3"
188.138.41.137 - - [17/Jul/2014:22:41:55 +0200] "GET /documents/Mustervertrag_WD_Leistg_Besch_GmbH_Straman.pdf HTTP/1.1" 200 47063 "-" "Mozilla/5.0 (X11; U; Linux i686; de; rv:1.9.0.1; compatible; iCjobs Stellenangebote Jobs; http://www.icjobs.de) Gecko/20100401 iCjobs/3.2.3"
188.138.41.137 - - [17/Jul/2014:22:41:56 +0200] "GET /documents/Mustervertrag_WD_Leistg_Besch_GmbH_Straman.pdf HTTP/1.1" 200 47063 "-" "Java/1.6.0_10-rc"
188.138.41.137 - - [17/Jul/2014:22:42:00 +0200] "GET /seiten/gruenanlagenpflege.htm HTTP/1.1" 200 13533 "-" "Mozilla/5.0 (X11; U; Linux i686; de; rv:1.9.0.1; compatible; iCjobs Stellenangebote Jobs; http://www.icjobs.de) Gecko/20100401 iCjobs/3.2.3"
188.138.41.137 - - [17/Jul/2014:22:42:03 +0200] "GET /seiten/straman_gesetze.htm HTTP/1.1" 200 5637 "-" "Mozilla/5.0 (X11; U; Linux i686; de; rv:1.9.0.1; compatible; iCjobs Stellenangebote Jobs; http://www.icjobs.de) Gecko/20100401 iCjobs/3.2.3"
188.138.41.137 - - [17/Jul/2014:22:42:08 +0200] "GET /seiten/karte.htm HTTP/1.1" 200 2099 "-" "Mozilla/5.0 (X11; U; Linux i686; de; rv:1.9.0.1; compatible; iCjobs Stellenangebote Jobs; http://www.icjobs.de) Gecko/20100401 iCjobs/3.2.3"
188.138.41.137 - - [17/Jul/2014:22:42:15 +0200] "GET /documents/grundstueckseigentuemer.pdf HTTP/1.1" 200 37437 "-" "Mozilla/5.0 (X11; U; Linux i686; de; rv:1.9.0.1; compatible; iCjobs Stellenangebote Jobs; http://www.icjobs.de) Gecko/20100401 iCjobs/3.2.3"
188.138.41.137 - - [17/Jul/2014:22:42:15 +0200] "GET /documents/grundstueckseigentuemer.pdf HTTP/1.1" 200 37437 "-" "Java/1.6.0_10-rc"
188.138.41.137 - - [17/Jul/2014:22:42:18 +0200] "GET /documents/Berliner_Strassenreinigungsgesetz.pdf HTTP/1.1" 200 49081 "-" "Mozilla/5.0 (X11; U; Linux i686; de; rv:1.9.0.1; compatible; iCjobs Stellenangebote Jobs; http://www.icjobs.de) Gecko/20100401 iCjobs/3.2.3"
188.138.41.137 - - [17/Jul/2014:22:42:19 +0200] "GET /documents/Berliner_Strassenreinigungsgesetz.pdf HTTP/1.1" 200 49081 "-" "Java/1.6.0_10-rc"
188.138.41.137 - - [17/Jul/2014:22:42:27 +0200] "GET /documents/Strassenreinigungssatzung_Bernau02_2005.pdf HTTP/1.1" 200 113264 "-" "Mozilla/5.0 (X11; U; Linux i686; de; rv:1.9.0.1; compatible; iCjobs Stellenangebote Jobs; http://www.icjobs.de) Gecko/20100401 iCjobs/3.2.3"
188.138.41.137 - - [17/Jul/2014:22:42:27 +0200] "GET /documents/Strassenreinigungssatzung_Bernau02_2005.pdf HTTP/1.1" 200 113264 "-" "Java/1.6.0_10-rc"
188.138.41.137 - - [17/Jul/2014:22:42:36 +0200] "GET /documents/Strassenreinigungssatzung_Schwaneneck.pdf HTTP/1.1" 200 108696 "-" "Mozilla/5.0 (X11; U; Linux i686; de; rv:1.9.0.1; compatible; iCjobs Stellenangebote Jobs; http://www.icjobs.de) Gecko/20100401 iCjobs/3.2.3"
188.138.41.137 - - [17/Jul/2014:22:42:37 +0200] "GET /documents/Strassenreinigungssatzung_Schwaneneck.pdf HTTP/1.1" 200 108696 "-" "Java/1.6.0_10-rc"
188.138.41.137 - - [17/Jul/2014:22:42:45 +0200] "GET /documents/Strassenreinigungssatzung_Zepernick.pdf HTTP/1.1" 200 111765 "-" "Mozilla/5.0 (X11; U; Linux i686; de; rv:1.9.0.1; compatible; iCjobs Stellenangebote Jobs; http://www.icjobs.de) Gecko/20100401 iCjobs/3.2.3"
188.138.41.137 - - [17/Jul/2014:22:42:45 +0200] "GET /documents/Strassenreinigungssatzung_Zepernick.pdf HTTP/1.1" 200 111765 "-" "Java/1.6.0_10-rc"
207.46.13.52 - - [17/Jul/2014:22:44:44 +0200] "GET /component/forme/?fid=2 HTTP/1.1" 404 1256 "-" "Mozilla/5.0 (compatible; bingbot/2.0; +http://www.bing.com/bingbot.htm)"
208.115.113.87 - - [17/Jul/2014:23:02:57 +0200] "GET /unternehmen/standorte/58.html HTTP/1.1" 404 1256 "-" "Mozilla/5.0 (compatible; DotBot/1.1; http://www.opensiteexplorer.org/dotbot, help@moz.com)"
208.43.251.181 - - [18/Jul/2014:00:41:46 +0200] "GET /robots.txt HTTP/1.1" 200 192 "-" "Mozilla/5.0 (compatible; MSIE 9.0; Windows NT 6.1; WOW64; Trident/5.0; chromeframe/19.0.1084.52)"
208.43.251.181 - - [18/Jul/2014:00:41:50 +0200] "GET /seiten/strassenreinigung.htm HTTP/1.1" 200 7046 "-" "Mozilla/5.0 (compatible; MSIE 9.0; Windows NT 6.1; WOW64; Trident/5.0; chromeframe/19.0.1084.52)"
208.43.251.181 - - [18/Jul/2014:00:41:56 +0200] "GET /seiten/straman_kontakt.php HTTP/1.1" 200 9834 "-" "Mozilla/5.0 (compatible; MSIE 9.0; Windows NT 6.1; WOW64; Trident/5.0; chromeframe/19.0.1084.52)"
208.43.251.181 - - [18/Jul/2014:00:42:01 +0200] "GET /seiten/straman_jobs.htm HTTP/1.1" 200 5214 "-" "Mozilla/5.0 (compatible; MSIE 9.0; Windows NT 6.1; WOW64; Trident/5.0; chromeframe/19.0.1084.52)"
208.43.251.181 - - [18/Jul/2014:00:42:05 +0200] "GET / HTTP/1.1" 200 8535 "-" "Mozilla/5.0 (compatible; MSIE 9.0; Windows NT 6.1; WOW64; Trident/5.0; chromeframe/19.0.1084.52)"
87.142.96.175 - - [18/Jul/2014:00:42:30 +0200] "GET /seiten/straman_jobs.htm HTTP/1.1" 200 5214 "-" "Mozilla/5.0 (Windows NT 6.1; Win64; x64; rv:22.0) Gecko/20130328 Firefox/22.0"
82.94.179.38 - - [18/Jul/2014:01:21:09 +0200] "GET /robots.txt HTTP/1.0" 200 192 "-" "Mozilla/4.0 (compatible; Vagabondo/4.0/EU; http://webagent.wise-guys.nl/)"
82.94.179.38 - - [18/Jul/2014:01:21:09 +0200] "GET / HTTP/1.1" 200 8535 "-" "Mozilla/4.0 (compatible; Vagabondo/4.0/EU; http://www.wise-guys.nl/)"
77.75.77.17 - - [18/Jul/2014:01:41:38 +0200] "GET /robots.txt HTTP/1.1" 200 192 "-" "Mozilla/5.0 (compatible; SeznamBot/3.2; +http://fulltext.sblog.cz/)"
77.75.77.17 - - [18/Jul/2014:01:41:39 +0200] "GET / HTTP/1.1" 200 8535 "-" "Mozilla/5.0 (compatible; SeznamBot/3.2; +http://fulltext.sblog.cz/)"
66.249.69.231 - - [18/Jul/2014:01:58:49 +0200] "GET /seiten/gruenanlagenpflege.htm HTTP/1.1" 200 13533 "-" "Mozilla/5.0 (iPhone; CPU iPhone OS 6_0 like Mac OS X) AppleWebKit/536.26 (KHTML, like Gecko) Version/6.0 Mobile/10A5376e Safari/8536.25 (compatible; Googlebot/2.1; +http://www.google.com/bot.html)"
141.8.147.12 - - [18/Jul/2014:02:00:05 +0200] "GET /robots.txt HTTP/1.1" 200 192 "-" "Mozilla/5.0 (compatible; YandexBot/3.0; +http://yandex.com/bots)"
37.58.100.84 - - [18/Jul/2014:02:04:33 +0200] "GET /servicebereiche/winterdienst/gewerbliche-kunden/58.html HTTP/1.1" 404 1256 "-" "Mozilla/5.0 (compatible; AhrefsBot/5.0; +http://ahrefs.com/robot/)"
68.180.224.174 - - [18/Jul/2014:02:19:21 +0200] "GET /robots.txt HTTP/1.1" 304 - "-" "Mozilla/5.0 (compatible; Yahoo! Slurp; http://help.yahoo.com/help/us/ysearch/slurp)"
68.180.224.174 - - [18/Jul/2014:02:19:21 +0200] "GET /SlurpConfirm404/all.units/autumnfloat.htm HTTP/1.1" 404 1256 "-" "Mozilla/5.0 (compatible; Yahoo! Slurp; http://help.yahoo.com/help/us/ysearch/slurp)"
208.43.225.84 - - [18/Jul/2014:02:58:48 +0200] "GET /robots.txt HTTP/1.1" 200 192 "-" "Mozilla/5.0 (compatible; MSIE 9.0; Windows NT 6.1; WOW64; Trident/5.0; chromeframe/19.0.1084.52)"
208.43.225.84 - - [18/Jul/2014:02:58:52 +0200] "GET /seiten/straman_jobs.htm HTTP/1.1" 200 5214 "-" "Mozilla/5.0 (compatible; MSIE 9.0; Windows NT 6.1; WOW64; Trident/5.0; chromeframe/19.0.1084.52)"
208.43.225.84 - - [18/Jul/2014:02:58:57 +0200] "GET /seiten/straman_gesetze.htm HTTP/1.1" 200 5637 "-" "Mozilla/5.0 (compatible; MSIE 9.0; Windows NT 6.1; WOW64; Trident/5.0; chromeframe/19.0.1084.52)"
208.43.225.84 - - [18/Jul/2014:02:59:01 +0200] "GET / HTTP/1.1" 200 8535 "-" "Mozilla/5.0 (compatible; MSIE 9.0; Windows NT 6.1; WOW64; Trident/5.0; chromeframe/19.0.1084.52)"
87.142.126.83 - - [18/Jul/2014:03:01:39 +0200] "GET /seiten/straman_jobs.htm HTTP/1.1" 200 5214 "-" "Mozilla/5.0 (Windows NT 6.1; Win64; x64; rv:22.0) Gecko/20130328 Firefox/22.0"
141.8.147.12 - - [18/Jul/2014:03:04:04 +0200] "GET / HTTP/1.1" 200 8535 "-" "Mozilla/5.0 (compatible; YandexBot/3.0; +http://yandex.com/bots)"
68.180.224.174 - - [18/Jul/2014:03:04:58 +0200] "GET /SlurpConfirm404/decaregionleadership/yorkiehist/plus_top.htm HTTP/1.1" 404 1256 "-" "Mozilla/5.0 (compatible; Yahoo! Slurp; http://help.yahoo.com/help/us/ysearch/slurp)"
81.0.199.226 - - [18/Jul/2014:03:32:29 +0200] "GET / HTTP/1.1" 200 8535 "-" "Mozilla/5.0 (Macintosh; Intel Mac OS X 10.7; rv:22.0) Gecko/20100101 Firefox/22.0"
88.198.208.66 - - [18/Jul/2014:03:37:02 +0200] "GET /seiten/straman_kontakt.php HTTP/1.1" 200 9834 "-" "Mozilla/5.0 (Macintosh; Intel Mac OS X 10.6; rv:22.0) Gecko/20100101 Firefox/22.0"
66.249.69.253 - - [18/Jul/2014:04:50:04 +0200] "GET / HTTP/1.1" 200 8535 "-" "Mozilla/5.0 (compatible; Googlebot/2.1; +http://www.google.com/bot.html)"
208.115.113.87 - - [18/Jul/2014:05:02:04 +0200] "GET /robots.txt HTTP/1.1" 200 192 "-" "Mozilla/5.0 (compatible; DotBot/1.1; http://www.opensiteexplorer.org/dotbot, help@moz.com)"
157.55.39.46 - - [18/Jul/2014:06:06:54 +0200] "GET /robots.txt HTTP/1.1" 200 192 "-" "Mozilla/5.0 (compatible; bingbot/2.0; +http://www.bing.com/bingbot.htm)"
157.55.39.46 - - [18/Jul/2014:06:08:45 +0200] "GET / HTTP/1.1" 200 8535 "-" "Mozilla/5.0 (compatible; bingbot/2.0; +http://www.bing.com/bingbot.htm)"
66.249.69.231 - - [18/Jul/2014:06:43:50 +0200] "GET /seiten/sitemap.htm HTTP/1.1" 304 - "-" "Mozilla/5.0 (compatible; Googlebot/2.1; +http://www.google.com/bot.html)"
208.115.113.87 - - [18/Jul/2014:06:56:28 +0200] "GET /news/60-ihr-komplettdienstleister-rund-um-die-immobilie.html HTTP/1.1" 404 1256 "-" "Mozilla/5.0 (compatible; DotBot/1.1; http://www.opensiteexplorer.org/dotbot, help@moz.com)"
208.115.111.71 - - [18/Jul/2014:07:09:18 +0200] "GET /robots.txt HTTP/1.1" 200 192 "-" "Mozilla/5.0 (compatible; DotBot/1.1; http://www.opensiteexplorer.org/dotbot, help@moz.com)"
66.249.69.231 - - [18/Jul/2014:07:28:26 +0200] "GET /seiten/straman_kontakt.php HTTP/1.1" 200 9834 "-" "Mozilla/5.0 (iPhone; CPU iPhone OS 6_0 like Mac OS X) AppleWebKit/536.26 (KHTML, like Gecko) Version/6.0 Mobile/10A5376e Safari/8536.25 (compatible; Googlebot/2.1; +http://www.google.com/bot.html)"
46.114.36.177 - - [18/Jul/2014:08:34:37 +0200] "GET / HTTP/1.1" 200 8535 "-" "Mozilla/5.0 (Linux; Android 4.3; C6903 Build/14.2.A.0.290) AppleWebKit/537.36 (KHTML, like Gecko) Chrome/35.0.1916.122 Mobile Safari/537.36"
46.114.36.177 - - [18/Jul/2014:08:34:37 +0200] "GET /css/format.css HTTP/1.1" 200 8709 "http://www.straman.de/" "Mozilla/5.0 (Linux; Android 4.3; C6903 Build/14.2.A.0.290) AppleWebKit/537.36 (KHTML, like Gecko) Chrome/35.0.1916.122 Mobile Safari/537.36"
46.114.36.177 - - [18/Jul/2014:08:34:37 +0200] "GET /scripte/stra_scr.js HTTP/1.1" 200 1580 "http://www.straman.de/" "Mozilla/5.0 (Linux; Android 4.3; C6903 Build/14.2.A.0.290) AppleWebKit/537.36 (KHTML, like Gecko) Chrome/35.0.1916.122 Mobile Safari/537.36"
46.114.36.177 - - [18/Jul/2014:08:34:38 +0200] "GET /images/f_1-p.gif HTTP/1.1" 200 43 "http://www.straman.de/" "Mozilla/5.0 (Linux; Android 4.3; C6903 Build/14.2.A.0.290) AppleWebKit/537.36 (KHTML, like Gecko) Chrome/35.0.1916.122 Mobile Safari/537.36"
46.114.36.177 - - [18/Jul/2014:08:34:38 +0200] "GET /images/start_1.jpg HTTP/1.1" 200 6732 "http://www.straman.de/" "Mozilla/5.0 (Linux; Android 4.3; C6903 Build/14.2.A.0.290) AppleWebKit/537.36 (KHTML, like Gecko) Chrome/35.0.1916.122 Mobile Safari/537.36"
