68.180.224.174 - - [14/Jul/2014:09:41:25 +0200] "GET /seiten/sitemap.htm HTTP/1.1" 200 5431 "-" "Mozilla/5.0 (compatible; Yahoo! Slurp; http://help.yahoo.com/help/us/ysearch/slurp)"
68.180.224.174 - - [14/Jul/2014:09:41:34 +0200] "GET /seiten/straman_jobs.htm HTTP/1.1" 200 5214 "-" "Mozilla/5.0 (compatible; Yahoo! Slurp; http://help.yahoo.com/help/us/ysearch/slurp)"
66.249.78.240 - - [14/Jul/2014:09:42:28 +0200] "GET /component/user/register.html HTTP/1.1" 404 1256 "-" "Mozilla/5.0 (compatible; Googlebot/2.1; +http://www.google.com/bot.html)"
68.180.224.174 - - [14/Jul/2014:09:43:11 +0200] "GET /seiten/straman_aktuell.htm HTTP/1.1" 200 5933 "-" "Mozilla/5.0 (compatible; Yahoo! Slurp; http://help.yahoo.com/help/us/ysearch/slurp)"
66.249.78.247 - - [14/Jul/2014:09:48:28 +0200] "GET /component/content/article/34-garten-und-landschaftsbau/74-gewerbegruenpflege.html HTTP/1.1" 404 1256 "-" "Mozilla/5.0 (compatible; Googlebot/2.1; +http://www.google.com/bot.html)"
68.180.224.174 - - [14/Jul/2014:09:48:45 +0200] "GET /documents/grundstueckseigentuemer.pdf HTTP/1.1" 200 37437 "-" "Mozilla/5.0 (compatible; Yahoo! Slurp; http://help.yahoo.com/help/us/ysearch/slurp)"
68.180.224.174 - - [14/Jul/2014:09:51:13 +0200] "GET /seiten/strassenreinigung.htm HTTP/1.1" 200 7046 "-" "Mozilla/5.0 (compatible; Yahoo! Slurp; http://help.yahoo.com/help/us/ysearch/slurp)"
68.180.224.174 - - [14/Jul/2014:09:51:17 +0200] "GET /seiten/winterdienst.htm HTTP/1.1" 200 17245 "-" "Mozilla/5.0 (compatible; Yahoo! Slurp; http://help.yahoo.com/help/us/ysearch/slurp)"
66.249.78.233 - - [14/Jul/2014:10:00:28 +0200] "GET /downloadbereich.html HTTP/1.1" 404 1256 "-" "Mozilla/5.0 (compatible; Googlebot/2.1; +http://www.google.com/bot.html)"
66.249.78.240 - - [14/Jul/2014:10:18:28 +0200] "GET /seiten/straman_impr.htm HTTP/1.1" 304 - "-" "Mozilla/5.0 (compatible; Googlebot/2.1; +http://www.google.com/bot.html)"
157.55.39.12 - - [14/Jul/2014:10:32:13 +0200] "GET /index.php?option=com_forme&fid=2&Itemid=65 HTTP/1.1" 404 1256 "-" "Mozilla/5.0 (compatible; bingbot/2.0; +http://www.bing.com/bingbot.htm)"
208.115.113.87 - - [14/Jul/2014:11:00:16 +0200] "GET /index.php HTTP/1.1" 404 1256 "-" "Mozilla/5.0 (compatible; DotBot/1.1; http://www.opensiteexplorer.org/dotbot, help@moz.com)"
208.115.111.71 - - [14/Jul/2014:11:05:56 +0200] "GET /robots.txt HTTP/1.1" 200 192 "-" "Mozilla/5.0 (compatible; DotBot/1.1; http://www.opensiteexplorer.org/dotbot, help@moz.com)"
66.249.78.247 - - [14/Jul/2014:11:09:34 +0200] "GET /news/60-ihr-komplettdienstleister-rund-um-die-immobilie.html HTTP/1.1" 404 1256 "-" "Mozilla/5.0 (iPhone; CPU iPhone OS 6_0 like Mac OS X) AppleWebKit/536.26 (KHTML, like Gecko) Version/6.0 Mobile/10A5376e Safari/8536.25 (compatible; Googlebot/2.1; +http://www.google.com/bot.html)"
66.249.78.240 - - [14/Jul/2014:11:09:57 +0200] "GET /news/61-wir-begruessen-sie-auf-den-seiten-von-straman-ihren-komplettdienstleister-rund-um-die-immobilie.html HTTP/1.1" 404 1256 "-" "Mozilla/5.0 (iPhone; CPU iPhone OS 6_0 like Mac OS X) AppleWebKit/536.26 (KHTML, like Gecko) Version/6.0 Mobile/10A5376e Safari/8536.25 (compatible; Googlebot/2.1; +http://www.google.com/bot.html)"
83.149.126.98 - - [14/Jul/2014:11:13:34 +0200] "GET /robots.txt HTTP/1.0" 200 192 "-" "Mozilla/5.0 (compatible; MJ12bot/v1.4.5; http://www.majestic12.co.uk/bot.php?+)"
83.149.126.98 - - [14/Jul/2014:11:13:35 +0200] "GET / HTTP/1.0" 200 8535 "-" "Mozilla/5.0 (compatible; MJ12bot/v1.4.5; http://www.majestic12.co.uk/bot.php?+)"
192.168.10.10 - - [14/Jul/2014:11:16:46 +0200] "GET / HTTP/1.1" 200 8535 "-" "Mozilla/5.0 (Windows NT 6.3; WOW64; rv:30.0) Gecko/20100101 Firefox/30.0"
192.168.10.10 - - [14/Jul/2014:11:16:47 +0200] "GET /css/format.css HTTP/1.1" 200 8709 "http://www.straman.de/" "Mozilla/5.0 (Windows NT 6.3; WOW64; rv:30.0) Gecko/20100101 Firefox/30.0"
192.168.10.10 - - [14/Jul/2014:11:16:47 +0200] "GET /scripte/stra_scr.js HTTP/1.1" 200 1580 "http://www.straman.de/" "Mozilla/5.0 (Windows NT 6.3; WOW64; rv:30.0) Gecko/20100101 Firefox/30.0"
192.168.10.10 - - [14/Jul/2014:11:16:47 +0200] "GET /images/favicon.ico HTTP/1.1" 200 3638 "-" "Mozilla/5.0 (Windows NT 6.3; WOW64; rv:30.0) Gecko/20100101 Firefox/30.0"
192.168.10.10 - - [14/Jul/2014:11:16:47 +0200] "GET /images/logo_straman_neu.jpg HTTP/1.1" 200 19228 "http://www.straman.de/" "Mozilla/5.0 (Windows NT 6.3; WOW64; rv:30.0) Gecko/20100101 Firefox/30.0"
192.168.10.10 - - [14/Jul/2014:11:16:47 +0200] "GET /images/f_1-p.gif HTTP/1.1" 200 43 "http://www.straman.de/" "Mozilla/5.0 (Windows NT 6.3; WOW64; rv:30.0) Gecko/20100101 Firefox/30.0"
192.168.10.10 - - [14/Jul/2014:11:16:47 +0200] "GET /images/start_1.jpg HTTP/1.1" 200 6732 "http://www.straman.de/" "Mozilla/5.0 (Windows NT 6.3; WOW64; rv:30.0) Gecko/20100101 Firefox/30.0"
192.168.10.10 - - [14/Jul/2014:11:16:47 +0200] "GET /images/start_2.jpg HTTP/1.1" 200 8241 "http://www.straman.de/" "Mozilla/5.0 (Windows NT 6.3; WOW64; rv:30.0) Gecko/20100101 Firefox/30.0"
192.168.10.10 - - [14/Jul/2014:11:16:47 +0200] "GET /images/footer1_neu.gif HTTP/1.1" 200 58 "http://www.straman.de/css/format.css" "Mozilla/5.0 (Windows NT 6.3; WOW64; rv:30.0) Gecko/20100101 Firefox/30.0"
192.168.10.10 - - [14/Jul/2014:11:16:50 +0200] "GET /seiten/strassenreinigung.htm HTTP/1.1" 200 7046 "http://www.straman.de/" "Mozilla/5.0 (Windows NT 6.3; WOW64; rv:30.0) Gecko/20100101 Firefox/30.0"
192.168.10.10 - - [14/Jul/2014:11:16:50 +0200] "GET /images/besch_logo.jpg HTTP/1.1" 200 22062 "http://www.straman.de/seiten/strassenreinigung.htm" "Mozilla/5.0 (Windows NT 6.3; WOW64; rv:30.0) Gecko/20100101 Firefox/30.0"
192.168.10.10 - - [14/Jul/2014:11:16:50 +0200] "GET /images/nav1_1a.jpg HTTP/1.1" 200 30034 "http://www.straman.de/seiten/strassenreinigung.htm" "Mozilla/5.0 (Windows NT 6.3; WOW64; rv:30.0) Gecko/20100101 Firefox/30.0"
192.168.10.10 - - [14/Jul/2014:11:16:50 +0200] "GET /images/nav1_2.jpg HTTP/1.1" 200 6717 "http://www.straman.de/seiten/strassenreinigung.htm" "Mozilla/5.0 (Windows NT 6.3; WOW64; rv:30.0) Gecko/20100101 Firefox/30.0"
192.168.10.10 - - [14/Jul/2014:11:16:50 +0200] "GET /images/nav1_1.jpg HTTP/1.1" 200 9431 "http://www.straman.de/seiten/strassenreinigung.htm" "Mozilla/5.0 (Windows NT 6.3; WOW64; rv:30.0) Gecko/20100101 Firefox/30.0"
192.168.10.10 - - [14/Jul/2014:11:16:50 +0200] "GET /images/hacken.gif HTTP/1.1" 200 307 "http://www.straman.de/seiten/strassenreinigung.htm" "Mozilla/5.0 (Windows NT 6.3; WOW64; rv:30.0) Gecko/20100101 Firefox/30.0"
192.168.10.10 - - [14/Jul/2014:11:16:50 +0200] "GET /images/winkel.gif HTTP/1.1" 200 314 "http://www.straman.de/seiten/strassenreinigung.htm" "Mozilla/5.0 (Windows NT 6.3; WOW64; rv:30.0) Gecko/20100101 Firefox/30.0"
192.168.10.10 - - [14/Jul/2014:11:16:52 +0200] "GET /seiten/winterdienst.htm HTTP/1.1" 200 17245 "http://www.straman.de/seiten/strassenreinigung.htm" "Mozilla/5.0 (Windows NT 6.3; WOW64; rv:30.0) Gecko/20100101 Firefox/30.0"
192.168.10.10 - - [14/Jul/2014:11:16:52 +0200] "GET /images/nav2_1a.jpg HTTP/1.1" 200 33913 "http://www.straman.de/seiten/winterdienst.htm" "Mozilla/5.0 (Windows NT 6.3; WOW64; rv:30.0) Gecko/20100101 Firefox/30.0"
192.168.10.10 - - [14/Jul/2014:11:16:52 +0200] "GET /images/nav2_2a.jpg HTTP/1.1" 200 32913 "http://www.straman.de/seiten/winterdienst.htm" "Mozilla/5.0 (Windows NT 6.3; WOW64; rv:30.0) Gecko/20100101 Firefox/30.0"
192.168.10.10 - - [14/Jul/2014:11:16:52 +0200] "GET /images/nav2_1.jpg HTTP/1.1" 200 6962 "http://www.straman.de/seiten/winterdienst.htm" "Mozilla/5.0 (Windows NT 6.3; WOW64; rv:30.0) Gecko/20100101 Firefox/30.0"
192.168.10.10 - - [14/Jul/2014:11:16:52 +0200] "GET /images/nav2_2.jpg HTTP/1.1" 200 8057 "http://www.straman.de/seiten/winterdienst.htm" "Mozilla/5.0 (Windows NT 6.3; WOW64; rv:30.0) Gecko/20100101 Firefox/30.0"
192.168.10.10 - - [14/Jul/2014:11:16:52 +0200] "GET /images/pdf.gif HTTP/1.1" 200 214 "http://www.straman.de/seiten/winterdienst.htm" "Mozilla/5.0 (Windows NT 6.3; WOW64; rv:30.0) Gecko/20100101 Firefox/30.0"
192.168.10.10 - - [14/Jul/2014:11:16:53 +0200] "GET /seiten/gruenanlagenpflege.htm HTTP/1.1" 200 13533 "http://www.straman.de/seiten/winterdienst.htm" "Mozilla/5.0 (Windows NT 6.3; WOW64; rv:30.0) Gecko/20100101 Firefox/30.0"
192.168.10.10 - - [14/Jul/2014:11:16:53 +0200] "GET /images/nav3_1.jpg HTTP/1.1" 200 6891 "http://www.straman.de/seiten/gruenanlagenpflege.htm" "Mozilla/5.0 (Windows NT 6.3; WOW64; rv:30.0) Gecko/20100101 Firefox/30.0"
192.168.10.10 - - [14/Jul/2014:11:16:53 +0200] "GET /images/nav3_3.jpg HTTP/1.1" 200 24661 "http://www.straman.de/seiten/gruenanlagenpflege.htm" "Mozilla/5.0 (Windows NT 6.3; WOW64; rv:30.0) Gecko/20100101 Firefox/30.0"
192.168.10.10 - - [14/Jul/2014:11:16:53 +0200] "GET /images/nav3_4.jpg HTTP/1.1" 200 24093 "http://www.straman.de/seiten/gruenanlagenpflege.htm" "Mozilla/5.0 (Windows NT 6.3; WOW64; rv:30.0) Gecko/20100101 Firefox/30.0"
192.168.10.10 - - [14/Jul/2014:11:16:53 +0200] "GET /images/nav3_2.jpg HTTP/1.1" 200 7241 "http://www.straman.de/seiten/gruenanlagenpflege.htm" "Mozilla/5.0 (Windows NT 6.3; WOW64; rv:30.0) Gecko/20100101 Firefox/30.0"
192.168.10.10 - - [14/Jul/2014:11:16:54 +0200] "GET /seiten/straman_aktuell.htm HTTP/1.1" 200 5933 "http://www.straman.de/seiten/gruenanlagenpflege.htm" "Mozilla/5.0 (Windows NT 6.3; WOW64; rv:30.0) Gecko/20100101 Firefox/30.0"
192.168.10.10 - - [14/Jul/2014:11:16:54 +0200] "GET /images/nav4_1.jpg HTTP/1.1" 200 6241 "http://www.straman.de/seiten/straman_aktuell.htm" "Mozilla/5.0 (Windows NT 6.3; WOW64; rv:30.0) Gecko/20100101 Firefox/30.0"
192.168.10.10 - - [14/Jul/2014:11:16:54 +0200] "GET /images/nav4_2.jpg HTTP/1.1" 200 7407 "http://www.straman.de/seiten/straman_aktuell.htm" "Mozilla/5.0 (Windows NT 6.3; WOW64; rv:30.0) Gecko/20100101 Firefox/30.0"
192.168.10.10 - - [14/Jul/2014:11:16:54 +0200] "GET /seiten/straman_gesetze.htm HTTP/1.1" 200 5637 "http://www.straman.de/seiten/straman_aktuell.htm" "Mozilla/5.0 (Windows NT 6.3; WOW64; rv:30.0) Gecko/20100101 Firefox/30.0"
192.168.10.10 - - [14/Jul/2014:11:16:54 +0200] "GET /images/nav8_1.jpg HTTP/1.1" 200 8241 "http://www.straman.de/seiten/straman_gesetze.htm" "Mozilla/5.0 (Windows NT 6.3; WOW64; rv:30.0) Gecko/20100101 Firefox/30.0"
192.168.10.10 - - [14/Jul/2014:11:16:54 +0200] "GET /images/nav8_2.jpg HTTP/1.1" 200 6210 "http://www.straman.de/seiten/straman_gesetze.htm" "Mozilla/5.0 (Windows NT 6.3; WOW64; rv:30.0) Gecko/20100101 Firefox/30.0"
192.168.10.10 - - [14/Jul/2014:11:16:55 +0200] "GET /seiten/straman_jobs.htm HTTP/1.1" 200 5214 "http://www.straman.de/seiten/straman_gesetze.htm" "Mozilla/5.0 (Windows NT 6.3; WOW64; rv:30.0) Gecko/20100101 Firefox/30.0"
192.168.10.10 - - [14/Jul/2014:11:16:55 +0200] "GET /images/nav6_1.jpg HTTP/1.1" 200 9481 "http://www.straman.de/seiten/straman_jobs.htm" "Mozilla/5.0 (Windows NT 6.3; WOW64; rv:30.0) Gecko/20100101 Firefox/30.0"
192.168.10.10 - - [14/Jul/2014:11:16:55 +0200] "GET /seiten/straman_kontakt.php HTTP/1.1" 200 9834 "http://www.straman.de/seiten/straman_jobs.htm" "Mozilla/5.0 (Windows NT 6.3; WOW64; rv:30.0) Gecko/20100101 Firefox/30.0"
192.168.10.10 - - [14/Jul/2014:11:16:55 +0200] "GET /images/nav7_1.jpg HTTP/1.1" 200 7067 "http://www.straman.de/seiten/straman_kontakt.php" "Mozilla/5.0 (Windows NT 6.3; WOW64; rv:30.0) Gecko/20100101 Firefox/30.0"
192.168.10.10 - - [14/Jul/2014:11:16:55 +0200] "GET /images/nav7_2.jpg HTTP/1.1" 200 6481 "http://www.straman.de/seiten/straman_kontakt.php" "Mozilla/5.0 (Windows NT 6.3; WOW64; rv:30.0) Gecko/20100101 Firefox/30.0"
192.168.10.10 - - [14/Jul/2014:11:16:56 +0200] "GET /seiten/straman_impr.htm HTTP/1.1" 200 5731 "http://www.straman.de/seiten/straman_kontakt.php" "Mozilla/5.0 (Windows NT 6.3; WOW64; rv:30.0) Gecko/20100101 Firefox/30.0"
192.168.10.10 - - [14/Jul/2014:11:17:30 +0200] "GET /seiten/straman_kontakt.php HTTP/1.1" 200 9834 "http://www.straman.de/seiten/straman_jobs.htm" "Mozilla/5.0 (Windows NT 6.3; WOW64; rv:30.0) Gecko/20100101 Firefox/30.0"
192.168.10.10 - - [14/Jul/2014:11:17:38 +0200] "GET /seiten/straman_kontakt.php HTTP/1.1" 200 9834 "http://www.straman.de/seiten/straman_impr.htm" "Mozilla/5.0 (Windows NT 6.3; WOW64; rv:30.0) Gecko/20100101 Firefox/30.0"
66.249.78.233 - - [14/Jul/2014:11:18:17 +0200] "GET /servicebereiche/strassenreinigung.html HTTP/1.1" 404 1256 "-" "Mozilla/5.0 (iPhone; CPU iPhone OS 6_0 like Mac OS X) AppleWebKit/536.26 (KHTML, like Gecko) Version/6.0 Mobile/10A5376e Safari/8536.25 (compatible; Googlebot/2.1; +http://www.google.com/bot.html)"
92.227.228.188 - - [14/Jul/2014:11:24:15 +0200] "GET / HTTP/1.1" 200 8535 "http://www.besch-rent.de/standorte.html" "Mozilla/5.0 (iPad; CPU OS 7_1_1 like Mac OS X) AppleWebKit/537.51.2 (KHTML, like Gecko) Version/7.0 Mobile/11D201 Safari/9537.53"
92.227.228.188 - - [14/Jul/2014:11:24:15 +0200] "GET /css/format.css HTTP/1.1" 200 8709 "http://www.straman.de/" "Mozilla/5.0 (iPad; CPU OS 7_1_1 like Mac OS X) AppleWebKit/537.51.2 (KHTML, like Gecko) Version/7.0 Mobile/11D201 Safari/9537.53"
92.227.228.188 - - [14/Jul/2014:11:24:15 +0200] "GET /scripte/stra_scr.js HTTP/1.1" 200 1580 "http://www.straman.de/" "Mozilla/5.0 (iPad; CPU OS 7_1_1 like Mac OS X) AppleWebKit/537.51.2 (KHTML, like Gecko) Version/7.0 Mobile/11D201 Safari/9537.53"
92.227.228.188 - - [14/Jul/2014:11:24:15 +0200] "GET /images/f_1-p.gif HTTP/1.1" 200 43 "http://www.straman.de/" "Mozilla/5.0 (iPad; CPU OS 7_1_1 like Mac OS X) AppleWebKit/537.51.2 (KHTML, like Gecko) Version/7.0 Mobile/11D201 Safari/9537.53"
92.227.228.188 - - [14/Jul/2014:11:24:15 +0200] "GET /images/footer1_neu.gif HTTP/1.1" 200 58 "http://www.straman.de/" "Mozilla/5.0 (iPad; CPU OS 7_1_1 like Mac OS X) AppleWebKit/537.51.2 (KHTML, like Gecko) Version/7.0 Mobile/11D201 Safari/9537.53"
92.227.228.188 - - [14/Jul/2014:11:24:15 +0200] "GET /images/logo_straman_neu.jpg HTTP/1.1" 200 19228 "http://www.straman.de/" "Mozilla/5.0 (iPad; CPU OS 7_1_1 like Mac OS X) AppleWebKit/537.51.2 (KHTML, like Gecko) Version/7.0 Mobile/11D201 Safari/9537.53"
92.227.228.188 - - [14/Jul/2014:11:24:15 +0200] "GET /images/start_2.jpg HTTP/1.1" 200 8241 "http://www.straman.de/" "Mozilla/5.0 (iPad; CPU OS 7_1_1 like Mac OS X) AppleWebKit/537.51.2 (KHTML, like Gecko) Version/7.0 Mobile/11D201 Safari/9537.53"
92.227.228.188 - - [14/Jul/2014:11:24:15 +0200] "GET /images/start_1.jpg HTTP/1.1" 200 6732 "http://www.straman.de/" "Mozilla/5.0 (iPad; CPU OS 7_1_1 like Mac OS X) AppleWebKit/537.51.2 (KHTML, like Gecko) Version/7.0 Mobile/11D201 Safari/9537.53"
66.249.78.240 - - [14/Jul/2014:11:24:29 +0200] "GET /unternehmen/imagevideo-straman.html HTTP/1.1" 404 1256 "-" "Mozilla/5.0 (compatible; Googlebot/2.1; +http://www.google.com/bot.html)"
66.249.78.233 - - [14/Jul/2014:12:06:30 +0200] "GET /servicebereiche/uebersichtgebaeudemanagement/58.html HTTP/1.1" 404 1256 "-" "Mozilla/5.0 (compatible; Googlebot/2.1; +http://www.google.com/bot.html)"
66.249.78.247 - - [14/Jul/2014:12:08:10 +0200] "GET /unternehmen/standorte/58.html HTTP/1.1" 404 1256 "-" "Mozilla/5.0 (compatible; Googlebot/2.1; +http://www.google.com/bot.html)"
66.249.78.247 - - [14/Jul/2014:12:18:30 +0200] "GET /servicebereiche/uebersichtgebaeudemanagement/gebaeudemanagement/58.html HTTP/1.1" 404 1256 "-" "Mozilla/5.0 (compatible; Googlebot/2.1; +http://www.google.com/bot.html)"
66.249.78.233 - - [14/Jul/2014:12:24:30 +0200] "GET /servicebereiche/strassenreinigung/58.html HTTP/1.1" 404 1256 "-" "Mozilla/5.0 (compatible; Googlebot/2.1; +http://www.google.com/bot.html)"
207.46.13.22 - - [14/Jul/2014:12:24:48 +0200] "GET /kontakt.html HTTP/1.1" 404 1256 "-" "Mozilla/5.0 (compatible; bingbot/2.0; +http://www.bing.com/bingbot.htm)"
66.249.78.240 - - [14/Jul/2014:12:30:30 +0200] "GET /component/content/article/68.html HTTP/1.1" 404 1256 "-" "Mozilla/5.0 (compatible; Googlebot/2.1; +http://www.google.com/bot.html)"
141.8.147.12 - - [14/Jul/2014:12:53:42 +0200] "GET /robots.txt HTTP/1.1" 200 192 "-" "Mozilla/5.0 (compatible; YandexBot/3.0; +http://yandex.com/bots)"
144.76.137.226 - - [14/Jul/2014:13:01:20 +0200] "GET /robots.txt HTTP/1.0" 200 192 "-" "Mozilla/5.0 (compatible; MJ12bot/v1.4.5; http://www.majestic12.co.uk/bot.php?+)"
144.76.137.226 - - [14/Jul/2014:13:01:31 +0200] "GET /servicebereiche/winterdienst/58-sitemap.html?tmpl=component&print=1&page= HTTP/1.0" 404 1256 "-" "Mozilla/5.0 (compatible; MJ12bot/v1.4.5; http://www.majestic12.co.uk/bot.php?+)"
208.115.113.87 - - [14/Jul/2014:13:01:47 +0200] "GET /robots.txt HTTP/1.1" 200 192 "-" "Mozilla/5.0 (compatible; DotBot/1.1; http://www.opensiteexplorer.org/dotbot, help@moz.com)"
208.115.111.71 - - [14/Jul/2014:13:02:32 +0200] "GET /news/58.html HTTP/1.1" 404 1256 "-" "Mozilla/5.0 (compatible; DotBot/1.1; http://www.opensiteexplorer.org/dotbot, help@moz.com)"
66.249.78.240 - - [14/Jul/2014:13:16:07 +0200] "GET /robots.txt HTTP/1.1" 200 192 "-" "Mozilla/5.0 (compatible; Googlebot/2.1; +http://www.google.com/bot.html)"
66.249.78.247 - - [14/Jul/2014:13:16:07 +0200] "GET /unternehmen/partner.html HTTP/1.1" 404 1256 "-" "Mozilla/5.0 (compatible; Googlebot/2.1; +http://www.google.com/bot.html)"
62.210.215.100 - - [14/Jul/2014:13:19:47 +0200] "GET /news.feed?type=rss HTTP/1.1" 404 1256 "-" "Mozilla/5.0 (X11; Linux i686) AppleWebKit/537.36 (KHTML, like Gecko) Chrome/30.0.1599.66 Safari/537.36"
66.249.78.232 - - [14/Jul/2014:13:30:31 +0200] "GET /news/58.html HTTP/1.1" 404 1256 "-" "Mozilla/5.0 (compatible; Googlebot/2.1; +http://www.google.com/bot.html)"
66.249.78.246 - - [14/Jul/2014:13:37:43 +0200] "GET /servicebereiche/gruenanlagenpflege/gewerbegruenpflege/58.html HTTP/1.1" 404 1256 "-" "Mozilla/5.0 (compatible; Googlebot/2.1; +http://www.google.com/bot.html)"
141.8.147.12 - - [14/Jul/2014:13:37:50 +0200] "GET /index.php HTTP/1.1" 404 1256 "-" "Mozilla/5.0 (compatible; YandexBot/3.0; +http://yandex.com/bots)"
80.187.102.134 - - [14/Jul/2014:13:38:55 +0200] "GET /administrator HTTP/1.1" 404 1256 "-" "Mozilla/5.0 (Macintosh; Intel Mac OS X 10_9_4) AppleWebKit/537.77.4 (KHTML, like Gecko) Version/1.0 Safari/1"
66.249.78.246 - - [14/Jul/2014:13:44:55 +0200] "GET /component/content/frontpage.html HTTP/1.1" 404 1256 "-" "Mozilla/5.0 (compatible; Googlebot/2.1; +http://www.google.com/bot.html)"
88.198.56.239 - - [14/Jul/2014:13:47:21 +0200] "GET /unternehmen/impressum.html HTTP/1.1" 404 1256 "-" "Mozilla/5.0 (Windows NT 6.1; de;rv:12.0) Gecko/20120403211507 Firefox/12.0"
77.87.224.99 - - [14/Jul/2014:13:48:09 +0200] "GET / HTTP/1.1" 200 8535 "http://www.google.de/url?sa=t&rct=j&q=&esrc=s&source=web&cd=1&ved=0CCIQFjAA&url=http%3A%2F%2Fwww.straman.de%2F&ei=RMPDU4nzC8-N4gS6z4CoCg&usg=AFQjCNEpeUQQKOp_93iUUo8XSnpqrpjMzA&bvm=bv.70810081,d.bGE" "Mozilla/5.0 (Windows NT 6.1; WOW64; rv:24.0) Gecko/20100101 Firefox/24.0"
77.87.224.99 - - [14/Jul/2014:13:48:09 +0200] "GET /css/format.css HTTP/1.1" 200 8709 "http://www.straman.de/" "Mozilla/5.0 (Windows NT 6.1; WOW64; rv:24.0) Gecko/20100101 Firefox/24.0"
77.87.224.99 - - [14/Jul/2014:13:48:09 +0200] "GET /images/favicon.ico HTTP/1.1" 200 3638 "-" "Mozilla/5.0 (Windows NT 6.1; WOW64; rv:24.0) Gecko/20100101 Firefox/24.0"
77.87.224.99 - - [14/Jul/2014:13:48:09 +0200] "GET /scripte/stra_scr.js HTTP/1.1" 200 1580 "http://www.straman.de/" "Mozilla/5.0 (Windows NT 6.1; WOW64; rv:24.0) Gecko/20100101 Firefox/24.0"
77.87.224.99 - - [14/Jul/2014:13:48:09 +0200] "GET /images/logo_straman_neu.jpg HTTP/1.1" 200 19228 "http://www.straman.de/" "Mozilla/5.0 (Windows NT 6.1; WOW64; rv:24.0) Gecko/20100101 Firefox/24.0"
77.87.224.99 - - [14/Jul/2014:13:48:09 +0200] "GET /images/start_1.jpg HTTP/1.1" 200 6732 "http://www.straman.de/" "Mozilla/5.0 (Windows NT 6.1; WOW64; rv:24.0) Gecko/20100101 Firefox/24.0"
77.87.224.99 - - [14/Jul/2014:13:48:09 +0200] "GET /images/f_1-p.gif HTTP/1.1" 200 43 "http://www.straman.de/" "Mozilla/5.0 (Windows NT 6.1; WOW64; rv:24.0) Gecko/20100101 Firefox/24.0"
77.87.224.99 - - [14/Jul/2014:13:48:09 +0200] "GET /images/start_2.jpg HTTP/1.1" 200 8241 "http://www.straman.de/" "Mozilla/5.0 (Windows NT 6.1; WOW64; rv:24.0) Gecko/20100101 Firefox/24.0"
77.87.224.99 - - [14/Jul/2014:13:48:09 +0200] "GET /images/footer1_neu.gif HTTP/1.1" 200 58 "http://www.straman.de/css/format.css" "Mozilla/5.0 (Windows NT 6.1; WOW64; rv:24.0) Gecko/20100101 Firefox/24.0"
77.87.224.99 - - [14/Jul/2014:13:48:20 +0200] "GET /favicon.ico HTTP/1.1" 404 1256 "-" "Mozilla/5.0 (Windows NT 6.1; WOW64; rv:24.0) Gecko/20100101 Firefox/24.0"
77.87.224.99 - - [14/Jul/2014:13:48:20 +0200] "GET /favicon.ico HTTP/1.1" 404 1256 "-" "Mozilla/5.0 (Windows NT 6.1; WOW64; rv:24.0) Gecko/20100101 Firefox/24.0"
77.87.224.99 - - [14/Jul/2014:13:48:26 +0200] "GET /seiten/straman_impr.htm HTTP/1.1" 200 5731 "http://www.straman.de/" "Mozilla/5.0 (Windows NT 6.1; WOW64; rv:24.0) Gecko/20100101 Firefox/24.0"
77.87.224.99 - - [14/Jul/2014:13:48:26 +0200] "GET /images/nav8_2.jpg HTTP/1.1" 200 6210 "http://www.straman.de/seiten/straman_impr.htm" "Mozilla/5.0 (Windows NT 6.1; WOW64; rv:24.0) Gecko/20100101 Firefox/24.0"
77.87.224.99 - - [14/Jul/2014:13:48:26 +0200] "GET /images/nav8_1.jpg HTTP/1.1" 200 8241 "http://www.straman.de/seiten/straman_impr.htm" "Mozilla/5.0 (Windows NT 6.1; WOW64; rv:24.0) Gecko/20100101 Firefox/24.0"
66.249.78.246 - - [14/Jul/2014:13:52:07 +0200] "GET /news.html?start=5 HTTP/1.1" 404 1256 "-" "Mozilla/5.0 (compatible; Googlebot/2.1; +http://www.google.com/bot.html)"
66.249.78.232 - - [14/Jul/2014:13:59:19 +0200] "GET /servicebereiche/gruenanlagenpflege/privatgartenpflege.html HTTP/1.1" 404 1256 "-" "Mozilla/5.0 (compatible; Googlebot/2.1; +http://www.google.com/bot.html)"
66.249.78.232 - - [14/Jul/2014:14:06:31 +0200] "GET /unternehmen/jobs/58.html HTTP/1.1" 404 1256 "-" "Mozilla/5.0 (compatible; Googlebot/2.1; +http://www.google.com/bot.html)"
66.249.78.232 - - [14/Jul/2014:14:13:43 +0200] "GET /component/forme/?fid=2 HTTP/1.1" 404 1256 "-" "Mozilla/5.0 (compatible; Googlebot/2.1; +http://www.google.com/bot.html)"
208.115.113.87 - - [14/Jul/2014:15:03:05 +0200] "GET /servicebereiche/uebersichtgebaeudemanagement.html HTTP/1.1" 404 1256 "-" "Mozilla/5.0 (compatible; DotBot/1.1; http://www.opensiteexplorer.org/dotbot, help@moz.com)"
208.115.111.71 - - [14/Jul/2014:15:07:37 +0200] "GET /robots.txt HTTP/1.1" 200 192 "-" "Mozilla/5.0 (compatible; DotBot/1.1; http://www.opensiteexplorer.org/dotbot, help@moz.com)"
66.249.78.246 - - [14/Jul/2014:15:25:44 +0200] "GET /component/user/reset.html HTTP/1.1" 404 1256 "-" "Mozilla/5.0 (compatible; Googlebot/2.1; +http://www.google.com/bot.html)"
157.55.39.12 - - [14/Jul/2014:15:43:29 +0200] "GET /seiten/straman_aktuell.htm HTTP/1.1" 200 5933 "-" "Mozilla/5.0 (compatible; bingbot/2.0; +http://www.bing.com/bingbot.htm)"
66.249.88.77 - - [14/Jul/2014:15:58:13 +0200] "GET / HTTP/1.1" 200 8535 "http://www.google.de/url?sa=t&rct=j&q=&esrc=s&source=web&cd=1&ved=0CCQQFjAG&url=http%3A%2F%2Fwww.straman.de%2F&ei=W-HDU972OZ_ZhALjwQE&usg=AFQjCNEpeUQQKOp_93iUUo8XSnpqrpjMzA" "Mozilla/4.0 (compatible; MSIE 8.0; Windows NT 6.1; Trident/4.0)"
66.249.88.77 - - [14/Jul/2014:15:58:14 +0200] "GET /scripte/stra_scr.js HTTP/1.1" 200 1580 "http://www.straman.de/" "Mozilla/4.0 (compatible; MSIE 8.0; Windows NT 6.1; Trident/4.0)"
66.249.88.77 - - [14/Jul/2014:15:58:14 +0200] "GET /css/format.css HTTP/1.1" 200 8709 "http://www.straman.de/" "Mozilla/4.0 (compatible; MSIE 8.0; Windows NT 6.1; Trident/4.0)"
66.249.88.77 - - [14/Jul/2014:15:58:17 +0200] "GET /css/format_ie.css HTTP/1.1" 200 6492 "http://www.straman.de/" "Mozilla/4.0 (compatible; MSIE 8.0; Windows NT 6.1; Trident/4.0)"
66.249.88.77 - - [14/Jul/2014:15:58:17 +0200] "GET /images/logo_straman_neu.jpg HTTP/1.1" 200 19228 "http://www.straman.de/" "Mozilla/4.0 (compatible; MSIE 8.0; Windows NT 6.1; Trident/4.0)"
66.249.88.77 - - [14/Jul/2014:15:58:17 +0200] "GET /images/start_1.jpg HTTP/1.1" 200 6732 "http://www.straman.de/" "Mozilla/4.0 (compatible; MSIE 8.0; Windows NT 6.1; Trident/4.0)"
66.249.88.77 - - [14/Jul/2014:15:58:17 +0200] "GET /images/f_1-p.gif HTTP/1.1" 200 43 "http://www.straman.de/" "Mozilla/4.0 (compatible; MSIE 8.0; Windows NT 6.1; Trident/4.0)"
66.249.88.77 - - [14/Jul/2014:15:58:17 +0200] "GET /images/start_2.jpg HTTP/1.1" 200 8241 "http://www.straman.de/" "Mozilla/4.0 (compatible; MSIE 8.0; Windows NT 6.1; Trident/4.0)"
66.249.88.77 - - [14/Jul/2014:15:58:18 +0200] "GET /images/footer1_neu.gif HTTP/1.1" 200 58 "http://www.straman.de/" "Mozilla/4.0 (compatible; MSIE 8.0; Windows NT 6.1; Trident/4.0)"
66.249.88.77 - - [14/Jul/2014:15:58:19 +0200] "GET /images/favicon.ico HTTP/1.1" 200 3638 "-" "Mozilla/4.0 (compatible; MSIE 8.0; Windows NT 6.1; Trident/4.0)"
93.220.81.168 - - [14/Jul/2014:16:11:05 +0200] "GET /templates/gk_penguinmail/favicon.ico HTTP/1.1" 404 1256 "-" "Mozilla/5.0 (Windows NT 6.1; WOW64; rv:30.0) Gecko/20100101 Firefox/30.0"
93.220.81.168 - - [14/Jul/2014:16:13:53 +0200] "GET /templates/gk_penguinmail/favicon.ico HTTP/1.1" 404 1256 "-" "Mozilla/5.0 (Windows NT 6.1; WOW64; rv:30.0) Gecko/20100101 Firefox/30.0"
93.220.81.168 - - [14/Jul/2014:16:14:30 +0200] "GET /templates/gk_penguinmail/favicon.ico HTTP/1.1" 404 1256 "-" "Mozilla/5.0 (Windows NT 6.1; WOW64; rv:30.0) Gecko/20100101 Firefox/30.0"
207.46.13.22 - - [14/Jul/2014:16:15:59 +0200] "GET /servicebereiche/winterdienst/gewerbliche-kunden.html HTTP/1.1" 404 1256 "-" "Mozilla/5.0 (compatible; bingbot/2.0; +http://www.bing.com/bingbot.htm)"
93.220.81.168 - - [14/Jul/2014:16:25:21 +0200] "GET /templates/gk_penguinmail/favicon.ico HTTP/1.1" 404 1256 "-" "Mozilla/5.0 (Windows NT 6.1; WOW64; rv:30.0) Gecko/20100101 Firefox/30.0"
217.160.127.250 - - [14/Jul/2014:16:29:00 +0200] "GET / HTTP/1.1" 200 8535 "-" "Mozilla/5.0 (Windows NT 6.1; WOW64; rv:24.0) Gecko/20100101 Firefox/24.0"
217.160.127.250 - - [14/Jul/2014:16:29:00 +0200] "GET /css/format.css HTTP/1.1" 200 8709 "http://www.straman.de/" "Mozilla/5.0 (Windows NT 6.1; WOW64; rv:24.0) Gecko/20100101 Firefox/24.0"
217.160.127.250 - - [14/Jul/2014:16:29:00 +0200] "GET /scripte/stra_scr.js HTTP/1.1" 200 1580 "http://www.straman.de/" "Mozilla/5.0 (Windows NT 6.1; WOW64; rv:24.0) Gecko/20100101 Firefox/24.0"
217.160.127.250 - - [14/Jul/2014:16:29:00 +0200] "GET /images/favicon.ico HTTP/1.1" 200 3638 "-" "Mozilla/5.0 (Windows NT 6.1; WOW64; rv:24.0) Gecko/20100101 Firefox/24.0"
217.160.127.250 - - [14/Jul/2014:16:29:00 +0200] "GET /images/logo_straman_neu.jpg HTTP/1.1" 200 19228 "http://www.straman.de/" "Mozilla/5.0 (Windows NT 6.1; WOW64; rv:24.0) Gecko/20100101 Firefox/24.0"
217.160.127.250 - - [14/Jul/2014:16:29:00 +0200] "GET /images/f_1-p.gif HTTP/1.1" 200 43 "http://www.straman.de/" "Mozilla/5.0 (Windows NT 6.1; WOW64; rv:24.0) Gecko/20100101 Firefox/24.0"
217.160.127.250 - - [14/Jul/2014:16:29:00 +0200] "GET /images/start_2.jpg HTTP/1.1" 200 8241 "http://www.straman.de/" "Mozilla/5.0 (Windows NT 6.1; WOW64; rv:24.0) Gecko/20100101 Firefox/24.0"
217.160.127.250 - - [14/Jul/2014:16:29:00 +0200] "GET /images/start_1.jpg HTTP/1.1" 200 6732 "http://www.straman.de/" "Mozilla/5.0 (Windows NT 6.1; WOW64; rv:24.0) Gecko/20100101 Firefox/24.0"
217.160.127.250 - - [14/Jul/2014:16:29:01 +0200] "GET /images/footer1_neu.gif HTTP/1.1" 200 58 "http://www.straman.de/css/format.css" "Mozilla/5.0 (Windows NT 6.1; WOW64; rv:24.0) Gecko/20100101 Firefox/24.0"
208.115.111.71 - - [14/Jul/2014:17:04:10 +0200] "GET /unternehmen/historie/58.html HTTP/1.1" 404 1256 "-" "Mozilla/5.0 (compatible; DotBot/1.1; http://www.opensiteexplorer.org/dotbot, help@moz.com)"
144.76.163.48 - - [14/Jul/2014:17:06:20 +0200] "GET /unternehmen/impressum.html HTTP/1.1" 404 1256 "-" "Mozilla/5.0 (compatible; MSIE 10.0; Windows NT 6.1; Trident/6.0)"
62.210.215.100 - - [14/Jul/2014:17:40:22 +0200] "GET /index.php?format=feed&type=rss HTTP/1.1" 404 1256 "-" "Mozilla/5.0 (X11; Linux i686) AppleWebKit/537.36 (KHTML, like Gecko) Chrome/30.0.1599.66 Safari/537.36"
93.220.81.168 - - [14/Jul/2014:17:41:24 +0200] "GET /templates/gk_penguinmail/favicon.ico HTTP/1.1" 404 1256 "-" "Mozilla/5.0 (Windows NT 6.1; WOW64; rv:30.0) Gecko/20100101 Firefox/30.0"
66.249.78.246 - - [14/Jul/2014:17:49:47 +0200] "GET /images/strassenreinigungssatzung%20bernau%202010-12-16.pdf HTTP/1.1" 404 1256 "-" "Mozilla/5.0 (compatible; Googlebot/2.1; +http://www.google.com/bot.html)"
207.46.13.52 - - [14/Jul/2014:18:04:41 +0200] "GET / HTTP/1.1" 200 8535 "-" "Mozilla/5.0 (compatible; bingbot/2.0; +http://www.bing.com/bingbot.htm)"
66.249.78.239 - - [14/Jul/2014:18:11:22 +0200] "GET /news/78-todt.html HTTP/1.1" 404 1256 "-" "Mozilla/5.0 (compatible; Googlebot/2.1; +http://www.google.com/bot.html)"
93.220.81.168 - - [14/Jul/2014:18:15:46 +0200] "GET /templates/gk_penguinmail/favicon.ico HTTP/1.1" 404 1256 "-" "Mozilla/5.0 (Windows NT 6.1; WOW64; rv:30.0) Gecko/20100101 Firefox/30.0"
93.220.81.168 - - [14/Jul/2014:18:39:41 +0200] "GET /templates/gk_penguinmail/favicon.ico HTTP/1.1" 404 1256 "-" "Mozilla/5.0 (Windows NT 6.1; WOW64; rv:30.0) Gecko/20100101 Firefox/30.0"
93.220.81.168 - - [14/Jul/2014:18:45:54 +0200] "GET /templates/gk_penguinmail/favicon.ico HTTP/1.1" 404 1256 "-" "Mozilla/5.0 (Windows NT 6.1; WOW64; rv:30.0) Gecko/20100101 Firefox/30.0"
93.220.81.168 - - [14/Jul/2014:19:05:19 +0200] "GET /templates/gk_penguinmail/favicon.ico HTTP/1.1" 404 1256 "-" "Mozilla/5.0 (Windows NT 6.1; WOW64; rv:30.0) Gecko/20100101 Firefox/30.0"
66.249.81.27 - - [14/Jul/2014:19:12:20 +0200] "GET / HTTP/1.1" 200 8535 "-" "Mozilla/5.0 (Windows NT 6.1; rv:6.0) Gecko/20110814 Firefox/6.0 Google favicon"
66.249.81.27 - - [14/Jul/2014:19:12:20 +0200] "GET /images/favicon.ico HTTP/1.1" 200 3638 "-" "Mozilla/5.0 (Windows NT 6.1; rv:6.0) Gecko/20110814 Firefox/6.0 Google favicon"
93.220.81.168 - - [14/Jul/2014:19:19:08 +0200] "GET /templates/gk_penguinmail/favicon.ico HTTP/1.1" 404 1256 "-" "Mozilla/5.0 (Windows NT 6.1; WOW64; rv:30.0) Gecko/20100101 Firefox/30.0"
93.220.81.168 - - [14/Jul/2014:19:32:39 +0200] "GET /templates/gk_penguinmail/favicon.ico HTTP/1.1" 404 1256 "-" "Mozilla/5.0 (Windows NT 6.1; WOW64; rv:30.0) Gecko/20100101 Firefox/30.0"
79.116.31.255 - - [14/Jul/2014:20:04:06 +0200] "GET / HTTP/1.1" 200 8535 "-" "Java/1.7.0_55"
79.116.31.255 - - [14/Jul/2014:20:04:06 +0200] "GET /robots.txt HTTP/1.1" 200 192 "-" "Java/1.7.0_55"
79.116.31.255 - - [14/Jul/2014:20:04:06 +0200] "GET /\" + gaJsHost + \"google-analytics.com/ga.js HTTP/1.1" 404 1256 "-" "Java/1.7.0_55"
79.116.31.255 - - [14/Jul/2014:20:04:06 +0200] "GET /scripte/stra_scr.js HTTP/1.1" 200 1580 "-" "Java/1.7.0_55"
79.116.31.255 - - [14/Jul/2014:20:04:06 +0200] "GET /seiten/gruenanlagenpflege.htm HTTP/1.1" 200 13533 "-" "Java/1.7.0_55"
79.116.31.255 - - [14/Jul/2014:20:04:06 +0200] "GET /seiten/sitemap.htm HTTP/1.1" 200 5431 "-" "Java/1.7.0_55"
79.116.31.255 - - [14/Jul/2014:20:04:06 +0200] "GET /seiten/straman_aktuell.htm HTTP/1.1" 200 5933 "-" "Java/1.7.0_55"
79.116.31.255 - - [14/Jul/2014:20:04:06 +0200] "GET /seiten/straman_gesetze.htm HTTP/1.1" 200 5637 "-" "Java/1.7.0_55"
79.116.31.255 - - [14/Jul/2014:20:04:06 +0200] "GET /seiten/straman_impr.htm HTTP/1.1" 200 5731 "-" "Java/1.7.0_55"
79.116.31.255 - - [14/Jul/2014:20:04:07 +0200] "GET /seiten/straman_jobs.htm HTTP/1.1" 200 5214 "-" "Java/1.7.0_55"
79.116.31.255 - - [14/Jul/2014:20:04:07 +0200] "GET /seiten/straman_kontakt.php HTTP/1.1" 200 9834 "-" "Java/1.7.0_55"
79.116.31.255 - - [14/Jul/2014:20:04:07 +0200] "GET /seiten/strassenreinigung.htm HTTP/1.1" 200 7046 "-" "Java/1.7.0_55"
79.116.31.255 - - [14/Jul/2014:20:04:07 +0200] "GET /seiten/winterdienst.htm HTTP/1.1" 200 17245 "-" "Java/1.7.0_55"
79.116.31.255 - - [14/Jul/2014:20:04:07 +0200] "GET /seiten/karte.htm HTTP/1.1" 200 2099 "-" "Java/1.7.0_55"
79.116.31.255 - - [14/Jul/2014:20:04:07 +0200] "GET /seiten/\" + gaJsHost + \"google-analytics.com/ga.js HTTP/1.1" 404 1256 "-" "Java/1.7.0_55"
66.249.78.239 - - [14/Jul/2014:20:38:17 +0200] "GET /news.html HTTP/1.1" 404 1256 "-" "Mozilla/5.0 (compatible; Googlebot/2.1; +http://www.google.com/bot.html)"
93.220.81.168 - - [14/Jul/2014:20:52:53 +0200] "GET /templates/gk_penguinmail/favicon.ico HTTP/1.1" 404 1256 "-" "Mozilla/5.0 (Windows NT 6.1; WOW64; rv:30.0) Gecko/20100101 Firefox/30.0"
93.220.81.168 - - [14/Jul/2014:20:53:13 +0200] "GET /templates/gk_penguinmail/favicon.ico HTTP/1.1" 404 1256 "-" "Mozilla/5.0 (Windows NT 6.1; WOW64; rv:30.0) Gecko/20100101 Firefox/30.0"
93.220.81.168 - - [14/Jul/2014:20:57:27 +0200] "GET /templates/gk_penguinmail/favicon.ico HTTP/1.1" 404 1256 "-" "Mozilla/5.0 (Windows NT 6.1; WOW64; rv:30.0) Gecko/20100101 Firefox/30.0"
93.220.81.168 - - [14/Jul/2014:21:28:12 +0200] "GET /templates/gk_penguinmail/favicon.ico HTTP/1.1" 404 1256 "-" "Mozilla/5.0 (Windows NT 6.1; WOW64; rv:30.0) Gecko/20100101 Firefox/30.0"
93.220.81.168 - - [14/Jul/2014:21:38:31 +0200] "GET /templates/gk_penguinmail/favicon.ico HTTP/1.1" 404 1256 "-" "Mozilla/5.0 (Windows NT 6.1; WOW64; rv:30.0) Gecko/20100101 Firefox/30.0"
93.220.81.168 - - [14/Jul/2014:22:20:03 +0200] "GET /templates/gk_penguinmail/favicon.ico HTTP/1.1" 404 1256 "-" "Mozilla/5.0 (Windows NT 6.1; WOW64; rv:30.0) Gecko/20100101 Firefox/30.0"
68.180.224.174 - - [14/Jul/2014:22:52:50 +0200] "GET /SlurpConfirm404/eksamensoppgaver.htm HTTP/1.1" 404 1256 "-" "Mozilla/5.0 (compatible; Yahoo! Slurp; http://help.yahoo.com/help/us/ysearch/slurp)"
208.115.111.71 - - [14/Jul/2014:23:06:00 +0200] "GET /robots.txt HTTP/1.1" 200 192 "-" "Mozilla/5.0 (compatible; DotBot/1.1; http://www.opensiteexplorer.org/dotbot, help@moz.com)"
93.220.81.168 - - [14/Jul/2014:23:06:05 +0200] "GET /templates/gk_penguinmail/favicon.ico HTTP/1.1" 404 1256 "-" "Mozilla/5.0 (Windows NT 6.1; WOW64; rv:30.0) Gecko/20100101 Firefox/30.0"
93.220.81.168 - - [14/Jul/2014:23:11:09 +0200] "GET /templates/gk_penguinmail/favicon.ico HTTP/1.1" 404 1256 "-" "Mozilla/5.0 (Windows NT 6.1; WOW64; rv:30.0) Gecko/20100101 Firefox/30.0"
93.220.81.168 - - [14/Jul/2014:23:26:28 +0200] "GET /templates/gk_penguinmail/favicon.ico HTTP/1.1" 404 1256 "-" "Mozilla/5.0 (Windows NT 6.1; WOW64; rv:30.0) Gecko/20100101 Firefox/30.0"
93.220.81.168 - - [14/Jul/2014:23:28:03 +0200] "GET /templates/gk_penguinmail/favicon.ico HTTP/1.1" 404 1256 "-" "Mozilla/5.0 (Windows NT 6.1; WOW64; rv:30.0) Gecko/20100101 Firefox/30.0"
93.220.81.168 - - [15/Jul/2014:00:06:27 +0200] "GET /templates/gk_penguinmail/favicon.ico HTTP/1.1" 404 1256 "-" "Mozilla/5.0 (Windows NT 6.1; WOW64; rv:30.0) Gecko/20100101 Firefox/30.0"
77.24.173.45 - - [15/Jul/2014:00:10:13 +0200] "GET / HTTP/1.1" 200 8535 "http://www.google.de/url?sa=t&rct=j&q=&esrc=s&source=web&cd=20&ved=0CIgBEBYwCTgK&url=http%3A%2F%2Fwww.straman.de%2F&ei=9VTEU_jeLqrQ4QSngIHIDw&usg=AFQjCNEpeUQQKOp_93iUUo8XSnpqrpjMzA&sig2=oRhWEthvzlvKy2KN8ZKwqg" "Mozilla/5.0 (Windows NT 6.1; WOW64; Trident/7.0; rv:11.0) like Gecko"
77.24.173.45 - - [15/Jul/2014:00:10:13 +0200] "GET /css/format.css HTTP/1.1" 200 8709 "http://www.straman.de/" "Mozilla/5.0 (Windows NT 6.1; WOW64; Trident/7.0; rv:11.0) like Gecko"
77.24.173.45 - - [15/Jul/2014:00:10:13 +0200] "GET /scripte/stra_scr.js HTTP/1.1" 200 1580 "http://www.straman.de/" "Mozilla/5.0 (Windows NT 6.1; WOW64; Trident/7.0; rv:11.0) like Gecko"
77.24.173.45 - - [15/Jul/2014:00:10:13 +0200] "GET /images/f_1-p.gif HTTP/1.1" 200 43 "http://www.straman.de/" "Mozilla/5.0 (Windows NT 6.1; WOW64; Trident/7.0; rv:11.0) like Gecko"
77.24.173.45 - - [15/Jul/2014:00:10:13 +0200] "GET /images/logo_straman_neu.jpg HTTP/1.1" 200 19228 "http://www.straman.de/" "Mozilla/5.0 (Windows NT 6.1; WOW64; Trident/7.0; rv:11.0) like Gecko"
77.24.173.45 - - [15/Jul/2014:00:10:13 +0200] "GET /images/start_1.jpg HTTP/1.1" 200 6732 "http://www.straman.de/" "Mozilla/5.0 (Windows NT 6.1; WOW64; Trident/7.0; rv:11.0) like Gecko"
77.24.173.45 - - [15/Jul/2014:00:10:14 +0200] "GET /images/start_2.jpg HTTP/1.1" 200 8241 "http://www.straman.de/" "Mozilla/5.0 (Windows NT 6.1; WOW64; Trident/7.0; rv:11.0) like Gecko"
77.24.173.45 - - [15/Jul/2014:00:10:14 +0200] "GET /images/footer1_neu.gif HTTP/1.1" 200 58 "http://www.straman.de/" "Mozilla/5.0 (Windows NT 6.1; WOW64; Trident/7.0; rv:11.0) like Gecko"
77.24.173.45 - - [15/Jul/2014:00:10:15 +0200] "GET /images/favicon.ico HTTP/1.1" 200 3638 "-" "Mozilla/5.0 (Windows NT 6.1; Win64; x64; Trident/7.0; rv:11.0) like Gecko"
77.24.173.45 - - [15/Jul/2014:00:10:18 +0200] "GET /seiten/winterdienst.htm HTTP/1.1" 200 17245 "http://www.straman.de/" "Mozilla/5.0 (Windows NT 6.1; WOW64; Trident/7.0; rv:11.0) like Gecko"
77.24.173.45 - - [15/Jul/2014:00:10:18 +0200] "GET /images/nav2_1a.jpg HTTP/1.1" 200 33913 "http://www.straman.de/seiten/winterdienst.htm" "Mozilla/5.0 (Windows NT 6.1; WOW64; Trident/7.0; rv:11.0) like Gecko"
77.24.173.45 - - [15/Jul/2014:00:10:18 +0200] "GET /images/besch_logo.jpg HTTP/1.1" 200 22062 "http://www.straman.de/seiten/winterdienst.htm" "Mozilla/5.0 (Windows NT 6.1; WOW64; Trident/7.0; rv:11.0) like Gecko"
77.24.173.45 - - [15/Jul/2014:00:10:19 +0200] "GET /images/nav2_2a.jpg HTTP/1.1" 200 32913 "http://www.straman.de/seiten/winterdienst.htm" "Mozilla/5.0 (Windows NT 6.1; WOW64; Trident/7.0; rv:11.0) like Gecko"
77.24.173.45 - - [15/Jul/2014:00:10:19 +0200] "GET /images/nav2_1.jpg HTTP/1.1" 200 6962 "http://www.straman.de/seiten/winterdienst.htm" "Mozilla/5.0 (Windows NT 6.1; WOW64; Trident/7.0; rv:11.0) like Gecko"
77.24.173.45 - - [15/Jul/2014:00:10:19 +0200] "GET /images/nav2_2.jpg HTTP/1.1" 200 8057 "http://www.straman.de/seiten/winterdienst.htm" "Mozilla/5.0 (Windows NT 6.1; WOW64; Trident/7.0; rv:11.0) like Gecko"
77.24.173.45 - - [15/Jul/2014:00:10:19 +0200] "GET /images/pdf.gif HTTP/1.1" 200 214 "http://www.straman.de/seiten/winterdienst.htm" "Mozilla/5.0 (Windows NT 6.1; WOW64; Trident/7.0; rv:11.0) like Gecko"
77.24.173.45 - - [15/Jul/2014:00:10:21 +0200] "GET /images/winkel.gif HTTP/1.1" 200 314 "http://www.straman.de/seiten/winterdienst.htm" "Mozilla/5.0 (Windows NT 6.1; WOW64; Trident/7.0; rv:11.0) like Gecko"
77.24.173.45 - - [15/Jul/2014:00:10:21 +0200] "GET /images/hacken.gif HTTP/1.1" 200 307 "http://www.straman.de/seiten/winterdienst.htm" "Mozilla/5.0 (Windows NT 6.1; WOW64; Trident/7.0; rv:11.0) like Gecko"
66.249.78.239 - - [15/Jul/2014:00:21:17 +0200] "GET / HTTP/1.1" 304 - "-" "Mozilla/5.0 (iPhone; CPU iPhone OS 6_0 like Mac OS X) AppleWebKit/536.26 (KHTML, like Gecko) Version/6.0 Mobile/10A5376e Safari/8536.25 (compatible; Googlebot/2.1; +http://www.google.com/bot.html)"
157.55.39.38 - - [15/Jul/2014:00:26:44 +0200] "GET /robots.txt HTTP/1.1" 200 192 "-" "Mozilla/5.0 (compatible; bingbot/2.0; +http://www.bing.com/bingbot.htm)"
157.55.39.39 - - [15/Jul/2014:00:26:51 +0200] "GET /seiten/strassenreinigung.htm HTTP/1.1" 200 7046 "-" "Mozilla/5.0 (compatible; bingbot/2.0; +http://www.bing.com/bingbot.htm)"
217.231.28.39 - - [15/Jul/2014:00:28:32 +0200] "GET /seiten/straman_impr.htm HTTP/1.1" 200 5731 "https://www.google.de/" "Mozilla/5.0 (Windows NT 6.1; WOW64) AppleWebKit/537.36 (KHTML, like Gecko) Chrome/35.0.1916.153 Safari/537.36"
217.231.28.39 - - [15/Jul/2014:00:28:32 +0200] "GET /css/format.css HTTP/1.1" 200 8709 "http://www.straman.de/seiten/straman_impr.htm" "Mozilla/5.0 (Windows NT 6.1; WOW64) AppleWebKit/537.36 (KHTML, like Gecko) Chrome/35.0.1916.153 Safari/537.36"
217.231.28.39 - - [15/Jul/2014:00:28:32 +0200] "GET /images/logo_straman_neu.jpg HTTP/1.1" 200 19228 "http://www.straman.de/seiten/straman_impr.htm" "Mozilla/5.0 (Windows NT 6.1; WOW64) AppleWebKit/537.36 (KHTML, like Gecko) Chrome/35.0.1916.153 Safari/537.36"
217.231.28.39 - - [15/Jul/2014:00:28:32 +0200] "GET /images/nav8_1.jpg HTTP/1.1" 200 8241 "http://www.straman.de/seiten/straman_impr.htm" "Mozilla/5.0 (Windows NT 6.1; WOW64) AppleWebKit/537.36 (KHTML, like Gecko) Chrome/35.0.1916.153 Safari/537.36"
217.231.28.39 - - [15/Jul/2014:00:28:32 +0200] "GET /images/f_1-p.gif HTTP/1.1" 200 43 "http://www.straman.de/seiten/straman_impr.htm" "Mozilla/5.0 (Windows NT 6.1; WOW64) AppleWebKit/537.36 (KHTML, like Gecko) Chrome/35.0.1916.153 Safari/537.36"
217.231.28.39 - - [15/Jul/2014:00:28:32 +0200] "GET /scripte/stra_scr.js HTTP/1.1" 200 1580 "http://www.straman.de/seiten/straman_impr.htm" "Mozilla/5.0 (Windows NT 6.1; WOW64) AppleWebKit/537.36 (KHTML, like Gecko) Chrome/35.0.1916.153 Safari/537.36"
217.231.28.39 - - [15/Jul/2014:00:28:32 +0200] "GET /images/nav8_2.jpg HTTP/1.1" 200 6210 "http://www.straman.de/seiten/straman_impr.htm" "Mozilla/5.0 (Windows NT 6.1; WOW64) AppleWebKit/537.36 (KHTML, like Gecko) Chrome/35.0.1916.153 Safari/537.36"
217.231.28.39 - - [15/Jul/2014:00:28:32 +0200] "GET /images/footer1_neu.gif HTTP/1.1" 200 58 "http://www.straman.de/seiten/straman_impr.htm" "Mozilla/5.0 (Windows NT 6.1; WOW64) AppleWebKit/537.36 (KHTML, like Gecko) Chrome/35.0.1916.153 Safari/537.36"
217.231.28.39 - - [15/Jul/2014:00:28:32 +0200] "GET /images/favicon.ico HTTP/1.1" 200 3638 "-" "Mozilla/5.0 (Windows NT 6.1; WOW64) AppleWebKit/537.36 (KHTML, like Gecko) Chrome/35.0.1916.153 Safari/537.36"
217.231.28.39 - - [15/Jul/2014:00:28:38 +0200] "GET / HTTP/1.1" 200 8535 "http://www.straman.de/seiten/straman_impr.htm" "Mozilla/5.0 (Windows NT 6.1; WOW64) AppleWebKit/537.36 (KHTML, like Gecko) Chrome/35.0.1916.153 Safari/537.36"
217.231.28.39 - - [15/Jul/2014:00:28:38 +0200] "GET /images/start_1.jpg HTTP/1.1" 200 6732 "http://www.straman.de/" "Mozilla/5.0 (Windows NT 6.1; WOW64) AppleWebKit/537.36 (KHTML, like Gecko) Chrome/35.0.1916.153 Safari/537.36"
217.231.28.39 - - [15/Jul/2014:00:28:38 +0200] "GET /images/start_2.jpg HTTP/1.1" 200 8241 "http://www.straman.de/" "Mozilla/5.0 (Windows NT 6.1; WOW64) AppleWebKit/537.36 (KHTML, like Gecko) Chrome/35.0.1916.153 Safari/537.36"
182.118.25.217 - - [15/Jul/2014:00:34:26 +0200] "GET /robots.txt HTTP/1.1" 200 192 "http://www.straman.de/robots.txt" "Mozilla/5.0 (compatible; MSIE 9.0; Windows NT 6.1; Trident/5.0); 360Spider"
66.249.78.246 - - [15/Jul/2014:00:44:30 +0200] "GET /news/60-ihr-komplettdienstleister-rund-um-die-immobilie.html HTTP/1.1" 404 1256 "-" "Mozilla/5.0 (compatible; Googlebot/2.1; +http://www.google.com/bot.html)"
81.0.199.226 - - [15/Jul/2014:00:46:46 +0200] "GET / HTTP/1.1" 200 8535 "-" "Mozilla/5.0 (Macintosh; Intel Mac OS X 10.7; rv:22.0) Gecko/20100101 Firefox/22.0"
208.115.111.71 - - [15/Jul/2014:00:57:04 +0200] "GET /unternehmen/historie.html HTTP/1.1" 404 1256 "-" "Mozilla/5.0 (compatible; DotBot/1.1; http://www.opensiteexplorer.org/dotbot, help@moz.com)"
207.46.13.52 - - [15/Jul/2014:01:09:26 +0200] "GET /unternehmen/jobs.html?tmpl=component&print=1&page= HTTP/1.1" 404 1256 "-" "Mozilla/5.0 (compatible; bingbot/2.0; +http://www.bing.com/bingbot.htm)"
178.77.126.55 - - [15/Jul/2014:01:12:06 +0200] "GET /robots.txt HTTP/1.1" 200 192 "-" "Mozilla/5.0 (compatible; CareerBot/1.1; +http://www.career-x.de/bot.html)"
178.77.126.55 - - [15/Jul/2014:01:12:06 +0200] "GET / HTTP/1.1" 200 8535 "-" "Mozilla/5.0 (compatible; CareerBot/1.1; +http://www.career-x.de/bot.html)"
157.55.39.38 - - [15/Jul/2014:01:37:37 +0200] "GET /servicebereiche/gruenanlagenpflege/privatgartenpflege.html HTTP/1.1" 404 1256 "-" "Mozilla/5.0 (compatible; bingbot/2.0; +http://www.bing.com/bingbot.htm)"
93.220.81.168 - - [15/Jul/2014:02:27:49 +0200] "GET /templates/gk_penguinmail/favicon.ico HTTP/1.1" 404 1256 "-" "Mozilla/5.0 (Windows NT 6.1; WOW64; rv:30.0) Gecko/20100101 Firefox/30.0"
64.233.172.67 - - [15/Jul/2014:02:31:21 +0200] "GET /index.php?option=com_forme&fid=2&Itemid=65 HTTP/1.1" 404 1256 "http://www.google.de/url?sa=t&rct=j&q=&esrc=s&source=web&cd=1&ved=0CCMQFjAA&url=http%3A%2F%2Fwww.straman.de%2Findex.php%3Foption%3Dcom_forme%26fid%3D2%26amp%3BItemid%3D65&ei=HXbEU7TPLujewgTGiQE&usg=AFQjCNH-uAIs0AnvWuLWYlXIe0-1B7sI5A" "Mozilla/5.0 (Linux; U; Android 4.3; en-us; SPH-L710 Build/JSS15J) AppleWebKit/534.30 (KHTML, like Gecko) Version/4.0 Mobile Safari/534.30"
66.249.78.232 - - [15/Jul/2014:02:32:31 +0200] "GET /servicebereiche/gruenanlagenpflege/58.html HTTP/1.1" 404 1256 "-" "Mozilla/5.0 (compatible; Googlebot/2.1; +http://www.google.com/bot.html)"
93.220.81.168 - - [15/Jul/2014:02:34:44 +0200] "GET /templates/gk_penguinmail/favicon.ico HTTP/1.1" 404 1256 "-" "Mozilla/5.0 (Windows NT 6.1; WOW64; rv:30.0) Gecko/20100101 Firefox/30.0"
93.220.81.168 - - [15/Jul/2014:02:36:17 +0200] "GET /templates/gk_penguinmail/favicon.ico HTTP/1.1" 404 1256 "-" "Mozilla/5.0 (Windows NT 6.1; WOW64; rv:30.0) Gecko/20100101 Firefox/30.0"
157.55.39.230 - - [15/Jul/2014:02:39:04 +0200] "GET /servicebereiche/uebersichtgebaeudemanagement/infrastr-gebaeudemanagement/58.html HTTP/1.1" 404 1256 "-" "Mozilla/5.0 (compatible; bingbot/2.0; +http://www.bing.com/bingbot.htm)"
188.195.186.94 - - [15/Jul/2014:03:02:24 +0200] "GET / HTTP/1.1" 200 8535 "-" "Mozilla/5.0 (iPad; CPU OS 7_1_1 like Mac OS X) AppleWebKit/537.51.2 (KHTML, like Gecko) Version/7.0 Mobile/11D201 Safari/9537.53"
188.195.186.94 - - [15/Jul/2014:03:02:24 +0200] "GET /css/format.css HTTP/1.1" 200 8709 "http://www.straman.de/" "Mozilla/5.0 (iPad; CPU OS 7_1_1 like Mac OS X) AppleWebKit/537.51.2 (KHTML, like Gecko) Version/7.0 Mobile/11D201 Safari/9537.53"
188.195.186.94 - - [15/Jul/2014:03:02:24 +0200] "GET /scripte/stra_scr.js HTTP/1.1" 200 1580 "http://www.straman.de/" "Mozilla/5.0 (iPad; CPU OS 7_1_1 like Mac OS X) AppleWebKit/537.51.2 (KHTML, like Gecko) Version/7.0 Mobile/11D201 Safari/9537.53"
188.195.186.94 - - [15/Jul/2014:03:02:24 +0200] "GET /images/f_1-p.gif HTTP/1.1" 200 43 "http://www.straman.de/" "Mozilla/5.0 (iPad; CPU OS 7_1_1 like Mac OS X) AppleWebKit/537.51.2 (KHTML, like Gecko) Version/7.0 Mobile/11D201 Safari/9537.53"
188.195.186.94 - - [15/Jul/2014:03:02:24 +0200] "GET /images/start_1.jpg HTTP/1.1" 200 6732 "http://www.straman.de/" "Mozilla/5.0 (iPad; CPU OS 7_1_1 like Mac OS X) AppleWebKit/537.51.2 (KHTML, like Gecko) Version/7.0 Mobile/11D201 Safari/9537.53"
188.195.186.94 - - [15/Jul/2014:03:02:24 +0200] "GET /images/logo_straman_neu.jpg HTTP/1.1" 200 19228 "http://www.straman.de/" "Mozilla/5.0 (iPad; CPU OS 7_1_1 like Mac OS X) AppleWebKit/537.51.2 (KHTML, like Gecko) Version/7.0 Mobile/11D201 Safari/9537.53"
188.195.186.94 - - [15/Jul/2014:03:02:24 +0200] "GET /images/start_2.jpg HTTP/1.1" 200 8241 "http://www.straman.de/" "Mozilla/5.0 (iPad; CPU OS 7_1_1 like Mac OS X) AppleWebKit/537.51.2 (KHTML, like Gecko) Version/7.0 Mobile/11D201 Safari/9537.53"
188.195.186.94 - - [15/Jul/2014:03:02:24 +0200] "GET /images/footer1_neu.gif HTTP/1.1" 200 58 "http://www.straman.de/" "Mozilla/5.0 (iPad; CPU OS 7_1_1 like Mac OS X) AppleWebKit/537.51.2 (KHTML, like Gecko) Version/7.0 Mobile/11D201 Safari/9537.53"
66.249.78.232 - - [15/Jul/2014:03:08:52 +0200] "GET / HTTP/1.1" 200 8535 "-" "Mozilla/5.0 (compatible; Googlebot/2.1; +http://www.google.com/bot.html)"
77.75.77.36 - - [15/Jul/2014:03:34:18 +0200] "GET /robots.txt HTTP/1.1" 200 192 "-" "Mozilla/5.0 (compatible; SeznamBot/3.2; +http://fulltext.sblog.cz/)"
77.75.77.36 - - [15/Jul/2014:03:34:19 +0200] "GET / HTTP/1.1" 200 8535 "-" "Mozilla/5.0 (compatible; SeznamBot/3.2; +http://fulltext.sblog.cz/)"
195.233.250.7 - - [15/Jul/2014:03:38:03 +0200] "GET /templates/gk_penguinmail/css/template.css HTTP/1.1" 404 1256 "-" "Mozilla/4.0 (compatible;)"
66.249.78.232 - - [15/Jul/2014:05:24:20 +0200] "GET /images/a4_seite_download.pdf HTTP/1.1" 404 1256 "-" "Mozilla/5.0 (compatible; Googlebot/2.1; +http://www.google.com/bot.html)"
157.55.39.171 - - [15/Jul/2014:05:38:04 +0200] "GET / HTTP/1.1" 200 8535 "-" "Mozilla/5.0 (compatible; bingbot/2.0; +http://www.bing.com/bingbot.htm)"
66.249.78.246 - - [15/Jul/2014:06:07:32 +0200] "GET /seiten/straman_impr.htm HTTP/1.1" 304 - "-" "Mozilla/5.0 (compatible; Googlebot/2.1; +http://www.google.com/bot.html)"
208.90.57.196 - - [15/Jul/2014:06:23:11 +0200] "GET / HTTP/1.1" 200 8535 "-" "Mozilla/5.0 (Macintosh; Intel Mac OS X 10.6; rv:2.0.1) Gecko/20100101 Firefox/4.0.1"
157.55.39.172 - - [15/Jul/2014:06:36:11 +0200] "GET /servicebereiche/winterdienst.html HTTP/1.1" 404 1256 "-" "Mozilla/5.0 (compatible; bingbot/2.0; +http://www.bing.com/bingbot.htm)"
66.249.78.239 - - [15/Jul/2014:07:12:21 +0200] "GET / HTTP/1.1" 200 8535 "-" "Mozilla/5.0 (compatible; Googlebot/2.1; +http://www.google.com/bot.html)"
77.185.211.75 - - [15/Jul/2014:07:36:25 +0200] "GET /info.php HTTP/1.1" 200 54620 "-" "Mozilla/5.0 (Windows NT 6.1; WOW64; rv:30.0) Gecko/20100101 Firefox/30.0"
77.185.211.75 - - [15/Jul/2014:07:36:25 +0200] "GET /info.php?=PHPE9568F34-D428-11d2-A769-00AA001ACF42 HTTP/1.1" 200 2524 "http://www.straman.de/info.php" "Mozilla/5.0 (Windows NT 6.1; WOW64; rv:30.0) Gecko/20100101 Firefox/30.0"
77.185.211.75 - - [15/Jul/2014:07:36:25 +0200] "GET /info.php?=PHPE9568F35-D428-11d2-A769-00AA001ACF42 HTTP/1.1" 200 2146 "http://www.straman.de/info.php" "Mozilla/5.0 (Windows NT 6.1; WOW64; rv:30.0) Gecko/20100101 Firefox/30.0"
77.185.211.75 - - [15/Jul/2014:07:36:26 +0200] "GET /favicon.ico HTTP/1.1" 404 1256 "-" "Mozilla/5.0 (Windows NT 6.1; WOW64; rv:30.0) Gecko/20100101 Firefox/30.0"
77.185.211.75 - - [15/Jul/2014:07:36:26 +0200] "GET /favicon.ico HTTP/1.1" 404 1256 "-" "Mozilla/5.0 (Windows NT 6.1; WOW64; rv:30.0) Gecko/20100101 Firefox/30.0"
77.185.211.75 - - [15/Jul/2014:07:38:35 +0200] "GET /installation/index.php HTTP/1.1" 200 74 "-" "Mozilla/5.0 (Windows NT 6.1; WOW64; rv:30.0) Gecko/20100101 Firefox/30.0"
77.185.211.75 - - [15/Jul/2014:07:38:35 +0200] "GET /favicon.ico HTTP/1.1" 404 74 "-" "Mozilla/5.0 (Windows NT 6.1; WOW64; rv:30.0) Gecko/20100101 Firefox/30.0"
77.185.211.75 - - [15/Jul/2014:07:38:35 +0200] "GET /favicon.ico HTTP/1.1" 404 74 "-" "Mozilla/5.0 (Windows NT 6.1; WOW64; rv:30.0) Gecko/20100101 Firefox/30.0"
66.249.78.232 - - [15/Jul/2014:07:48:21 +0200] "GET /servicebereiche/gruenanlagenpflege/privatgartenpflege/58.html HTTP/1.1" 404 1256 "-" "Mozilla/5.0 (compatible; Googlebot/2.1; +http://www.google.com/bot.html)"
66.249.78.232 - - [15/Jul/2014:07:57:03 +0200] "GET /referenzen.html HTTP/1.1" 404 1256 "-" "Mozilla/5.0 (iPhone; CPU iPhone OS 6_0 like Mac OS X) AppleWebKit/536.26 (KHTML, like Gecko) Version/6.0 Mobile/10A5376e Safari/8536.25 (compatible; Googlebot/2.1; +http://www.google.com/bot.html)"
