178.77.126.55 - - [29/Jul/2014:19:25:50 +0200] "GET / HTTP/1.1" 200 8535 "-" "Mozilla/5.0 (compatible; CareerBot/1.1; +http://www.career-x.de/bot.html)"
93.220.122.73 - - [29/Jul/2014:19:28:32 +0200] "GET /templates/gk_penguinmail/favicon.ico HTTP/1.1" 404 1256 "-" "Mozilla/5.0 (Windows NT 6.1; WOW64; rv:31.0) Gecko/20100101 Firefox/31.0"
157.55.39.155 - - [29/Jul/2014:19:57:17 +0200] "GET /robots.txt HTTP/1.1" 200 192 "-" "Mozilla/5.0 (compatible; bingbot/2.0; +http://www.bing.com/bingbot.htm)"
157.55.39.155 - - [29/Jul/2014:19:57:21 +0200] "GET / HTTP/1.1" 200 8535 "-" "Mozilla/5.0 (compatible; bingbot/2.0; +http://www.bing.com/bingbot.htm)"
217.69.133.3 - - [29/Jul/2014:20:03:06 +0200] "GET /robots.txt HTTP/1.1" 200 192 "-" "Mozilla/5.0 (compatible; Linux x86_64; Mail.RU_Bot/2.0; +http://go.mail.ru/help/robots)"
217.69.133.3 - - [29/Jul/2014:20:03:07 +0200] "GET /news/61-wir-begruessen-sie-auf-den-seiten-von-straman-ihren-komplettdienstleister-rund-um-die-immobilie.html HTTP/1.1" 404 1256 "-" "Mozilla/5.0 (compatible; Linux x86_64; Mail.RU_Bot/2.0; +http://go.mail.ru/help/robots)"
66.249.69.253 - - [29/Jul/2014:20:07:23 +0200] "GET /documents/Berliner_Strassenreinigungsgesetz.pdf HTTP/1.1" 304 - "-" "Mozilla/5.0 (compatible; Googlebot/2.1; +http://www.google.com/bot.html)"
93.220.122.73 - - [29/Jul/2014:20:33:28 +0200] "GET /templates/gk_penguinmail/favicon.ico HTTP/1.1" 404 1256 "-" "Mozilla/5.0 (Windows NT 6.1; WOW64; rv:31.0) Gecko/20100101 Firefox/31.0"
62.210.215.100 - - [29/Jul/2014:20:38:52 +0200] "GET /index.php?format=feed&type=atom HTTP/1.1" 404 1256 "-" "Mozilla/5.0 (X11; Linux i686) AppleWebKit/537.36 (KHTML, like Gecko) Chrome/30.0.1599.66 Safari/537.36"
208.115.113.87 - - [29/Jul/2014:20:57:21 +0200] "GET /robots.txt HTTP/1.1" 200 192 "-" "Mozilla/5.0 (compatible; DotBot/1.1; http://www.opensiteexplorer.org/dotbot, help@moz.com)"
208.115.111.71 - - [29/Jul/2014:21:36:34 +0200] "GET /robots.txt HTTP/1.1" 200 192 "-" "Mozilla/5.0 (compatible; DotBot/1.1; http://www.opensiteexplorer.org/dotbot, help@moz.com)"
208.115.113.87 - - [29/Jul/2014:22:48:22 +0200] "GET /index.php HTTP/1.1" 404 1256 "-" "Mozilla/5.0 (compatible; DotBot/1.1; http://www.opensiteexplorer.org/dotbot, help@moz.com)"
37.58.100.83 - - [29/Jul/2014:23:04:18 +0200] "GET /robots.txt HTTP/1.1" 200 192 "-" "Mozilla/5.0 (compatible; AhrefsBot/5.0; +http://ahrefs.com/robot/)"
217.69.133.2 - - [29/Jul/2014:23:06:35 +0200] "GET /robots.txt HTTP/1.1" 200 192 "-" "Mozilla/5.0 (compatible; Linux x86_64; Mail.RU_Bot/2.0; +http://go.mail.ru/help/robots)"
217.69.133.5 - - [29/Jul/2014:23:06:36 +0200] "GET /component/content/46.html HTTP/1.1" 404 1256 "-" "Mozilla/5.0 (compatible; Linux x86_64; Mail.RU_Bot/2.0; +http://go.mail.ru/help/robots)"
180.153.236.14 - - [29/Jul/2014:23:09:54 +0200] "GET / HTTP/1.1" 200 8535 "http://www.straman.de/" "Mozilla/5.0 (compatible; MSIE 9.0; Windows NT 6.1; Trident/5.0); 360Spider"
208.115.111.71 - - [30/Jul/2014:00:38:54 +0200] "GET /servicebereiche/strassenreinigung/58.html HTTP/1.1" 404 1256 "-" "Mozilla/5.0 (compatible; DotBot/1.1; http://www.opensiteexplorer.org/dotbot, help@moz.com)"
157.55.39.155 - - [30/Jul/2014:00:39:06 +0200] "GET /referenzen.html HTTP/1.1" 404 1256 "-" "Mozilla/5.0 (compatible; bingbot/2.0; +http://www.bing.com/bingbot.htm)"
208.115.113.87 - - [30/Jul/2014:00:56:10 +0200] "GET /robots.txt HTTP/1.1" 200 192 "-" "Mozilla/5.0 (compatible; DotBot/1.1; http://www.opensiteexplorer.org/dotbot, help@moz.com)"
31.3.233.120 - - [30/Jul/2014:01:00:44 +0200] "GET / HTTP/1.1" 200 8535 "-" "-"
93.220.122.73 - - [30/Jul/2014:01:29:10 +0200] "GET /templates/gk_penguinmail/favicon.ico HTTP/1.1" 404 1256 "-" "Mozilla/5.0 (Windows NT 6.1; WOW64; rv:31.0) Gecko/20100101 Firefox/31.0"
46.29.20.219 - - [30/Jul/2014:01:35:10 +0200] "HEAD / HTTP/1.1" 200 - "-" "Mozilla/4.0 (compatible; MSIE 5.01; Windows NT 5.0)"
217.69.133.9 - - [30/Jul/2014:02:07:26 +0200] "GET /robots.txt HTTP/1.1" 200 192 "-" "Mozilla/5.0 (compatible; Linux x86_64; Mail.RU_Bot/2.0; +http://go.mail.ru/help/robots)"
217.69.133.203 - - [30/Jul/2014:02:07:27 +0200] "GET /unternehmen/jobs/58.html HTTP/1.1" 404 1256 "-" "Mozilla/5.0 (compatible; Linux x86_64; Mail.RU_Bot/2.0; +http://go.mail.ru/help/robots)"
141.8.147.12 - - [30/Jul/2014:02:21:20 +0200] "GET /robots.txt HTTP/1.1" 200 192 "-" "Mozilla/5.0 (compatible; YandexBot/3.0; +http://yandex.com/bots)"
141.8.147.12 - - [30/Jul/2014:02:21:34 +0200] "GET / HTTP/1.1" 200 8535 "-" "Mozilla/5.0 (compatible; YandexBot/3.0; +http://yandex.com/bots)"
180.153.236.107 - - [30/Jul/2014:02:43:56 +0200] "GET / HTTP/1.1" 200 8535 "http://www.straman.de/" "Mozilla/5.0 (compatible; MSIE 9.0; Windows NT 6.1; Trident/5.0); 360Spider"
208.115.113.87 - - [30/Jul/2014:02:49:49 +0200] "GET /servicebereiche/uebersichtgebaeudemanagement.html HTTP/1.1" 404 1256 "-" "Mozilla/5.0 (compatible; DotBot/1.1; http://www.opensiteexplorer.org/dotbot, help@moz.com)"
81.0.199.226 - - [30/Jul/2014:02:55:09 +0200] "GET / HTTP/1.1" 200 8535 "-" "Mozilla/5.0 (Macintosh; Intel Mac OS X 10.7; rv:22.0) Gecko/20100101 Firefox/22.0"
208.115.111.71 - - [30/Jul/2014:03:10:45 +0200] "GET /robots.txt HTTP/1.1" 200 192 "-" "Mozilla/5.0 (compatible; DotBot/1.1; http://www.opensiteexplorer.org/dotbot, help@moz.com)"
84.19.168.218 - - [30/Jul/2014:03:11:00 +0200] "GET /robots.txt HTTP/1.1" 200 192 "-" "Mozilla/5.0 (compatible; UnisterBot; crawler@unister.de)"
84.19.168.218 - - [30/Jul/2014:03:11:00 +0200] "GET / HTTP/1.1" 200 8535 "-" "Mozilla/5.0 (compatible; UnisterBot; crawler@unister.de)"
66.249.69.215 - - [30/Jul/2014:04:21:21 +0200] "GET / HTTP/1.1" 200 8535 "http://finde-berlin.de/company/straman-gmbh" "Mozilla/5.0 (compatible; Googlebot/2.1; +http://www.google.com/bot.html)"
208.115.111.71 - - [30/Jul/2014:04:54:30 +0200] "GET /news/58.html HTTP/1.1" 404 1256 "-" "Mozilla/5.0 (compatible; DotBot/1.1; http://www.opensiteexplorer.org/dotbot, help@moz.com)"
157.55.39.7 - - [30/Jul/2014:05:20:26 +0200] "GET / HTTP/1.1" 304 - "-" "Mozilla/5.0 (compatible; bingbot/2.0; +http://www.bing.com/bingbot.htm)"
217.151.51.35 - - [30/Jul/2014:05:50:10 +0200] "GET / HTTP/1.1" 200 8535 "-" "Mozilla/5.0 (Windows NT 5.1; rv:26.0) Gecko/20100101 Firefox/26.0"
217.151.51.35 - - [30/Jul/2014:05:50:10 +0200] "GET / HTTP/1.1" 200 8535 "-" "Mozilla/5.0 (Windows NT 5.1; rv:26.0) Gecko/20100101 Firefox/26.0"
217.151.51.35 - - [30/Jul/2014:05:50:10 +0200] "GET /scripte/stra_scr.js HTTP/1.1" 200 1580 "http://www.straman.de/" "Mozilla/5.0 (Windows NT 5.1; rv:26.0) Gecko/20100101 Firefox/26.0"
217.151.51.35 - - [30/Jul/2014:05:50:10 +0200] "GET /css/format.css HTTP/1.1" 200 8709 "http://www.straman.de/" "Mozilla/5.0 (Windows NT 5.1; rv:26.0) Gecko/20100101 Firefox/26.0"
217.151.51.35 - - [30/Jul/2014:05:50:10 +0200] "GET /css/format.css HTTP/1.1" 200 8709 "http://www.straman.de/" "Mozilla/5.0 (Windows NT 5.1; rv:26.0) Gecko/20100101 Firefox/26.0"
217.151.51.35 - - [30/Jul/2014:05:50:10 +0200] "GET /scripte/stra_scr.js HTTP/1.1" 200 1580 "http://www.straman.de/" "Mozilla/5.0 (Windows NT 5.1; rv:26.0) Gecko/20100101 Firefox/26.0"
217.151.51.35 - - [30/Jul/2014:05:50:10 +0200] "GET /favicon.ico HTTP/1.1" 404 1256 "-" "Mozilla/5.0 (Windows NT 5.1; rv:26.0) Gecko/20100101 Firefox/26.0"
217.151.51.35 - - [30/Jul/2014:05:50:10 +0200] "GET /favicon.ico HTTP/1.1" 404 1256 "-" "Mozilla/5.0 (Windows NT 5.1; rv:26.0) Gecko/20100101 Firefox/26.0"
217.151.51.35 - - [30/Jul/2014:05:50:11 +0200] "GET /favicon.ico HTTP/1.1" 404 1256 "-" "Mozilla/5.0 (Windows NT 5.1; rv:26.0) Gecko/20100101 Firefox/26.0"
217.69.133.9 - - [30/Jul/2014:06:40:46 +0200] "GET /robots.txt HTTP/1.1" 200 192 "-" "Mozilla/5.0 (compatible; Linux x86_64; Mail.RU_Bot/2.0; +http://go.mail.ru/help/robots)"
217.69.133.9 - - [30/Jul/2014:06:40:47 +0200] "GET /servicebereiche/gruenanlagenpflege/privatgartenpflege/58.html HTTP/1.1" 404 1256 "-" "Mozilla/5.0 (compatible; Linux x86_64; Mail.RU_Bot/2.0; +http://go.mail.ru/help/robots)"
66.249.69.253 - - [30/Jul/2014:07:06:32 +0200] "GET /unternehmen/partner.html HTTP/1.1" 404 1256 "-" "Mozilla/5.0 (iPhone; CPU iPhone OS 6_0 like Mac OS X) AppleWebKit/536.26 (KHTML, like Gecko) Version/6.0 Mobile/10A5376e Safari/8536.25 (compatible; Googlebot/2.1; +http://www.google.com/bot.html)"
208.115.111.71 - - [30/Jul/2014:07:09:57 +0200] "GET /robots.txt HTTP/1.1" 200 192 "-" "Mozilla/5.0 (compatible; DotBot/1.1; http://www.opensiteexplorer.org/dotbot, help@moz.com)"
207.46.13.79 - - [30/Jul/2014:07:38:59 +0200] "GET /component/mailto/?tmpl=component&link=4d090a7d0dad0ed1b40abd9c35a75b7faac292cb HTTP/1.1" 404 1256 "-" "Mozilla/5.0 (compatible; bingbot/2.0; +http://www.bing.com/bingbot.htm)"
207.46.13.6 - - [30/Jul/2014:07:47:47 +0200] "GET / HTTP/1.1" 200 8535 "-" "Mozilla/5.0 (compatible; bingbot/2.0; +http://www.bing.com/bingbot.htm)"
144.76.95.231 - - [30/Jul/2014:07:56:21 +0200] "GET /robots.txt HTTP/1.0" 200 192 "-" "Mozilla/5.0 (compatible; MJ12bot/v1.4.5; http://www.majestic12.co.uk/bot.php?+)"
144.76.95.231 - - [30/Jul/2014:07:56:24 +0200] "GET /component/content/frontpage/frontpage.feed?type=rss HTTP/1.0" 404 1256 "-" "Mozilla/5.0 (compatible; MJ12bot/v1.4.5; http://www.majestic12.co.uk/bot.php?+)"
157.55.39.183 - - [30/Jul/2014:07:58:03 +0200] "GET /servicebereiche/winterdienst/gewerbliche-kunden.html HTTP/1.1" 404 1256 "-" "Mozilla/5.0 (compatible; bingbot/2.0; +http://www.bing.com/bingbot.htm)"
199.58.86.209 - - [30/Jul/2014:08:37:51 +0200] "GET /robots.txt HTTP/1.0" 200 192 "-" "Mozilla/5.0 (compatible; MJ12bot/v1.4.5; http://www.majestic12.co.uk/bot.php?+)"
199.58.86.209 - - [30/Jul/2014:08:37:53 +0200] "GET / HTTP/1.0" 200 8535 "-" "Mozilla/5.0 (compatible; MJ12bot/v1.4.5; http://www.majestic12.co.uk/bot.php?+)"
208.115.111.71 - - [30/Jul/2014:08:52:24 +0200] "GET /unternehmen/historie/58.html HTTP/1.1" 404 1256 "-" "Mozilla/5.0 (compatible; DotBot/1.1; http://www.opensiteexplorer.org/dotbot, help@moz.com)"
66.249.69.231 - - [30/Jul/2014:09:13:02 +0200] "GET /favicon.ico HTTP/1.1" 404 1256 "-" "Googlebot-Image/1.0"
77.186.169.54 - - [30/Jul/2014:09:21:23 +0200] "GET / HTTP/1.1" 200 8535 "http://www.besch-rent.de/infos.html" "Mozilla/5.0 (Windows NT 6.3; WOW64; Trident/7.0; rv:11.0) like Gecko"
77.186.169.54 - - [30/Jul/2014:09:21:23 +0200] "GET /css/format.css HTTP/1.1" 200 8709 "http://www.straman.de/" "Mozilla/5.0 (Windows NT 6.3; WOW64; Trident/7.0; rv:11.0) like Gecko"
77.186.169.54 - - [30/Jul/2014:09:21:23 +0200] "GET /scripte/stra_scr.js HTTP/1.1" 200 1580 "http://www.straman.de/" "Mozilla/5.0 (Windows NT 6.3; WOW64; Trident/7.0; rv:11.0) like Gecko"
77.186.169.54 - - [30/Jul/2014:09:21:23 +0200] "GET /images/f_1-p.gif HTTP/1.1" 200 43 "http://www.straman.de/" "Mozilla/5.0 (Windows NT 6.3; WOW64; Trident/7.0; rv:11.0) like Gecko"
77.186.169.54 - - [30/Jul/2014:09:21:23 +0200] "GET /images/logo_straman_neu.jpg HTTP/1.1" 200 19228 "http://www.straman.de/" "Mozilla/5.0 (Windows NT 6.3; WOW64; Trident/7.0; rv:11.0) like Gecko"
77.186.169.54 - - [30/Jul/2014:09:21:23 +0200] "GET /images/start_1.jpg HTTP/1.1" 200 6732 "http://www.straman.de/" "Mozilla/5.0 (Windows NT 6.3; WOW64; Trident/7.0; rv:11.0) like Gecko"
77.186.169.54 - - [30/Jul/2014:09:21:23 +0200] "GET /images/start_2.jpg HTTP/1.1" 200 8241 "http://www.straman.de/" "Mozilla/5.0 (Windows NT 6.3; WOW64; Trident/7.0; rv:11.0) like Gecko"
77.186.169.54 - - [30/Jul/2014:09:21:23 +0200] "GET /images/footer1_neu.gif HTTP/1.1" 200 58 "http://www.straman.de/" "Mozilla/5.0 (Windows NT 6.3; WOW64; Trident/7.0; rv:11.0) like Gecko"
77.186.169.54 - - [30/Jul/2014:09:21:23 +0200] "GET /images/favicon.ico HTTP/1.1" 200 3638 "-" "Mozilla/5.0 (Windows NT 6.3; Win64; x64; Trident/7.0; rv:11.0) like Gecko"
77.186.169.54 - - [30/Jul/2014:09:21:28 +0200] "GET /seiten/straman_impr.htm HTTP/1.1" 200 5731 "http://www.straman.de/" "Mozilla/5.0 (Windows NT 6.3; WOW64; Trident/7.0; rv:11.0) like Gecko"
77.186.169.54 - - [30/Jul/2014:09:21:29 +0200] "GET /images/nav8_1.jpg HTTP/1.1" 200 8241 "http://www.straman.de/seiten/straman_impr.htm" "Mozilla/5.0 (Windows NT 6.3; WOW64; Trident/7.0; rv:11.0) like Gecko"
77.186.169.54 - - [30/Jul/2014:09:21:29 +0200] "GET /images/nav8_2.jpg HTTP/1.1" 200 6210 "http://www.straman.de/seiten/straman_impr.htm" "Mozilla/5.0 (Windows NT 6.3; WOW64; Trident/7.0; rv:11.0) like Gecko"
77.186.169.54 - - [30/Jul/2014:09:23:09 +0200] "GET /seiten/straman_aktuell.htm HTTP/1.1" 200 5933 "http://www.straman.de/seiten/straman_impr.htm" "Mozilla/5.0 (Windows NT 6.3; WOW64; Trident/7.0; rv:11.0) like Gecko"
77.186.169.54 - - [30/Jul/2014:09:23:09 +0200] "GET /images/nav4_1.jpg HTTP/1.1" 200 6241 "http://www.straman.de/seiten/straman_aktuell.htm" "Mozilla/5.0 (Windows NT 6.3; WOW64; Trident/7.0; rv:11.0) like Gecko"
77.186.169.54 - - [30/Jul/2014:09:23:09 +0200] "GET /images/nav4_2.jpg HTTP/1.1" 200 7407 "http://www.straman.de/seiten/straman_aktuell.htm" "Mozilla/5.0 (Windows NT 6.3; WOW64; Trident/7.0; rv:11.0) like Gecko"
77.186.169.54 - - [30/Jul/2014:09:23:09 +0200] "GET /images/hacken.gif HTTP/1.1" 200 307 "http://www.straman.de/seiten/straman_aktuell.htm" "Mozilla/5.0 (Windows NT 6.3; WOW64; Trident/7.0; rv:11.0) like Gecko"
62.159.128.66 - - [30/Jul/2014:09:26:48 +0200] "GET /seiten/winterdienst.htm HTTP/1.1" 200 17245 "http://www.google.de/url?sa=t&rct=j&q=&esrc=s&frm=1&source=web&cd=1&ved=0CCAQFjAA&url=http%3A%2F%2Fwww.straman.de%2Fseiten%2Fwinterdienst.htm&ei=G57YU4LKDcP1Oeb4gLAP&usg=AFQjCNF4zlOm4wyLA97fSz_VDjdsnAzZdw" "Mozilla/5.0 (compatible; MSIE 10.0; Windows NT 6.1; WOW64; Trident/6.0)"
62.159.128.66 - - [30/Jul/2014:09:26:48 +0200] "GET /css/format.css HTTP/1.1" 200 8709 "http://www.straman.de/seiten/winterdienst.htm" "Mozilla/5.0 (compatible; MSIE 10.0; Windows NT 6.1; WOW64; Trident/6.0)"
62.159.128.66 - - [30/Jul/2014:09:26:48 +0200] "GET /images/nav2_1.jpg HTTP/1.1" 200 6962 "http://www.straman.de/seiten/winterdienst.htm" "Mozilla/5.0 (compatible; MSIE 10.0; Windows NT 6.1; WOW64; Trident/6.0)"
62.159.128.66 - - [30/Jul/2014:09:26:48 +0200] "GET /scripte/stra_scr.js HTTP/1.1" 200 1580 "http://www.straman.de/seiten/winterdienst.htm" "Mozilla/5.0 (compatible; MSIE 10.0; Windows NT 6.1; WOW64; Trident/6.0)"
62.159.128.66 - - [30/Jul/2014:09:26:48 +0200] "GET /images/pdf.gif HTTP/1.1" 200 214 "http://www.straman.de/seiten/winterdienst.htm" "Mozilla/5.0 (compatible; MSIE 10.0; Windows NT 6.1; WOW64; Trident/6.0)"
62.159.128.66 - - [30/Jul/2014:09:26:48 +0200] "GET /images/nav2_2.jpg HTTP/1.1" 200 8057 "http://www.straman.de/seiten/winterdienst.htm" "Mozilla/5.0 (compatible; MSIE 10.0; Windows NT 6.1; WOW64; Trident/6.0)"
62.159.128.66 - - [30/Jul/2014:09:26:49 +0200] "GET /images/f_1-p.gif HTTP/1.1" 200 43 "http://www.straman.de/seiten/winterdienst.htm" "Mozilla/5.0 (compatible; MSIE 10.0; Windows NT 6.1; WOW64; Trident/6.0)"
62.159.128.66 - - [30/Jul/2014:09:26:49 +0200] "GET /images/winkel.gif HTTP/1.1" 200 314 "http://www.straman.de/seiten/winterdienst.htm" "Mozilla/5.0 (compatible; MSIE 10.0; Windows NT 6.1; WOW64; Trident/6.0)"
62.159.128.66 - - [30/Jul/2014:09:26:49 +0200] "GET /images/hacken.gif HTTP/1.1" 200 307 "http://www.straman.de/seiten/winterdienst.htm" "Mozilla/5.0 (compatible; MSIE 10.0; Windows NT 6.1; WOW64; Trident/6.0)"
62.159.128.66 - - [30/Jul/2014:09:26:49 +0200] "GET /css/format_ie.css HTTP/1.1" 200 6492 "http://www.straman.de/seiten/winterdienst.htm" "Mozilla/5.0 (compatible; MSIE 10.0; Windows NT 6.1; WOW64; Trident/6.0)"
62.159.128.66 - - [30/Jul/2014:09:26:48 +0200] "GET /images/logo_straman_neu.jpg HTTP/1.1" 200 19228 "http://www.straman.de/seiten/winterdienst.htm" "Mozilla/5.0 (compatible; MSIE 10.0; Windows NT 6.1; WOW64; Trident/6.0)"
62.159.128.66 - - [30/Jul/2014:09:26:49 +0200] "GET /images/footer1_neu.gif HTTP/1.1" 200 58 "http://www.straman.de/seiten/winterdienst.htm" "Mozilla/5.0 (compatible; MSIE 10.0; Windows NT 6.1; WOW64; Trident/6.0)"
62.159.128.66 - - [30/Jul/2014:09:26:48 +0200] "GET /images/besch_logo.jpg HTTP/1.1" 200 22062 "http://www.straman.de/seiten/winterdienst.htm" "Mozilla/5.0 (compatible; MSIE 10.0; Windows NT 6.1; WOW64; Trident/6.0)"
62.159.128.66 - - [30/Jul/2014:09:26:48 +0200] "GET /images/nav2_1a.jpg HTTP/1.1" 200 33913 "http://www.straman.de/seiten/winterdienst.htm" "Mozilla/5.0 (compatible; MSIE 10.0; Windows NT 6.1; WOW64; Trident/6.0)"
62.159.128.66 - - [30/Jul/2014:09:26:49 +0200] "GET /images/nav2_2a.jpg HTTP/1.1" 200 32913 "http://www.straman.de/seiten/winterdienst.htm" "Mozilla/5.0 (compatible; MSIE 10.0; Windows NT 6.1; WOW64; Trident/6.0)"
62.159.128.66 - - [30/Jul/2014:09:26:49 +0200] "GET /images/favicon.ico HTTP/1.1" 200 3638 "-" "Mozilla/5.0 (compatible; MSIE 10.0; Windows NT 6.1; WOW64; Trident/6.0)"
66.249.69.215 - - [30/Jul/2014:10:04:14 +0200] "GET /images/favicon.ico HTTP/1.1" 200 3638 "-" "Googlebot-Image/1.0"
66.249.69.231 - - [30/Jul/2014:10:04:20 +0200] "GET /favicon.ico HTTP/1.1" 404 1256 "-" "Googlebot-Image/1.0"
87.234.32.144 - - [30/Jul/2014:12:03:42 +0200] "GET / HTTP/1.1" 200 8535 "http://www.google.de/url?sa=t&rct=j&q=&esrc=s&source=web&cd=1&ved=0CCIQFjAA&url=http%3A%2F%2Fwww.straman.de%2F&ei=v8LYU5zfBMWi0QWwvoCgBw&usg=AFQjCNEpeUQQKOp_93iUUo8XSnpqrpjMzA&bvm=bv.71778758,d.d2k" "Mozilla/5.0 (Windows NT 6.1; WOW64; rv:30.0) Gecko/20100101 Firefox/30.0"
87.234.32.144 - - [30/Jul/2014:12:03:42 +0200] "GET /css/format.css HTTP/1.1" 200 8709 "http://www.straman.de/" "Mozilla/5.0 (Windows NT 6.1; WOW64; rv:30.0) Gecko/20100101 Firefox/30.0"
87.234.32.144 - - [30/Jul/2014:12:03:42 +0200] "GET /scripte/stra_scr.js HTTP/1.1" 200 1580 "http://www.straman.de/" "Mozilla/5.0 (Windows NT 6.1; WOW64; rv:30.0) Gecko/20100101 Firefox/30.0"
87.234.32.144 - - [30/Jul/2014:12:03:42 +0200] "GET /images/favicon.ico HTTP/1.1" 200 3638 "-" "Mozilla/5.0 (Windows NT 6.1; WOW64; rv:30.0) Gecko/20100101 Firefox/30.0"
87.234.32.144 - - [30/Jul/2014:12:03:42 +0200] "GET /images/f_1-p.gif HTTP/1.1" 200 43 "http://www.straman.de/" "Mozilla/5.0 (Windows NT 6.1; WOW64; rv:30.0) Gecko/20100101 Firefox/30.0"
87.234.32.144 - - [30/Jul/2014:12:03:42 +0200] "GET /images/logo_straman_neu.jpg HTTP/1.1" 200 19228 "http://www.straman.de/" "Mozilla/5.0 (Windows NT 6.1; WOW64; rv:30.0) Gecko/20100101 Firefox/30.0"
87.234.32.144 - - [30/Jul/2014:12:03:42 +0200] "GET /images/start_1.jpg HTTP/1.1" 200 6732 "http://www.straman.de/" "Mozilla/5.0 (Windows NT 6.1; WOW64; rv:30.0) Gecko/20100101 Firefox/30.0"
87.234.32.144 - - [30/Jul/2014:12:03:42 +0200] "GET /images/start_2.jpg HTTP/1.1" 200 8241 "http://www.straman.de/" "Mozilla/5.0 (Windows NT 6.1; WOW64; rv:30.0) Gecko/20100101 Firefox/30.0"
87.234.32.144 - - [30/Jul/2014:12:03:42 +0200] "GET /images/footer1_neu.gif HTTP/1.1" 200 58 "http://www.straman.de/css/format.css" "Mozilla/5.0 (Windows NT 6.1; WOW64; rv:30.0) Gecko/20100101 Firefox/30.0"
88.116.240.126 - - [30/Jul/2014:12:32:09 +0200] "GET / HTTP/1.1" 200 8535 "http://www.google.at/url?sa=t&rct=j&q=&esrc=s&source=web&cd=15&ved=0CFsQFjAEOAo&url=http%3A%2F%2Fwww.straman.de%2F&ei=5sjYU6bIBeHY7AbvmID4AQ&usg=AFQjCNEpeUQQKOp_93iUUo8XSnpqrpjMzA&sig2=X4cF7IyUlKQSrzLizQpZPA&bvm=bv.71778758,d.ZGU" "Mozilla/5.0 (Windows NT 6.3; WOW64; rv:31.0) Gecko/20100101 Firefox/31.0"
88.116.240.126 - - [30/Jul/2014:12:32:09 +0200] "GET /css/format.css HTTP/1.1" 200 8709 "http://www.straman.de/" "Mozilla/5.0 (Windows NT 6.3; WOW64; rv:31.0) Gecko/20100101 Firefox/31.0"
88.116.240.126 - - [30/Jul/2014:12:32:09 +0200] "GET /scripte/stra_scr.js HTTP/1.1" 200 1580 "http://www.straman.de/" "Mozilla/5.0 (Windows NT 6.3; WOW64; rv:31.0) Gecko/20100101 Firefox/31.0"
88.116.240.126 - - [30/Jul/2014:12:32:10 +0200] "GET /images/favicon.ico HTTP/1.1" 200 3638 "-" "Mozilla/5.0 (Windows NT 6.3; WOW64; rv:31.0) Gecko/20100101 Firefox/31.0"
88.116.240.126 - - [30/Jul/2014:12:32:10 +0200] "GET /images/f_1-p.gif HTTP/1.1" 200 43 "http://www.straman.de/" "Mozilla/5.0 (Windows NT 6.3; WOW64; rv:31.0) Gecko/20100101 Firefox/31.0"
88.116.240.126 - - [30/Jul/2014:12:32:10 +0200] "GET /images/logo_straman_neu.jpg HTTP/1.1" 200 19228 "http://www.straman.de/" "Mozilla/5.0 (Windows NT 6.3; WOW64; rv:31.0) Gecko/20100101 Firefox/31.0"
88.116.240.126 - - [30/Jul/2014:12:32:10 +0200] "GET /images/start_1.jpg HTTP/1.1" 200 6732 "http://www.straman.de/" "Mozilla/5.0 (Windows NT 6.3; WOW64; rv:31.0) Gecko/20100101 Firefox/31.0"
88.116.240.126 - - [30/Jul/2014:12:32:10 +0200] "GET /images/start_2.jpg HTTP/1.1" 200 8241 "http://www.straman.de/" "Mozilla/5.0 (Windows NT 6.3; WOW64; rv:31.0) Gecko/20100101 Firefox/31.0"
88.116.240.126 - - [30/Jul/2014:12:32:10 +0200] "GET /images/footer1_neu.gif HTTP/1.1" 200 58 "http://www.straman.de/css/format.css" "Mozilla/5.0 (Windows NT 6.3; WOW64; rv:31.0) Gecko/20100101 Firefox/31.0"
66.249.69.215 - - [30/Jul/2014:13:06:59 +0200] "GET /documents/Strassenreinigungssatzung_Schwaneneck.pdf HTTP/1.1" 304 - "-" "Mozilla/5.0 (compatible; Googlebot/2.1; +http://www.google.com/bot.html)"
212.185.43.203 - - [30/Jul/2014:13:10:44 +0200] "GET / HTTP/1.1" 200 8535 "http://www.google.de/url?sa=t&rct=j&q=&esrc=s&frm=1&source=web&cd=14&ved=0CFEQFjADOAo&url=http%3A%2F%2Fwww.straman.de%2F&ei=JNLYU4nhOIaM7AbfwIDIBA&usg=AFQjCNEpeUQQKOp_93iUUo8XSnpqrpjMzA" "Mozilla/5.0 (compatible; MSIE 9.0; Windows NT 6.1; WOW64; Trident/5.0)"
212.185.43.203 - - [30/Jul/2014:13:10:44 +0200] "GET /css/format.css HTTP/1.1" 200 8709 "http://www.straman.de/" "Mozilla/5.0 (compatible; MSIE 9.0; Windows NT 6.1; WOW64; Trident/5.0)"
212.185.43.203 - - [30/Jul/2014:13:10:44 +0200] "GET /images/f_1-p.gif HTTP/1.1" 200 43 "http://www.straman.de/" "Mozilla/5.0 (compatible; MSIE 9.0; Windows NT 6.1; WOW64; Trident/5.0)"
212.185.43.203 - - [30/Jul/2014:13:10:44 +0200] "GET /images/start_2.jpg HTTP/1.1" 200 8241 "http://www.straman.de/" "Mozilla/5.0 (compatible; MSIE 9.0; Windows NT 6.1; WOW64; Trident/5.0)"
212.185.43.203 - - [30/Jul/2014:13:10:44 +0200] "GET /images/start_1.jpg HTTP/1.1" 200 6732 "http://www.straman.de/" "Mozilla/5.0 (compatible; MSIE 9.0; Windows NT 6.1; WOW64; Trident/5.0)"
212.185.43.203 - - [30/Jul/2014:13:10:44 +0200] "GET /css/format.css HTTP/1.1" 200 8709 "http://www.straman.de/" "Mozilla/5.0 (compatible; MSIE 9.0; Windows NT 6.1; WOW64; Trident/5.0)"
212.185.43.203 - - [30/Jul/2014:13:10:44 +0200] "GET /scripte/stra_scr.js HTTP/1.1" 200 1580 "http://www.straman.de/" "Mozilla/5.0 (compatible; MSIE 9.0; Windows NT 6.1; WOW64; Trident/5.0)"
212.185.43.203 - - [30/Jul/2014:13:10:44 +0200] "GET /images/logo_straman_neu.jpg HTTP/1.1" 200 19228 "http://www.straman.de/" "Mozilla/5.0 (compatible; MSIE 9.0; Windows NT 6.1; WOW64; Trident/5.0)"
212.185.43.203 - - [30/Jul/2014:13:10:44 +0200] "GET /css/format_ie.css HTTP/1.1" 200 6492 "http://www.straman.de/" "Mozilla/5.0 (compatible; MSIE 9.0; Windows NT 6.1; WOW64; Trident/5.0)"
212.185.43.203 - - [30/Jul/2014:13:10:44 +0200] "GET /images/footer1_neu.gif HTTP/1.1" 200 58 "http://www.straman.de/" "Mozilla/5.0 (compatible; MSIE 9.0; Windows NT 6.1; WOW64; Trident/5.0)"
212.185.43.203 - - [30/Jul/2014:13:10:45 +0200] "GET /images/favicon.ico HTTP/1.1" 200 3638 "-" "Mozilla/5.0 (compatible; MSIE 9.0; Windows NT 6.1; WOW64; Trident/5.0)"
194.25.250.18 - - [30/Jul/2014:13:51:32 +0200] "GET / HTTP/1.1" 200 8535 "-" "Mozilla/5.0 (compatible; MSIE 9.0; Windows NT 6.1; WOW64; Trident/5.0)"
194.25.250.18 - - [30/Jul/2014:13:51:32 +0200] "GET /favicon.ico HTTP/1.1" 404 1256 "-" "Mozilla/5.0 (compatible; MSIE 9.0; Windows NT 6.1; WOW64; Trident/5.0)"
194.25.250.18 - - [30/Jul/2014:13:51:32 +0200] "GET /css/format.css HTTP/1.1" 200 8709 "http://www.straman.de/" "Mozilla/5.0 (compatible; MSIE 9.0; Windows NT 6.1; WOW64; Trident/5.0)"
194.25.250.18 - - [30/Jul/2014:13:51:32 +0200] "GET /scripte/stra_scr.js HTTP/1.1" 200 1580 "http://www.straman.de/" "Mozilla/5.0 (compatible; MSIE 9.0; Windows NT 6.1; WOW64; Trident/5.0)"
194.25.250.18 - - [30/Jul/2014:13:51:32 +0200] "GET /images/logo_straman_neu.jpg HTTP/1.1" 200 19228 "http://www.straman.de/" "Mozilla/5.0 (compatible; MSIE 9.0; Windows NT 6.1; WOW64; Trident/5.0)"
194.25.250.18 - - [30/Jul/2014:13:51:32 +0200] "GET /images/f_1-p.gif HTTP/1.1" 200 43 "http://www.straman.de/" "Mozilla/5.0 (compatible; MSIE 9.0; Windows NT 6.1; WOW64; Trident/5.0)"
194.25.250.18 - - [30/Jul/2014:13:51:32 +0200] "GET /images/start_1.jpg HTTP/1.1" 200 6732 "http://www.straman.de/" "Mozilla/5.0 (compatible; MSIE 9.0; Windows NT 6.1; WOW64; Trident/5.0)"
194.25.250.18 - - [30/Jul/2014:13:51:32 +0200] "GET /images/start_2.jpg HTTP/1.1" 200 8241 "http://www.straman.de/" "Mozilla/5.0 (compatible; MSIE 9.0; Windows NT 6.1; WOW64; Trident/5.0)"
194.25.250.18 - - [30/Jul/2014:13:51:32 +0200] "GET /css/format_ie.css HTTP/1.1" 200 6492 "http://www.straman.de/" "Mozilla/5.0 (compatible; MSIE 9.0; Windows NT 6.1; WOW64; Trident/5.0)"
194.25.250.18 - - [30/Jul/2014:13:51:32 +0200] "GET /images/footer1_neu.gif HTTP/1.1" 200 58 "http://www.straman.de/" "Mozilla/5.0 (compatible; MSIE 9.0; Windows NT 6.1; WOW64; Trident/5.0)"
194.25.250.18 - - [30/Jul/2014:13:51:33 +0200] "GET /images/favicon.ico HTTP/1.1" 200 3638 "-" "Mozilla/5.0 (compatible; MSIE 9.0; Windows NT 6.1; WOW64; Trident/5.0)"
194.25.250.18 - - [30/Jul/2014:13:52:29 +0200] "GET /seiten/winterdienst.htm HTTP/1.1" 200 17245 "http://www.straman.de/" "Mozilla/5.0 (compatible; MSIE 9.0; Windows NT 6.1; WOW64; Trident/5.0)"
194.25.250.18 - - [30/Jul/2014:13:52:30 +0200] "GET /images/besch_logo.jpg HTTP/1.1" 200 22062 "http://www.straman.de/seiten/winterdienst.htm" "Mozilla/5.0 (compatible; MSIE 9.0; Windows NT 6.1; WOW64; Trident/5.0)"
194.25.250.18 - - [30/Jul/2014:13:52:30 +0200] "GET /images/nav2_1a.jpg HTTP/1.1" 200 33913 "http://www.straman.de/seiten/winterdienst.htm" "Mozilla/5.0 (compatible; MSIE 9.0; Windows NT 6.1; WOW64; Trident/5.0)"
194.25.250.18 - - [30/Jul/2014:13:52:30 +0200] "GET /images/nav2_2a.jpg HTTP/1.1" 200 32913 "http://www.straman.de/seiten/winterdienst.htm" "Mozilla/5.0 (compatible; MSIE 9.0; Windows NT 6.1; WOW64; Trident/5.0)"
194.25.250.18 - - [30/Jul/2014:13:52:30 +0200] "GET /images/nav2_1.jpg HTTP/1.1" 200 6962 "http://www.straman.de/seiten/winterdienst.htm" "Mozilla/5.0 (compatible; MSIE 9.0; Windows NT 6.1; WOW64; Trident/5.0)"
194.25.250.18 - - [30/Jul/2014:13:52:30 +0200] "GET /images/pdf.gif HTTP/1.1" 200 214 "http://www.straman.de/seiten/winterdienst.htm" "Mozilla/5.0 (compatible; MSIE 9.0; Windows NT 6.1; WOW64; Trident/5.0)"
194.25.250.18 - - [30/Jul/2014:13:52:30 +0200] "GET /images/hacken.gif HTTP/1.1" 200 307 "http://www.straman.de/seiten/winterdienst.htm" "Mozilla/5.0 (compatible; MSIE 9.0; Windows NT 6.1; WOW64; Trident/5.0)"
194.25.250.18 - - [30/Jul/2014:13:52:30 +0200] "GET /images/winkel.gif HTTP/1.1" 200 314 "http://www.straman.de/seiten/winterdienst.htm" "Mozilla/5.0 (compatible; MSIE 9.0; Windows NT 6.1; WOW64; Trident/5.0)"
194.25.250.18 - - [30/Jul/2014:13:52:33 +0200] "GET /images/nav2_2.jpg HTTP/1.1" 200 8057 "http://www.straman.de/seiten/winterdienst.htm" "Mozilla/5.0 (compatible; MSIE 9.0; Windows NT 6.1; WOW64; Trident/5.0)"
194.25.250.18 - - [30/Jul/2014:13:55:40 +0200] "GET /favicon.ico HTTP/1.1" 404 1256 "-" "Mozilla/5.0 (compatible; MSIE 9.0; Windows NT 6.1; WOW64; Trident/5.0)"
194.25.250.18 - - [30/Jul/2014:13:55:40 +0200] "GET /seiten/straman_aktuell.htm HTTP/1.1" 200 5933 "-" "Mozilla/5.0 (compatible; MSIE 9.0; Windows NT 6.1; WOW64; Trident/5.0)"
194.25.250.18 - - [30/Jul/2014:13:55:40 +0200] "GET /images/nav4_1.jpg HTTP/1.1" 200 6241 "http://www.straman.de/seiten/straman_aktuell.htm" "Mozilla/5.0 (compatible; MSIE 9.0; Windows NT 6.1; WOW64; Trident/5.0)"
194.25.250.18 - - [30/Jul/2014:13:55:40 +0200] "GET /images/nav4_2.jpg HTTP/1.1" 200 7407 "http://www.straman.de/seiten/straman_aktuell.htm" "Mozilla/5.0 (compatible; MSIE 9.0; Windows NT 6.1; WOW64; Trident/5.0)"
93.219.101.53 - - [30/Jul/2014:14:28:41 +0200] "GET / HTTP/1.1" 200 8535 "http://www.google.de/url?sa=t&rct=j&q=&esrc=s&source=web&cd=1&ved=0CCAQFjAA&url=http%3A%2F%2Fwww.straman.de%2F&ei=3uTYU5GyI7TW4QTjzYDwDg&usg=AFQjCNEpeUQQKOp_93iUUo8XSnpqrpjMzA&bvm=bv.71778758,d.bGE" "Mozilla/5.0 (Windows NT 6.1; WOW64; Trident/7.0; rv:11.0) like Gecko"
93.219.101.53 - - [30/Jul/2014:14:28:41 +0200] "GET /css/format.css HTTP/1.1" 200 8709 "http://www.straman.de/" "Mozilla/5.0 (Windows NT 6.1; WOW64; Trident/7.0; rv:11.0) like Gecko"
93.219.101.53 - - [30/Jul/2014:14:28:41 +0200] "GET /scripte/stra_scr.js HTTP/1.1" 200 1580 "http://www.straman.de/" "Mozilla/5.0 (Windows NT 6.1; WOW64; Trident/7.0; rv:11.0) like Gecko"
93.219.101.53 - - [30/Jul/2014:14:28:41 +0200] "GET /images/f_1-p.gif HTTP/1.1" 200 43 "http://www.straman.de/" "Mozilla/5.0 (Windows NT 6.1; WOW64; Trident/7.0; rv:11.0) like Gecko"
93.219.101.53 - - [30/Jul/2014:14:28:41 +0200] "GET /images/start_1.jpg HTTP/1.1" 200 6732 "http://www.straman.de/" "Mozilla/5.0 (Windows NT 6.1; WOW64; Trident/7.0; rv:11.0) like Gecko"
93.219.101.53 - - [30/Jul/2014:14:28:41 +0200] "GET /images/logo_straman_neu.jpg HTTP/1.1" 200 19228 "http://www.straman.de/" "Mozilla/5.0 (Windows NT 6.1; WOW64; Trident/7.0; rv:11.0) like Gecko"
93.219.101.53 - - [30/Jul/2014:14:28:41 +0200] "GET /images/start_2.jpg HTTP/1.1" 200 8241 "http://www.straman.de/" "Mozilla/5.0 (Windows NT 6.1; WOW64; Trident/7.0; rv:11.0) like Gecko"
93.219.101.53 - - [30/Jul/2014:14:28:41 +0200] "GET /images/footer1_neu.gif HTTP/1.1" 200 58 "http://www.straman.de/" "Mozilla/5.0 (Windows NT 6.1; WOW64; Trident/7.0; rv:11.0) like Gecko"
93.219.101.53 - - [30/Jul/2014:14:28:41 +0200] "GET /images/favicon.ico HTTP/1.1" 200 3638 "-" "Mozilla/5.0 (Windows NT 6.1; Win64; x64; Trident/7.0; rv:11.0) like Gecko"
93.219.101.53 - - [30/Jul/2014:14:28:44 +0200] "GET /seiten/straman_jobs.htm HTTP/1.1" 200 5214 "http://www.straman.de/" "Mozilla/5.0 (Windows NT 6.1; WOW64; Trident/7.0; rv:11.0) like Gecko"
93.219.101.53 - - [30/Jul/2014:14:28:44 +0200] "GET /images/nav6_1.jpg HTTP/1.1" 200 9481 "http://www.straman.de/seiten/straman_jobs.htm" "Mozilla/5.0 (Windows NT 6.1; WOW64; Trident/7.0; rv:11.0) like Gecko"
93.219.101.53 - - [30/Jul/2014:14:28:44 +0200] "GET /images/hacken.gif HTTP/1.1" 200 307 "http://www.straman.de/seiten/straman_jobs.htm" "Mozilla/5.0 (Windows NT 6.1; WOW64; Trident/7.0; rv:11.0) like Gecko"
93.219.101.53 - - [30/Jul/2014:14:29:32 +0200] "GET / HTTP/1.1" 200 8535 "http://www.google.de/url?sa=t&rct=j&q=&esrc=s&source=web&cd=1&ved=0CCAQFjAA&url=http%3A%2F%2Fwww.straman.de%2F&ei=3uTYU5GyI7TW4QTjzYDwDg&usg=AFQjCNEpeUQQKOp_93iUUo8XSnpqrpjMzA&bvm=bv.71778758,d.bGE" "Mozilla/5.0 (Windows NT 6.1; WOW64; Trident/7.0; rv:11.0) like Gecko"
66.249.69.231 - - [30/Jul/2014:14:33:39 +0200] "GET /robots.txt HTTP/1.1" 200 192 "-" "Mozilla/5.0 (compatible; Googlebot/2.1; +http://www.google.com/bot.html)"
66.249.69.253 - - [30/Jul/2014:14:33:39 +0200] "GET /servicebereiche/gruenanlagenpflege/gewerbegruenpflege.html HTTP/1.1" 404 1256 "-" "Mozilla/5.0 (compatible; Googlebot/2.1; +http://www.google.com/bot.html)"
195.233.250.6 - - [30/Jul/2014:14:35:29 +0200] "GET /templates/gk_penguinmail/images/logo.png HTTP/1.1" 404 1256 "-" "Mozilla/4.0 (compatible;)"
207.189.121.45 - - [30/Jul/2014:14:43:32 +0200] "GET / HTTP/1.1" 200 8535 "-" "Mozilla/5.0 (Windows; U; Windows NT 5.1; en-US; rv:1.9.2.8) Gecko/20100721 Firefox/3.6.8"
207.189.121.45 - - [30/Jul/2014:14:43:35 +0200] "GET / HTTP/1.1" 200 8535 "http://www.straman.de/" "Mozilla/5.0 (Windows; U; Windows NT 5.1; en-US; rv:1.9.2.8) Gecko/20100721 Firefox/3.6.8"
207.189.121.45 - - [30/Jul/2014:14:43:45 +0200] "GET /seiten/gruenanlagenpflege.htm HTTP/1.1" 200 13533 "http://www.straman.de" "Mozilla/5.0 (Windows; U; Windows NT 5.1; en-US; rv:1.9.2.8) Gecko/20100721 Firefox/3.6.8"
207.189.121.45 - - [30/Jul/2014:14:44:03 +0200] "GET /seiten/strassenreinigung.htm HTTP/1.1" 200 7046 "http://www.straman.de" "Mozilla/5.0 (Windows; U; Windows NT 5.1; en-US; rv:1.9.2.8) Gecko/20100721 Firefox/3.6.8"
207.189.121.45 - - [30/Jul/2014:14:44:10 +0200] "GET /seiten/straman_jobs.htm HTTP/1.1" 200 5214 "http://www.straman.de" "Mozilla/5.0 (Windows; U; Windows NT 5.1; en-US; rv:1.9.2.8) Gecko/20100721 Firefox/3.6.8"
207.189.121.45 - - [30/Jul/2014:14:44:13 +0200] "GET /seiten/winterdienst.htm HTTP/1.1" 200 17245 "http://www.straman.de" "Mozilla/5.0 (Windows; U; Windows NT 5.1; en-US; rv:1.9.2.8) Gecko/20100721 Firefox/3.6.8"
93.219.101.53 - - [30/Jul/2014:15:01:59 +0200] "GET / HTTP/1.1" 200 8535 "http://www.google.de/url?sa=t&rct=j&q=&esrc=s&source=web&cd=1&ved=0CCAQFjAA&url=http%3A%2F%2Fwww.straman.de%2F&ei=puzYU5PDNqnb4QSNpoCwDQ&usg=AFQjCNEpeUQQKOp_93iUUo8XSnpqrpjMzA" "Mozilla/5.0 (Windows NT 6.1; WOW64; Trident/7.0; rv:11.0) like Gecko"
93.219.101.53 - - [30/Jul/2014:15:02:04 +0200] "GET /seiten/straman_jobs.htm HTTP/1.1" 200 5214 "http://www.straman.de/" "Mozilla/5.0 (Windows NT 6.1; WOW64; Trident/7.0; rv:11.0) like Gecko"
208.115.111.71 - - [30/Jul/2014:15:10:22 +0200] "GET /robots.txt HTTP/1.1" 200 192 "-" "Mozilla/5.0 (compatible; DotBot/1.1; http://www.opensiteexplorer.org/dotbot, help@moz.com)"
93.219.101.53 - - [30/Jul/2014:15:13:09 +0200] "GET / HTTP/1.1" 200 8535 "http://www.google.de/url?sa=t&rct=j&q=&esrc=s&source=web&cd=1&ved=0CCAQFjAA&url=http%3A%2F%2Fwww.straman.de%2F&ei=puzYU5PDNqnb4QSNpoCwDQ&usg=AFQjCNEpeUQQKOp_93iUUo8XSnpqrpjMzA" "Mozilla/5.0 (Windows NT 6.1; WOW64; Trident/7.0; rv:11.0) like Gecko"
93.220.75.35 - - [30/Jul/2014:15:31:08 +0200] "GET /templates/gk_penguinmail/favicon.ico HTTP/1.1" 404 1256 "-" "Mozilla/5.0 (Windows NT 6.1; WOW64; rv:31.0) Gecko/20100101 Firefox/31.0"
66.249.69.253 - - [30/Jul/2014:15:45:25 +0200] "GET / HTTP/1.1" 200 8535 "-" "Mozilla/5.0 (compatible; Googlebot/2.1; +http://www.google.com/bot.html)"
157.55.39.153 - - [30/Jul/2014:15:51:28 +0200] "GET /servicebereiche/strassenreinigung.html HTTP/1.1" 404 1256 "-" "Mozilla/5.0 (compatible; bingbot/2.0; +http://www.bing.com/bingbot.htm)"
80.148.23.226 - - [30/Jul/2014:16:21:50 +0200] "GET / HTTP/1.1" 200 8535 "http://www.google.de/url?sa=t&rct=j&q=&esrc=s&source=web&cd=12&cad=rja&uact=8&ved=0CEEQFjABOAo&url=http%3A%2F%2Fwww.straman.de%2F&ei=Xv_YU-2THqiQ7Abl_IBw&usg=AFQjCNEpeUQQKOp_93iUUo8XSnpqrpjMzA&bvm=bv.71778758,d.ZGU" "Mozilla/5.0 (Windows NT 6.1; WOW64; rv:12.0) Gecko/20100101 Firefox/12.0"
80.148.23.226 - - [30/Jul/2014:16:21:51 +0200] "GET /css/format.css HTTP/1.1" 200 8709 "http://www.straman.de/" "Mozilla/5.0 (Windows NT 6.1; WOW64; rv:12.0) Gecko/20100101 Firefox/12.0"
80.148.23.226 - - [30/Jul/2014:16:21:51 +0200] "GET /images/logo_straman_neu.jpg HTTP/1.1" 200 19228 "http://www.straman.de/" "Mozilla/5.0 (Windows NT 6.1; WOW64; rv:12.0) Gecko/20100101 Firefox/12.0"
80.148.23.226 - - [30/Jul/2014:16:21:51 +0200] "GET /images/favicon.ico HTTP/1.1" 200 3638 "-" "Mozilla/5.0 (Windows NT 6.1; WOW64; rv:12.0) Gecko/20100101 Firefox/12.0"
80.148.23.226 - - [30/Jul/2014:16:21:51 +0200] "GET /images/start_1.jpg HTTP/1.1" 200 6732 "http://www.straman.de/" "Mozilla/5.0 (Windows NT 6.1; WOW64; rv:12.0) Gecko/20100101 Firefox/12.0"
80.148.23.226 - - [30/Jul/2014:16:21:51 +0200] "GET /scripte/stra_scr.js HTTP/1.1" 200 1580 "http://www.straman.de/" "Mozilla/5.0 (Windows NT 6.1; WOW64; rv:12.0) Gecko/20100101 Firefox/12.0"
80.148.23.226 - - [30/Jul/2014:16:21:51 +0200] "GET /images/f_1-p.gif HTTP/1.1" 200 43 "http://www.straman.de/" "Mozilla/5.0 (Windows NT 6.1; WOW64; rv:12.0) Gecko/20100101 Firefox/12.0"
80.148.23.226 - - [30/Jul/2014:16:21:51 +0200] "GET /images/start_2.jpg HTTP/1.1" 200 8241 "http://www.straman.de/" "Mozilla/5.0 (Windows NT 6.1; WOW64; rv:12.0) Gecko/20100101 Firefox/12.0"
80.148.23.226 - - [30/Jul/2014:16:21:51 +0200] "GET /images/footer1_neu.gif HTTP/1.1" 200 58 "http://www.straman.de/css/format.css" "Mozilla/5.0 (Windows NT 6.1; WOW64; rv:12.0) Gecko/20100101 Firefox/12.0"
80.148.23.226 - - [30/Jul/2014:16:23:24 +0200] "GET /seiten/strassenreinigung.htm HTTP/1.1" 200 7046 "http://www.straman.de/" "Mozilla/5.0 (Windows NT 6.1; WOW64; rv:12.0) Gecko/20100101 Firefox/12.0"
80.148.23.226 - - [30/Jul/2014:16:23:24 +0200] "GET /images/winkel.gif HTTP/1.1" 200 314 "http://www.straman.de/seiten/strassenreinigung.htm" "Mozilla/5.0 (Windows NT 6.1; WOW64; rv:12.0) Gecko/20100101 Firefox/12.0"
80.148.23.226 - - [30/Jul/2014:16:23:24 +0200] "GET /images/besch_logo.jpg HTTP/1.1" 200 22062 "http://www.straman.de/seiten/strassenreinigung.htm" "Mozilla/5.0 (Windows NT 6.1; WOW64; rv:12.0) Gecko/20100101 Firefox/12.0"
80.148.23.226 - - [30/Jul/2014:16:23:24 +0200] "GET /images/nav1_2.jpg HTTP/1.1" 200 6717 "http://www.straman.de/seiten/strassenreinigung.htm" "Mozilla/5.0 (Windows NT 6.1; WOW64; rv:12.0) Gecko/20100101 Firefox/12.0"
80.148.23.226 - - [30/Jul/2014:16:23:24 +0200] "GET /images/nav1_1.jpg HTTP/1.1" 200 9431 "http://www.straman.de/seiten/strassenreinigung.htm" "Mozilla/5.0 (Windows NT 6.1; WOW64; rv:12.0) Gecko/20100101 Firefox/12.0"
80.148.23.226 - - [30/Jul/2014:16:23:24 +0200] "GET /images/nav1_1a.jpg HTTP/1.1" 200 30034 "http://www.straman.de/seiten/strassenreinigung.htm" "Mozilla/5.0 (Windows NT 6.1; WOW64; rv:12.0) Gecko/20100101 Firefox/12.0"
80.148.23.226 - - [30/Jul/2014:16:23:24 +0200] "GET /images/hacken.gif HTTP/1.1" 200 307 "http://www.straman.de/seiten/strassenreinigung.htm" "Mozilla/5.0 (Windows NT 6.1; WOW64; rv:12.0) Gecko/20100101 Firefox/12.0"
80.148.23.226 - - [30/Jul/2014:16:23:32 +0200] "GET /favicon.ico HTTP/1.1" 404 1256 "-" "Mozilla/5.0 (Windows NT 6.1; WOW64; rv:12.0) Gecko/20100101 Firefox/12.0"
80.148.23.226 - - [30/Jul/2014:16:23:32 +0200] "GET /favicon.ico HTTP/1.1" 404 1256 "-" "Mozilla/5.0 (Windows NT 6.1; WOW64; rv:12.0) Gecko/20100101 Firefox/12.0"
93.220.75.35 - - [30/Jul/2014:16:37:38 +0200] "GET /templates/gk_penguinmail/favicon.ico HTTP/1.1" 404 1256 "-" "Mozilla/5.0 (Windows NT 6.1; WOW64; rv:31.0) Gecko/20100101 Firefox/31.0"
208.115.111.71 - - [30/Jul/2014:17:05:11 +0200] "GET /unternehmen/historie.html HTTP/1.1" 404 1256 "-" "Mozilla/5.0 (compatible; DotBot/1.1; http://www.opensiteexplorer.org/dotbot, help@moz.com)"
93.220.75.35 - - [30/Jul/2014:17:08:27 +0200] "GET /templates/gk_penguinmail/favicon.ico HTTP/1.1" 404 1256 "-" "Mozilla/5.0 (Windows NT 6.1; WOW64; rv:31.0) Gecko/20100101 Firefox/31.0"
93.220.75.35 - - [30/Jul/2014:17:08:41 +0200] "GET /templates/gk_penguinmail/favicon.ico HTTP/1.1" 404 1256 "-" "Mozilla/5.0 (Windows NT 6.1; WOW64; rv:31.0) Gecko/20100101 Firefox/31.0"
95.91.209.83 - - [30/Jul/2014:17:14:43 +0200] "GET / HTTP/1.1" 200 8535 "https://www.google.de/" "Mozilla/5.0 (iPad; CPU OS 7_1 like Mac OS X) AppleWebKit/537.51.2 (KHTML, like Gecko) Version/7.0 Mobile/11D167 Safari/9537.53"
95.91.209.83 - - [30/Jul/2014:17:14:43 +0200] "GET /css/format.css HTTP/1.1" 200 8709 "http://www.straman.de/" "Mozilla/5.0 (iPad; CPU OS 7_1 like Mac OS X) AppleWebKit/537.51.2 (KHTML, like Gecko) Version/7.0 Mobile/11D167 Safari/9537.53"
95.91.209.83 - - [30/Jul/2014:17:14:43 +0200] "GET /scripte/stra_scr.js HTTP/1.1" 200 1580 "http://www.straman.de/" "Mozilla/5.0 (iPad; CPU OS 7_1 like Mac OS X) AppleWebKit/537.51.2 (KHTML, like Gecko) Version/7.0 Mobile/11D167 Safari/9537.53"
95.91.209.83 - - [30/Jul/2014:17:14:43 +0200] "GET /images/f_1-p.gif HTTP/1.1" 200 43 "http://www.straman.de/" "Mozilla/5.0 (iPad; CPU OS 7_1 like Mac OS X) AppleWebKit/537.51.2 (KHTML, like Gecko) Version/7.0 Mobile/11D167 Safari/9537.53"
95.91.209.83 - - [30/Jul/2014:17:14:43 +0200] "GET /images/logo_straman_neu.jpg HTTP/1.1" 200 19228 "http://www.straman.de/" "Mozilla/5.0 (iPad; CPU OS 7_1 like Mac OS X) AppleWebKit/537.51.2 (KHTML, like Gecko) Version/7.0 Mobile/11D167 Safari/9537.53"
95.91.209.83 - - [30/Jul/2014:17:14:43 +0200] "GET /images/start_1.jpg HTTP/1.1" 200 6732 "http://www.straman.de/" "Mozilla/5.0 (iPad; CPU OS 7_1 like Mac OS X) AppleWebKit/537.51.2 (KHTML, like Gecko) Version/7.0 Mobile/11D167 Safari/9537.53"
95.91.209.83 - - [30/Jul/2014:17:14:43 +0200] "GET /images/start_2.jpg HTTP/1.1" 200 8241 "http://www.straman.de/" "Mozilla/5.0 (iPad; CPU OS 7_1 like Mac OS X) AppleWebKit/537.51.2 (KHTML, like Gecko) Version/7.0 Mobile/11D167 Safari/9537.53"
95.91.209.83 - - [30/Jul/2014:17:14:44 +0200] "GET /images/footer1_neu.gif HTTP/1.1" 200 58 "http://www.straman.de/" "Mozilla/5.0 (iPad; CPU OS 7_1 like Mac OS X) AppleWebKit/537.51.2 (KHTML, like Gecko) Version/7.0 Mobile/11D167 Safari/9537.53"
207.46.13.28 - - [30/Jul/2014:17:44:49 +0200] "GET /unternehmen/imagevideo-straman.pdf HTTP/1.1" 404 1256 "-" "Mozilla/5.0 (compatible; bingbot/2.0; +http://www.bing.com/bingbot.htm)"
93.220.75.35 - - [30/Jul/2014:18:29:39 +0200] "GET /templates/gk_penguinmail/favicon.ico HTTP/1.1" 404 1256 "-" "Mozilla/5.0 (Windows NT 6.1; WOW64; rv:31.0) Gecko/20100101 Firefox/31.0"
195.233.250.6 - - [30/Jul/2014:18:34:17 +0200] "GET /templates/gk_penguinmail/css/ie8.css HTTP/1.1" 404 1256 "-" "Mozilla/4.0 (compatible;)"
93.220.75.35 - - [30/Jul/2014:18:49:13 +0200] "GET /templates/gk_penguinmail/favicon.ico HTTP/1.1" 404 1256 "-" "Mozilla/5.0 (Windows NT 6.1; WOW64; rv:31.0) Gecko/20100101 Firefox/31.0"
157.55.39.248 - - [30/Jul/2014:19:13:26 +0200] "GET / HTTP/1.1" 200 8535 "-" "Mozilla/5.0 (compatible; bingbot/2.0; +http://www.bing.com/bingbot.htm)"
157.55.39.248 - - [30/Jul/2014:19:35:07 +0200] "GET /servicebereiche/winterdienst.html HTTP/1.1" 404 1256 "-" "Mozilla/5.0 (compatible; bingbot/2.0; +http://www.bing.com/bingbot.htm)"
93.220.75.35 - - [30/Jul/2014:19:43:56 +0200] "GET /templates/gk_penguinmail/favicon.ico HTTP/1.1" 404 1256 "-" "Mozilla/5.0 (Windows NT 6.1; WOW64; rv:31.0) Gecko/20100101 Firefox/31.0"
93.220.75.35 - - [30/Jul/2014:19:44:27 +0200] "GET /templates/gk_penguinmail/favicon.ico HTTP/1.1" 404 1256 "-" "Mozilla/5.0 (Windows NT 6.1; WOW64; rv:31.0) Gecko/20100101 Firefox/31.0"
93.220.75.35 - - [30/Jul/2014:19:45:51 +0200] "GET /templates/gk_penguinmail/favicon.ico HTTP/1.1" 404 1256 "-" "Mozilla/5.0 (Windows NT 6.1; WOW64; rv:31.0) Gecko/20100101 Firefox/31.0"
93.220.75.35 - - [30/Jul/2014:19:54:52 +0200] "GET /templates/gk_penguinmail/favicon.ico HTTP/1.1" 404 1256 "-" "Mozilla/5.0 (Windows NT 6.1; WOW64; rv:31.0) Gecko/20100101 Firefox/31.0"
93.220.75.35 - - [30/Jul/2014:19:54:58 +0200] "GET /templates/gk_penguinmail/favicon.ico HTTP/1.1" 404 1256 "-" "Mozilla/5.0 (Windows NT 6.1; WOW64; rv:31.0) Gecko/20100101 Firefox/31.0"
93.220.75.35 - - [30/Jul/2014:19:55:58 +0200] "GET /templates/gk_penguinmail/favicon.ico HTTP/1.1" 404 1256 "-" "Mozilla/5.0 (Windows NT 6.1; WOW64; rv:31.0) Gecko/20100101 Firefox/31.0"
81.0.199.226 - - [30/Jul/2014:20:20:10 +0200] "GET / HTTP/1.1" 200 8535 "-" "Mozilla/5.0 (Macintosh; Intel Mac OS X 10.7; rv:22.0) Gecko/20100101 Firefox/22.0"
178.182.171.7 - - [30/Jul/2014:20:38:04 +0200] "GET / HTTP/1.1" 200 8535 "-" "Mozilla/5.0 (Linux; U; Android 4.3; pl-pl; SAMSUNG GT-I9300/I9300XXUGNA5 Build/JSS15J) AppleWebKit/534.30 (KHTML, like Gecko) Version/4.0 Mobile Safari/534.30"
178.182.171.7 - - [30/Jul/2014:20:38:04 +0200] "GET /css/format.css HTTP/1.1" 200 8709 "http://www.straman.de/" "Mozilla/5.0 (Linux; U; Android 4.3; pl-pl; SAMSUNG GT-I9300/I9300XXUGNA5 Build/JSS15J) AppleWebKit/534.30 (KHTML, like Gecko) Version/4.0 Mobile Safari/534.30"
178.182.171.7 - - [30/Jul/2014:20:38:04 +0200] "GET /scripte/stra_scr.js HTTP/1.1" 200 1580 "http://www.straman.de/" "Mozilla/5.0 (Linux; U; Android 4.3; pl-pl; SAMSUNG GT-I9300/I9300XXUGNA5 Build/JSS15J) AppleWebKit/534.30 (KHTML, like Gecko) Version/4.0 Mobile Safari/534.30"
178.182.171.7 - - [30/Jul/2014:20:38:05 +0200] "GET /images/f_1-p.gif HTTP/1.1" 200 43 "http://www.straman.de/" "Mozilla/5.0 (Linux; U; Android 4.3; pl-pl; SAMSUNG GT-I9300/I9300XXUGNA5 Build/JSS15J) AppleWebKit/534.30 (KHTML, like Gecko) Version/4.0 Mobile Safari/534.30"
178.182.171.7 - - [30/Jul/2014:20:38:05 +0200] "GET /images/logo_straman_neu.jpg HTTP/1.1" 200 19228 "http://www.straman.de/" "Mozilla/5.0 (Linux; U; Android 4.3; pl-pl; SAMSUNG GT-I9300/I9300XXUGNA5 Build/JSS15J) AppleWebKit/534.30 (KHTML, like Gecko) Version/4.0 Mobile Safari/534.30"
178.182.171.7 - - [30/Jul/2014:20:38:05 +0200] "GET /images/start_1.jpg HTTP/1.1" 200 6732 "http://www.straman.de/" "Mozilla/5.0 (Linux; U; Android 4.3; pl-pl; SAMSUNG GT-I9300/I9300XXUGNA5 Build/JSS15J) AppleWebKit/534.30 (KHTML, like Gecko) Version/4.0 Mobile Safari/534.30"
178.182.171.7 - - [30/Jul/2014:20:38:05 +0200] "GET /images/start_2.jpg HTTP/1.1" 200 8241 "http://www.straman.de/" "Mozilla/5.0 (Linux; U; Android 4.3; pl-pl; SAMSUNG GT-I9300/I9300XXUGNA5 Build/JSS15J) AppleWebKit/534.30 (KHTML, like Gecko) Version/4.0 Mobile Safari/534.30"
178.182.171.7 - - [30/Jul/2014:20:38:05 +0200] "GET /images/footer1_neu.gif HTTP/1.1" 200 58 "http://www.straman.de/" "Mozilla/5.0 (Linux; U; Android 4.3; pl-pl; SAMSUNG GT-I9300/I9300XXUGNA5 Build/JSS15J) AppleWebKit/534.30 (KHTML, like Gecko) Version/4.0 Mobile Safari/534.30"
178.182.171.7 - - [30/Jul/2014:20:38:05 +0200] "GET /images/favicon.ico HTTP/1.1" 200 3638 "http://www.straman.de/" "Mozilla/5.0 (Linux; U; Android 4.3; pl-pl; SAMSUNG GT-I9300/I9300XXUGNA5 Build/JSS15J) AppleWebKit/534.30 (KHTML, like Gecko) Version/4.0 Mobile Safari/534.30"
66.249.78.239 - - [30/Jul/2014:20:47:52 +0200] "GET /robots.txt HTTP/1.1" 200 192 "-" "Mozilla/5.0 (compatible; Googlebot/2.1; +http://www.google.com/bot.html)"
66.249.78.246 - - [30/Jul/2014:20:47:52 +0200] "GET / HTTP/1.1" 200 8535 "-" "Mozilla/5.0 (compatible; Googlebot/2.1; +http://www.google.com/bot.html)"
65.55.215.41 - - [30/Jul/2014:20:56:09 +0200] "GET /robots.txt HTTP/1.1" 200 192 "-" "msnbot-media/1.1 (+http://search.msn.com/msnbot.htm)"
65.55.215.41 - - [30/Jul/2014:20:56:10 +0200] "GET /images/stories/taking_notes.jpg HTTP/1.1" 404 1256 "-" "msnbot-media/1.1 (+http://search.msn.com/msnbot.htm)"
66.249.78.239 - - [30/Jul/2014:21:16:41 +0200] "GET /documents/Strassenreinigungssatzung_Schwaneneck.pdf HTTP/1.1" 304 - "-" "Mozilla/5.0 (compatible; Googlebot/2.1; +http://www.google.com/bot.html)"
66.249.78.246 - - [30/Jul/2014:21:41:13 +0200] "GET /scripte/stra_scr.js HTTP/1.1" 200 1580 "-" "Mozilla/5.0 (compatible; Googlebot/2.1; +http://www.google.com/bot.html)"
178.255.215.64 - - [30/Jul/2014:22:06:44 +0200] "GET /robots.txt HTTP/1.1" 200 192 "-" "Mozilla/5.0 (compatible; Exabot/3.0; +http://www.exabot.com/go/robot)"
178.255.215.64 - - [30/Jul/2014:22:06:44 +0200] "GET /unternehmen/imagevideo-straman.html HTTP/1.1" 404 1256 "-" "Mozilla/5.0 (compatible; Exabot/3.0; +http://www.exabot.com/go/robot)"
109.47.192.169 - - [30/Jul/2014:22:06:46 +0200] "GET / HTTP/1.1" 200 8535 "http://www.besch-rent.de/transporter-mieten/kaesten/masterline/wochenende.html" "Mozilla/5.0 (Linux; U; Android 4.2.2; de-de; GT-P5110 Build/JDQ39) AppleWebKit/534.30 (KHTML, like Gecko) Version/4.0 Safari/534.30"
109.47.192.169 - - [30/Jul/2014:22:06:46 +0200] "GET /scripte/stra_scr.js HTTP/1.1" 200 1580 "http://www.straman.de/" "Mozilla/5.0 (Linux; U; Android 4.2.2; de-de; GT-P5110 Build/JDQ39) AppleWebKit/534.30 (KHTML, like Gecko) Version/4.0 Safari/534.30"
109.47.192.169 - - [30/Jul/2014:22:06:46 +0200] "GET /css/format.css HTTP/1.1" 200 8709 "http://www.straman.de/" "Mozilla/5.0 (Linux; U; Android 4.2.2; de-de; GT-P5110 Build/JDQ39) AppleWebKit/534.30 (KHTML, like Gecko) Version/4.0 Safari/534.30"
109.47.192.169 - - [30/Jul/2014:22:06:47 +0200] "GET /images/footer1_neu.gif HTTP/1.1" 200 58 "http://www.straman.de/" "Mozilla/5.0 (Linux; U; Android 4.2.2; de-de; GT-P5110 Build/JDQ39) AppleWebKit/534.30 (KHTML, like Gecko) Version/4.0 Safari/534.30"
109.47.192.169 - - [30/Jul/2014:22:06:47 +0200] "GET /images/start_1.jpg HTTP/1.1" 200 6732 "http://www.straman.de/" "Mozilla/5.0 (Linux; U; Android 4.2.2; de-de; GT-P5110 Build/JDQ39) AppleWebKit/534.30 (KHTML, like Gecko) Version/4.0 Safari/534.30"
109.47.192.169 - - [30/Jul/2014:22:06:47 +0200] "GET /images/f_1-p.gif HTTP/1.1" 200 43 "http://www.straman.de/" "Mozilla/5.0 (Linux; U; Android 4.2.2; de-de; GT-P5110 Build/JDQ39) AppleWebKit/534.30 (KHTML, like Gecko) Version/4.0 Safari/534.30"
109.47.192.169 - - [30/Jul/2014:22:06:47 +0200] "GET /images/start_2.jpg HTTP/1.1" 200 8241 "http://www.straman.de/" "Mozilla/5.0 (Linux; U; Android 4.2.2; de-de; GT-P5110 Build/JDQ39) AppleWebKit/534.30 (KHTML, like Gecko) Version/4.0 Safari/534.30"
109.47.192.169 - - [30/Jul/2014:22:06:47 +0200] "GET /images/logo_straman_neu.jpg HTTP/1.1" 200 19228 "http://www.straman.de/" "Mozilla/5.0 (Linux; U; Android 4.2.2; de-de; GT-P5110 Build/JDQ39) AppleWebKit/534.30 (KHTML, like Gecko) Version/4.0 Safari/534.30"
109.47.192.169 - - [30/Jul/2014:22:06:48 +0200] "GET /images/favicon.ico HTTP/1.1" 200 3638 "http://www.straman.de/" "Mozilla/5.0 (Linux; U; Android 4.2.2; de-de; GT-P5110 Build/JDQ39) AppleWebKit/534.30 (KHTML, like Gecko) Version/4.0 Safari/534.30"
66.249.78.239 - - [30/Jul/2014:22:13:55 +0200] "GET /seiten/gruenanlagenpflege.htm HTTP/1.1" 304 - "-" "Mozilla/5.0 (compatible; Googlebot/2.1; +http://www.google.com/bot.html)"
195.233.250.6 - - [30/Jul/2014:23:26:19 +0200] "GET /templates/gk_penguinmail/images/style3/glow.jpg HTTP/1.1" 404 1256 "-" "Mozilla/4.0 (compatible;)"
93.220.75.35 - - [30/Jul/2014:23:33:30 +0200] "GET /templates/gk_penguinmail/favicon.ico HTTP/1.1" 404 1256 "-" "Mozilla/5.0 (Windows NT 6.1; WOW64; rv:31.0) Gecko/20100101 Firefox/31.0"
208.43.251.180 - - [30/Jul/2014:23:37:31 +0200] "GET /robots.txt HTTP/1.1" 200 192 "-" "Mozilla/5.0 (compatible; MSIE 9.0; Windows NT 6.1; WOW64; Trident/5.0; chromeframe/19.0.1084.52)"
208.43.251.180 - - [30/Jul/2014:23:37:35 +0200] "GET /seiten/winterdienst.htm HTTP/1.1" 200 17245 "-" "Mozilla/5.0 (compatible; MSIE 9.0; Windows NT 6.1; WOW64; Trident/5.0; chromeframe/19.0.1084.52)"
208.43.251.180 - - [30/Jul/2014:23:37:40 +0200] "GET /seiten/strassenreinigung.htm HTTP/1.1" 200 7046 "-" "Mozilla/5.0 (compatible; MSIE 9.0; Windows NT 6.1; WOW64; Trident/5.0; chromeframe/19.0.1084.52)"
208.43.251.180 - - [30/Jul/2014:23:37:45 +0200] "GET /seiten/straman_kontakt.php HTTP/1.1" 200 9834 "-" "Mozilla/5.0 (compatible; MSIE 9.0; Windows NT 6.1; WOW64; Trident/5.0; chromeframe/19.0.1084.52)"
