66.249.78.247 - - [01/Jul/2014:00:04:06 +0200] "GET /unternehmen/impressum/58.html HTTP/1.1" 200 - "-" "Mozilla/5.0 (compatible; Googlebot/2.1; +http://www.google.com/bot.html)"
178.77.126.55 - - [01/Jul/2014:00:49:04 +0200] "GET /robots.txt HTTP/1.1" 200 304 "-" "Mozilla/5.0 (compatible; CareerBot/1.1; +http://www.career-x.de/bot.html)"
178.77.126.55 - - [01/Jul/2014:00:49:04 +0200] "GET / HTTP/1.1" 200 - "-" "Mozilla/5.0 (compatible; CareerBot/1.1; +http://www.career-x.de/bot.html)"
178.8.96.184 - - [01/Jul/2014:00:50:10 +0200] "GET / HTTP/1.1" 200 - "http://www.google.de/aclk?sa=L&ai=CJE66-eixU6OlMIa_jAbg2IHIAumv--cFmdy5goMBqsDgBggAEAEoA1Dz5ISI-_____8BYJX68IGMB8gBAakCO_GaLPX5tj6qBCZP0Gu4_uOL8FVrRfOjA23HsYb1VnhYU64iRl0ENDvmaQcBOzJDXoAHmY3zQZAHAw&sig=AOD64_2nwW1u_kiBogrGWHxuXQvtgcaVkg&ved=0CCEQ0Qw&adurl=http://www.straman.de&rct=j&q=u-b%C3%A4ume%20kaufen" "Mozilla/5.0 (Windows NT 6.0; rv:30.0) Gecko/20100101 Firefox/30.0"
178.8.96.184 - - [01/Jul/2014:00:50:10 +0200] "GET /favicon.ico HTTP/1.1" 404 2467 "-" "Mozilla/5.0 (Windows NT 6.0; rv:30.0) Gecko/20100101 Firefox/30.0"
178.8.96.184 - - [01/Jul/2014:00:50:10 +0200] "GET /favicon.ico HTTP/1.1" 404 2467 "-" "Mozilla/5.0 (Windows NT 6.0; rv:30.0) Gecko/20100101 Firefox/30.0"
208.115.111.71 - - [01/Jul/2014:01:10:02 +0200] "GET /kontakt.html?fid=1 HTTP/1.1" 200 - "-" "Mozilla/5.0 (compatible; DotBot/1.1; http://www.opensiteexplorer.org/dotbot, help@moz.com)"
157.55.39.206 - - [01/Jul/2014:01:25:59 +0200] "GET /kontakt.html HTTP/1.1" 200 - "-" "Mozilla/5.0 (compatible; bingbot/2.0; +http://www.bing.com/bingbot.htm)"
66.249.78.240 - - [01/Jul/2014:01:37:27 +0200] "GET /downloadbereich/58.html HTTP/1.1" 200 - "-" "Mozilla/5.0 (compatible; Googlebot/2.1; +http://www.google.com/bot.html)"
46.114.28.142 - - [01/Jul/2014:01:51:13 +0200] "GET /index.php?option=com_forme&fid=2&Itemid=65 HTTP/1.1" 200 11204 "http://www.google.de/aclk?sa=L&ai=C6m_NXvexU6_NO-uEjAa1lILoB-mv--cFoZrc9pAB6fbjBAgDEAEgw5HkHigCUO3WkI76_____wFglfrwgYwHyAEBqQI78Zos9fm2PqoEJE_QSTziUvfFLTcf9l900AQV7934sqIY57HI5uOWUFD0iVN9JtgGBIAHmY3zQZAHAw&sig=AOD64_3kR3e4A2PkWgrjuZByVek9yoUMfQ&rct=j&q=&ved=0CCgQ0Qw&adurl=http://www.straman.de/index.php%3Foption%3Dcom_forme%26fid%3D2%26amp%3BItemid%3D65" "Mozilla/5.0 (Linux; Android 4.2.2; Polaris Build/JDQ39) AppleWebKit/537.36 (KHTML, like Gecko) Chrome/35.0.1916.141 Safari/537.36"
46.114.28.142 - - [01/Jul/2014:01:51:13 +0200] "GET /templates/gk_penguinmail/css/handheld/handheld.css HTTP/1.1" 200 3827 "http://www.straman.de/index.php?option=com_forme&fid=2&Itemid=65" "Mozilla/5.0 (Linux; Android 4.2.2; Polaris Build/JDQ39) AppleWebKit/537.36 (KHTML, like Gecko) Chrome/35.0.1916.141 Safari/537.36"
46.114.28.142 - - [01/Jul/2014:01:51:13 +0200] "GET /index.php?option=com_forme&func=captcha HTTP/1.1" 200 1350 "http://www.straman.de/index.php?option=com_forme&fid=2&Itemid=65" "Mozilla/5.0 (Linux; Android 4.2.2; Polaris Build/JDQ39) AppleWebKit/537.36 (KHTML, like Gecko) Chrome/35.0.1916.141 Safari/537.36"
46.114.28.142 - - [01/Jul/2014:01:51:13 +0200] "GET /media/system/js/mootools.js HTTP/1.1" 200 74434 "http://www.straman.de/index.php?option=com_forme&fid=2&Itemid=65" "Mozilla/5.0 (Linux; Android 4.2.2; Polaris Build/JDQ39) AppleWebKit/537.36 (KHTML, like Gecko) Chrome/35.0.1916.141 Safari/537.36"
46.114.28.142 - - [01/Jul/2014:01:51:18 +0200] "GET /templates/gk_penguinmail/images/logo.png HTTP/1.1" 200 6608 "http://www.straman.de/index.php?option=com_forme&fid=2&Itemid=65" "Mozilla/5.0 (Linux; Android 4.2.2; Polaris Build/JDQ39) AppleWebKit/537.36 (KHTML, like Gecko) Chrome/35.0.1916.141 Safari/537.36"
46.114.28.142 - - [01/Jul/2014:01:51:19 +0200] "GET /templates/gk_penguinmail/favicon.ico HTTP/1.1" 200 5686 "-" "Mozilla/5.0 (Linux; Android 4.2.2; Polaris Build/JDQ39) AppleWebKit/537.36 (KHTML, like Gecko) Chrome/35.0.1916.141 Safari/537.36"
46.114.28.142 - - [01/Jul/2014:01:57:03 +0200] "GET / HTTP/1.1" 200 5615 "http://www.google.de/aclk?sa=L&ai=CIljapvixU5KvNOHPiwbs7YHgAumv--cFmdy5goMBnM_hBhACILO0hxgoCFDz5ISI-_____8BYJX68IGMB8gBAakCO_GaLPX5tj6qBCRP0OoNvrOD2UPTqHyN2QwMqaYbFSzhytv9CycUu3V0XbTKzxiABbP4_hjYBgSAB5mN80GQBwM&num=5&sig=AOD64_0InbOI1ksukhK-t_U2E9DTQhbDxA&rct=j&q=&ved=0CFQQ0Qw&adurl=http://www.straman.de" "Mozilla/5.0 (Linux; Android 4.2.2; Polaris Build/JDQ39) AppleWebKit/537.36 (KHTML, like Gecko) Chrome/35.0.1916.141 Safari/537.36"
46.114.28.142 - - [01/Jul/2014:01:57:04 +0200] "GET /media/system/js/caption.js HTTP/1.1" 200 1963 "http://www.straman.de/" "Mozilla/5.0 (Linux; Android 4.2.2; Polaris Build/JDQ39) AppleWebKit/537.36 (KHTML, like Gecko) Chrome/35.0.1916.141 Safari/537.36"
46.114.28.142 - - [01/Jul/2014:01:57:04 +0200] "GET /templates/gk_penguinmail/css/template.css HTTP/1.1" 200 9192 "http://www.straman.de/" "Mozilla/5.0 (Linux; Android 4.2.2; Polaris Build/JDQ39) AppleWebKit/537.36 (KHTML, like Gecko) Chrome/35.0.1916.141 Safari/537.36"
46.114.28.142 - - [01/Jul/2014:01:57:26 +0200] "GET /kontakt.html HTTP/1.1" 200 7773 "http://www.straman.de/" "Mozilla/5.0 (Linux; Android 4.2.2; Polaris Build/JDQ39) AppleWebKit/537.36 (KHTML, like Gecko) Chrome/35.0.1916.141 Safari/537.36"
46.114.28.142 - - [01/Jul/2014:01:57:26 +0200] "GET /templates/gk_penguinmail/css/template_unterseiten.css HTTP/1.1" 200 115 "http://www.straman.de/kontakt.html" "Mozilla/5.0 (Linux; Android 4.2.2; Polaris Build/JDQ39) AppleWebKit/537.36 (KHTML, like Gecko) Chrome/35.0.1916.141 Safari/537.36"
46.114.28.142 - - [01/Jul/2014:02:02:31 +0200] "GET / HTTP/1.1" 200 5615 "http://www.google.de/aclk?sa=L&ai=CIljapvixU5KvNOHPiwbs7YHgAumv--cFmdy5goMBnM_hBhACILO0hxgoCFDz5ISI-_____8BYJX68IGMB8gBAakCO_GaLPX5tj6qBCRP0OoNvrOD2UPTqHyN2QwMqaYbFSzhytv9CycUu3V0XbTKzxiABbP4_hjYBgSAB5mN80GQBwM&num=5&sig=AOD64_0InbOI1ksukhK-t_U2E9DTQhbDxA&rct=j&q=&ved=0CFQQ0Qw&adurl=http://www.straman.de" "Mozilla/5.0 (Linux; Android 4.2.2; Polaris Build/JDQ39) AppleWebKit/537.36 (KHTML, like Gecko) Chrome/35.0.1916.141 Safari/537.36"
141.8.147.12 - - [01/Jul/2014:02:07:44 +0200] "GET / HTTP/1.1" 200 - "-" "Mozilla/5.0 (compatible; YandexBot/3.0; +http://yandex.com/bots)"
66.249.78.240 - - [01/Jul/2014:03:02:52 +0200] "GET /component/user/login.html HTTP/1.1" 200 11403 "-" "Mozilla/5.0 (iPhone; CPU iPhone OS 6_0 like Mac OS X) AppleWebKit/536.26 (KHTML, like Gecko) Version/6.0 Mobile/10A5376e Safari/8536.25 (compatible; Googlebot/2.1; +http://www.google.com/bot.html)"
66.249.78.247 - - [01/Jul/2014:03:44:09 +0200] "GET /component/content/article/34-garten-und-landschaftsbau/74-gewerbegruenpflege.html HTTP/1.1" 200 - "-" "Mozilla/5.0 (compatible; Googlebot/2.1; +http://www.google.com/bot.html)"
66.249.78.233 - - [01/Jul/2014:04:41:55 +0200] "GET /servicebereiche/winterdienst/58.html HTTP/1.1" 200 - "-" "Mozilla/5.0 (compatible; Googlebot/2.1; +http://www.google.com/bot.html)"
208.115.113.87 - - [01/Jul/2014:04:56:38 +0200] "GET /robots.txt HTTP/1.1" 200 304 "-" "Mozilla/5.0 (compatible; DotBot/1.1; http://www.opensiteexplorer.org/dotbot, help@moz.com)"
207.46.13.24 - - [01/Jul/2014:05:06:50 +0200] "GET / HTTP/1.1" 200 - "-" "Mozilla/5.0 (compatible; bingbot/2.0; +http://www.bing.com/bingbot.htm)"
66.249.78.240 - - [01/Jul/2014:05:21:19 +0200] "GET /servicebereiche/gruenanlagenpflege.html HTTP/1.1" 200 - "-" "Mozilla/5.0 (compatible; Googlebot/2.1; +http://www.google.com/bot.html)"
131.253.24.39 - - [01/Jul/2014:05:28:28 +0200] "GET /unternehmen/impressum.html HTTP/1.1" 200 - "-" "Mozilla/5.0 (compatible; MSIE 9.0; Windows NT 6.0; Trident/5.0; Trident/5.0)"
91.64.101.16 - - [01/Jul/2014:05:49:09 +0200] "GET / HTTP/1.1" 200 5615 "-" "Mozilla/5.0 (Linux; U; Android 4.4.2; de-de; HTC_One/5.16.161.2 Build/KOT49H) AppleWebKit/534.30 (KHTML, like Gecko) Version/4.0 Mobile Safari/534.30"
93.219.248.102 - - [01/Jul/2014:06:16:28 +0200] "GET / HTTP/1.1" 200 - "http://www.google.de/aclk?sa=L&ai=CUhr6CTayU4f_IMOojAb__oCoDOmv--cFmdy5goMBqsDgBggAEAEoA1Dz5ISI-_____8BYJWCgICQB8gBAakCfSKcRRn5tj6qBCVP0AMRqpwzAaBZkHYvC7u-gWFd0omn4oJBdzuqsNLH_2YJbPT6gAeZjfNBkAcD&sig=AOD64_21_aTBMafKLtVo5zFC0R5jz-WreQ&ved=0CCEQ0Qw&adurl=http://www.straman.de&rct=j&q=baumrinde%20kaufen" "Mozilla/5.0 (Macintosh; Intel Mac OS X 10_6_8) AppleWebKit/534.59.10 (KHTML, like Gecko) Version/5.1.9 Safari/534.59.10"
93.219.248.102 - - [01/Jul/2014:06:16:29 +0200] "GET /favicon.ico HTTP/1.1" 404 2467 "http://www.straman.de/" "Mozilla/5.0 (Macintosh; Intel Mac OS X 10_6_8) AppleWebKit/534.59.10 (KHTML, like Gecko) Version/5.1.9 Safari/534.59.10"
93.219.248.102 - - [01/Jul/2014:06:16:41 +0200] "GET / HTTP/1.1" 200 - "http://www.google.de/aclk?sa=L&ai=CUhr6CTayU4f_IMOojAb__oCoDOmv--cFmdy5goMBqsDgBggAEAEoA1Dz5ISI-_____8BYJWCgICQB8gBAakCfSKcRRn5tj6qBCVP0AMRqpwzAaBZkHYvC7u-gWFd0omn4oJBdzuqsNLH_2YJbPT6gAeZjfNBkAcD&sig=AOD64_21_aTBMafKLtVo5zFC0R5jz-WreQ&ved=0CCEQ0Qw&adurl=http://www.straman.de&rct=j&q=baumrinde%20kaufen" "Mozilla/5.0 (Macintosh; Intel Mac OS X 10_6_8) AppleWebKit/534.59.10 (KHTML, like Gecko) Version/5.1.9 Safari/534.59.10"
64.233.172.137 - - [01/Jul/2014:06:20:09 +0200] "GET / HTTP/1.1" 200 - "http://www.google.de/url?sa=t&rct=j&q=&esrc=s&source=web&cd=4&ved=0CDMQFjAF&url=http%3A%2F%2Fwww.straman.de%2F&ei=wTayU4XFIsyEF_eZAQ&usg=AFQjCNEpeUQQKOp_93iUUo8XSnpqrpjMzA" "Mozilla/4.0 (compatible; MSIE 8.0; Windows NT 6.1; Trident/4.0)"
64.233.172.137 - - [01/Jul/2014:06:20:11 +0200] "GET /favicon.ico HTTP/1.1" 404 2467 "-" "Mozilla/4.0 (compatible; MSIE 8.0; Windows NT 6.1; Trident/4.0)"
66.249.89.40 - - [01/Jul/2014:06:26:02 +0200] "GET / HTTP/1.1" 200 8922 "-" "AdsBot-Google-Mobile (+http://www.google.com/mobile/adsbot.html) Mozilla (iPhone; U; CPU iPhone OS 3 0 like Mac OS X) AppleWebKit (KHTML, like Gecko) Mobile Safari"
66.249.89.30 - - [01/Jul/2014:06:26:28 +0200] "GET /templates/gk_penguinmail/css/template.css HTTP/1.1" 200 9192 "-" "AdsBot-Google-Mobile (+http://www.google.com/mobile/adsbot.html) Mozilla (iPhone; U; CPU iPhone OS 3 0 like Mac OS X) AppleWebKit (KHTML, like Gecko) Mobile Safari"
66.249.89.40 - - [01/Jul/2014:06:26:28 +0200] "GET /templates/gk_penguinmail/js/iphone.js HTTP/1.1" 200 5379 "-" "AdsBot-Google-Mobile (+http://www.google.com/mobile/adsbot.html) Mozilla (iPhone; U; CPU iPhone OS 3 0 like Mac OS X) AppleWebKit (KHTML, like Gecko) Mobile Safari"
66.249.89.30 - - [01/Jul/2014:06:26:28 +0200] "GET /media/system/js/mootools.js HTTP/1.1" 200 74434 "-" "AdsBot-Google-Mobile (+http://www.google.com/mobile/adsbot.html) Mozilla (iPhone; U; CPU iPhone OS 3 0 like Mac OS X) AppleWebKit (KHTML, like Gecko) Mobile Safari"
66.249.89.35 - - [01/Jul/2014:06:26:29 +0200] "GET /templates/gk_penguinmail/css/handheld/iphone.css HTTP/1.1" 200 5360 "-" "AdsBot-Google-Mobile (+http://www.google.com/mobile/adsbot.html) Mozilla (iPhone; U; CPU iPhone OS 3 0 like Mac OS X) AppleWebKit (KHTML, like Gecko) Mobile Safari"
66.249.89.30 - - [01/Jul/2014:06:26:30 +0200] "GET /media/system/js/caption.js HTTP/1.1" 200 1963 "-" "AdsBot-Google-Mobile (+http://www.google.com/mobile/adsbot.html) Mozilla (iPhone; U; CPU iPhone OS 3 0 like Mac OS X) AppleWebKit (KHTML, like Gecko) Mobile Safari"
66.249.78.233 - - [01/Jul/2014:06:29:51 +0200] "GET /index.php HTTP/1.1" 200 - "-" "Mozilla/5.0 (compatible; Googlebot/2.1; +http://www.google.com/bot.html)"
31.148.246.114 - - [01/Jul/2014:06:42:07 +0200] "GET /kontakt.html HTTP/1.1" 200 - "-" "Mozilla/5.0 (X11; U; FreeBSD i386; en-US; rv:1.9.2.9) Gecko/20100913 Firefox/3.6.9"
208.115.113.87 - - [01/Jul/2014:06:53:36 +0200] "GET /component/content/article/34-garten-und-landschaftsbau/73-privatgartenpflege.html HTTP/1.1" 200 - "-" "Mozilla/5.0 (compatible; DotBot/1.1; http://www.opensiteexplorer.org/dotbot, help@moz.com)"
208.115.113.87 - - [01/Jul/2014:06:53:40 +0200] "GET /servicebereiche/gruenanlagenpflege/58.html HTTP/1.1" 200 - "-" "Mozilla/5.0 (compatible; DotBot/1.1; http://www.opensiteexplorer.org/dotbot, help@moz.com)"
149.255.58.101 - - [01/Jul/2014:07:23:37 +0200] "POST /index.php?option=com_jce&task=plugin&plugin=imgmanager&file=imgmanager&method=form&cid=20&6bc427c8a7981f4fe1f5ac65c1246b5f=cf6dd3cf1923c950586d0dd595c8e20b HTTP/1.1" 404 2467 "-" "BOT/0.1 (BOT for JCE)"
149.255.58.101 - - [01/Jul/2014:07:23:53 +0200] "GET //images/stories/explore.gif HTTP/1.1" 404 2467 "-" "Mozilla/5.0 (Windows; U; Windows NT 5.1; en-US; rv:1.9.2) Gecko/20100115 Firefox/3.6"
149.255.58.101 - - [01/Jul/2014:07:23:53 +0200] "POST /index.php?option=com_jce&task=plugin&plugin=imgmanager&file=imgmanager&method=form&cid=20&6bc427c8a7981f4fe1f5ac65c1246b5f=cf6dd3cf1923c950586d0dd595c8e20b HTTP/1.1" 404 2467 "-" "BOT/0.1 (BOT for JCE)"
149.255.58.101 - - [01/Jul/2014:07:24:09 +0200] "GET /component/content/article//images/stories/explore.gif HTTP/1.1" 500 2515 "-" "Mozilla/5.0 (Windows; U; Windows NT 5.1; en-US; rv:1.9.2) Gecko/20100115 Firefox/3.6"
31.182.130.48 - - [01/Jul/2014:07:25:01 +0200] "GET / HTTP/1.1" 200 - "-" "Mozilla/4.0 (compatible; MSIE 7.0; Windows NT 5.1; Trident/4.0; BTRS126283; .NET CLR 1.1.4322; .NET CLR 2.0.50727; .NET CLR 3.0.4506.2152; .NET CLR 3.5.30729; InfoPath.2)"
31.182.130.48 - - [01/Jul/2014:07:25:02 +0200] "GET / HTTP/1.1" 200 - "-" "Mozilla/5.0 (Windows NT 5.1) AppleWebKit/537.36 (KHTML, like Gecko) Chrome/35.0.1916.153 Safari/537.36"
31.182.130.48 - - [01/Jul/2014:07:25:03 +0200] "GET /favicon.ico HTTP/1.1" 404 2467 "-" "Mozilla/5.0 (Windows NT 5.1) AppleWebKit/537.36 (KHTML, like Gecko) Chrome/35.0.1916.153 Safari/537.36"
66.249.78.233 - - [01/Jul/2014:07:43:33 +0200] "GET / HTTP/1.1" 200 8922 "-" "Mozilla/5.0 (iPhone; CPU iPhone OS 6_0 like Mac OS X) AppleWebKit/536.26 (KHTML, like Gecko) Version/6.0 Mobile/10A5376e Safari/8536.25 (compatible; Googlebot/2.1; +http://www.google.com/bot.html)"
65.55.215.246 - - [01/Jul/2014:07:55:35 +0200] "GET / HTTP/1.1" 200 - "-" "Mozilla/5.0 (compatible; MSIE 9.0; Windows NT 6.0; Trident/5.0; Trident/5.0)"
162.210.196.100 - - [01/Jul/2014:07:56:10 +0200] "GET /robots.txt HTTP/1.0" 200 304 "-" "Mozilla/5.0 (compatible; MJ12bot/v1.4.5; http://www.majestic12.co.uk/bot.php?+)"
162.210.196.100 - - [01/Jul/2014:07:56:12 +0200] "GET / HTTP/1.0" 200 - "-" "Mozilla/5.0 (compatible; MJ12bot/v1.4.5; http://www.majestic12.co.uk/bot.php?+)"
157.55.39.206 - - [01/Jul/2014:07:58:32 +0200] "GET /robots.txt HTTP/1.1" 200 304 "-" "Mozilla/5.0 (compatible; bingbot/2.0; +http://www.bing.com/bingbot.htm)"
157.55.39.206 - - [01/Jul/2014:07:58:44 +0200] "GET /component/mailto/?tmpl=component&link=e679d831187c11f0318e9424073619e799b49c7d HTTP/1.1" 200 2700 "-" "Mozilla/5.0 (compatible; bingbot/2.0; +http://www.bing.com/bingbot.htm)"
66.249.78.233 - - [01/Jul/2014:08:01:55 +0200] "GET /unternehmen/imagevideo-straman/58.html HTTP/1.1" 200 - "-" "Mozilla/5.0 (compatible; Googlebot/2.1; +http://www.google.com/bot.html)"
193.175.73.204 - - [01/Jul/2014:08:32:29 +0200] "GET / HTTP/1.1" 200 - "http://www.google.de/url?sa=t&rct=j&q=&esrc=s&source=web&cd=1&ved=0CCIQFjAA&url=http%3A%2F%2Fwww.straman.de%2F&ei=-lWyU6PFCY3VPNqVgbAK&usg=AFQjCNEpeUQQKOp_93iUUo8XSnpqrpjMzA&bvm=bv.69837884,d.ZWU" "Mozilla/5.0 (Windows NT 6.1; WOW64; rv:30.0) Gecko/20100101 Firefox/30.0"
193.175.73.204 - - [01/Jul/2014:08:32:29 +0200] "GET /favicon.ico HTTP/1.1" 404 2467 "-" "Mozilla/5.0 (Windows NT 6.1; WOW64; rv:30.0) Gecko/20100101 Firefox/30.0"
193.175.73.204 - - [01/Jul/2014:08:32:30 +0200] "GET /favicon.ico HTTP/1.1" 404 2467 "-" "Mozilla/5.0 (Windows NT 6.1; WOW64; rv:30.0) Gecko/20100101 Firefox/30.0"
217.9.108.150 - - [01/Jul/2014:08:54:21 +0200] "GET /unternehmen/impressum.html HTTP/1.1" 200 - "http://www.google.de/url?url=http://www.straman.de/unternehmen/impressum.html&rct=j&frm=1&q=&esrc=s&sa=U&ei=E1uyU_WWM5Ov7Ab80IDACA&ved=0CBwQjBAwAQ&usg=AFQjCNEPjJmncBMebgkG97J1tGwR2WerEg" "Mozilla/4.0 (compatible; MSIE 8.0; Windows NT 5.2; Trident/4.0; .NET CLR 1.1.4322; .NET CLR 2.0.50727; .NET CLR 3.0.4506.2152; .NET CLR 3.5.30729; .NET4.0C; .NET4.0E)"
217.9.108.150 - - [01/Jul/2014:08:54:21 +0200] "GET /favicon.ico HTTP/1.1" 404 2467 "-" "Mozilla/4.0 (compatible; MSIE 8.0; Windows NT 5.2; Trident/4.0; .NET CLR 1.1.4322; .NET CLR 2.0.50727; .NET CLR 3.0.4506.2152; .NET CLR 3.5.30729; .NET4.0C; .NET4.0E)"
217.9.108.150 - - [01/Jul/2014:08:54:35 +0200] "GET / HTTP/1.1" 200 - "http://www.google.de/url?url=http://www.straman.de/&rct=j&frm=1&q=&esrc=s&sa=U&ei=E1uyU_WWM5Ov7Ab80IDACA&ved=0CBUQFjAA&usg=AFQjCNFGwR0k7udkKlNtBbDISuGjj2OecA" "Mozilla/4.0 (compatible; MSIE 8.0; Windows NT 5.2; Trident/4.0; .NET CLR 1.1.4322; .NET CLR 2.0.50727; .NET CLR 3.0.4506.2152; .NET CLR 3.5.30729; .NET4.0C; .NET4.0E)"
217.9.108.150 - - [01/Jul/2014:08:54:36 +0200] "GET /favicon.ico HTTP/1.1" 404 2467 "-" "Mozilla/4.0 (compatible; MSIE 8.0; Windows NT 5.2; Trident/4.0; .NET CLR 1.1.4322; .NET CLR 2.0.50727; .NET CLR 3.0.4506.2152; .NET CLR 3.5.30729; .NET4.0C; .NET4.0E)"
217.69.133.2 - - [01/Jul/2014:08:57:39 +0200] "GET /robots.txt HTTP/1.1" 200 304 "-" "Mozilla/5.0 (compatible; Linux x86_64; Mail.RU_Bot/2.0; +http://go.mail.ru/help/robots)"
217.69.133.2 - - [01/Jul/2014:08:57:40 +0200] "GET /servicebereiche/infrastr-gebaeudemanagement/58.html HTTP/1.1" 404 2467 "-" "Mozilla/5.0 (compatible; Linux x86_64; Mail.RU_Bot/2.0; +http://go.mail.ru/help/robots)"
66.249.78.240 - - [01/Jul/2014:09:08:35 +0200] "GET /unternehmen/standorte.html HTTP/1.1" 200 - "-" "Mozilla/5.0 (compatible; Googlebot/2.1; +http://www.google.com/bot.html)"
87.142.124.17 - - [01/Jul/2014:09:14:54 +0200] "GET / HTTP/1.1" 200 - "-" "Mozilla/5.0 (Windows NT 6.1; Win64; x64; rv:22.0) Gecko/20130328 Firefox/22.0"
66.249.89.40 - - [01/Jul/2014:09:52:17 +0200] "GET / HTTP/1.1" 200 - "-" "AdsBot-Google (+http://www.google.com/adsbot.html)"
81.0.199.226 - - [01/Jul/2014:09:59:46 +0200] "GET / HTTP/1.1" 200 - "-" "Mozilla/5.0 (Macintosh; Intel Mac OS X 10.7; rv:22.0) Gecko/20100101 Firefox/22.0"
66.249.78.247 - - [01/Jul/2014:10:15:05 +0200] "GET /servicebereiche/gruenanlagenpflege/gewerbegruenpflege.html HTTP/1.1" 200 - "-" "Mozilla/5.0 (compatible; Googlebot/2.1; +http://www.google.com/bot.html)"
207.46.13.24 - - [01/Jul/2014:10:49:41 +0200] "GET /robots.txt HTTP/1.1" 200 304 "-" "Mozilla/5.0 (compatible; bingbot/2.0; +http://www.bing.com/bingbot.htm)"
207.46.13.24 - - [01/Jul/2014:10:49:48 +0200] "GET /component/mailto/?tmpl=component&link=726895e5e7d17b7be67ff4e091e9066ade89a69f HTTP/1.1" 200 2700 "-" "Mozilla/5.0 (compatible; bingbot/2.0; +http://www.bing.com/bingbot.htm)"
194.29.240.16 - - [01/Jul/2014:10:50:43 +0200] "GET / HTTP/1.1" 200 - "http://www.google.de/url?sa=t&rct=j&q=&esrc=s&source=web&cd=1&ved=0CCAQFjAA&url=http%3A%2F%2Fwww.straman.de%2F&ei=V3ayU7vmNMSb0QX4oID4DA&usg=AFQjCNEpeUQQKOp_93iUUo8XSnpqrpjMzA&bvm=bv.69837884,d.bGQ" "Mozilla/5.0 (Windows NT 6.1; WOW64; Trident/7.0; rv:11.0) like Gecko"
194.29.240.16 - - [01/Jul/2014:10:50:43 +0200] "GET /favicon.ico HTTP/1.1" 404 2467 "-" "Mozilla/5.0 (Windows NT 6.1; Win64; x64; Trident/7.0; rv:11.0) like Gecko"
194.29.240.16 - - [01/Jul/2014:10:51:16 +0200] "GET /unternehmen/standorte.html HTTP/1.1" 200 - "http://www.google.de/url?sa=t&rct=j&q=&esrc=s&source=web&cd=3&ved=0CCsQjBAwAg&url=http%3A%2F%2Fwww.straman.de%2Funternehmen%2Fstandorte.html&ei=V3ayU7vmNMSb0QX4oID4DA&usg=AFQjCNGXJAbKF6A2EcmiLI1GbaKx3Oab0A" "Mozilla/5.0 (Windows NT 6.1; WOW64; Trident/7.0; rv:11.0) like Gecko"
194.29.240.16 - - [01/Jul/2014:10:51:16 +0200] "GET /favicon.ico HTTP/1.1" 404 2467 "-" "Mozilla/5.0 (Windows NT 6.1; Win64; x64; Trident/7.0; rv:11.0) like Gecko"
194.29.240.16 - - [01/Jul/2014:10:51:28 +0200] "GET /unternehmen/standorte.html HTTP/1.1" 200 - "http://www.google.de/url?sa=t&rct=j&q=&esrc=s&source=web&cd=3&ved=0CCsQjBAwAg&url=http%3A%2F%2Fwww.straman.de%2Funternehmen%2Fstandorte.html&ei=V3ayU7vmNMSb0QX4oID4DA&usg=AFQjCNGXJAbKF6A2EcmiLI1GbaKx3Oab0A" "Mozilla/5.0 (Windows NT 6.1; WOW64; Trident/7.0; rv:11.0) like Gecko"
194.29.240.16 - - [01/Jul/2014:10:55:22 +0200] "GET /unternehmen/impressum.html HTTP/1.1" 200 - "http://www.google.de/url?sa=t&rct=j&q=&esrc=s&source=web&cd=1&ved=0CCAQFjAA&url=http%3A%2F%2Fwww.straman.de%2Funternehmen%2Fimpressum.html&ei=X3eyU9TtFKeM0AXOy4GwDA&usg=AFQjCNEQ6WIfxQJaHcb8W97z5-S8mcbsPA" "Mozilla/5.0 (Windows NT 6.1; WOW64; Trident/7.0; rv:11.0) like Gecko"
79.216.117.170 - - [01/Jul/2014:11:11:07 +0200] "GET / HTTP/1.1" 200 - "http://www.google.de/url?sa=t&rct=j&q=&esrc=s&source=web&cd=2&ved=0CCwQFjAB&url=http%3A%2F%2Fwww.straman.de%2F&ei=JXuyU_D6EpTJ0AWmp4DYCA&usg=AFQjCNEpeUQQKOp_93iUUo8XSnpqrpjMzA&sig2=t1A_c_6_pA-6lwxNqma99A&bvm=bv.69837884,d.d2k" "Mozilla/5.0 (Windows NT 6.1; WOW64; rv:30.0) Gecko/20100101 Firefox/30.0"
79.216.117.170 - - [01/Jul/2014:11:11:08 +0200] "GET /favicon.ico HTTP/1.1" 404 2467 "-" "Mozilla/5.0 (Windows NT 6.1; WOW64; rv:30.0) Gecko/20100101 Firefox/30.0"
79.216.117.170 - - [01/Jul/2014:11:11:08 +0200] "GET /favicon.ico HTTP/1.1" 404 2467 "-" "Mozilla/5.0 (Windows NT 6.1; WOW64; rv:30.0) Gecko/20100101 Firefox/30.0"
79.216.117.170 - - [01/Jul/2014:11:11:27 +0200] "GET /unternehmen/impressum.html HTTP/1.1" 200 - "http://www.google.de/url?sa=t&rct=j&q=&esrc=s&source=web&cd=1&ved=0CCQQFjAA&url=http%3A%2F%2Fwww.straman.de%2Funternehmen%2Fimpressum.html&ei=JXuyU_D6EpTJ0AWmp4DYCA&usg=AFQjCNEQ6WIfxQJaHcb8W97z5-S8mcbsPA&sig2=T8TscI5chXznJShAdoR2jQ&bvm=bv.69837884,d.d2k" "Mozilla/5.0 (Windows NT 6.1; WOW64; rv:30.0) Gecko/20100101 Firefox/30.0"
79.216.117.170 - - [01/Jul/2014:11:12:03 +0200] "GET /unternehmen/standorte.html HTTP/1.1" 200 - "http://www.google.de/url?sa=t&rct=j&q=&esrc=s&source=web&cd=3&ved=0CDQQFjAC&url=http%3A%2F%2Fwww.straman.de%2Funternehmen%2Fstandorte.html&ei=JXuyU_D6EpTJ0AWmp4DYCA&usg=AFQjCNGXJAbKF6A2EcmiLI1GbaKx3Oab0A&sig2=V9LlRnPhY0yE1OSNpZDa1A&bvm=bv.69837884,d.d2k" "Mozilla/5.0 (Windows NT 6.1; WOW64; rv:30.0) Gecko/20100101 Firefox/30.0"
79.216.117.170 - - [01/Jul/2014:11:12:06 +0200] "GET / HTTP/1.1" 200 - "-" "Mozilla/5.0 (Windows NT 6.1; WOW64; rv:30.0) Gecko/20100101 Firefox/30.0"
66.249.78.233 - - [01/Jul/2014:11:19:14 +0200] "GET / HTTP/1.1" 200 - "-" "Mozilla/5.0 AppleWebKit/537.36 (KHTML, like Gecko; Google Web Preview Analytics) Chrome/27.0.1453 Safari/537.36 (compatible; Googlebot/2.1; +http://www.google.com/bot.html)"
93.219.165.186 - - [01/Jul/2014:11:28:48 +0200] "GET / HTTP/1.1" 200 - "-" "Mozilla/5.0 (Windows; U; Windows NT 6.0; de; rv:1.9.2.3) Gecko/20100401 Firefox/3.6.3 ( .NET CLR 3.5.30729)"
79.216.117.170 - - [01/Jul/2014:11:43:59 +0200] "GET / HTTP/1.1" 200 - "-" "Mozilla/5.0 (Windows NT 6.1; WOW64; rv:30.0) Gecko/20100101 Firefox/30.0"
79.216.117.170 - - [01/Jul/2014:11:44:38 +0200] "GET / HTTP/1.1" 200 - "http://www.google.com/url?sa=t&rct=j&q=&esrc=s&source=web&cd=1&ved=0CCoQFjAA&url=http%3A%2F%2Fwww.straman.de%2F&ei=74KyU8PSB8qK4gS5lYC4DQ&usg=AFQjCNEpeUQQKOp_93iUUo8XSnpqrpjMzA&bvm=bv.70138588,d.bGE" "Mozilla/5.0 (Windows NT 6.1; WOW64; Trident/7.0; rv:11.0) like Gecko"
79.216.117.170 - - [01/Jul/2014:11:44:39 +0200] "GET /favicon.ico HTTP/1.1" 404 2467 "-" "Mozilla/5.0 (Windows NT 6.1; Win64; x64; Trident/7.0; rv:11.0) like Gecko"
88.198.247.167 - - [01/Jul/2014:11:47:46 +0200] "GET /news/60-ihr-komplettdienstleister-rund-um-die-immobilie.html HTTP/1.1" 200 - "-" "Mozilla/5.0 (compatible; XoviBot/2.0; +http://www.xovibot.net/)"
217.69.133.2 - - [01/Jul/2014:11:59:42 +0200] "GET /robots.txt HTTP/1.1" 200 304 "-" "Mozilla/5.0 (compatible; Linux x86_64; Mail.RU_Bot/2.0; +http://go.mail.ru/help/robots)"
217.69.133.5 - - [01/Jul/2014:11:59:44 +0200] "GET /servicebereiche/winterdienst/privatkunden.html HTTP/1.1" 200 - "-" "Mozilla/5.0 (compatible; Linux x86_64; Mail.RU_Bot/2.0; +http://go.mail.ru/help/robots)"
217.69.133.5 - - [01/Jul/2014:12:01:24 +0200] "GET /news/60-ihr-komplettdienstleister-rund-um-die-immobilie.html HTTP/1.1" 200 - "-" "Mozilla/5.0 (compatible; Linux x86_64; Mail.RU_Bot/2.0; +http://go.mail.ru/help/robots)"
207.46.13.24 - - [01/Jul/2014:12:07:50 +0200] "GET / HTTP/1.1" 200 - "-" "Mozilla/5.0 (compatible; bingbot/2.0; +http://www.bing.com/bingbot.htm)"
66.249.78.240 - - [01/Jul/2014:12:35:05 +0200] "GET /unternehmen/impressum.html HTTP/1.1" 200 - "-" "Mozilla/5.0 (compatible; Googlebot/2.1; +http://www.google.com/bot.html)"
207.46.13.24 - - [01/Jul/2014:12:38:07 +0200] "GET /servicebereiche/winterdienst.html HTTP/1.1" 200 - "-" "Mozilla/5.0 (compatible; bingbot/2.0; +http://www.bing.com/bingbot.htm)"
81.0.69.98 - - [01/Jul/2014:12:53:55 +0200] "GET / HTTP/1.1" 200 - "http://www.partnerhandwerker.de/result.aspx?what=bauen+wohnen+%26+renovieren&where=brandenburg&inTitleOnly=False&cc=12000000&iid=317&os=2" "Mozilla/5.0 (Windows NT 6.2; WOW64) AppleWebKit/537.36 (KHTML, like Gecko) Chrome/35.0.1916.153 Safari/537.36"
81.0.69.98 - - [01/Jul/2014:12:53:55 +0200] "GET /favicon.ico HTTP/1.1" 404 2467 "-" "Mozilla/5.0 (Windows NT 6.2; WOW64) AppleWebKit/537.36 (KHTML, like Gecko) Chrome/35.0.1916.153 Safari/537.36"
208.115.113.87 - - [01/Jul/2014:12:55:12 +0200] "GET /robots.txt HTTP/1.1" 200 304 "-" "Mozilla/5.0 (compatible; DotBot/1.1; http://www.opensiteexplorer.org/dotbot, help@moz.com)"
91.113.185.86 - - [01/Jul/2014:13:00:53 +0200] "GET /news/61-wir-begruessen-sie-auf-den-seiten-von-straman-ihren-komplettdienstleister-rund-um-die-immobilie.html HTTP/1.1" 200 - "http://www.google.at/url?sa=t&rct=j&q=&esrc=s&source=web&cd=1&ved=0CB4QFjAA&url=http%3A%2F%2Fwww.straman.de%2Fnews%2F61-wir-begruessen-sie-auf-den-seiten-von-straman-ihren-komplettdienstleister-rund-um-die-immobilie.html&ei=45SyU9TkJYav7Abnz4DoCA&usg=AFQjCNEBW96OLV3BfMsm6raULo_npGLWFA&bvm=bv.69837884,d.ZGU" "Mozilla/5.0 (Macintosh; Intel Mac OS X 10_9_3) AppleWebKit/537.76.4 (KHTML, like Gecko) Version/7.0.4 Safari/537.76.4"
180.153.236.107 - - [01/Jul/2014:13:16:23 +0200] "GET / HTTP/1.1" 200 - "http://www.straman.de/" "Mozilla/5.0 (compatible; MSIE 9.0; Windows NT 6.1; Trident/5.0); 360Spider"
182.118.54.97 - - [01/Jul/2014:13:16:26 +0200] "GET / HTTP/1.1" 200 - "-" "Mozilla/4.0 (compatible; MSIE 8.0; Windows NT 6.1; Trident/4.0; SLCC2; .NET CLR 2.0.50727; .NET CLR 3.5.30729; .NET CLR 3.0.30729; Media Center PC 6.0)"
66.249.78.247 - - [01/Jul/2014:13:21:45 +0200] "GET /robots.txt HTTP/1.1" 200 304 "-" "Mozilla/5.0 (compatible; Googlebot/2.1; +http://www.google.com/bot.html)"
66.249.78.247 - - [01/Jul/2014:13:21:45 +0200] "GET /unternehmen/jobs.html HTTP/1.1" 200 - "-" "Mozilla/5.0 (compatible; Googlebot/2.1; +http://www.google.com/bot.html)"
91.4.104.51 - - [01/Jul/2014:13:36:08 +0200] "GET / HTTP/1.1" 200 - "http://www.google.de/url?sa=t&rct=j&q=&esrc=s&source=web&cd=1&ved=0CCAQFjAA&url=http%3A%2F%2Fwww.straman.de%2F&ei=Jp2yU-DnHoaG4gSagIHABA&usg=AFQjCNEpeUQQKOp_93iUUo8XSnpqrpjMzA&bvm=bv.69837884,bs.1,d.bGQ&cad=rja" "Mozilla/5.0 (Windows NT 5.1; rv:30.0) Gecko/20100101 Firefox/30.0"
91.4.104.51 - - [01/Jul/2014:13:36:08 +0200] "GET /favicon.ico HTTP/1.1" 404 2467 "-" "Mozilla/5.0 (Windows NT 5.1; rv:30.0) Gecko/20100101 Firefox/30.0"
91.4.104.51 - - [01/Jul/2014:13:36:08 +0200] "GET /favicon.ico HTTP/1.1" 404 2467 "-" "Mozilla/5.0 (Windows NT 5.1; rv:30.0) Gecko/20100101 Firefox/30.0"
91.4.104.51 - - [01/Jul/2014:13:36:16 +0200] "GET /unternehmen/impressum.html HTTP/1.1" 200 - "http://www.google.de/url?sa=t&rct=j&q=&esrc=s&source=web&cd=2&ved=0CC0QjBAwAQ&url=http%3A%2F%2Fwww.straman.de%2Funternehmen%2Fimpressum.html&ei=Jp2yU-DnHoaG4gSagIHABA&usg=AFQjCNEQ6WIfxQJaHcb8W97z5-S8mcbsPA&bvm=bv.69837884,bs.1,d.bGQ&cad=rja" "Mozilla/5.0 (Windows NT 5.1; rv:30.0) Gecko/20100101 Firefox/30.0"
91.4.104.51 - - [01/Jul/2014:13:36:24 +0200] "GET /unternehmen/impressum.html HTTP/1.1" 200 - "http://www.google.de/url?sa=t&rct=j&q=&esrc=s&source=web&cd=2&ved=0CC0QjBAwAQ&url=http%3A%2F%2Fwww.straman.de%2Funternehmen%2Fimpressum.html&ei=Jp2yU-DnHoaG4gSagIHABA&usg=AFQjCNEQ6WIfxQJaHcb8W97z5-S8mcbsPA&bvm=bv.69837884,bs.1,d.bGQ&cad=rja" "Mozilla/5.0 (Windows NT 5.1; rv:30.0) Gecko/20100101 Firefox/30.0"
84.191.135.159 - - [01/Jul/2014:13:50:22 +0200] "GET /unternehmen/impressum.html HTTP/1.1" 200 - "http://www.google.de/url?sa=t&rct=j&q=&esrc=s&source=web&cd=2&ved=0CCkQjBAwAQ&url=http%3A%2F%2Fwww.straman.de%2Funternehmen%2Fimpressum.html&ei=aqCyU63WIIOAywOiy4CADQ&usg=AFQjCNEQ6WIfxQJaHcb8W97z5-S8mcbsPA&bvm=bv.69837884,d.bGQ" "Mozilla/5.0 (Windows NT 6.1; WOW64; rv:30.0) Gecko/20100101 Firefox/30.0"
84.191.135.159 - - [01/Jul/2014:13:50:23 +0200] "GET /favicon.ico HTTP/1.1" 404 2467 "-" "Mozilla/5.0 (Windows NT 6.1; WOW64; rv:30.0) Gecko/20100101 Firefox/30.0"
84.191.135.159 - - [01/Jul/2014:13:50:23 +0200] "GET /favicon.ico HTTP/1.1" 404 2467 "-" "Mozilla/5.0 (Windows NT 6.1; WOW64; rv:30.0) Gecko/20100101 Firefox/30.0"
84.191.135.159 - - [01/Jul/2014:13:50:46 +0200] "GET /favicon.ico HTTP/1.1" 404 2467 "-" "Mozilla/5.0 (Windows NT 6.1; WOW64; rv:30.0) Gecko/20100101 Firefox/30.0"
84.191.135.159 - - [01/Jul/2014:13:50:46 +0200] "GET /favicon.ico HTTP/1.1" 404 2467 "-" "Mozilla/5.0 (Windows NT 6.1; WOW64; rv:30.0) Gecko/20100101 Firefox/30.0"
84.191.135.159 - - [01/Jul/2014:13:50:46 +0200] "GET /favicon.ico HTTP/1.1" 404 2467 "-" "Mozilla/5.0 (Windows NT 6.1; WOW64; rv:30.0) Gecko/20100101 Firefox/30.0"
84.191.135.159 - - [01/Jul/2014:13:50:46 +0200] "GET /favicon.ico HTTP/1.1" 404 2467 "-" "Mozilla/5.0 (Windows NT 6.1; WOW64; rv:30.0) Gecko/20100101 Firefox/30.0"
84.191.135.159 - - [01/Jul/2014:13:51:02 +0200] "GET / HTTP/1.1" 200 - "http://www.google.de/url?sa=t&rct=j&q=&esrc=s&source=web&cd=1&ved=0CCIQFjAA&url=http%3A%2F%2Fwww.straman.de%2F&ei=aqCyU63WIIOAywOiy4CADQ&usg=AFQjCNEpeUQQKOp_93iUUo8XSnpqrpjMzA&bvm=bv.69837884,d.bGQ" "Mozilla/5.0 (Windows NT 6.1; WOW64; rv:30.0) Gecko/20100101 Firefox/30.0"
217.69.133.9 - - [01/Jul/2014:13:52:33 +0200] "GET /robots.txt HTTP/1.1" 200 304 "-" "Mozilla/5.0 (compatible; Linux x86_64; Mail.RU_Bot/2.0; +http://go.mail.ru/help/robots)"
217.69.133.6 - - [01/Jul/2014:13:52:34 +0200] "GET /downloadbereich/58.html HTTP/1.1" 200 - "-" "Mozilla/5.0 (compatible; Linux x86_64; Mail.RU_Bot/2.0; +http://go.mail.ru/help/robots)"
84.191.135.159 - - [01/Jul/2014:13:55:30 +0200] "GET / HTTP/1.1" 200 - "http://www.google.de/url?sa=t&rct=j&q=&esrc=s&source=web&cd=1&ved=0CCIQFjAA&url=http%3A%2F%2Fwww.straman.de%2F&ei=oaGyU_XYE_OK4gSH84HwAw&usg=AFQjCNEpeUQQKOp_93iUUo8XSnpqrpjMzA&bvm=bv.70138588,d.bGE" "Mozilla/5.0 (Windows NT 6.1; WOW64; rv:30.0) Gecko/20100101 Firefox/30.0"
84.191.135.159 - - [01/Jul/2014:13:55:30 +0200] "GET /favicon.ico HTTP/1.1" 404 2467 "-" "Mozilla/5.0 (Windows NT 6.1; WOW64; rv:30.0) Gecko/20100101 Firefox/30.0"
84.191.135.159 - - [01/Jul/2014:13:55:30 +0200] "GET /favicon.ico HTTP/1.1" 404 2467 "-" "Mozilla/5.0 (Windows NT 6.1; WOW64; rv:30.0) Gecko/20100101 Firefox/30.0"
84.191.135.159 - - [01/Jul/2014:13:55:52 +0200] "GET /servicebereiche/winterdienst.html HTTP/1.1" 200 - "http://www.google.de/url?sa=t&rct=j&q=&esrc=s&source=web&cd=3&ved=0CC0QjBAwAg&url=http%3A%2F%2Fwww.straman.de%2Fservicebereiche%2Fwinterdienst.html&ei=oaGyU_XYE_OK4gSH84HwAw&usg=AFQjCNHkrZNr9_bIHOnPEJjmBNFMawUmPw&bvm=bv.70138588,d.bGE" "Mozilla/5.0 (Windows NT 6.1; WOW64; rv:30.0) Gecko/20100101 Firefox/30.0"
84.191.135.159 - - [01/Jul/2014:13:56:09 +0200] "GET / HTTP/1.1" 200 - "http://www.google.de/url?sa=t&rct=j&q=&esrc=s&source=web&cd=1&ved=0CCAQFjAA&url=http%3A%2F%2Fwww.straman.de%2F&ei=0KGyU7j6CabS4QS4woD4BA&usg=AFQjCNEpeUQQKOp_93iUUo8XSnpqrpjMzA&bvm=bv.70138588,d.bGE" "Mozilla/5.0 (Windows NT 6.1; WOW64; rv:30.0) Gecko/20100101 Firefox/30.0"
84.191.135.159 - - [01/Jul/2014:13:56:19 +0200] "GET /unternehmen/impressum.html HTTP/1.1" 200 - "http://www.google.de/url?sa=t&rct=j&q=&esrc=s&source=web&cd=2&ved=0CCsQFjAB&url=http%3A%2F%2Fwww.straman.de%2Funternehmen%2Fimpressum.html&ei=0KGyU7j6CabS4QS4woD4BA&usg=AFQjCNEQ6WIfxQJaHcb8W97z5-S8mcbsPA" "Mozilla/5.0 (Windows NT 6.1; WOW64; rv:30.0) Gecko/20100101 Firefox/30.0"
84.191.135.159 - - [01/Jul/2014:13:56:48 +0200] "GET /servicebereiche/uebersichtgebaeudemanagement/gebaeudemanagement.html HTTP/1.1" 200 - "http://www.google.de/url?sa=t&rct=j&q=&esrc=s&source=web&cd=7&ved=0CDMQjBAwBg&url=http%3A%2F%2Fwww.straman.de%2Fservicebereiche%2Fuebersichtgebaeudemanagement%2Fgebaeudemanagement.html&ei=oaGyU_XYE_OK4gSH84HwAw&usg=AFQjCNFNH5mlqFcOpQm5k07i8AsGeD7QVQ&bvm=bv.70138588,d.bGE" "Mozilla/5.0 (Windows NT 6.1; WOW64; rv:30.0) Gecko/20100101 Firefox/30.0"
84.191.135.159 - - [01/Jul/2014:13:56:58 +0200] "GET /unternehmen/impressum.html HTTP/1.1" 200 - "http://www.google.de/url?sa=t&rct=j&q=&esrc=s&source=web&cd=2&ved=0CCkQjBAwAQ&url=http%3A%2F%2Fwww.straman.de%2Funternehmen%2Fimpressum.html&ei=aqCyU63WIIOAywOiy4CADQ&usg=AFQjCNEQ6WIfxQJaHcb8W97z5-S8mcbsPA&bvm=bv.69837884,d.bGQ" "Mozilla/5.0 (Windows NT 6.1; WOW64; rv:30.0) Gecko/20100101 Firefox/30.0"
84.191.135.159 - - [01/Jul/2014:13:57:07 +0200] "GET / HTTP/1.1" 200 - "http://www.google.de/url?sa=t&rct=j&q=&esrc=s&source=web&cd=1&ved=0CCIQFjAA&url=http%3A%2F%2Fwww.straman.de%2F&ei=aqCyU63WIIOAywOiy4CADQ&usg=AFQjCNEpeUQQKOp_93iUUo8XSnpqrpjMzA&bvm=bv.69837884,d.bGQ" "Mozilla/5.0 (Windows NT 6.1; WOW64; rv:30.0) Gecko/20100101 Firefox/30.0"
85.25.202.18 - - [01/Jul/2014:14:33:14 +0200] "GET / HTTP/1.1" 200 - "http://www.sumaja.de/?such_wert=gmbh" "T-Online Browser"
91.9.111.217 - - [01/Jul/2014:14:33:41 +0200] "GET / HTTP/1.1" 200 - "http://www.mein-traumgarten.de/FachbetriebSuche-Footer.aspx" "Mozilla/5.0 (Windows NT 6.1; rv:30.0) Gecko/20100101 Firefox/30.0"
91.9.111.217 - - [01/Jul/2014:14:33:42 +0200] "GET /favicon.ico HTTP/1.1" 404 2467 "-" "Mozilla/5.0 (Windows NT 6.1; rv:30.0) Gecko/20100101 Firefox/30.0"
91.9.111.217 - - [01/Jul/2014:14:33:42 +0200] "GET /favicon.ico HTTP/1.1" 404 2467 "-" "Mozilla/5.0 (Windows NT 6.1; rv:30.0) Gecko/20100101 Firefox/30.0"
91.9.111.217 - - [01/Jul/2014:14:33:59 +0200] "GET / HTTP/1.1" 200 - "http://www.mein-traumgarten.de/FachbetriebSuche-Footer.aspx" "Mozilla/5.0 (Windows NT 6.1; rv:30.0) Gecko/20100101 Firefox/30.0"
66.249.78.240 - - [01/Jul/2014:14:35:05 +0200] "GET /servicebereiche/winterdienst/privatkunden.html HTTP/1.1" 200 - "-" "Mozilla/5.0 (compatible; Googlebot/2.1; +http://www.google.com/bot.html)"
208.115.113.87 - - [01/Jul/2014:14:48:39 +0200] "GET /servicebereiche/strassenreinigung/ HTTP/1.1" 200 - "-" "Mozilla/5.0 (compatible; DotBot/1.1; http://www.opensiteexplorer.org/dotbot, help@moz.com)"
208.115.111.71 - - [01/Jul/2014:15:09:59 +0200] "GET /robots.txt HTTP/1.1" 200 304 "-" "Mozilla/5.0 (compatible; DotBot/1.1; http://www.opensiteexplorer.org/dotbot, help@moz.com)"
66.249.78.247 - - [01/Jul/2014:15:28:25 +0200] "GET /downloadbereich.html HTTP/1.1" 200 - "-" "Mozilla/5.0 (compatible; Googlebot/2.1; +http://www.google.com/bot.html)"
207.46.13.24 - - [01/Jul/2014:15:38:16 +0200] "GET /servicebereiche/strassenreinigung.html HTTP/1.1" 200 - "-" "Mozilla/5.0 (compatible; bingbot/2.0; +http://www.bing.com/bingbot.htm)"
157.55.39.119 - - [01/Jul/2014:15:57:39 +0200] "GET /unternehmen/impressum.html HTTP/1.1" 200 - "-" "Mozilla/5.0 (compatible; bingbot/2.0; +http://www.bing.com/bingbot.htm)"
207.46.13.24 - - [01/Jul/2014:15:58:19 +0200] "GET / HTTP/1.1" 200 - "-" "Mozilla/5.0 (compatible; bingbot/2.0; +http://www.bing.com/bingbot.htm)"
66.249.78.247 - - [01/Jul/2014:16:28:25 +0200] "GET /component/content/article/58.html HTTP/1.1" 200 - "-" "Mozilla/5.0 (compatible; Googlebot/2.1; +http://www.google.com/bot.html)"
62.41.72.25 - - [01/Jul/2014:16:57:44 +0200] "GET / HTTP/1.1" 200 - "http://www.google.co.uk/url?sa=t&rct=j&q=&esrc=s&frm=1&source=web&cd=1&ved=0CCAQFjAA&url=http%3A%2F%2Fwww.straman.de%2F&ei=Y8yyU8_XJ6mq0QWO5IHgAQ&usg=AFQjCNEpeUQQKOp_93iUUo8XSnpqrpjMzA&bvm=bv.69837884,d.bGQ" "Mozilla/5.0 (compatible; MSIE 9.0; Windows NT 6.1; WOW64; Trident/5.0)"
62.41.72.25 - - [01/Jul/2014:16:57:44 +0200] "GET /favicon.ico HTTP/1.1" 404 2467 "-" "Mozilla/5.0 (compatible; MSIE 9.0; Windows NT 6.1; WOW64; Trident/5.0)"
208.115.111.71 - - [01/Jul/2014:17:08:16 +0200] "GET /servicebereiche/gruenanlagenpflege.html HTTP/1.1" 200 - "-" "Mozilla/5.0 (compatible; DotBot/1.1; http://www.opensiteexplorer.org/dotbot, help@moz.com)"
66.249.78.247 - - [01/Jul/2014:17:21:38 +0200] "GET /news.html HTTP/1.1" 200 - "-" "Mozilla/5.0 (compatible; Googlebot/2.1; +http://www.google.com/bot.html)"
207.46.13.24 - - [01/Jul/2014:17:24:02 +0200] "GET / HTTP/1.1" 200 - "-" "Mozilla/5.0 (compatible; bingbot/2.0; +http://www.bing.com/bingbot.htm)"
85.16.73.65 - - [01/Jul/2014:17:33:58 +0200] "GET /servicebereiche/winterdienst.html HTTP/1.1" 200 - "http://de.wow.com/search?s_pt=aolsem&s_it=aolsem&s_chn=62&q=winterdienst%20firmen" "Mozilla/5.0 (Windows NT 6.1; WOW64; rv:24.0) Gecko/20100101 Firefox/24.0"
85.16.73.65 - - [01/Jul/2014:17:33:59 +0200] "GET /favicon.ico HTTP/1.1" 404 2467 "-" "Mozilla/5.0 (Windows NT 6.1; WOW64; rv:24.0) Gecko/20100101 Firefox/24.0"
85.16.73.65 - - [01/Jul/2014:17:36:08 +0200] "GET /servicebereiche/winterdienst.html HTTP/1.1" 200 - "http://de.wow.com/search?s_pt=aolsem&s_it=aolsem&s_chn=62&q=winterdienst%20firmen" "Mozilla/5.0 (Windows NT 6.1; WOW64; rv:24.0) Gecko/20100101 Firefox/24.0"
85.16.73.65 - - [01/Jul/2014:17:36:36 +0200] "GET /servicebereiche/winterdienst.html HTTP/1.1" 200 - "http://de.wow.com/search?s_pt=aolsem&s_it=aolsem&s_chn=62&q=winterdienst%20firmen" "Mozilla/5.0 (Windows NT 6.1; WOW64; rv:24.0) Gecko/20100101 Firefox/24.0"
85.16.73.65 - - [01/Jul/2014:17:37:52 +0200] "GET /servicebereiche/winterdienst.html HTTP/1.1" 200 - "http://de.wow.com/search?q=firma+f%C3%BCr+winterdienst&s_chn=62&s_pt=aolsem&v_t=aolsem&s_cs=5858274672167334556&s_it=bot_relsearch" "Mozilla/5.0 (Windows NT 6.1; WOW64; rv:24.0) Gecko/20100101 Firefox/24.0"
64.233.172.137 - - [01/Jul/2014:17:43:15 +0200] "GET / HTTP/1.1" 200 5615 "http://www.google.de/url?sa=t&rct=j&q=&esrc=s&source=web&cd=1&ved=0CEwQFjAA&url=http%3A%2F%2Fwww.straman.de%2F&ei=E9eyU9WXOJi0XvZ5&usg=AFQjCNEpeUQQKOp_93iUUo8XSnpqrpjMzA" "Mozilla/5.0 (Linux; Android 4.3; en-us; SAMSUNG SCH-I545 Build/JSS15J) AppleWebKit/537.36 (KHTML, like Gecko) Version/1.5 Chrome/28.0.1500.94 Mobile Safari/537.36"
64.233.172.137 - - [01/Jul/2014:17:43:15 +0200] "GET /media/system/js/caption.js HTTP/1.1" 200 1963 "http://www.straman.de/" "Mozilla/5.0 (Linux; Android 4.3; en-us; SAMSUNG SCH-I545 Build/JSS15J) AppleWebKit/537.36 (KHTML, like Gecko) Version/1.5 Chrome/28.0.1500.94 Mobile Safari/537.36"
64.233.172.137 - - [01/Jul/2014:17:43:15 +0200] "GET /templates/gk_penguinmail/css/handheld/handheld.css HTTP/1.1" 200 3827 "http://www.straman.de/" "Mozilla/5.0 (Linux; Android 4.3; en-us; SAMSUNG SCH-I545 Build/JSS15J) AppleWebKit/537.36 (KHTML, like Gecko) Version/1.5 Chrome/28.0.1500.94 Mobile Safari/537.36"
64.233.172.137 - - [01/Jul/2014:17:43:16 +0200] "GET /templates/gk_penguinmail/css/template.css HTTP/1.1" 200 9192 "http://www.straman.de/" "Mozilla/5.0 (Linux; Android 4.3; en-us; SAMSUNG SCH-I545 Build/JSS15J) AppleWebKit/537.36 (KHTML, like Gecko) Version/1.5 Chrome/28.0.1500.94 Mobile Safari/537.36"
64.233.172.137 - - [01/Jul/2014:17:43:16 +0200] "GET /media/system/js/mootools.js HTTP/1.1" 200 74434 "http://www.straman.de/" "Mozilla/5.0 (Linux; Android 4.3; en-us; SAMSUNG SCH-I545 Build/JSS15J) AppleWebKit/537.36 (KHTML, like Gecko) Version/1.5 Chrome/28.0.1500.94 Mobile Safari/537.36"
64.233.172.137 - - [01/Jul/2014:17:43:16 +0200] "GET /templates/gk_penguinmail/images/logo.png HTTP/1.1" 200 6608 "http://www.straman.de/" "Mozilla/5.0 (Linux; Android 4.3; en-us; SAMSUNG SCH-I545 Build/JSS15J) AppleWebKit/537.36 (KHTML, like Gecko) Version/1.5 Chrome/28.0.1500.94 Mobile Safari/537.36"
66.249.78.247 - - [01/Jul/2014:18:05:57 +0200] "GET /referenzen.html HTTP/1.1" 200 - "-" "Mozilla/5.0 (compatible; Googlebot/2.1; +http://www.google.com/bot.html)"
141.8.147.12 - - [01/Jul/2014:18:23:08 +0200] "GET /robots.txt HTTP/1.1" 200 304 "-" "Mozilla/5.0 (compatible; YandexBot/3.0; +http://yandex.com/bots)"
31.3.233.120 - - [01/Jul/2014:18:26:54 +0200] "GET / HTTP/1.1" 200 656 "-" "-"
66.249.78.247 - - [01/Jul/2014:18:55:48 +0200] "GET /news/78-todt.html HTTP/1.1" 200 - "-" "Mozilla/5.0 (compatible; Googlebot/2.1; +http://www.google.com/bot.html)"
194.31.113.12 - - [01/Jul/2014:18:57:08 +0200] "GET /media/system/js/mootools.js HTTP/1.1" 304 - "-" "Mozilla/4.0 (compatible;)"
208.115.111.71 - - [01/Jul/2014:19:07:52 +0200] "GET /robots.txt HTTP/1.1" 200 304 "-" "Mozilla/5.0 (compatible; DotBot/1.1; http://www.opensiteexplorer.org/dotbot, help@moz.com)"
207.46.13.24 - - [01/Jul/2014:19:42:26 +0200] "GET /unternehmen/jobs.html HTTP/1.1" 200 - "-" "Mozilla/5.0 (compatible; bingbot/2.0; +http://www.bing.com/bingbot.htm)"
157.55.39.87 - - [01/Jul/2014:19:42:35 +0200] "GET /robots.txt HTTP/1.1" 200 304 "-" "Mozilla/5.0 (compatible; bingbot/2.0; +http://www.bing.com/bingbot.htm)"
194.31.113.12 - - [01/Jul/2014:20:06:35 +0200] "GET /templates/gk_penguinmail/css/typo.css HTTP/1.1" 304 - "-" "Mozilla/4.0 (compatible;)"
217.69.133.203 - - [01/Jul/2014:20:27:45 +0200] "GET /robots.txt HTTP/1.1" 200 304 "-" "Mozilla/5.0 (compatible; Linux x86_64; Mail.RU_Bot/2.0; +http://go.mail.ru/help/robots)"
217.69.133.2 - - [01/Jul/2014:20:27:46 +0200] "GET /unternehmen/standorte/58.html HTTP/1.1" 200 - "-" "Mozilla/5.0 (compatible; Linux x86_64; Mail.RU_Bot/2.0; +http://go.mail.ru/help/robots)"
208.115.111.71 - - [01/Jul/2014:21:02:12 +0200] "GET /component/user/reset.html HTTP/1.1" 200 - "-" "Mozilla/5.0 (compatible; DotBot/1.1; http://www.opensiteexplorer.org/dotbot, help@moz.com)"
157.55.39.119 - - [01/Jul/2014:21:07:17 +0200] "GET /servicebereiche/gruenanlagenpflege.html HTTP/1.1" 200 - "-" "Mozilla/5.0 (compatible; bingbot/2.0; +http://www.bing.com/bingbot.htm)"
66.249.84.171 - - [01/Jul/2014:21:35:54 +0200] "GET /index.php?option=com_forme&fid=2&Itemid=65 HTTP/1.1" 200 - "http://www.google.de/url?sa=t&rct=j&q=&esrc=s&source=web&cd=1&ved=0CEwQFjAF&url=http%3A%2F%2Fwww.straman.de%2Findex.php%3Foption%3Dcom_forme%26fid%3D2%26amp%3BItemid%3D65&ei=Zg2zU6aKNabhqwHRSQ&usg=AFQjCNH-uAIs0AnvWuLWYlXIe0-1B7sI5A" "Mozilla/4.0 (compatible; MSIE 8.0; Windows NT 6.1; WOW64; Trident/4.0; GTB7.5; SLCC2; .NET CLR 2.0.50727; .NET CLR 3.5.30729; .NET CLR 3.0.30729; Media Center PC 6.0; .NET4.0C)"
66.249.84.171 - - [01/Jul/2014:21:35:55 +0200] "GET /favicon.ico HTTP/1.1" 404 2467 "-" "Mozilla/4.0 (compatible; MSIE 8.0; Windows NT 6.1; WOW64; Trident/4.0; GTB7.5; SLCC2; .NET CLR 2.0.50727; .NET CLR 3.5.30729; .NET CLR 3.0.30729; Media Center PC 6.0; .NET4.0C)"
208.115.111.71 - - [01/Jul/2014:23:09:35 +0200] "GET /robots.txt HTTP/1.1" 200 304 "-" "Mozilla/5.0 (compatible; DotBot/1.1; http://www.opensiteexplorer.org/dotbot, help@moz.com)"
207.46.13.24 - - [02/Jul/2014:00:23:21 +0200] "GET /unternehmen/historie.html HTTP/1.1" 200 - "-" "Mozilla/5.0 (compatible; bingbot/2.0; +http://www.bing.com/bingbot.htm)"
46.115.167.186 - - [02/Jul/2014:00:38:07 +0200] "GET / HTTP/1.1" 200 8922 "-" "Mozilla/5.0 (iPhone; CPU iPhone OS 7_0_4 like Mac OS X) AppleWebKit/537.51.1 (KHTML, like Gecko) GSA/4.1.0.31802 Mobile/11B554a Safari/9537.53"
46.115.167.186 - - [02/Jul/2014:00:38:07 +0200] "GET /media/system/js/caption.js HTTP/1.1" 200 1963 "http://www.straman.de/" "Mozilla/5.0 (iPhone; CPU iPhone OS 7_0_4 like Mac OS X) AppleWebKit/537.51.1 (KHTML, like Gecko) GSA/4.1.0.31802 Mobile/11B554a Safari/9537.53"
46.115.167.186 - - [02/Jul/2014:00:38:08 +0200] "GET /templates/gk_penguinmail/css/handheld/iphone.css HTTP/1.1" 200 5360 "http://www.straman.de/" "Mozilla/5.0 (iPhone; CPU iPhone OS 7_0_4 like Mac OS X) AppleWebKit/537.51.1 (KHTML, like Gecko) GSA/4.1.0.31802 Mobile/11B554a Safari/9537.53"
46.115.167.186 - - [02/Jul/2014:00:38:08 +0200] "GET /templates/gk_penguinmail/js/iphone.js HTTP/1.1" 200 5379 "http://www.straman.de/" "Mozilla/5.0 (iPhone; CPU iPhone OS 7_0_4 like Mac OS X) AppleWebKit/537.51.1 (KHTML, like Gecko) GSA/4.1.0.31802 Mobile/11B554a Safari/9537.53"
46.115.167.186 - - [02/Jul/2014:00:38:08 +0200] "GET /templates/gk_penguinmail/css/template.css HTTP/1.1" 200 9192 "http://www.straman.de/" "Mozilla/5.0 (iPhone; CPU iPhone OS 7_0_4 like Mac OS X) AppleWebKit/537.51.1 (KHTML, like Gecko) GSA/4.1.0.31802 Mobile/11B554a Safari/9537.53"
46.115.167.186 - - [02/Jul/2014:00:38:07 +0200] "GET /media/system/js/mootools.js HTTP/1.1" 200 74434 "http://www.straman.de/" "Mozilla/5.0 (iPhone; CPU iPhone OS 7_0_4 like Mac OS X) AppleWebKit/537.51.1 (KHTML, like Gecko) GSA/4.1.0.31802 Mobile/11B554a Safari/9537.53"
46.115.167.186 - - [02/Jul/2014:00:38:08 +0200] "GET /templates/gk_penguinmail/images/logo.png HTTP/1.1" 200 6608 "http://www.straman.de/" "Mozilla/5.0 (iPhone; CPU iPhone OS 7_0_4 like Mac OS X) AppleWebKit/537.51.1 (KHTML, like Gecko) GSA/4.1.0.31802 Mobile/11B554a Safari/9537.53"
46.115.167.186 - - [02/Jul/2014:00:38:08 +0200] "GET /templates/gk_penguinmail/images/handheld/t_bar_l.png HTTP/1.1" 200 2902 "http://www.straman.de/" "Mozilla/5.0 (iPhone; CPU iPhone OS 7_0_4 like Mac OS X) AppleWebKit/537.51.1 (KHTML, like Gecko) GSA/4.1.0.31802 Mobile/11B554a Safari/9537.53"
46.115.167.186 - - [02/Jul/2014:00:38:08 +0200] "GET /templates/gk_penguinmail/images/handheld/t_bar_r.png HTTP/1.1" 200 2958 "http://www.straman.de/" "Mozilla/5.0 (iPhone; CPU iPhone OS 7_0_4 like Mac OS X) AppleWebKit/537.51.1 (KHTML, like Gecko) GSA/4.1.0.31802 Mobile/11B554a Safari/9537.53"
46.115.167.186 - - [02/Jul/2014:00:38:08 +0200] "GET /templates/gk_penguinmail/images/handheld/t_login.png HTTP/1.1" 200 3136 "http://www.straman.de/" "Mozilla/5.0 (iPhone; CPU iPhone OS 7_0_4 like Mac OS X) AppleWebKit/537.51.1 (KHTML, like Gecko) GSA/4.1.0.31802 Mobile/11B554a Safari/9537.53"
46.115.167.186 - - [02/Jul/2014:00:38:08 +0200] "GET /templates/gk_penguinmail/images/handheld/t_search.png HTTP/1.1" 200 3129 "http://www.straman.de/" "Mozilla/5.0 (iPhone; CPU iPhone OS 7_0_4 like Mac OS X) AppleWebKit/537.51.1 (KHTML, like Gecko) GSA/4.1.0.31802 Mobile/11B554a Safari/9537.53"
46.115.167.186 - - [02/Jul/2014:00:38:08 +0200] "GET /templates/gk_penguinmail/images/logo_bg.png HTTP/1.1" 404 2467 "http://www.straman.de/" "Mozilla/5.0 (iPhone; CPU iPhone OS 7_0_4 like Mac OS X) AppleWebKit/537.51.1 (KHTML, like Gecko) GSA/4.1.0.31802 Mobile/11B554a Safari/9537.53"
46.115.167.186 - - [02/Jul/2014:00:38:09 +0200] "GET /templates/gk_penguinmail/images/handheld/t_options.png HTTP/1.1" 200 3094 "http://www.straman.de/" "Mozilla/5.0 (iPhone; CPU iPhone OS 7_0_4 like Mac OS X) AppleWebKit/537.51.1 (KHTML, like Gecko) GSA/4.1.0.31802 Mobile/11B554a Safari/9537.53"
46.115.167.186 - - [02/Jul/2014:00:38:09 +0200] "GET /templates/gk_penguinmail/images/handheld/arrow_nav.png HTTP/1.1" 200 247 "http://www.straman.de/" "Mozilla/5.0 (iPhone; CPU iPhone OS 7_0_4 like Mac OS X) AppleWebKit/537.51.1 (KHTML, like Gecko) GSA/4.1.0.31802 Mobile/11B554a Safari/9537.53"
46.115.167.186 - - [02/Jul/2014:00:38:48 +0200] "POST /index.php HTTP/1.1" 303 - "http://www.straman.de/" "Mozilla/5.0 (iPhone; CPU iPhone OS 7_0_4 like Mac OS X) AppleWebKit/537.51.1 (KHTML, like Gecko) GSA/4.1.0.31802 Mobile/11B554a Safari/9537.53"
46.115.167.186 - - [02/Jul/2014:00:38:48 +0200] "GET /component/search/?searchword=Wohnung+pattensen&ordering=&searchphrase=all HTTP/1.1" 200 9409 "http://www.straman.de/" "Mozilla/5.0 (iPhone; CPU iPhone OS 7_0_4 like Mac OS X) AppleWebKit/537.51.1 (KHTML, like Gecko) GSA/4.1.0.31802 Mobile/11B554a Safari/9537.53"
46.115.167.186 - - [02/Jul/2014:00:38:49 +0200] "GET /templates/gk_penguinmail/images/logo_bg.png HTTP/1.1" 404 2467 "http://www.straman.de/component/search/?searchword=Wohnung+pattensen&ordering=&searchphrase=all" "Mozilla/5.0 (iPhone; CPU iPhone OS 7_0_4 like Mac OS X) AppleWebKit/537.51.1 (KHTML, like Gecko) GSA/4.1.0.31802 Mobile/11B554a Safari/9537.53"
208.115.111.71 - - [02/Jul/2014:01:03:07 +0200] "GET /downloadbereich/58.html HTTP/1.1" 200 - "-" "Mozilla/5.0 (compatible; DotBot/1.1; http://www.opensiteexplorer.org/dotbot, help@moz.com)"
88.198.247.163 - - [02/Jul/2014:01:11:19 +0200] "GET / HTTP/1.1" 200 - "-" "Mozilla/5.0 (compatible; XoviBot/2.0; +http://www.xovibot.net/)"
89.204.137.238 - - [02/Jul/2014:01:36:37 +0200] "GET / HTTP/1.1" 200 - "http://www.google.de/aclk?sa=L&ai=CnKWd7EWzU_fkC4TOiwb21YDICemv--cFmdy5goMB34C3CQgDEAIg2pTQBigCUPPkhIj7_____wFglYKAgJAHyAEBqQJLe6T0FfO2PqoEJk_Q36uq_YJjdnlbOHBOe5vis1cIOEswVgM6n1Na9bDgu1Ew7mpRgAWQToAHmY3zQZAHAw&sig=AOD64_3QnekvriwctjJvXeIVg8aHB1rjiQ&rct=j&q=&ved=0CGUQ0Qw&adurl=http://www.straman.de" "Mozilla/5.0 (Windows NT 6.1; WOW64; Trident/7.0; rv:11.0) like Gecko"
89.204.137.238 - - [02/Jul/2014:01:36:37 +0200] "GET /favicon.ico HTTP/1.1" 404 2467 "-" "Mozilla/5.0 (Windows NT 6.1; Win64; x64; Trident/7.0; rv:11.0) like Gecko"
89.204.137.238 - - [02/Jul/2014:01:36:54 +0200] "GET / HTTP/1.1" 200 - "-" "Mozilla/5.0 (Windows NT 6.1; WOW64; Trident/7.0; rv:11.0) like Gecko"
89.204.137.238 - - [02/Jul/2014:01:36:54 +0200] "GET /favicon.ico HTTP/1.1" 404 2467 "-" "Mozilla/5.0 (Windows NT 6.1; Win64; x64; Trident/7.0; rv:11.0) like Gecko"
54.89.121.111 - - [02/Jul/2014:02:45:25 +0200] "GET / HTTP/1.1" 200 5615 "-" "HTTPClient/1.0 (2.4.0, ruby 1.9.3 (2013-06-27))"
180.153.236.149 - - [02/Jul/2014:03:09:17 +0200] "GET / HTTP/1.1" 200 - "http://www.straman.de/" "Mozilla/5.0 (compatible; MSIE 9.0; Windows NT 6.1; Trident/5.0); 360Spider"
208.115.111.71 - - [02/Jul/2014:03:09:53 +0200] "GET /robots.txt HTTP/1.1" 200 304 "-" "Mozilla/5.0 (compatible; DotBot/1.1; http://www.opensiteexplorer.org/dotbot, help@moz.com)"
81.0.199.226 - - [02/Jul/2014:03:21:21 +0200] "GET / HTTP/1.1" 200 - "-" "Mozilla/5.0 (Macintosh; Intel Mac OS X 10.7; rv:22.0) Gecko/20100101 Firefox/22.0"
207.46.13.24 - - [02/Jul/2014:03:38:23 +0200] "GET / HTTP/1.1" 200 - "-" "Mozilla/5.0 (compatible; bingbot/2.0; +http://www.bing.com/bingbot.htm)"
208.115.111.71 - - [02/Jul/2014:05:04:41 +0200] "GET /component/mailto/?tmpl=component&link=3eed24c1e6e5811e3eae569477079f07837ebf09 HTTP/1.1" 200 2700 "-" "Mozilla/5.0 (compatible; DotBot/1.1; http://www.opensiteexplorer.org/dotbot, help@moz.com)"
