93.220.72.220 - - [12/Jul/2014:23:37:45 +0200] "GET /templates/gk_penguinmail/favicon.ico HTTP/1.1" 404 1256 "-" "Mozilla/5.0 (Windows NT 6.1; WOW64; rv:30.0) Gecko/20100101 Firefox/30.0"
93.220.72.220 - - [12/Jul/2014:23:37:46 +0200] "GET /templates/gk_penguinmail/favicon.ico HTTP/1.1" 404 1256 "-" "Mozilla/5.0 (Windows NT 6.1; WOW64; rv:30.0) Gecko/20100101 Firefox/30.0"
93.220.72.220 - - [12/Jul/2014:23:54:43 +0200] "GET /templates/gk_penguinmail/favicon.ico HTTP/1.1" 404 1256 "-" "Mozilla/5.0 (Windows NT 6.1; WOW64; rv:30.0) Gecko/20100101 Firefox/30.0"
93.220.72.220 - - [12/Jul/2014:23:54:44 +0200] "GET /templates/gk_penguinmail/favicon.ico HTTP/1.1" 404 1256 "-" "Mozilla/5.0 (Windows NT 6.1; WOW64; rv:30.0) Gecko/20100101 Firefox/30.0"
93.220.72.220 - - [12/Jul/2014:23:54:44 +0200] "GET /templates/gk_penguinmail/favicon.ico HTTP/1.1" 404 1256 "-" "Mozilla/5.0 (Windows NT 6.1; WOW64; rv:30.0) Gecko/20100101 Firefox/30.0"
93.220.72.220 - - [12/Jul/2014:23:59:04 +0200] "GET /templates/gk_penguinmail/favicon.ico HTTP/1.1" 404 1256 "-" "Mozilla/5.0 (Windows NT 6.1; WOW64; rv:30.0) Gecko/20100101 Firefox/30.0"
93.220.72.220 - - [13/Jul/2014:00:10:42 +0200] "GET /templates/gk_penguinmail/favicon.ico HTTP/1.1" 404 1256 "-" "Mozilla/5.0 (Windows NT 6.1; WOW64; rv:30.0) Gecko/20100101 Firefox/30.0"
93.220.72.220 - - [13/Jul/2014:00:10:43 +0200] "GET /templates/gk_penguinmail/favicon.ico HTTP/1.1" 404 1256 "-" "Mozilla/5.0 (Windows NT 6.1; WOW64; rv:30.0) Gecko/20100101 Firefox/30.0"
93.220.72.220 - - [13/Jul/2014:00:21:18 +0200] "GET /templates/gk_penguinmail/favicon.ico HTTP/1.1" 404 1256 "-" "Mozilla/5.0 (Windows NT 6.1; WOW64; rv:30.0) Gecko/20100101 Firefox/30.0"
157.55.39.12 - - [13/Jul/2014:00:41:01 +0200] "GET /news/62-alles-neu-macht-der-mai.html HTTP/1.1" 404 1256 "-" "Mozilla/5.0 (compatible; bingbot/2.0; +http://www.bing.com/bingbot.htm)"
207.46.13.2 - - [13/Jul/2014:02:58:41 +0200] "GET / HTTP/1.1" 200 8535 "-" "Mozilla/5.0 (compatible; bingbot/2.0; +http://www.bing.com/bingbot.htm)"
208.115.111.71 - - [13/Jul/2014:03:00:44 +0200] "GET /robots.txt HTTP/1.1" 200 192 "-" "Mozilla/5.0 (compatible; DotBot/1.1; http://www.opensiteexplorer.org/dotbot, help@moz.com)"
207.46.13.61 - - [13/Jul/2014:03:18:36 +0200] "GET /unternehmen/standorte.html HTTP/1.1" 404 1256 "-" "Mozilla/5.0 (compatible; bingbot/2.0; +http://www.bing.com/bingbot.htm)"
64.233.172.67 - - [13/Jul/2014:04:25:47 +0200] "GET / HTTP/1.1" 200 8535 "http://www.google.de/url?sa=t&rct=j&q=&esrc=s&source=web&cd=1&ved=0CFQQFjAG&url=http%3A%2F%2Fwww.straman.de%2F&ei=D-7BU73XCdXR4AXPXw&usg=AFQjCNEpeUQQKOp_93iUUo8XSnpqrpjMzA" "Mozilla/5.0 (Linux; Android 4.3; en-us; SAMSUNG SCH-I545 Build/JSS15J) AppleWebKit/537.36 (KHTML, like Gecko) Version/1.5 Chrome/28.0.1500.94 Mobile Safari/537.36"
64.233.172.67 - - [13/Jul/2014:04:25:47 +0200] "GET /css/format.css HTTP/1.1" 200 8709 "http://www.straman.de/" "Mozilla/5.0 (Linux; Android 4.3; en-us; SAMSUNG SCH-I545 Build/JSS15J) AppleWebKit/537.36 (KHTML, like Gecko) Version/1.5 Chrome/28.0.1500.94 Mobile Safari/537.36"
64.233.172.67 - - [13/Jul/2014:04:25:47 +0200] "GET /scripte/stra_scr.js HTTP/1.1" 200 1580 "http://www.straman.de/" "Mozilla/5.0 (Linux; Android 4.3; en-us; SAMSUNG SCH-I545 Build/JSS15J) AppleWebKit/537.36 (KHTML, like Gecko) Version/1.5 Chrome/28.0.1500.94 Mobile Safari/537.36"
64.233.172.67 - - [13/Jul/2014:04:25:48 +0200] "GET /images/f_1-p.gif HTTP/1.1" 200 43 "http://www.straman.de/" "Mozilla/5.0 (Linux; Android 4.3; en-us; SAMSUNG SCH-I545 Build/JSS15J) AppleWebKit/537.36 (KHTML, like Gecko) Version/1.5 Chrome/28.0.1500.94 Mobile Safari/537.36"
64.233.172.67 - - [13/Jul/2014:04:25:48 +0200] "GET /images/start_1.jpg HTTP/1.1" 200 6732 "http://www.straman.de/" "Mozilla/5.0 (Linux; Android 4.3; en-us; SAMSUNG SCH-I545 Build/JSS15J) AppleWebKit/537.36 (KHTML, like Gecko) Version/1.5 Chrome/28.0.1500.94 Mobile Safari/537.36"
64.233.172.67 - - [13/Jul/2014:04:25:48 +0200] "GET /images/footer1_neu.gif HTTP/1.1" 200 58 "http://www.straman.de/" "Mozilla/5.0 (Linux; Android 4.3; en-us; SAMSUNG SCH-I545 Build/JSS15J) AppleWebKit/537.36 (KHTML, like Gecko) Version/1.5 Chrome/28.0.1500.94 Mobile Safari/537.36"
64.233.172.67 - - [13/Jul/2014:04:25:48 +0200] "GET /images/start_2.jpg HTTP/1.1" 200 8241 "http://www.straman.de/" "Mozilla/5.0 (Linux; Android 4.3; en-us; SAMSUNG SCH-I545 Build/JSS15J) AppleWebKit/537.36 (KHTML, like Gecko) Version/1.5 Chrome/28.0.1500.94 Mobile Safari/537.36"
64.233.172.67 - - [13/Jul/2014:04:25:48 +0200] "GET /images/logo_straman_neu.jpg HTTP/1.1" 200 19228 "http://www.straman.de/" "Mozilla/5.0 (Linux; Android 4.3; en-us; SAMSUNG SCH-I545 Build/JSS15J) AppleWebKit/537.36 (KHTML, like Gecko) Version/1.5 Chrome/28.0.1500.94 Mobile Safari/537.36"
207.46.13.2 - - [13/Jul/2014:04:33:00 +0200] "GET /unternehmen/impressum/58.html HTTP/1.1" 404 1256 "-" "Mozilla/5.0 (compatible; bingbot/2.0; +http://www.bing.com/bingbot.htm)"
208.115.111.71 - - [13/Jul/2014:04:47:04 +0200] "GET /index.php?option=com_forme&fid=2&Itemid=65 HTTP/1.1" 404 1256 "-" "Mozilla/5.0 (compatible; DotBot/1.1; http://www.opensiteexplorer.org/dotbot, help@moz.com)"
87.142.97.149 - - [13/Jul/2014:05:36:15 +0200] "GET / HTTP/1.1" 200 8535 "-" "Mozilla/5.0 (Windows NT 6.1; Win64; x64; rv:22.0) Gecko/20130328 Firefox/22.0"
87.142.97.149 - - [13/Jul/2014:05:36:18 +0200] "GET /seiten/straman_jobs.htm HTTP/1.1" 200 5214 "-" "Mozilla/5.0 (Windows NT 6.1; Win64; x64; rv:22.0) Gecko/20130328 Firefox/22.0"
207.46.13.61 - - [13/Jul/2014:05:54:25 +0200] "GET /unternehmen/partner.html HTTP/1.1" 404 1256 "-" "Mozilla/5.0 (compatible; bingbot/2.0; +http://www.bing.com/bingbot.htm)"
207.46.13.61 - - [13/Jul/2014:07:11:35 +0200] "GET /unternehmen/standorte.html HTTP/1.1" 404 1256 "-" "Mozilla/5.0 (compatible; bingbot/2.0; +http://www.bing.com/bingbot.htm)"
207.46.13.2 - - [13/Jul/2014:09:50:42 +0200] "GET / HTTP/1.1" 200 8535 "-" "Mozilla/5.0 (compatible; bingbot/2.0; +http://www.bing.com/bingbot.htm)"
31.3.233.120 - - [13/Jul/2014:09:58:50 +0200] "GET / HTTP/1.1" 200 8535 "-" "-"
216.107.155.114 - - [13/Jul/2014:10:00:03 +0200] "GET /robots.txt HTTP/1.0" 200 192 "-" "Mozilla/5.0 (compatible; MJ12bot/v1.4.5; http://www.majestic12.co.uk/bot.php?+)"
216.107.155.114 - - [13/Jul/2014:10:00:04 +0200] "GET / HTTP/1.0" 200 8535 "-" "Mozilla/5.0 (compatible; MJ12bot/v1.4.5; http://www.majestic12.co.uk/bot.php?+)"
157.55.39.12 - - [13/Jul/2014:10:17:54 +0200] "GET /index.php?option=com_forme&fid=2&Itemid=65 HTTP/1.1" 404 1256 "-" "Mozilla/5.0 (compatible; bingbot/2.0; +http://www.bing.com/bingbot.htm)"
66.249.78.247 - - [13/Jul/2014:10:18:12 +0200] "GET / HTTP/1.1" 200 8535 "-" "Mozilla/5.0 (compatible; Googlebot/2.1; +http://www.google.com/bot.html)"
207.46.13.124 - - [13/Jul/2014:10:52:20 +0200] "GET / HTTP/1.1" 304 - "-" "Mozilla/5.0 (compatible; bingbot/2.0; +http://www.bing.com/bingbot.htm)"
195.233.250.7 - - [13/Jul/2014:11:03:34 +0200] "GET /images/header3.png HTTP/1.1" 404 1256 "-" "Mozilla/4.0 (compatible;)"
62.210.215.100 - - [13/Jul/2014:11:40:00 +0200] "GET /index.php?format=feed&type=rss HTTP/1.1" 404 1256 "-" "Mozilla/5.0 (X11; Linux i686) AppleWebKit/537.36 (KHTML, like Gecko) Chrome/30.0.1599.66 Safari/537.36"
66.249.85.77 - - [13/Jul/2014:12:18:36 +0200] "GET / HTTP/1.1" 200 8535 "http://www.google.de/url?sa=t&rct=j&q=&esrc=s&source=web&cd=1&ved=0CFwQFjAD&url=http%3A%2F%2Fwww.straman.de%2F&ei=u1zCU8b1LKHHkAGrvQE&usg=AFQjCNEpeUQQKOp_93iUUo8XSnpqrpjMzA" "Mozilla/5.0 (compatible; MSIE 8.0; Windows NT 5.1; Trident/4.0; .NET CLR 1.1.4322; .NET CLR 2.0.50727)"
66.249.85.77 - - [13/Jul/2014:12:18:37 +0200] "GET /css/format.css HTTP/1.1" 200 8709 "http://www.straman.de/" "Mozilla/5.0 (compatible; MSIE 8.0; Windows NT 5.1; Trident/4.0; .NET CLR 1.1.4322; .NET CLR 2.0.50727)"
66.249.85.77 - - [13/Jul/2014:12:18:37 +0200] "GET /scripte/stra_scr.js HTTP/1.1" 200 1580 "http://www.straman.de/" "Mozilla/5.0 (compatible; MSIE 8.0; Windows NT 5.1; Trident/4.0; .NET CLR 1.1.4322; .NET CLR 2.0.50727)"
66.249.85.77 - - [13/Jul/2014:12:18:37 +0200] "GET /css/format_ie.css HTTP/1.1" 200 6492 "http://www.straman.de/" "Mozilla/5.0 (compatible; MSIE 8.0; Windows NT 5.1; Trident/4.0; .NET CLR 1.1.4322; .NET CLR 2.0.50727)"
66.249.85.77 - - [13/Jul/2014:12:18:37 +0200] "GET /images/f_1-p.gif HTTP/1.1" 200 43 "http://www.straman.de/" "Mozilla/5.0 (compatible; MSIE 8.0; Windows NT 5.1; Trident/4.0; .NET CLR 1.1.4322; .NET CLR 2.0.50727)"
66.249.85.77 - - [13/Jul/2014:12:18:38 +0200] "GET /images/start_1.jpg HTTP/1.1" 200 6732 "http://www.straman.de/" "Mozilla/5.0 (compatible; MSIE 8.0; Windows NT 5.1; Trident/4.0; .NET CLR 1.1.4322; .NET CLR 2.0.50727)"
66.249.85.77 - - [13/Jul/2014:12:18:38 +0200] "GET /images/logo_straman_neu.jpg HTTP/1.1" 200 19228 "http://www.straman.de/" "Mozilla/5.0 (compatible; MSIE 8.0; Windows NT 5.1; Trident/4.0; .NET CLR 1.1.4322; .NET CLR 2.0.50727)"
66.249.85.77 - - [13/Jul/2014:12:18:38 +0200] "GET /images/start_2.jpg HTTP/1.1" 200 8241 "http://www.straman.de/" "Mozilla/5.0 (compatible; MSIE 8.0; Windows NT 5.1; Trident/4.0; .NET CLR 1.1.4322; .NET CLR 2.0.50727)"
66.249.85.77 - - [13/Jul/2014:12:18:38 +0200] "GET /images/footer1_neu.gif HTTP/1.1" 200 58 "http://www.straman.de/" "Mozilla/5.0 (compatible; MSIE 8.0; Windows NT 5.1; Trident/4.0; .NET CLR 1.1.4322; .NET CLR 2.0.50727)"
66.249.85.77 - - [13/Jul/2014:12:18:38 +0200] "GET /images/favicon.ico HTTP/1.1" 200 3638 "-" "Mozilla/5.0 (compatible; MSIE 8.0; Windows NT 5.1; Trident/4.0; .NET CLR 1.1.4322; .NET CLR 2.0.50727)"
195.233.250.7 - - [13/Jul/2014:12:33:58 +0200] "GET /images/header_index_980x185.png HTTP/1.1" 404 1256 "-" "Mozilla/4.0 (compatible;)"
66.249.78.247 - - [13/Jul/2014:12:35:12 +0200] "GET /robots.txt HTTP/1.1" 200 192 "-" "Mozilla/5.0 (compatible; Googlebot/2.1; +http://www.google.com/bot.html)"
66.249.78.240 - - [13/Jul/2014:12:35:12 +0200] "GET / HTTP/1.1" 200 8535 "-" "Mozilla/5.0 (iPhone; CPU iPhone OS 6_0 like Mac OS X) AppleWebKit/536.26 (KHTML, like Gecko) Version/6.0 Mobile/10A5376e Safari/8536.25 (compatible; Googlebot/2.1; +http://www.google.com/bot.html)"
66.249.78.247 - - [13/Jul/2014:12:37:48 +0200] "GET /templates/gk_penguinmail/js/iphone.js HTTP/1.1" 404 1256 "-" "Mozilla/5.0 (compatible; Googlebot/2.1; +http://www.google.com/bot.html)"
66.249.78.233 - - [13/Jul/2014:12:37:48 +0200] "GET /media/system/js/mootools.js HTTP/1.1" 404 1256 "-" "Mozilla/5.0 (compatible; Googlebot/2.1; +http://www.google.com/bot.html)"
66.249.78.247 - - [13/Jul/2014:12:37:49 +0200] "GET /templates/gk_penguinmail/css/handheld/iphone.css HTTP/1.1" 404 1256 "-" "Mozilla/5.0 (compatible; Googlebot/2.1; +http://www.google.com/bot.html)"
66.249.78.247 - - [13/Jul/2014:12:37:49 +0200] "GET /media/system/js/caption.js HTTP/1.1" 404 1256 "-" "Mozilla/5.0 (compatible; Googlebot/2.1; +http://www.google.com/bot.html)"
66.249.78.240 - - [13/Jul/2014:12:37:49 +0200] "GET /templates/gk_penguinmail/css/template.css HTTP/1.1" 404 1256 "-" "Mozilla/5.0 (compatible; Googlebot/2.1; +http://www.google.com/bot.html)"
66.249.78.240 - - [13/Jul/2014:12:37:51 +0200] "GET /scripte/stra_scr.js HTTP/1.1" 200 1580 "http://www.straman.de/" "Mozilla/5.0 (compatible; Googlebot/2.1; +http://www.google.com/bot.html)"
66.249.78.247 - - [13/Jul/2014:12:51:15 +0200] "GET /templates/gk_penguinmail/css/template_unterseiten.css HTTP/1.1" 404 1256 "http://www.straman.de/unternehmen/partner.html" "Mozilla/5.0 (compatible; Googlebot/2.1; +http://www.google.com/bot.html)"
66.249.78.247 - - [13/Jul/2014:12:51:17 +0200] "GET /servicebereiche/winterdienst.html HTTP/1.1" 404 1256 "-" "Mozilla/5.0 (compatible; Googlebot/2.1; +http://www.google.com/bot.html)"
207.46.13.22 - - [13/Jul/2014:12:56:33 +0200] "GET /component/mailto/?tmpl=component&link=9d82b227f46f4aa413a299b5e0e2ee0d8458346b HTTP/1.1" 404 1256 "-" "Mozilla/5.0 (compatible; bingbot/2.0; +http://www.bing.com/bingbot.htm)"
207.46.13.22 - - [13/Jul/2014:12:58:08 +0200] "GET /downloadbereich.html HTTP/1.1" 404 1256 "-" "Mozilla/5.0 (compatible; bingbot/2.0; +http://www.bing.com/bingbot.htm)"
66.249.78.247 - - [13/Jul/2014:13:06:13 +0200] "GET /servicebereiche/strassenreinigung.html HTTP/1.1" 404 1256 "-" "Mozilla/5.0 (compatible; Googlebot/2.1; +http://www.google.com/bot.html)"
195.233.250.6 - - [13/Jul/2014:13:09:10 +0200] "GET /templates/gk_penguinmail/images/toolsFont.png HTTP/1.1" 404 1256 "-" "Mozilla/4.0 (compatible;)"
66.249.83.67 - - [13/Jul/2014:13:38:15 +0200] "GET /index.php?option=com_forme&fid=2&Itemid=65 HTTP/1.1" 404 1256 "http://www.google.ch/url?sa=t&rct=j&q=&esrc=s&source=web&cd=1&ved=0CFAQFjAF&url=http%3A%2F%2Fwww.straman.de%2Findex.php%3Foption%3Dcom_forme%26fid%3D2%26amp%3BItemid%3D65&ei=R2_CU9aaIa73vALjEQ&usg=AFQjCNH-uAIs0AnvWuLWYlXIe0-1B7sI5A" "Mozilla/4.0 (compatible; MSIE 8.0; Windows NT 5.1; Trident/4.0; .NET CLR 2.0.50727)"
81.0.199.226 - - [13/Jul/2014:13:58:13 +0200] "GET / HTTP/1.1" 200 8535 "-" "Mozilla/5.0 (Macintosh; Intel Mac OS X 10.7; rv:22.0) Gecko/20100101 Firefox/22.0"
66.249.78.233 - - [13/Jul/2014:14:30:14 +0200] "GET /news.html HTTP/1.1" 404 1256 "-" "Mozilla/5.0 (compatible; Googlebot/2.1; +http://www.google.com/bot.html)"
88.215.92.2 - - [13/Jul/2014:14:32:36 +0200] "GET / HTTP/1.1" 200 8535 "https://www.google.de/" "Mozilla/5.0 (Windows NT 5.1) AppleWebKit/537.36 (KHTML, like Gecko) Chrome/35.0.1916.153 Safari/537.36"
88.215.92.2 - - [13/Jul/2014:14:32:36 +0200] "GET /css/format.css HTTP/1.1" 200 8709 "http://www.straman.de/" "Mozilla/5.0 (Windows NT 5.1) AppleWebKit/537.36 (KHTML, like Gecko) Chrome/35.0.1916.153 Safari/537.36"
88.215.92.2 - - [13/Jul/2014:14:32:36 +0200] "GET /images/start_1.jpg HTTP/1.1" 200 6732 "http://www.straman.de/" "Mozilla/5.0 (Windows NT 5.1) AppleWebKit/537.36 (KHTML, like Gecko) Chrome/35.0.1916.153 Safari/537.36"
88.215.92.2 - - [13/Jul/2014:14:32:36 +0200] "GET /scripte/stra_scr.js HTTP/1.1" 200 1580 "http://www.straman.de/" "Mozilla/5.0 (Windows NT 5.1) AppleWebKit/537.36 (KHTML, like Gecko) Chrome/35.0.1916.153 Safari/537.36"
88.215.92.2 - - [13/Jul/2014:14:32:36 +0200] "GET /images/f_1-p.gif HTTP/1.1" 200 43 "http://www.straman.de/" "Mozilla/5.0 (Windows NT 5.1) AppleWebKit/537.36 (KHTML, like Gecko) Chrome/35.0.1916.153 Safari/537.36"
88.215.92.2 - - [13/Jul/2014:14:32:36 +0200] "GET /images/logo_straman_neu.jpg HTTP/1.1" 200 19228 "http://www.straman.de/" "Mozilla/5.0 (Windows NT 5.1) AppleWebKit/537.36 (KHTML, like Gecko) Chrome/35.0.1916.153 Safari/537.36"
88.215.92.2 - - [13/Jul/2014:14:32:36 +0200] "GET /images/start_2.jpg HTTP/1.1" 200 8241 "http://www.straman.de/" "Mozilla/5.0 (Windows NT 5.1) AppleWebKit/537.36 (KHTML, like Gecko) Chrome/35.0.1916.153 Safari/537.36"
88.215.92.2 - - [13/Jul/2014:14:32:36 +0200] "GET /images/footer1_neu.gif HTTP/1.1" 200 58 "http://www.straman.de/" "Mozilla/5.0 (Windows NT 5.1) AppleWebKit/537.36 (KHTML, like Gecko) Chrome/35.0.1916.153 Safari/537.36"
88.215.92.2 - - [13/Jul/2014:14:32:37 +0200] "GET /images/favicon.ico HTTP/1.1" 200 3638 "-" "Mozilla/5.0 (Windows NT 5.1) AppleWebKit/537.36 (KHTML, like Gecko) Chrome/35.0.1916.153 Safari/537.36"
88.215.92.2 - - [13/Jul/2014:14:32:58 +0200] "GET /seiten/winterdienst.htm HTTP/1.1" 200 17245 "http://www.straman.de/" "Mozilla/5.0 (Windows NT 5.1) AppleWebKit/537.36 (KHTML, like Gecko) Chrome/35.0.1916.153 Safari/537.36"
88.215.92.2 - - [13/Jul/2014:14:32:58 +0200] "GET /images/nav2_1a.jpg HTTP/1.1" 200 33913 "http://www.straman.de/seiten/winterdienst.htm" "Mozilla/5.0 (Windows NT 5.1) AppleWebKit/537.36 (KHTML, like Gecko) Chrome/35.0.1916.153 Safari/537.36"
88.215.92.2 - - [13/Jul/2014:14:32:58 +0200] "GET /images/nav2_1.jpg HTTP/1.1" 200 6962 "http://www.straman.de/seiten/winterdienst.htm" "Mozilla/5.0 (Windows NT 5.1) AppleWebKit/537.36 (KHTML, like Gecko) Chrome/35.0.1916.153 Safari/537.36"
88.215.92.2 - - [13/Jul/2014:14:32:58 +0200] "GET /images/nav2_2.jpg HTTP/1.1" 200 8057 "http://www.straman.de/seiten/winterdienst.htm" "Mozilla/5.0 (Windows NT 5.1) AppleWebKit/537.36 (KHTML, like Gecko) Chrome/35.0.1916.153 Safari/537.36"
88.215.92.2 - - [13/Jul/2014:14:32:58 +0200] "GET /images/pdf.gif HTTP/1.1" 200 214 "http://www.straman.de/seiten/winterdienst.htm" "Mozilla/5.0 (Windows NT 5.1) AppleWebKit/537.36 (KHTML, like Gecko) Chrome/35.0.1916.153 Safari/537.36"
88.215.92.2 - - [13/Jul/2014:14:32:58 +0200] "GET /images/hacken.gif HTTP/1.1" 200 307 "http://www.straman.de/seiten/winterdienst.htm" "Mozilla/5.0 (Windows NT 5.1) AppleWebKit/537.36 (KHTML, like Gecko) Chrome/35.0.1916.153 Safari/537.36"
88.215.92.2 - - [13/Jul/2014:14:32:58 +0200] "GET /images/besch_logo.jpg HTTP/1.1" 200 22062 "http://www.straman.de/seiten/winterdienst.htm" "Mozilla/5.0 (Windows NT 5.1) AppleWebKit/537.36 (KHTML, like Gecko) Chrome/35.0.1916.153 Safari/537.36"
88.215.92.2 - - [13/Jul/2014:14:32:58 +0200] "GET /images/nav2_2a.jpg HTTP/1.1" 200 32913 "http://www.straman.de/seiten/winterdienst.htm" "Mozilla/5.0 (Windows NT 5.1) AppleWebKit/537.36 (KHTML, like Gecko) Chrome/35.0.1916.153 Safari/537.36"
88.215.92.2 - - [13/Jul/2014:14:32:58 +0200] "GET /images/winkel.gif HTTP/1.1" 200 314 "http://www.straman.de/seiten/winterdienst.htm" "Mozilla/5.0 (Windows NT 5.1) AppleWebKit/537.36 (KHTML, like Gecko) Chrome/35.0.1916.153 Safari/537.36"
66.249.78.233 - - [13/Jul/2014:15:54:15 +0200] "GET /referenzen.html HTTP/1.1" 404 1256 "-" "Mozilla/5.0 (compatible; Googlebot/2.1; +http://www.google.com/bot.html)"
144.76.163.48 - - [13/Jul/2014:16:10:28 +0200] "GET /unternehmen/impressum.html HTTP/1.1" 404 1256 "-" "Mozilla/5.0 (Macintosh; Intel Mac OS X 10_8_3) AppleWebKit/537.36 (KHTML, like Gecko) Chrome/27.0.1453.93 Safari/537.36"
144.76.185.173 - - [13/Jul/2014:16:10:29 +0200] "GET /unternehmen/historie.html HTTP/1.1" 404 1256 "-" "Mozilla/5.0 (X11; Ubuntu; Linux i686; rv:14.0) Gecko/20100101 Firefox/14.0.1"
66.249.78.247 - - [13/Jul/2014:16:54:16 +0200] "GET /news/60-ihr-komplettdienstleister-rund-um-die-immobilie.html HTTP/1.1" 404 1256 "-" "Mozilla/5.0 (compatible; Googlebot/2.1; +http://www.google.com/bot.html)"
207.46.13.124 - - [13/Jul/2014:17:44:13 +0200] "GET / HTTP/1.1" 200 8535 "-" "Mozilla/5.0 (compatible; bingbot/2.0; +http://www.bing.com/bingbot.htm)"
93.220.71.42 - - [13/Jul/2014:17:50:44 +0200] "GET /templates/gk_penguinmail/favicon.ico HTTP/1.1" 404 1256 "-" "Mozilla/5.0 (Windows NT 6.1; WOW64; rv:30.0) Gecko/20100101 Firefox/30.0"
66.249.78.233 - - [13/Jul/2014:18:12:17 +0200] "GET /news/61-wir-begruessen-sie-auf-den-seiten-von-straman-ihren-komplettdienstleister-rund-um-die-immobilie.html HTTP/1.1" 404 1256 "-" "Mozilla/5.0 (compatible; Googlebot/2.1; +http://www.google.com/bot.html)"
66.249.78.247 - - [13/Jul/2014:18:36:17 +0200] "GET / HTTP/1.1" 200 8535 "-" "Mozilla/5.0 (compatible; Googlebot/2.1; +http://www.google.com/bot.html)"
66.249.78.247 - - [13/Jul/2014:19:30:19 +0200] "GET /seiten/straman_impr.htm HTTP/1.1" 304 - "-" "Mozilla/5.0 (compatible; Googlebot/2.1; +http://www.google.com/bot.html)"
207.46.13.124 - - [13/Jul/2014:19:46:27 +0200] "GET / HTTP/1.1" 200 8535 "-" "Mozilla/5.0 (compatible; bingbot/2.0; +http://www.bing.com/bingbot.htm)"
192.99.19.154 - - [13/Jul/2014:20:38:16 +0200] "GET / HTTP/1.1" 200 8535 "-" "Mozilla/5.0 (Windows NT 6.1; WOW64; Trident/7.0; rv:11.0) like Gecko"
192.99.19.154 - - [13/Jul/2014:20:38:16 +0200] "GET /seiten/strassenreinigung.htm HTTP/1.1" 200 7046 "-" "Mozilla/5.0 (Windows NT 6.1; WOW64; Trident/7.0; rv:11.0) like Gecko"
192.99.19.154 - - [13/Jul/2014:20:38:17 +0200] "GET /seiten/winterdienst.htm HTTP/1.1" 200 17245 "-" "Mozilla/5.0 (Windows NT 6.1; WOW64; Trident/7.0; rv:11.0) like Gecko"
192.99.19.154 - - [13/Jul/2014:20:38:17 +0200] "GET /seiten/gruenanlagenpflege.htm HTTP/1.1" 200 13533 "-" "Mozilla/5.0 (Windows NT 6.1; WOW64; Trident/7.0; rv:11.0) like Gecko"
192.99.19.154 - - [13/Jul/2014:20:38:17 +0200] "GET /seiten/straman_aktuell.htm HTTP/1.1" 200 5933 "-" "Mozilla/5.0 (Windows NT 6.1; WOW64; Trident/7.0; rv:11.0) like Gecko"
192.99.19.154 - - [13/Jul/2014:20:38:17 +0200] "GET /seiten/straman_gesetze.htm HTTP/1.1" 200 5637 "-" "Mozilla/5.0 (Windows NT 6.1; WOW64; Trident/7.0; rv:11.0) like Gecko"
192.99.19.154 - - [13/Jul/2014:20:38:17 +0200] "GET /seiten/straman_jobs.htm HTTP/1.1" 200 5214 "-" "Mozilla/5.0 (Windows NT 6.1; WOW64; Trident/7.0; rv:11.0) like Gecko"
192.99.19.154 - - [13/Jul/2014:20:38:17 +0200] "GET /seiten/straman_kontakt.php HTTP/1.1" 200 9834 "-" "Mozilla/5.0 (Windows NT 6.1; WOW64; Trident/7.0; rv:11.0) like Gecko"
192.99.19.154 - - [13/Jul/2014:20:38:17 +0200] "GET /seiten/straman_impr.htm HTTP/1.1" 200 5731 "-" "Mozilla/5.0 (Windows NT 6.1; WOW64; Trident/7.0; rv:11.0) like Gecko"
192.99.19.154 - - [13/Jul/2014:20:38:17 +0200] "GET /mailto:info@straman.de HTTP/1.1" 404 1256 "-" "Mozilla/5.0 (Windows NT 6.1; WOW64; Trident/7.0; rv:11.0) like Gecko"
192.99.19.154 - - [13/Jul/2014:20:38:18 +0200] "GET /seiten/sitemap.htm HTTP/1.1" 200 5431 "-" "Mozilla/5.0 (Windows NT 6.1; WOW64; Trident/7.0; rv:11.0) like Gecko"
192.99.19.154 - - [13/Jul/2014:20:38:18 +0200] "GET /seiten/../seiten/sitemap.htm HTTP/1.1" 200 5431 "-" "Mozilla/5.0 (Windows NT 6.1; WOW64; Trident/7.0; rv:11.0) like Gecko"
192.99.19.154 - - [13/Jul/2014:20:38:18 +0200] "GET /seiten/../documents/Mustervertrag_WD_Leistg_Besch_GmbH_Straman.pdf HTTP/1.1" 200 47063 "-" "Mozilla/5.0 (Windows NT 6.1; WOW64; Trident/7.0; rv:11.0) like Gecko"
192.99.19.154 - - [13/Jul/2014:20:38:18 +0200] "GET /seiten/../documents/grundstueckseigentuemer.pdf HTTP/1.1" 200 37437 "-" "Mozilla/5.0 (Windows NT 6.1; WOW64; Trident/7.0; rv:11.0) like Gecko"
192.99.19.154 - - [13/Jul/2014:20:38:18 +0200] "GET /seiten/../documents/Berliner_Strassenreinigungsgesetz.pdf HTTP/1.1" 200 49081 "-" "Mozilla/5.0 (Windows NT 6.1; WOW64; Trident/7.0; rv:11.0) like Gecko"
192.99.19.154 - - [13/Jul/2014:20:38:19 +0200] "GET /seiten/../documents/Strassenreinigungssatzung_Bernau02_2005.pdf HTTP/1.1" 200 113264 "-" "Mozilla/5.0 (Windows NT 6.1; WOW64; Trident/7.0; rv:11.0) like Gecko"
192.99.19.154 - - [13/Jul/2014:20:38:19 +0200] "GET /seiten/../documents/Strassenreinigungssatzung_Schwaneneck.pdf HTTP/1.1" 200 108696 "-" "Mozilla/5.0 (Windows NT 6.1; WOW64; Trident/7.0; rv:11.0) like Gecko"
192.99.19.154 - - [13/Jul/2014:20:38:19 +0200] "GET /seiten/../documents/Strassenreinigungssatzung_Zepernick.pdf HTTP/1.1" 200 111765 "-" "Mozilla/5.0 (Windows NT 6.1; WOW64; Trident/7.0; rv:11.0) like Gecko"
192.99.19.154 - - [13/Jul/2014:20:38:19 +0200] "GET /seiten/mailto:info@straman.de?subject=Jobanfrage%20fuer%20Winterdienst%20STRAMAN HTTP/1.1" 404 1256 "-" "Mozilla/5.0 (Windows NT 6.1; WOW64; Trident/7.0; rv:11.0) like Gecko"
192.99.19.154 - - [13/Jul/2014:20:38:19 +0200] "GET /seiten/mailto:info@straman.de HTTP/1.1" 404 1256 "-" "Mozilla/5.0 (Windows NT 6.1; WOW64; Trident/7.0; rv:11.0) like Gecko"
192.99.19.154 - - [13/Jul/2014:20:38:19 +0200] "GET /seiten/../seiten/strassenreinigung.htm HTTP/1.1" 200 7046 "-" "Mozilla/5.0 (Windows NT 6.1; WOW64; Trident/7.0; rv:11.0) like Gecko"
192.99.19.154 - - [13/Jul/2014:20:38:20 +0200] "GET /seiten/../seiten/winterdienst.htm HTTP/1.1" 200 17245 "-" "Mozilla/5.0 (Windows NT 6.1; WOW64; Trident/7.0; rv:11.0) like Gecko"
192.99.19.154 - - [13/Jul/2014:20:38:20 +0200] "GET /seiten/../seiten/gruenanlagenpflege.htm HTTP/1.1" 200 13533 "-" "Mozilla/5.0 (Windows NT 6.1; WOW64; Trident/7.0; rv:11.0) like Gecko"
192.99.19.154 - - [13/Jul/2014:20:38:20 +0200] "GET /seiten/../seiten/straman_aktuell.htm HTTP/1.1" 200 5933 "-" "Mozilla/5.0 (Windows NT 6.1; WOW64; Trident/7.0; rv:11.0) like Gecko"
192.99.19.154 - - [13/Jul/2014:20:38:20 +0200] "GET /seiten/../seiten/straman_gesetze.htm HTTP/1.1" 200 5637 "-" "Mozilla/5.0 (Windows NT 6.1; WOW64; Trident/7.0; rv:11.0) like Gecko"
192.99.19.154 - - [13/Jul/2014:20:38:20 +0200] "GET /seiten/../seiten/straman_jobs.htm HTTP/1.1" 200 5214 "-" "Mozilla/5.0 (Windows NT 6.1; WOW64; Trident/7.0; rv:11.0) like Gecko"
192.99.19.154 - - [13/Jul/2014:20:38:20 +0200] "GET /seiten/../seiten/straman_kontakt.php HTTP/1.1" 200 9834 "-" "Mozilla/5.0 (Windows NT 6.1; WOW64; Trident/7.0; rv:11.0) like Gecko"
192.99.19.154 - - [13/Jul/2014:20:38:20 +0200] "GET /seiten/../seiten/straman_impr.htm HTTP/1.1" 200 5731 "-" "Mozilla/5.0 (Windows NT 6.1; WOW64; Trident/7.0; rv:11.0) like Gecko"
192.99.19.154 - - [13/Jul/2014:20:38:20 +0200] "GET /seiten/../seiten/../seiten/strassenreinigung.htm HTTP/1.1" 200 7046 "-" "Mozilla/5.0 (Windows NT 6.1; WOW64; Trident/7.0; rv:11.0) like Gecko"
192.99.19.154 - - [13/Jul/2014:20:38:21 +0200] "GET /seiten/../seiten/../seiten/winterdienst.htm HTTP/1.1" 200 17245 "-" "Mozilla/5.0 (Windows NT 6.1; WOW64; Trident/7.0; rv:11.0) like Gecko"
192.99.19.154 - - [13/Jul/2014:20:38:21 +0200] "GET /seiten/../seiten/../seiten/gruenanlagenpflege.htm HTTP/1.1" 200 13533 "-" "Mozilla/5.0 (Windows NT 6.1; WOW64; Trident/7.0; rv:11.0) like Gecko"
192.99.19.154 - - [13/Jul/2014:20:38:21 +0200] "GET /seiten/../seiten/../seiten/straman_aktuell.htm HTTP/1.1" 200 5933 "-" "Mozilla/5.0 (Windows NT 6.1; WOW64; Trident/7.0; rv:11.0) like Gecko"
192.99.19.154 - - [13/Jul/2014:20:38:21 +0200] "GET /seiten/../seiten/../seiten/straman_gesetze.htm HTTP/1.1" 200 5637 "-" "Mozilla/5.0 (Windows NT 6.1; WOW64; Trident/7.0; rv:11.0) like Gecko"
192.99.19.154 - - [13/Jul/2014:20:38:21 +0200] "GET /seiten/../seiten/../seiten/straman_jobs.htm HTTP/1.1" 200 5214 "-" "Mozilla/5.0 (Windows NT 6.1; WOW64; Trident/7.0; rv:11.0) like Gecko"
192.99.19.154 - - [13/Jul/2014:20:38:21 +0200] "GET /seiten/../seiten/../seiten/straman_kontakt.php HTTP/1.1" 200 9834 "-" "Mozilla/5.0 (Windows NT 6.1; WOW64; Trident/7.0; rv:11.0) like Gecko"
192.99.19.154 - - [13/Jul/2014:20:38:21 +0200] "GET /seiten/../seiten/../seiten/straman_impr.htm HTTP/1.1" 200 5731 "-" "Mozilla/5.0 (Windows NT 6.1; WOW64; Trident/7.0; rv:11.0) like Gecko"
192.99.19.154 - - [13/Jul/2014:20:38:21 +0200] "GET /seiten/../seiten/../seiten/sitemap.htm HTTP/1.1" 200 5431 "-" "Mozilla/5.0 (Windows NT 6.1; WOW64; Trident/7.0; rv:11.0) like Gecko"
192.99.19.154 - - [13/Jul/2014:20:38:21 +0200] "GET /seiten/../seiten/../documents/Mustervertrag_WD_Leistg_Besch_GmbH_Straman.pdf HTTP/1.1" 200 47063 "-" "Mozilla/5.0 (Windows NT 6.1; WOW64; Trident/7.0; rv:11.0) like Gecko"
192.99.19.154 - - [13/Jul/2014:20:38:22 +0200] "GET /seiten/../seiten/../documents/grundstueckseigentuemer.pdf HTTP/1.1" 200 37437 "-" "Mozilla/5.0 (Windows NT 6.1; WOW64; Trident/7.0; rv:11.0) like Gecko"
192.99.19.154 - - [13/Jul/2014:20:38:22 +0200] "GET /seiten/../seiten/../documents/Berliner_Strassenreinigungsgesetz.pdf HTTP/1.1" 200 49081 "-" "Mozilla/5.0 (Windows NT 6.1; WOW64; Trident/7.0; rv:11.0) like Gecko"
192.99.19.154 - - [13/Jul/2014:20:38:22 +0200] "GET /seiten/../seiten/../documents/Strassenreinigungssatzung_Bernau02_2005.pdf HTTP/1.1" 200 113264 "-" "Mozilla/5.0 (Windows NT 6.1; WOW64; Trident/7.0; rv:11.0) like Gecko"
192.99.19.154 - - [13/Jul/2014:20:38:22 +0200] "GET /seiten/../seiten/../documents/Strassenreinigungssatzung_Schwaneneck.pdf HTTP/1.1" 200 108696 "-" "Mozilla/5.0 (Windows NT 6.1; WOW64; Trident/7.0; rv:11.0) like Gecko"
192.99.19.154 - - [13/Jul/2014:20:38:22 +0200] "GET /seiten/../seiten/../documents/Strassenreinigungssatzung_Zepernick.pdf HTTP/1.1" 200 111765 "-" "Mozilla/5.0 (Windows NT 6.1; WOW64; Trident/7.0; rv:11.0) like Gecko"
192.99.19.154 - - [13/Jul/2014:20:38:22 +0200] "GET /seiten/../seiten/mailto:info@straman.de?subject=Jobanfrage%20fuer%20Winterdienst%20STRAMAN HTTP/1.1" 404 1256 "-" "Mozilla/5.0 (Windows NT 6.1; WOW64; Trident/7.0; rv:11.0) like Gecko"
192.99.19.154 - - [13/Jul/2014:20:38:22 +0200] "GET /seiten/../seiten/mailto:info@straman.de HTTP/1.1" 404 1256 "-" "Mozilla/5.0 (Windows NT 6.1; WOW64; Trident/7.0; rv:11.0) like Gecko"
192.99.19.154 - - [13/Jul/2014:20:38:22 +0200] "GET /seiten/../seiten/../seiten/../seiten/sitemap.htm HTTP/1.1" 200 5431 "-" "Mozilla/5.0 (Windows NT 6.1; WOW64; Trident/7.0; rv:11.0) like Gecko"
192.99.19.154 - - [13/Jul/2014:20:38:22 +0200] "GET /seiten/../seiten/../seiten/../documents/Mustervertrag_WD_Leistg_Besch_GmbH_Straman.pdf HTTP/1.1" 200 47063 "-" "Mozilla/5.0 (Windows NT 6.1; WOW64; Trident/7.0; rv:11.0) like Gecko"
192.99.19.154 - - [13/Jul/2014:20:38:23 +0200] "GET /seiten/../seiten/../seiten/../documents/grundstueckseigentuemer.pdf HTTP/1.1" 200 37437 "-" "Mozilla/5.0 (Windows NT 6.1; WOW64; Trident/7.0; rv:11.0) like Gecko"
192.99.19.154 - - [13/Jul/2014:20:38:23 +0200] "GET /seiten/../seiten/../seiten/../documents/Berliner_Strassenreinigungsgesetz.pdf HTTP/1.1" 200 49081 "-" "Mozilla/5.0 (Windows NT 6.1; WOW64; Trident/7.0; rv:11.0) like Gecko"
192.99.19.154 - - [13/Jul/2014:20:38:23 +0200] "GET /seiten/../seiten/../seiten/../documents/Strassenreinigungssatzung_Bernau02_2005.pdf HTTP/1.1" 200 113264 "-" "Mozilla/5.0 (Windows NT 6.1; WOW64; Trident/7.0; rv:11.0) like Gecko"
192.99.19.154 - - [13/Jul/2014:20:38:23 +0200] "GET /seiten/../seiten/../seiten/../documents/Strassenreinigungssatzung_Schwaneneck.pdf HTTP/1.1" 200 108696 "-" "Mozilla/5.0 (Windows NT 6.1; WOW64; Trident/7.0; rv:11.0) like Gecko"
208.115.113.87 - - [13/Jul/2014:21:00:26 +0200] "GET /robots.txt HTTP/1.1" 200 192 "-" "Mozilla/5.0 (compatible; DotBot/1.1; http://www.opensiteexplorer.org/dotbot, help@moz.com)"
141.8.147.12 - - [13/Jul/2014:21:02:52 +0200] "GET /robots.txt HTTP/1.1" 200 192 "-" "Mozilla/5.0 (compatible; YandexBot/3.0; +http://yandex.com/bots)"
66.249.78.233 - - [13/Jul/2014:21:06:19 +0200] "GET /seiten/straman_aktuell.htm HTTP/1.1" 304 - "-" "Mozilla/5.0 (compatible; Googlebot/2.1; +http://www.google.com/bot.html)"
62.210.215.100 - - [13/Jul/2014:21:39:14 +0200] "GET /index.php?format=feed&type=atom HTTP/1.1" 404 1256 "-" "Mozilla/5.0 (X11; Linux i686) AppleWebKit/537.36 (KHTML, like Gecko) Chrome/30.0.1599.66 Safari/537.36"
157.55.39.78 - - [13/Jul/2014:21:41:13 +0200] "GET /unternehmen/jobs/58.html HTTP/1.1" 404 1256 "-" "Mozilla/5.0 (compatible; bingbot/2.0; +http://www.bing.com/bingbot.htm)"
204.236.235.245 - - [13/Jul/2014:22:27:54 +0200] "GET /robots.txt HTTP/1.0" 200 192 "-" "ia_archiver (+http://www.alexa.com/site/help/webmasters; crawler@alexa.com)"
204.236.235.245 - - [13/Jul/2014:22:27:54 +0200] "GET /seiten/gruenanlagenpflege.htm HTTP/1.0" 200 13533 "-" "ia_archiver (+http://www.alexa.com/site/help/webmasters; crawler@alexa.com)"
204.236.235.245 - - [13/Jul/2014:22:27:59 +0200] "GET /seiten/sitemap.htm HTTP/1.0" 200 5431 "-" "ia_archiver (+http://www.alexa.com/site/help/webmasters; crawler@alexa.com)"
204.236.235.245 - - [13/Jul/2014:22:28:04 +0200] "GET /seiten/straman_jobs.htm HTTP/1.0" 200 5214 "-" "ia_archiver (+http://www.alexa.com/site/help/webmasters; crawler@alexa.com)"
204.236.235.245 - - [13/Jul/2014:22:28:10 +0200] "GET /seiten/straman_kontakt.php HTTP/1.0" 200 9834 "-" "ia_archiver (+http://www.alexa.com/site/help/webmasters; crawler@alexa.com)"
204.236.235.245 - - [13/Jul/2014:22:28:15 +0200] "GET /seiten/strassenreinigung.htm HTTP/1.0" 200 7046 "-" "ia_archiver (+http://www.alexa.com/site/help/webmasters; crawler@alexa.com)"
204.236.235.245 - - [13/Jul/2014:22:28:20 +0200] "GET /seiten/winterdienst.htm HTTP/1.0" 200 17245 "-" "ia_archiver (+http://www.alexa.com/site/help/webmasters; crawler@alexa.com)"
208.115.113.87 - - [13/Jul/2014:22:46:57 +0200] "GET /servicebereiche/winterdienst/privatkunden/58.html HTTP/1.1" 404 1256 "-" "Mozilla/5.0 (compatible; DotBot/1.1; http://www.opensiteexplorer.org/dotbot, help@moz.com)"
66.249.78.247 - - [13/Jul/2014:22:48:20 +0200] "GET / HTTP/1.1" 200 8535 "-" "Mozilla/5.0 (compatible; Googlebot/2.1; +http://www.google.com/bot.html)"
207.46.13.52 - - [13/Jul/2014:22:50:12 +0200] "GET /news.html?start=5 HTTP/1.1" 404 1256 "-" "Mozilla/5.0 (compatible; bingbot/2.0; +http://www.bing.com/bingbot.htm)"
208.115.111.71 - - [13/Jul/2014:23:08:18 +0200] "GET /robots.txt HTTP/1.1" 200 192 "-" "Mozilla/5.0 (compatible; DotBot/1.1; http://www.opensiteexplorer.org/dotbot, help@moz.com)"
208.43.251.180 - - [13/Jul/2014:23:41:28 +0200] "GET /robots.txt HTTP/1.1" 200 192 "-" "Mozilla/5.0 (compatible; MSIE 9.0; Windows NT 6.1; WOW64; Trident/5.0; chromeframe/19.0.1084.52)"
208.43.251.180 - - [13/Jul/2014:23:41:32 +0200] "GET / HTTP/1.1" 200 8535 "-" "Mozilla/5.0 (compatible; MSIE 9.0; Windows NT 6.1; WOW64; Trident/5.0; chromeframe/19.0.1084.52)"
157.55.39.12 - - [13/Jul/2014:23:46:34 +0200] "GET /servicebereiche/uebersichtgebaeudemanagement/infrastr-gebaeudemanagement/58.html HTTP/1.1" 404 1256 "-" "Mozilla/5.0 (compatible; bingbot/2.0; +http://www.bing.com/bingbot.htm)"
141.8.147.12 - - [14/Jul/2014:00:03:45 +0200] "GET /unternehmen/imagevideo-straman/58.html HTTP/1.1" 404 1256 "-" "Mozilla/5.0 (compatible; YandexBot/3.0; +http://yandex.com/bots)"
46.229.167.149 - - [14/Jul/2014:00:04:46 +0200] "GET / HTTP/1.1" 200 8535 "-" "Mozilla/5.0 (Windows; U; Windows NT 6.0; en-GB; rv:1.9.2.9) Gecko/20100824 Firefox/3.6.9 ( .NET CLR 3.5.30729; .NET CLR 4.0.20506)"
208.115.111.71 - - [14/Jul/2014:00:58:18 +0200] "GET /referenzen.html HTTP/1.1" 404 1256 "-" "Mozilla/5.0 (compatible; DotBot/1.1; http://www.opensiteexplorer.org/dotbot, help@moz.com)"
66.249.78.247 - - [14/Jul/2014:01:06:22 +0200] "GET /unternehmen/imagevideo-straman/58.html HTTP/1.1" 404 1256 "-" "Mozilla/5.0 (compatible; Googlebot/2.1; +http://www.google.com/bot.html)"
157.55.39.11 - - [14/Jul/2014:01:11:53 +0200] "GET /news/62-alles-neu-macht-der-mai.html HTTP/1.1" 404 1256 "-" "Mozilla/5.0 (compatible; bingbot/2.0; +http://www.bing.com/bingbot.htm)"
77.75.73.11 - - [14/Jul/2014:01:16:45 +0200] "GET /robots.txt HTTP/1.1" 200 192 "-" "Mozilla/5.0 (compatible; SeznamBot/3.2; +http://fulltext.sblog.cz/)"
77.75.73.11 - - [14/Jul/2014:01:16:46 +0200] "GET / HTTP/1.1" 200 8535 "-" "Mozilla/5.0 (compatible; SeznamBot/3.2; +http://fulltext.sblog.cz/)"
66.249.78.240 - - [14/Jul/2014:01:24:22 +0200] "GET /news/67-video.html HTTP/1.1" 404 1256 "-" "Mozilla/5.0 (compatible; Googlebot/2.1; +http://www.google.com/bot.html)"
188.138.41.139 - - [14/Jul/2014:02:03:22 +0200] "GET /robots.txt HTTP/1.1" 200 192 "-" "Mozilla/5.0 (X11; U; Linux i686; de; rv:1.9.0.1; compatible; iCjobs Stellenangebote Jobs; http://www.icjobs.de) Gecko/20100401 iCjobs/3.2.3"
188.138.41.139 - - [14/Jul/2014:02:03:22 +0200] "GET / HTTP/1.1" 200 8535 "-" "Mozilla/5.0 (X11; U; Linux i686; de; rv:1.9.0.1; compatible; iCjobs Stellenangebote Jobs; http://www.icjobs.de) Gecko/20100401 iCjobs/3.2.3"
188.138.41.139 - - [14/Jul/2014:02:03:22 +0200] "GET / HTTP/1.1" 200 8535 "-" "Mozilla/5.0 (X11; U; Linux i686; de; rv:1.9.0.1; compatible; iCjobs Stellenangebote Jobs; http://www.icjobs.de) Gecko/20100401 iCjobs/3.2.3"
188.138.41.139 - - [14/Jul/2014:02:03:23 +0200] "GET /scripte/stra_scr.js HTTP/1.1" 200 1580 "-" "Mozilla/5.0 (X11; U; Linux i686; de; rv:1.9.0.1; compatible; iCjobs Stellenangebote Jobs; http://www.icjobs.de) Gecko/20100401 iCjobs/3.2.3"
188.138.41.139 - - [14/Jul/2014:02:03:37 +0200] "GET /seiten/straman_jobs.htm HTTP/1.1" 200 5214 "-" "Mozilla/5.0 (X11; U; Linux i686; de; rv:1.9.0.1; compatible; iCjobs Stellenangebote Jobs; http://www.icjobs.de) Gecko/20100401 iCjobs/3.2.3"
188.138.41.139 - - [14/Jul/2014:02:04:30 +0200] "GET /seiten/straman_kontakt.php HTTP/1.1" 200 9834 "-" "Mozilla/5.0 (X11; U; Linux i686; de; rv:1.9.0.1; compatible; iCjobs Stellenangebote Jobs; http://www.icjobs.de) Gecko/20100401 iCjobs/3.2.3"
188.138.41.139 - - [14/Jul/2014:02:04:42 +0200] "GET /seiten/sitemap.htm HTTP/1.1" 200 5431 "-" "Mozilla/5.0 (X11; U; Linux i686; de; rv:1.9.0.1; compatible; iCjobs Stellenangebote Jobs; http://www.icjobs.de) Gecko/20100401 iCjobs/3.2.3"
188.138.41.139 - - [14/Jul/2014:02:05:03 +0200] "GET /seiten/straman_aktuell.htm HTTP/1.1" 200 5933 "-" "Mozilla/5.0 (X11; U; Linux i686; de; rv:1.9.0.1; compatible; iCjobs Stellenangebote Jobs; http://www.icjobs.de) Gecko/20100401 iCjobs/3.2.3"
188.138.41.139 - - [14/Jul/2014:02:05:16 +0200] "GET /seiten/strassenreinigung.htm HTTP/1.1" 200 7046 "-" "Mozilla/5.0 (X11; U; Linux i686; de; rv:1.9.0.1; compatible; iCjobs Stellenangebote Jobs; http://www.icjobs.de) Gecko/20100401 iCjobs/3.2.3"
188.138.41.139 - - [14/Jul/2014:02:05:19 +0200] "GET /seiten/winterdienst.htm HTTP/1.1" 200 17245 "-" "Mozilla/5.0 (X11; U; Linux i686; de; rv:1.9.0.1; compatible; iCjobs Stellenangebote Jobs; http://www.icjobs.de) Gecko/20100401 iCjobs/3.2.3"
188.138.41.139 - - [14/Jul/2014:02:05:41 +0200] "GET /documents/Mustervertrag_WD_Leistg_Besch_GmbH_Straman.pdf HTTP/1.1" 200 47063 "-" "Mozilla/5.0 (X11; U; Linux i686; de; rv:1.9.0.1; compatible; iCjobs Stellenangebote Jobs; http://www.icjobs.de) Gecko/20100401 iCjobs/3.2.3"
188.138.41.139 - - [14/Jul/2014:02:05:41 +0200] "GET /documents/Mustervertrag_WD_Leistg_Besch_GmbH_Straman.pdf HTTP/1.1" 200 47063 "-" "Java/1.6.0_10-rc"
188.138.41.139 - - [14/Jul/2014:02:05:44 +0200] "GET /seiten/gruenanlagenpflege.htm HTTP/1.1" 200 13533 "-" "Mozilla/5.0 (X11; U; Linux i686; de; rv:1.9.0.1; compatible; iCjobs Stellenangebote Jobs; http://www.icjobs.de) Gecko/20100401 iCjobs/3.2.3"
188.138.41.139 - - [14/Jul/2014:02:05:49 +0200] "GET /seiten/straman_gesetze.htm HTTP/1.1" 200 5637 "-" "Mozilla/5.0 (X11; U; Linux i686; de; rv:1.9.0.1; compatible; iCjobs Stellenangebote Jobs; http://www.icjobs.de) Gecko/20100401 iCjobs/3.2.3"
188.138.41.139 - - [14/Jul/2014:02:05:50 +0200] "GET /seiten/karte.htm HTTP/1.1" 200 2099 "-" "Mozilla/5.0 (X11; U; Linux i686; de; rv:1.9.0.1; compatible; iCjobs Stellenangebote Jobs; http://www.icjobs.de) Gecko/20100401 iCjobs/3.2.3"
188.138.41.139 - - [14/Jul/2014:02:05:56 +0200] "GET /documents/grundstueckseigentuemer.pdf HTTP/1.1" 200 37437 "-" "Mozilla/5.0 (X11; U; Linux i686; de; rv:1.9.0.1; compatible; iCjobs Stellenangebote Jobs; http://www.icjobs.de) Gecko/20100401 iCjobs/3.2.3"
188.138.41.139 - - [14/Jul/2014:02:05:57 +0200] "GET /documents/grundstueckseigentuemer.pdf HTTP/1.1" 200 37437 "-" "Java/1.6.0_10-rc"
188.138.41.139 - - [14/Jul/2014:02:06:00 +0200] "GET /documents/Berliner_Strassenreinigungsgesetz.pdf HTTP/1.1" 200 49081 "-" "Mozilla/5.0 (X11; U; Linux i686; de; rv:1.9.0.1; compatible; iCjobs Stellenangebote Jobs; http://www.icjobs.de) Gecko/20100401 iCjobs/3.2.3"
188.138.41.139 - - [14/Jul/2014:02:06:00 +0200] "GET /documents/Berliner_Strassenreinigungsgesetz.pdf HTTP/1.1" 200 49081 "-" "Java/1.6.0_10-rc"
188.138.41.139 - - [14/Jul/2014:02:06:04 +0200] "GET /documents/Strassenreinigungssatzung_Bernau02_2005.pdf HTTP/1.1" 200 113264 "-" "Mozilla/5.0 (X11; U; Linux i686; de; rv:1.9.0.1; compatible; iCjobs Stellenangebote Jobs; http://www.icjobs.de) Gecko/20100401 iCjobs/3.2.3"
188.138.41.139 - - [14/Jul/2014:02:06:05 +0200] "GET /documents/Strassenreinigungssatzung_Bernau02_2005.pdf HTTP/1.1" 200 113264 "-" "Java/1.6.0_10-rc"
188.138.41.139 - - [14/Jul/2014:02:06:11 +0200] "GET /documents/Strassenreinigungssatzung_Schwaneneck.pdf HTTP/1.1" 200 108696 "-" "Mozilla/5.0 (X11; U; Linux i686; de; rv:1.9.0.1; compatible; iCjobs Stellenangebote Jobs; http://www.icjobs.de) Gecko/20100401 iCjobs/3.2.3"
188.138.41.139 - - [14/Jul/2014:02:06:12 +0200] "GET /documents/Strassenreinigungssatzung_Schwaneneck.pdf HTTP/1.1" 200 108696 "-" "Java/1.6.0_10-rc"
188.138.41.139 - - [14/Jul/2014:02:06:15 +0200] "GET /documents/Strassenreinigungssatzung_Zepernick.pdf HTTP/1.1" 200 111765 "-" "Mozilla/5.0 (X11; U; Linux i686; de; rv:1.9.0.1; compatible; iCjobs Stellenangebote Jobs; http://www.icjobs.de) Gecko/20100401 iCjobs/3.2.3"
188.138.41.139 - - [14/Jul/2014:02:06:16 +0200] "GET /documents/Strassenreinigungssatzung_Zepernick.pdf HTTP/1.1" 200 111765 "-" "Java/1.6.0_10-rc"
66.249.78.233 - - [14/Jul/2014:02:12:23 +0200] "GET /component/content/article/34-garten-und-landschaftsbau/73-privatgartenpflege.html HTTP/1.1" 404 1256 "-" "Mozilla/5.0 (compatible; Googlebot/2.1; +http://www.google.com/bot.html)"
208.43.225.85 - - [14/Jul/2014:02:26:58 +0200] "GET /robots.txt HTTP/1.1" 200 192 "-" "Mozilla/5.0 (compatible; MSIE 9.0; Windows NT 6.1; WOW64; Trident/5.0; chromeframe/19.0.1084.52)"
208.43.225.85 - - [14/Jul/2014:02:27:03 +0200] "GET /seiten/winterdienst.htm HTTP/1.1" 200 17245 "-" "Mozilla/5.0 (compatible; MSIE 9.0; Windows NT 6.1; WOW64; Trident/5.0; chromeframe/19.0.1084.52)"
208.43.225.85 - - [14/Jul/2014:02:27:08 +0200] "GET /seiten/strassenreinigung.htm HTTP/1.1" 200 7046 "-" "Mozilla/5.0 (compatible; MSIE 9.0; Windows NT 6.1; WOW64; Trident/5.0; chromeframe/19.0.1084.52)"
208.43.225.85 - - [14/Jul/2014:02:27:12 +0200] "GET /seiten/straman_kontakt.php HTTP/1.1" 200 9834 "-" "Mozilla/5.0 (compatible; MSIE 9.0; Windows NT 6.1; WOW64; Trident/5.0; chromeframe/19.0.1084.52)"
208.43.225.85 - - [14/Jul/2014:02:27:17 +0200] "GET /seiten/straman_jobs.htm HTTP/1.1" 200 5214 "-" "Mozilla/5.0 (compatible; MSIE 9.0; Windows NT 6.1; WOW64; Trident/5.0; chromeframe/19.0.1084.52)"
208.43.225.85 - - [14/Jul/2014:02:27:22 +0200] "GET /seiten/straman_impr.htm HTTP/1.1" 200 5731 "-" "Mozilla/5.0 (compatible; MSIE 9.0; Windows NT 6.1; WOW64; Trident/5.0; chromeframe/19.0.1084.52)"
66.249.78.247 - - [14/Jul/2014:02:54:23 +0200] "GET /servicebereiche/winterdienst/privatkunden/58.html HTTP/1.1" 404 1256 "-" "Mozilla/5.0 (compatible; Googlebot/2.1; +http://www.google.com/bot.html)"
66.249.78.240 - - [14/Jul/2014:03:00:23 +0200] "GET /servicebereiche/winterdienst/gewerbliche-kunden.html HTTP/1.1" 404 1256 "-" "Mozilla/5.0 (compatible; Googlebot/2.1; +http://www.google.com/bot.html)"
195.233.250.6 - - [14/Jul/2014:03:13:26 +0200] "GET /templates/gk_penguinmail/favicon.ico HTTP/1.1" 404 1256 "-" "Mozilla/4.0 (compatible;)"
66.249.78.233 - - [14/Jul/2014:03:24:23 +0200] "GET /news/64-internetseite-relaunched.html HTTP/1.1" 404 1256 "-" "Mozilla/5.0 (compatible; Googlebot/2.1; +http://www.google.com/bot.html)"
157.55.39.117 - - [14/Jul/2014:03:47:57 +0200] "GET /unternehmen/standorte.html HTTP/1.1" 404 1256 "-" "Mozilla/5.0 (compatible; bingbot/2.0; +http://www.bing.com/bingbot.htm)"
141.8.147.12 - - [14/Jul/2014:04:34:53 +0200] "GET / HTTP/1.1" 200 8535 "-" "Mozilla/5.0 (compatible; YandexBot/3.0; +http://yandex.com/bots)"
66.249.78.247 - - [14/Jul/2014:05:06:25 +0200] "GET /seiten/straman_impr.htm HTTP/1.1" 304 - "-" "Mozilla/5.0 (compatible; Googlebot/2.1; +http://www.google.com/bot.html)"
207.46.13.52 - - [14/Jul/2014:05:16:18 +0200] "GET /unternehmen/impressum/58.html HTTP/1.1" 404 1256 "-" "Mozilla/5.0 (compatible; bingbot/2.0; +http://www.bing.com/bingbot.htm)"
211.36.158.228 - - [14/Jul/2014:05:35:46 +0200] "GET / HTTP/1.1" 200 8535 "http://m.search.naver.com/search.naver?sm=mtb_hty.top&where=m&query=straman" "Mozilla/5.0 (Linux; Android 4.4.2; ko-kr; IM-A890L Build/KVT49L) AppleWebKit/537.36 (KHTML, like Gecko) Version/4.0 Chrome/30.0.0.0 Mobile Safari/537.36"
211.36.158.228 - - [14/Jul/2014:05:35:46 +0200] "GET /scripte/stra_scr.js HTTP/1.1" 200 1580 "http://www.straman.de/" "Mozilla/5.0 (Linux; Android 4.4.2; ko-kr; IM-A890L Build/KVT49L) AppleWebKit/537.36 (KHTML, like Gecko) Version/4.0 Chrome/30.0.0.0 Mobile Safari/537.36"
211.36.158.228 - - [14/Jul/2014:05:35:46 +0200] "GET /css/format.css HTTP/1.1" 200 8709 "http://www.straman.de/" "Mozilla/5.0 (Linux; Android 4.4.2; ko-kr; IM-A890L Build/KVT49L) AppleWebKit/537.36 (KHTML, like Gecko) Version/4.0 Chrome/30.0.0.0 Mobile Safari/537.36"
211.36.158.228 - - [14/Jul/2014:05:35:47 +0200] "GET /images/f_1-p.gif HTTP/1.1" 200 43 "http://www.straman.de/" "Mozilla/5.0 (Linux; Android 4.4.2; ko-kr; IM-A890L Build/KVT49L) AppleWebKit/537.36 (KHTML, like Gecko) Version/4.0 Chrome/30.0.0.0 Mobile Safari/537.36"
211.36.158.228 - - [14/Jul/2014:05:35:47 +0200] "GET /images/logo_straman_neu.jpg HTTP/1.1" 200 19228 "http://www.straman.de/" "Mozilla/5.0 (Linux; Android 4.4.2; ko-kr; IM-A890L Build/KVT49L) AppleWebKit/537.36 (KHTML, like Gecko) Version/4.0 Chrome/30.0.0.0 Mobile Safari/537.36"
211.36.158.228 - - [14/Jul/2014:05:35:47 +0200] "GET /images/start_2.jpg HTTP/1.1" 200 8241 "http://www.straman.de/" "Mozilla/5.0 (Linux; Android 4.4.2; ko-kr; IM-A890L Build/KVT49L) AppleWebKit/537.36 (KHTML, like Gecko) Version/4.0 Chrome/30.0.0.0 Mobile Safari/537.36"
211.36.158.228 - - [14/Jul/2014:05:35:47 +0200] "GET /images/start_1.jpg HTTP/1.1" 200 6732 "http://www.straman.de/" "Mozilla/5.0 (Linux; Android 4.4.2; ko-kr; IM-A890L Build/KVT49L) AppleWebKit/537.36 (KHTML, like Gecko) Version/4.0 Chrome/30.0.0.0 Mobile Safari/537.36"
211.36.158.228 - - [14/Jul/2014:05:35:47 +0200] "GET /images/footer1_neu.gif HTTP/1.1" 200 58 "http://www.straman.de/" "Mozilla/5.0 (Linux; Android 4.4.2; ko-kr; IM-A890L Build/KVT49L) AppleWebKit/537.36 (KHTML, like Gecko) Version/4.0 Chrome/30.0.0.0 Mobile Safari/537.36"
211.36.158.228 - - [14/Jul/2014:05:35:48 +0200] "GET /images/favicon.ico HTTP/1.1" 200 3638 "-" "Mozilla/5.0 (Linux; Android 4.4.2; IM-A890L Build/KVT49L) AppleWebKit/537.36 (KHTML, like Gecko) Version/4.0 Chrome/30.0.0.0 Mobile Safari/537.36"
207.46.13.52 - - [14/Jul/2014:06:09:40 +0200] "GET / HTTP/1.1" 304 - "-" "Mozilla/5.0 (compatible; bingbot/2.0; +http://www.bing.com/bingbot.htm)"
66.249.78.233 - - [14/Jul/2014:06:18:26 +0200] "GET / HTTP/1.1" 200 8535 "-" "Mozilla/5.0 (compatible; Googlebot/2.1; +http://www.google.com/bot.html)"
66.249.78.240 - - [14/Jul/2014:06:19:12 +0200] "GET /scripte/stra_scr.js HTTP/1.1" 200 1580 "-" "Mozilla/5.0 (compatible; Googlebot/2.1; +http://www.google.com/bot.html)"
66.249.78.247 - - [14/Jul/2014:06:30:26 +0200] "GET /servicebereiche/uebersichtgebaeudemanagement/infrastr-gebaeudemanagement/58.html HTTP/1.1" 404 1256 "-" "Mozilla/5.0 (compatible; Googlebot/2.1; +http://www.google.com/bot.html)"
176.31.203.193 - - [14/Jul/2014:06:39:17 +0200] "GET / HTTP/1.1" 200 8535 "-" "Mozilla/4.0 (compatible; MSIE 6.0; Windows NT 5.1; SV1; .NET CLR 1.1.4322; .NET CLR 2.0.50727)"
208.115.111.71 - - [14/Jul/2014:07:06:49 +0200] "GET /robots.txt HTTP/1.1" 200 192 "-" "Mozilla/5.0 (compatible; DotBot/1.1; http://www.opensiteexplorer.org/dotbot, help@moz.com)"
207.46.13.52 - - [14/Jul/2014:07:11:32 +0200] "GET / HTTP/1.1" 200 8535 "-" "Mozilla/5.0 (compatible; bingbot/2.0; +http://www.bing.com/bingbot.htm)"
66.249.78.240 - - [14/Jul/2014:07:12:26 +0200] "GET /servicebereiche/uebersichtgebaeudemanagement.html HTTP/1.1" 404 1256 "-" "Mozilla/5.0 (compatible; Googlebot/2.1; +http://www.google.com/bot.html)"
157.55.39.117 - - [14/Jul/2014:07:16:50 +0200] "GET /unternehmen/partner.html HTTP/1.1" 404 1256 "-" "Mozilla/5.0 (compatible; bingbot/2.0; +http://www.bing.com/bingbot.htm)"
66.249.78.247 - - [14/Jul/2014:07:24:26 +0200] "GET /servicebereiche/uebersichtgebaeudemanagement/infrastr-gebaeudemanagement.html HTTP/1.1" 404 1256 "-" "Mozilla/5.0 (compatible; Googlebot/2.1; +http://www.google.com/bot.html)"
66.249.78.240 - - [14/Jul/2014:07:36:27 +0200] "GET /servicebereiche/winterdienst/privatkunden.html HTTP/1.1" 404 1256 "-" "Mozilla/5.0 (compatible; Googlebot/2.1; +http://www.google.com/bot.html)"
66.249.78.247 - - [14/Jul/2014:08:00:27 +0200] "GET /seiten/straman_aktuell.htm HTTP/1.1" 304 - "-" "Mozilla/5.0 (compatible; Googlebot/2.1; +http://www.google.com/bot.html)"
81.0.199.226 - - [14/Jul/2014:08:08:58 +0200] "GET / HTTP/1.1" 200 8535 "-" "Mozilla/5.0 (Macintosh; Intel Mac OS X 10.7; rv:22.0) Gecko/20100101 Firefox/22.0"
62.210.215.100 - - [14/Jul/2014:08:15:52 +0200] "GET /news.feed?type=atom HTTP/1.1" 404 1256 "-" "Mozilla/5.0 (X11; Linux i686) AppleWebKit/537.36 (KHTML, like Gecko) Chrome/30.0.1599.66 Safari/537.36"
66.249.78.233 - - [14/Jul/2014:08:18:27 +0200] "GET /servicebereiche/winterdienst/gewerbliche-kunden/58.html HTTP/1.1" 404 1256 "-" "Mozilla/5.0 (compatible; Googlebot/2.1; +http://www.google.com/bot.html)"
182.118.20.232 - - [14/Jul/2014:08:20:27 +0200] "GET /robots.txt HTTP/1.1" 200 192 "http://www.straman.de/robots.txt" "Mozilla/5.0 (compatible; MSIE 9.0; Windows NT 6.1; Trident/5.0); 360Spider"
207.46.13.52 - - [14/Jul/2014:08:28:13 +0200] "GET /referenzen.html HTTP/1.1" 404 1256 "-" "Mozilla/5.0 (compatible; bingbot/2.0; +http://www.bing.com/bingbot.htm)"
66.249.78.240 - - [14/Jul/2014:08:30:27 +0200] "GET /component/mailto/?tmpl=component&link=36cb8e498b4a9e6511df8fbfa3153ba67680ede8 HTTP/1.1" 404 1256 "-" "Mozilla/5.0 (compatible; Googlebot/2.1; +http://www.google.com/bot.html)"
208.115.111.71 - - [14/Jul/2014:08:58:45 +0200] "GET /servicebereiche/strassenreinigung/58.html HTTP/1.1" 404 1256 "-" "Mozilla/5.0 (compatible; DotBot/1.1; http://www.opensiteexplorer.org/dotbot, help@moz.com)"
66.249.78.240 - - [14/Jul/2014:09:00:27 +0200] "GET /referenzen/58.html HTTP/1.1" 404 1256 "-" "Mozilla/5.0 (compatible; Googlebot/2.1; +http://www.google.com/bot.html)"
208.115.113.87 - - [14/Jul/2014:09:00:35 +0200] "GET /robots.txt HTTP/1.1" 200 192 "-" "Mozilla/5.0 (compatible; DotBot/1.1; http://www.opensiteexplorer.org/dotbot, help@moz.com)"
66.249.78.247 - - [14/Jul/2014:09:06:27 +0200] "GET /servicebereiche/gruenanlagenpflege/gewerbegruenpflege.html HTTP/1.1" 404 1256 "-" "Mozilla/5.0 (compatible; Googlebot/2.1; +http://www.google.com/bot.html)"
68.180.224.174 - - [14/Jul/2014:09:37:23 +0200] "GET /robots.txt HTTP/1.1" 200 192 "-" "Mozilla/5.0 (compatible; Yahoo! Slurp; http://help.yahoo.com/help/us/ysearch/slurp)"
68.180.224.174 - - [14/Jul/2014:09:37:24 +0200] "GET / HTTP/1.1" 200 8535 "-" "Mozilla/5.0 (compatible; Yahoo! Slurp; http://help.yahoo.com/help/us/ysearch/slurp)"
68.180.224.174 - - [14/Jul/2014:09:38:38 +0200] "GET /seiten/straman_impr.htm HTTP/1.1" 200 5731 "-" "Mozilla/5.0 (compatible; Yahoo! Slurp; http://help.yahoo.com/help/us/ysearch/slurp)"
68.180.224.174 - - [14/Jul/2014:09:39:01 +0200] "GET /seiten/straman_gesetze.htm HTTP/1.1" 200 5637 "-" "Mozilla/5.0 (compatible; Yahoo! Slurp; http://help.yahoo.com/help/us/ysearch/slurp)"
68.180.224.174 - - [14/Jul/2014:09:40:10 +0200] "GET /seiten/straman_kontakt.php HTTP/1.1" 200 9834 "-" "Mozilla/5.0 (compatible; Yahoo! Slurp; http://help.yahoo.com/help/us/ysearch/slurp)"
