217.247.68.59 - - [23/Jul/2014:14:50:00 +0200] "GET /images/footer1_neu.gif HTTP/1.1" 200 58 "http://www.straman.de/css/format.css" "Mozilla/5.0 (Windows NT 6.1; WOW64; rv:30.0) Gecko/20100101 Firefox/30.0"
217.247.68.59 - - [23/Jul/2014:14:50:22 +0200] "GET /seiten/straman_kontakt.php HTTP/1.1" 200 9834 "http://www.straman.de/seiten/strassenreinigung.htm" "Mozilla/5.0 (Windows NT 6.1; WOW64; rv:30.0) Gecko/20100101 Firefox/30.0"
217.247.68.59 - - [23/Jul/2014:14:50:22 +0200] "GET /images/nav7_1.jpg HTTP/1.1" 200 7067 "http://www.straman.de/seiten/straman_kontakt.php" "Mozilla/5.0 (Windows NT 6.1; WOW64; rv:30.0) Gecko/20100101 Firefox/30.0"
217.247.68.59 - - [23/Jul/2014:14:50:22 +0200] "GET /images/nav7_2.jpg HTTP/1.1" 200 6481 "http://www.straman.de/seiten/straman_kontakt.php" "Mozilla/5.0 (Windows NT 6.1; WOW64; rv:30.0) Gecko/20100101 Firefox/30.0"
217.247.68.59 - - [23/Jul/2014:14:50:26 +0200] "GET /seiten/straman_impr.htm HTTP/1.1" 200 5731 "http://www.straman.de/seiten/straman_kontakt.php" "Mozilla/5.0 (Windows NT 6.1; WOW64; rv:30.0) Gecko/20100101 Firefox/30.0"
217.247.68.59 - - [23/Jul/2014:14:50:27 +0200] "GET /scripte/stra_scr.js HTTP/1.1" 200 1580 "http://www.straman.de/seiten/straman_impr.htm" "Mozilla/5.0 (Windows NT 6.1; WOW64; rv:30.0) Gecko/20100101 Firefox/30.0"
217.247.68.59 - - [23/Jul/2014:14:50:27 +0200] "GET /images/nav8_2.jpg HTTP/1.1" 200 6210 "http://www.straman.de/seiten/straman_impr.htm" "Mozilla/5.0 (Windows NT 6.1; WOW64; rv:30.0) Gecko/20100101 Firefox/30.0"
217.247.68.59 - - [23/Jul/2014:14:50:27 +0200] "GET /images/nav8_1.jpg HTTP/1.1" 200 8241 "http://www.straman.de/seiten/straman_impr.htm" "Mozilla/5.0 (Windows NT 6.1; WOW64; rv:30.0) Gecko/20100101 Firefox/30.0"
217.247.68.59 - - [23/Jul/2014:14:52:41 +0200] "GET /seiten/strassenreinigung.htm HTTP/1.1" 200 7046 "http://www.straman.de/seiten/straman_impr.htm" "Mozilla/5.0 (Windows NT 6.1; WOW64; rv:30.0) Gecko/20100101 Firefox/30.0"
217.247.68.59 - - [23/Jul/2014:14:53:07 +0200] "GET /seiten/straman_kontakt.php HTTP/1.1" 200 9834 "http://www.straman.de/seiten/strassenreinigung.htm" "Mozilla/5.0 (Windows NT 6.1; WOW64; rv:30.0) Gecko/20100101 Firefox/30.0"
217.247.68.59 - - [23/Jul/2014:14:53:08 +0200] "GET /seiten/straman_impr.htm HTTP/1.1" 200 5731 "http://www.straman.de/seiten/straman_kontakt.php" "Mozilla/5.0 (Windows NT 6.1; WOW64; rv:30.0) Gecko/20100101 Firefox/30.0"
217.247.68.59 - - [23/Jul/2014:14:53:44 +0200] "GET /seiten/strassenreinigung.htm HTTP/1.1" 200 7046 "http://www.straman.de/seiten/straman_impr.htm" "Mozilla/5.0 (Windows NT 6.1; WOW64; rv:30.0) Gecko/20100101 Firefox/30.0"
208.115.111.71 - - [23/Jul/2014:15:04:27 +0200] "GET /robots.txt HTTP/1.1" 200 192 "-" "Mozilla/5.0 (compatible; DotBot/1.1; http://www.opensiteexplorer.org/dotbot, help@moz.com)"
93.220.68.86 - - [23/Jul/2014:15:05:26 +0200] "GET /templates/gk_penguinmail/favicon.ico HTTP/1.1" 404 1256 "-" "Mozilla/5.0 (Windows NT 6.1; WOW64; rv:30.0) Gecko/20100101 Firefox/30.0"
93.220.68.86 - - [23/Jul/2014:15:12:03 +0200] "GET /templates/gk_penguinmail/favicon.ico HTTP/1.1" 404 1256 "-" "Mozilla/5.0 (Windows NT 6.1; WOW64; rv:30.0) Gecko/20100101 Firefox/30.0"
66.249.78.232 - - [23/Jul/2014:15:34:14 +0200] "GET /seiten/straman_jobs.htm HTTP/1.1" 304 - "-" "Mozilla/5.0 (compatible; Googlebot/2.1; +http://www.google.com/bot.html)"
93.220.68.86 - - [23/Jul/2014:16:12:21 +0200] "GET /templates/gk_penguinmail/favicon.ico HTTP/1.1" 404 1256 "-" "Mozilla/5.0 (Windows NT 6.1; WOW64; rv:30.0) Gecko/20100101 Firefox/30.0"
212.12.190.173 - - [23/Jul/2014:16:14:51 +0200] "GET / HTTP/1.1" 200 8535 "http://www.google.com/search?sourceid=navclient&aq=&oq=straman&ie=UTF-8&rlz=1T4SKPT_enSA420SA420&q=straman&gs_l=hp....0.0.0.864...........0." "Mozilla/5.0 (compatible; MSIE 9.0; Windows NT 6.1; Trident/5.0; GTB7.5)"
212.12.190.173 - - [23/Jul/2014:16:14:51 +0200] "GET /images/favicon.ico HTTP/1.1" 200 3638 "http://www.straman.de/" "Mozilla/5.0 (compatible; MSIE 9.0; Windows NT 6.1; Trident/5.0; GTB7.5)"
212.12.190.174 - - [23/Jul/2014:16:14:51 +0200] "GET /scripte/stra_scr.js HTTP/1.1" 200 1580 "http://www.straman.de/" "Mozilla/5.0 (compatible; MSIE 9.0; Windows NT 6.1; Trident/5.0)"
212.12.190.173 - - [23/Jul/2014:16:14:51 +0200] "GET /css/format.css HTTP/1.1" 200 8709 "http://www.straman.de/" "Mozilla/5.0 (compatible; MSIE 9.0; Windows NT 6.1; Trident/5.0)"
212.12.190.173 - - [23/Jul/2014:16:14:52 +0200] "GET /images/logo_straman_neu.jpg HTTP/1.1" 200 19228 "http://www.straman.de/" "Mozilla/5.0 (compatible; MSIE 9.0; Windows NT 6.1; Trident/5.0; GTB7.5)"
212.12.190.174 - - [23/Jul/2014:16:14:52 +0200] "GET /images/start_1.jpg HTTP/1.1" 200 6732 "http://www.straman.de/" "Mozilla/5.0 (compatible; MSIE 9.0; Windows NT 6.1; Trident/5.0; GTB7.5)"
212.12.190.174 - - [23/Jul/2014:16:14:52 +0200] "GET /images/f_1-p.gif HTTP/1.1" 200 43 "http://www.straman.de/" "Mozilla/5.0 (compatible; MSIE 9.0; Windows NT 6.1; Trident/5.0; GTB7.5)"
212.12.190.173 - - [23/Jul/2014:16:14:52 +0200] "GET /images/start_2.jpg HTTP/1.1" 200 8241 "http://www.straman.de/" "Mozilla/5.0 (compatible; MSIE 9.0; Windows NT 6.1; Trident/5.0; GTB7.5)"
199.19.249.196 - - [23/Jul/2014:16:14:52 +0200] "GET / HTTP/1.1" 200 8535 "-" "Mozilla/4.0 (compatible; MSIE 7.0; Windows NT 5.1; InfoPath.1; .NET CLR 2.0.50727; .NET CLR 1.1.4322; MS-RTC LM 8; .NET CLR 3.0.4506.2152; .NET CLR 3.5.30729)"
212.12.190.174 - - [23/Jul/2014:16:14:52 +0200] "GET /css/format_ie.css HTTP/1.1" 200 6492 "http://www.straman.de/" "Mozilla/5.0 (compatible; MSIE 9.0; Windows NT 6.1; Trident/5.0)"
212.12.190.174 - - [23/Jul/2014:16:14:52 +0200] "GET /images/footer1_neu.gif HTTP/1.1" 200 58 "http://www.straman.de/" "Mozilla/5.0 (compatible; MSIE 9.0; Windows NT 6.1; Trident/5.0)"
95.169.182.245 - - [23/Jul/2014:16:25:24 +0200] "GET / HTTP/1.1" 200 8535 "-" "Mozilla/5.0 (Windows NT 6.2; Win64; x64; rv:16.0.1) Gecko/20121011 Firefox/16.0.1"
95.169.182.245 - - [23/Jul/2014:16:25:24 +0200] "GET /css/format.css HTTP/1.1" 200 8709 "http://www.straman.de/" "Mozilla/5.0 (Windows NT 6.2; Win64; x64; rv:16.0.1) Gecko/20121011 Firefox/16.0.1"
95.169.182.245 - - [23/Jul/2014:16:25:24 +0200] "GET /scripte/stra_scr.js HTTP/1.1" 200 1580 "http://www.straman.de/" "Mozilla/5.0 (Windows NT 6.2; Win64; x64; rv:16.0.1) Gecko/20121011 Firefox/16.0.1"
95.169.182.245 - - [23/Jul/2014:16:25:24 +0200] "GET /images/logo_straman_neu.jpg HTTP/1.1" 200 19228 "http://www.straman.de/" "Mozilla/5.0 (Windows NT 6.2; Win64; x64; rv:16.0.1) Gecko/20121011 Firefox/16.0.1"
95.169.182.245 - - [23/Jul/2014:16:25:24 +0200] "GET /images/start_1.jpg HTTP/1.1" 200 6732 "http://www.straman.de/" "Mozilla/5.0 (Windows NT 6.2; Win64; x64; rv:16.0.1) Gecko/20121011 Firefox/16.0.1"
95.169.182.245 - - [23/Jul/2014:16:25:24 +0200] "GET /images/f_1-p.gif HTTP/1.1" 200 43 "http://www.straman.de/" "Mozilla/5.0 (Windows NT 6.2; Win64; x64; rv:16.0.1) Gecko/20121011 Firefox/16.0.1"
95.169.182.245 - - [23/Jul/2014:16:25:24 +0200] "GET /images/start_2.jpg HTTP/1.1" 200 8241 "http://www.straman.de/" "Mozilla/5.0 (Windows NT 6.2; Win64; x64; rv:16.0.1) Gecko/20121011 Firefox/16.0.1"
95.169.182.245 - - [23/Jul/2014:16:25:24 +0200] "GET /images/footer1_neu.gif HTTP/1.1" 200 58 "http://www.straman.de/" "Mozilla/5.0 (Windows NT 6.2; Win64; x64; rv:16.0.1) Gecko/20121011 Firefox/16.0.1"
157.55.39.103 - - [23/Jul/2014:16:48:36 +0200] "GET /kontakt.html?fid=1 HTTP/1.1" 404 1256 "-" "Mozilla/5.0 (compatible; bingbot/2.0; +http://www.bing.com/bingbot.htm)"
208.115.111.71 - - [23/Jul/2014:16:51:48 +0200] "GET /component/mailto/?tmpl=component&link=702a1a6e422c5ba15e180a185e730b1aa464fd79 HTTP/1.1" 404 1256 "-" "Mozilla/5.0 (compatible; DotBot/1.1; http://www.opensiteexplorer.org/dotbot, help@moz.com)"
208.115.111.71 - - [23/Jul/2014:16:51:52 +0200] "GET /component/mailto/?tmpl=component&link=a6b76f7c709102365fd51002240e448fe1c07c15 HTTP/1.1" 404 1256 "-" "Mozilla/5.0 (compatible; DotBot/1.1; http://www.opensiteexplorer.org/dotbot, help@moz.com)"
84.190.37.15 - - [23/Jul/2014:17:17:48 +0200] "GET / HTTP/1.1" 200 8535 "-" "Mozilla/5.0 (Windows NT 6.1; rv:31.0) Gecko/20100101 Firefox/31.0"
84.190.37.15 - - [23/Jul/2014:17:17:49 +0200] "GET /css/format.css HTTP/1.1" 200 8709 "http://www.straman.de/" "Mozilla/5.0 (Windows NT 6.1; rv:31.0) Gecko/20100101 Firefox/31.0"
84.190.37.15 - - [23/Jul/2014:17:17:49 +0200] "GET /scripte/stra_scr.js HTTP/1.1" 200 1580 "http://www.straman.de/" "Mozilla/5.0 (Windows NT 6.1; rv:31.0) Gecko/20100101 Firefox/31.0"
84.190.37.15 - - [23/Jul/2014:17:17:49 +0200] "GET /images/favicon.ico HTTP/1.1" 200 3638 "-" "Mozilla/5.0 (Windows NT 6.1; rv:31.0) Gecko/20100101 Firefox/31.0"
84.190.37.15 - - [23/Jul/2014:17:17:49 +0200] "GET /images/f_1-p.gif HTTP/1.1" 200 43 "http://www.straman.de/" "Mozilla/5.0 (Windows NT 6.1; rv:31.0) Gecko/20100101 Firefox/31.0"
84.190.37.15 - - [23/Jul/2014:17:17:49 +0200] "GET /images/start_1.jpg HTTP/1.1" 200 6732 "http://www.straman.de/" "Mozilla/5.0 (Windows NT 6.1; rv:31.0) Gecko/20100101 Firefox/31.0"
84.190.37.15 - - [23/Jul/2014:17:17:49 +0200] "GET /images/start_2.jpg HTTP/1.1" 200 8241 "http://www.straman.de/" "Mozilla/5.0 (Windows NT 6.1; rv:31.0) Gecko/20100101 Firefox/31.0"
84.190.37.15 - - [23/Jul/2014:17:17:49 +0200] "GET /images/logo_straman_neu.jpg HTTP/1.1" 200 19228 "http://www.straman.de/" "Mozilla/5.0 (Windows NT 6.1; rv:31.0) Gecko/20100101 Firefox/31.0"
84.190.37.15 - - [23/Jul/2014:17:17:49 +0200] "GET /images/footer1_neu.gif HTTP/1.1" 200 58 "http://www.straman.de/css/format.css" "Mozilla/5.0 (Windows NT 6.1; rv:31.0) Gecko/20100101 Firefox/31.0"
66.249.78.246 - - [23/Jul/2014:17:21:04 +0200] "GET /documents/Strassenreinigungssatzung_Schwaneneck.pdf HTTP/1.1" 304 - "-" "Mozilla/5.0 (compatible; Googlebot/2.1; +http://www.google.com/bot.html)"
217.69.133.203 - - [23/Jul/2014:17:39:03 +0200] "GET /robots.txt HTTP/1.1" 200 192 "-" "Mozilla/5.0 (compatible; Linux x86_64; Mail.RU_Bot/2.0; +http://go.mail.ru/help/robots)"
217.69.133.9 - - [23/Jul/2014:17:39:04 +0200] "GET /undefined/ HTTP/1.1" 404 1256 "-" "Mozilla/5.0 (compatible; Linux x86_64; Mail.RU_Bot/2.0; +http://go.mail.ru/help/robots)"
93.220.68.86 - - [23/Jul/2014:17:53:58 +0200] "GET /templates/gk_penguinmail/favicon.ico HTTP/1.1" 404 1256 "-" "Mozilla/5.0 (Windows NT 6.1; WOW64; rv:30.0) Gecko/20100101 Firefox/30.0"
207.46.13.119 - - [23/Jul/2014:18:06:56 +0200] "GET / HTTP/1.1" 200 8535 "-" "Mozilla/5.0 (compatible; bingbot/2.0; +http://www.bing.com/bingbot.htm)"
66.249.78.239 - - [23/Jul/2014:18:20:25 +0200] "GET /seiten/strassenreinigung.htm HTTP/1.1" 304 - "-" "Mozilla/5.0 (compatible; Googlebot/2.1; +http://www.google.com/bot.html)"
178.77.126.55 - - [23/Jul/2014:18:36:13 +0200] "GET /robots.txt HTTP/1.1" 200 192 "-" "Mozilla/5.0 (compatible; CareerBot/1.1; +http://www.career-x.de/bot.html)"
178.77.126.55 - - [23/Jul/2014:18:36:13 +0200] "GET / HTTP/1.1" 200 8535 "-" "Mozilla/5.0 (compatible; CareerBot/1.1; +http://www.career-x.de/bot.html)"
81.0.199.226 - - [23/Jul/2014:19:45:16 +0200] "GET / HTTP/1.1" 200 8535 "-" "Mozilla/5.0 (Macintosh; Intel Mac OS X 10.7; rv:22.0) Gecko/20100101 Firefox/22.0"
157.55.39.132 - - [23/Jul/2014:19:53:15 +0200] "GET /news/78-todt.html HTTP/1.1" 404 1256 "-" "Mozilla/5.0 (compatible; bingbot/2.0; +http://www.bing.com/bingbot.htm)"
66.249.78.246 - - [23/Jul/2014:19:55:23 +0200] "GET / HTTP/1.1" 200 8535 "-" "Mozilla/5.0 (compatible; Googlebot/2.1; +http://www.google.com/bot.html)"
81.169.188.167 - - [23/Jul/2014:20:07:24 +0200] "GET / HTTP/1.1" 200 8535 "-" "Mozilla/5.0 (Macintosh; AMD Mac OS X 10_8_2) AppleWebKit/535.22 (KHTML, like Gecko) Chrome/18.6.872"
81.169.188.167 - - [23/Jul/2014:20:07:24 +0200] "GET / HTTP/1.1" 200 8535 "-" "Mozilla/4.0 (compatible; MSIE 8.0; Windows NT 5.1; Trident/4.0; GTB6; QQDownload 672)"
81.169.188.167 - - [23/Jul/2014:20:07:42 +0200] "GET / HTTP/1.1" 200 8535 "-" "Mozilla/4.0 (compatible; MSIE 10.0; Windows NT 6.1; Trident/5.0)"
81.169.188.167 - - [23/Jul/2014:20:07:50 +0200] "GET /seiten/straman_impr.htm HTTP/1.1" 200 5731 "-" "Mozilla/4.0 (compatible; MSIE 8.0; Windows NT 6.1; WOW64; Trident/4.0; .NET4.0C; .NET4.0E)"
81.169.188.167 - - [23/Jul/2014:20:07:52 +0200] "GET /seiten/straman_kontakt.php HTTP/1.1" 200 9834 "-" "Mozilla/5.0 (Windows NT 6.2; WOW64) AppleWebKit/537.11 (KHTML, like Gecko) Chrome/23.0.1271.17 Safari/537.11"
81.169.188.167 - - [23/Jul/2014:20:07:53 +0200] "GET /seiten/straman_jobs.htm HTTP/1.1" 200 5214 "-" "Mozilla/5.0 (Windows NT 6.1; rv:12.0) Gecko/20120403211507 Firefox/14.0.1"
66.249.78.239 - - [23/Jul/2014:20:34:57 +0200] "GET /documents/Strassenreinigungssatzung_Schwaneneck.pdf HTTP/1.1" 304 - "-" "Mozilla/5.0 (compatible; Googlebot/2.1; +http://www.google.com/bot.html)"
84.38.65.176 - - [23/Jul/2014:20:42:03 +0200] "GET / HTTP/1.1" 200 8535 "http://www.sumaja.de/" "Mozilla/5.0 (Macintosh; U; Intel Mac OS X 10.6; de-DE; rv:1.9.2.8) Gecko/20100722 Firefox/3.6.8"
85.25.202.18 - - [23/Jul/2014:20:42:03 +0200] "GET / HTTP/1.0" 200 8535 "-" "-"
85.25.202.18 - - [23/Jul/2014:20:42:04 +0200] "GET / HTTP/1.0" 200 8535 "-" "-"
208.115.113.87 - - [23/Jul/2014:20:55:07 +0200] "GET /robots.txt HTTP/1.1" 200 192 "-" "Mozilla/5.0 (compatible; DotBot/1.1; http://www.opensiteexplorer.org/dotbot, help@moz.com)"
85.90.73.26 - - [23/Jul/2014:22:02:27 +0200] "GET /robots.txt HTTP/1.1" 200 192 "-" "Mozilla/5.0 (compatible; heritrix/3.1.1 +http://places.tomtom.com/crawlerinfo)"
85.90.73.26 - - [23/Jul/2014:22:02:32 +0200] "GET / HTTP/1.1" 200 8535 "-" "Mozilla/5.0 (compatible; heritrix/3.1.1 +http://places.tomtom.com/crawlerinfo)"
85.90.73.26 - - [23/Jul/2014:22:02:39 +0200] "GET /seiten/straman_impr.htm HTTP/1.1" 200 5731 "http://www.straman.de/" "Mozilla/5.0 (compatible; heritrix/3.1.1 +http://places.tomtom.com/crawlerinfo)"
85.90.73.26 - - [23/Jul/2014:22:02:44 +0200] "GET /seiten/straman_jobs.htm HTTP/1.1" 200 5214 "http://www.straman.de/" "Mozilla/5.0 (compatible; heritrix/3.1.1 +http://places.tomtom.com/crawlerinfo)"
85.90.73.26 - - [23/Jul/2014:22:02:50 +0200] "GET /seiten/straman_aktuell.htm HTTP/1.1" 200 5933 "http://www.straman.de/" "Mozilla/5.0 (compatible; heritrix/3.1.1 +http://places.tomtom.com/crawlerinfo)"
85.90.73.26 - - [23/Jul/2014:22:02:55 +0200] "GET /seiten/strassenreinigung.htm HTTP/1.1" 200 7046 "http://www.straman.de/" "Mozilla/5.0 (compatible; heritrix/3.1.1 +http://places.tomtom.com/crawlerinfo)"
85.90.73.26 - - [23/Jul/2014:22:03:00 +0200] "GET /seiten/gruenanlagenpflege.htm HTTP/1.1" 200 13533 "http://www.straman.de/" "Mozilla/5.0 (compatible; heritrix/3.1.1 +http://places.tomtom.com/crawlerinfo)"
85.90.73.26 - - [23/Jul/2014:22:08:26 +0200] "GET /seiten/straman_gesetze.htm HTTP/1.1" 200 5637 "http://www.straman.de/" "Mozilla/5.0 (compatible; heritrix/3.1.1 +http://places.tomtom.com/crawlerinfo)"
85.90.73.26 - - [23/Jul/2014:22:08:29 +0200] "GET /seiten/winterdienst.htm HTTP/1.1" 200 17245 "http://www.straman.de/" "Mozilla/5.0 (compatible; heritrix/3.1.1 +http://places.tomtom.com/crawlerinfo)"
85.90.73.26 - - [23/Jul/2014:22:08:33 +0200] "GET /seiten/sitemap.htm HTTP/1.1" 200 5431 "http://www.straman.de/" "Mozilla/5.0 (compatible; heritrix/3.1.1 +http://places.tomtom.com/crawlerinfo)"
85.90.73.26 - - [23/Jul/2014:22:08:37 +0200] "GET /seiten/straman_kontakt.php HTTP/1.1" 200 9834 "http://www.straman.de/" "Mozilla/5.0 (compatible; heritrix/3.1.1 +http://places.tomtom.com/crawlerinfo)"
66.249.78.232 - - [23/Jul/2014:22:21:47 +0200] "GET /documents/Strassenreinigungssatzung_Bernau02_2005.pdf HTTP/1.1" 304 - "-" "Mozilla/5.0 (compatible; Googlebot/2.1; +http://www.google.com/bot.html)"
91.207.7.54 - - [23/Jul/2014:22:27:28 +0200] "GET / HTTP/1.1" 200 8535 "-" "Mozilla/4.0 (compatible; MSIE 6.0; Windows NT 5.1; SV1; Mozilla/4.0 (compatible; MSIE 6.0; Windows NT 5.1; SV1) ; .NET CLR 2.0.50727 ; .NET CLR 4.0.30319)"
208.115.113.87 - - [23/Jul/2014:22:47:06 +0200] "GET /servicebereiche/gruenanlagenpflege/privatgartenpflege.html HTTP/1.1" 404 1256 "-" "Mozilla/5.0 (compatible; DotBot/1.1; http://www.opensiteexplorer.org/dotbot, help@moz.com)"
68.180.225.100 - - [23/Jul/2014:22:54:06 +0200] "GET /robots.txt HTTP/1.1" 200 192 "-" "Mozilla/5.0 (compatible; Yahoo! Slurp; http://help.yahoo.com/help/us/ysearch/slurp)"
68.180.225.100 - - [23/Jul/2014:22:54:06 +0200] "GET / HTTP/1.1" 200 8535 "-" "Mozilla/5.0 (compatible; Yahoo! Slurp; http://help.yahoo.com/help/us/ysearch/slurp)"
66.249.78.239 - - [23/Jul/2014:23:25:05 +0200] "GET /seiten/straman_impr.htm HTTP/1.1" 304 - "-" "Mozilla/5.0 (compatible; Googlebot/2.1; +http://www.google.com/bot.html)"
66.249.78.246 - - [23/Jul/2014:23:56:45 +0200] "GET /component/user/reset.html HTTP/1.1" 404 1256 "-" "Mozilla/5.0 (compatible; Googlebot/2.1; +http://www.google.com/bot.html)"
86.109.249.169 - - [24/Jul/2014:00:01:26 +0200] "GET /robots.txt HTTP/1.1" 200 192 "-" "it2media-domain-crawler/1.0 on crawler-prod.it2media.de"
86.109.249.169 - - [24/Jul/2014:00:01:28 +0200] "GET / HTTP/1.1" 200 8535 "-" "it2media-domain-crawler/1.0 on crawler-prod.it2media.de"
86.109.249.169 - - [24/Jul/2014:00:01:31 +0200] "GET /seiten/straman_kontakt.php HTTP/1.1" 200 9834 "-" "it2media-domain-crawler/1.0 on crawler-prod.it2media.de"
86.109.249.169 - - [24/Jul/2014:00:01:33 +0200] "GET /seiten/straman_jobs.htm HTTP/1.1" 200 5214 "-" "it2media-domain-crawler/1.0 on crawler-prod.it2media.de"
86.109.249.169 - - [24/Jul/2014:00:01:35 +0200] "GET /seiten/straman_gesetze.htm HTTP/1.1" 200 5637 "-" "it2media-domain-crawler/1.0 on crawler-prod.it2media.de"
86.109.249.169 - - [24/Jul/2014:00:01:37 +0200] "GET /seiten/straman_aktuell.htm HTTP/1.1" 200 5933 "-" "it2media-domain-crawler/1.0 on crawler-prod.it2media.de"
86.109.249.169 - - [24/Jul/2014:00:01:39 +0200] "GET /seiten/straman_impr.htm HTTP/1.1" 200 5731 "-" "it2media-domain-crawler/1.0 on crawler-prod.it2media.de"
86.109.249.169 - - [24/Jul/2014:00:01:41 +0200] "GET /seiten/strassenreinigung.htm HTTP/1.1" 200 7046 "-" "it2media-domain-crawler/1.0 on crawler-prod.it2media.de"
86.109.249.169 - - [24/Jul/2014:00:01:43 +0200] "GET /seiten/winterdienst.htm HTTP/1.1" 200 17245 "-" "it2media-domain-crawler/1.0 on crawler-prod.it2media.de"
86.109.249.169 - - [24/Jul/2014:00:01:45 +0200] "GET /seiten/gruenanlagenpflege.htm HTTP/1.1" 200 13533 "-" "it2media-domain-crawler/1.0 on crawler-prod.it2media.de"
86.109.249.169 - - [24/Jul/2014:00:01:48 +0200] "GET /seiten/sitemap.htm HTTP/1.1" 200 5431 "-" "it2media-domain-crawler/1.0 on crawler-prod.it2media.de"
86.109.249.169 - - [24/Jul/2014:00:01:50 +0200] "GET /documents/strassenreinigungssatzung_schwaneneck.pdf HTTP/1.1" 404 1256 "-" "it2media-domain-crawler/1.0 on crawler-prod.it2media.de"
86.109.249.169 - - [24/Jul/2014:00:01:57 +0200] "GET /documents/grundstueckseigentuemer.pdf HTTP/1.1" 200 37437 "-" "it2media-domain-crawler/1.0 on crawler-prod.it2media.de"
86.109.249.169 - - [24/Jul/2014:00:01:59 +0200] "GET /documents/berliner_strassenreinigungsgesetz.pdf HTTP/1.1" 404 1256 "-" "it2media-domain-crawler/1.0 on crawler-prod.it2media.de"
86.109.249.169 - - [24/Jul/2014:00:02:06 +0200] "GET /documents/mustervertrag_wd_leistg_besch_gmbh_straman.pdf HTTP/1.1" 404 1256 "-" "it2media-domain-crawler/1.0 on crawler-prod.it2media.de"
66.249.78.232 - - [24/Jul/2014:00:04:39 +0200] "GET /seiten/straman_aktuell.htm HTTP/1.1" 304 - "-" "Mozilla/5.0 (compatible; Googlebot/2.1; +http://www.google.com/bot.html)"
66.249.78.239 - - [24/Jul/2014:00:44:52 +0200] "GET /seiten/straman_impr.htm HTTP/1.1" 304 - "-" "Mozilla/5.0 (compatible; Googlebot/2.1; +http://www.google.com/bot.html)"
208.115.113.87 - - [24/Jul/2014:00:55:15 +0200] "GET /robots.txt HTTP/1.1" 200 192 "-" "Mozilla/5.0 (compatible; DotBot/1.1; http://www.opensiteexplorer.org/dotbot, help@moz.com)"
66.249.78.232 - - [24/Jul/2014:01:11:55 +0200] "GET /seiten/sitemap.htm HTTP/1.1" 304 - "-" "Mozilla/5.0 (compatible; Googlebot/2.1; +http://www.google.com/bot.html)"
157.55.39.227 - - [24/Jul/2014:02:06:44 +0200] "GET /news/61-wir-begruessen-sie-auf-den-seiten-von-straman-ihren-komplettdienstleister-rund-um-die-immobilie.html HTTP/1.1" 404 1256 "-" "Mozilla/5.0 (compatible; bingbot/2.0; +http://www.bing.com/bingbot.htm)"
66.249.78.232 - - [24/Jul/2014:02:15:37 +0200] "GET / HTTP/1.1" 200 8535 "-" "Mozilla/5.0 (compatible; Googlebot/2.1; +http://www.google.com/bot.html)"
66.249.78.239 - - [24/Jul/2014:02:19:25 +0200] "GET /scripte/stra_scr.js HTTP/1.1" 200 1580 "-" "Mozilla/5.0 (compatible; Googlebot/2.1; +http://www.google.com/bot.html)"
192.99.9.164 - - [24/Jul/2014:02:24:33 +0200] "GET / HTTP/1.1" 200 8535 "-" "Mozilla/5.0 (Macintosh; Intel Mac OS X 10_8_4) AppleWebKit/537.36 (KHTML, like Gecko) Chrome/27.0.1453.110 Safari/537.36"
88.198.56.239 - - [24/Jul/2014:02:27:42 +0200] "GET /unternehmen/impressum.html HTTP/1.1" 404 1256 "-" "Mozilla/5.0 (Macintosh; Intel Mac OS X 10_6_8) AppleWebKit/537.13+ (KHTML, like Gecko) Version/5.1.7 Safari/534.57.2"
66.249.78.239 - - [24/Jul/2014:02:34:03 +0200] "GET /robots.txt HTTP/1.1" 200 192 "-" "Mozilla/5.0 (compatible; Googlebot/2.1; +http://www.google.com/bot.html)"
66.249.78.239 - - [24/Jul/2014:02:34:03 +0200] "GET /seiten/straman_aktuell.htm HTTP/1.1" 304 - "-" "Mozilla/5.0 (compatible; Googlebot/2.1; +http://www.google.com/bot.html)"
208.115.113.87 - - [24/Jul/2014:02:49:17 +0200] "GET /unternehmen/jobs/58.html HTTP/1.1" 404 1256 "-" "Mozilla/5.0 (compatible; DotBot/1.1; http://www.opensiteexplorer.org/dotbot, help@moz.com)"
208.115.111.71 - - [24/Jul/2014:02:56:10 +0200] "GET /robots.txt HTTP/1.1" 200 192 "-" "Mozilla/5.0 (compatible; DotBot/1.1; http://www.opensiteexplorer.org/dotbot, help@moz.com)"
217.69.133.3 - - [24/Jul/2014:03:49:27 +0200] "GET /robots.txt HTTP/1.1" 200 192 "-" "Mozilla/5.0 (compatible; Linux x86_64; Mail.RU_Bot/2.0; +http://go.mail.ru/help/robots)"
217.69.133.5 - - [24/Jul/2014:03:49:29 +0200] "GET /index.php HTTP/1.1" 404 1256 "-" "Mozilla/5.0 (compatible; Linux x86_64; Mail.RU_Bot/2.0; +http://go.mail.ru/help/robots)"
66.249.78.246 - - [24/Jul/2014:04:15:45 +0200] "GET /documents/Strassenreinigungssatzung_Schwaneneck.pdf HTTP/1.1" 304 - "-" "Mozilla/5.0 (compatible; Googlebot/2.1; +http://www.google.com/bot.html)"
93.186.202.239 - - [24/Jul/2014:04:26:13 +0200] "GET /unternehmen/impressum.html HTTP/1.1" 404 1256 "-" "Mozilla/5.0 (X11; Ubuntu; Linux x86_64; rv:14.0) Gecko/20100101 Firefox/14.0.1"
208.115.111.71 - - [24/Jul/2014:04:44:46 +0200] "GET /index.php?option=com_user&view=login HTTP/1.1" 404 1256 "-" "Mozilla/5.0 (compatible; DotBot/1.1; http://www.opensiteexplorer.org/dotbot, help@moz.com)"
157.55.39.68 - - [24/Jul/2014:05:26:41 +0200] "GET /component/user/login.html HTTP/1.1" 404 1256 "-" "Mozilla/5.0 (compatible; bingbot/2.0; +http://www.bing.com/bingbot.htm)"
208.115.113.87 - - [24/Jul/2014:05:29:03 +0200] "GET /robots.txt HTTP/1.1" 200 192 "-" "Mozilla/5.0 (compatible; DotBot/1.1; http://www.opensiteexplorer.org/dotbot, help@moz.com)"
66.249.78.239 - - [24/Jul/2014:06:03:30 +0200] "GET /documents/Strassenreinigungssatzung_Bernau02_2005.pdf HTTP/1.1" 304 - "-" "Mozilla/5.0 (compatible; Googlebot/2.1; +http://www.google.com/bot.html)"
157.55.39.227 - - [24/Jul/2014:06:13:58 +0200] "GET / HTTP/1.1" 200 8535 "-" "Mozilla/5.0 (compatible; bingbot/2.0; +http://www.bing.com/bingbot.htm)"
77.87.228.65 - - [24/Jul/2014:07:16:44 +0200] "GET /documents/Strassenreinigungssatzung_Schwaneneck.pdf HTTP/1.1" 200 108696 "http://www.google.de/url?sa=t&rct=j&q=&esrc=s&frm=1&source=web&cd=6&ved=0CD4QFjAF&url=http%3A%2F%2Fwww.straman.de%2Fdocuments%2FStrassenreinigungssatzung_Schwaneneck.pdf&ei=jJbQU5jDFoje4QT6nIGQCA&usg=AFQjCNEqfaTcLdLA97Nd8Uk83h8b4KCYnw" "Mozilla/5.0 (compatible; MSIE 9.0; Windows NT 6.1; WOW64; Trident/5.0)"
208.115.113.87 - - [24/Jul/2014:07:21:17 +0200] "GET /component/forme/?fid=2 HTTP/1.1" 404 1256 "-" "Mozilla/5.0 (compatible; DotBot/1.1; http://www.opensiteexplorer.org/dotbot, help@moz.com)"
93.194.51.161 - - [24/Jul/2014:08:28:12 +0200] "GET / HTTP/1.1" 200 8535 "-" "Mozilla/5.0 (Windows NT 5.1; rv:30.0) Gecko/20100101 Firefox/30.0"
93.194.51.161 - - [24/Jul/2014:08:28:12 +0200] "GET /scripte/stra_scr.js HTTP/1.1" 200 1580 "http://www.straman.de/" "Mozilla/5.0 (Windows NT 5.1; rv:30.0) Gecko/20100101 Firefox/30.0"
93.194.51.161 - - [24/Jul/2014:08:28:12 +0200] "GET /css/format.css HTTP/1.1" 200 8709 "http://www.straman.de/" "Mozilla/5.0 (Windows NT 5.1; rv:30.0) Gecko/20100101 Firefox/30.0"
93.194.51.161 - - [24/Jul/2014:08:28:12 +0200] "GET /images/f_1-p.gif HTTP/1.1" 200 43 "http://www.straman.de/" "Mozilla/5.0 (Windows NT 5.1; rv:30.0) Gecko/20100101 Firefox/30.0"
93.194.51.161 - - [24/Jul/2014:08:28:12 +0200] "GET /images/logo_straman_neu.jpg HTTP/1.1" 200 19228 "http://www.straman.de/" "Mozilla/5.0 (Windows NT 5.1; rv:30.0) Gecko/20100101 Firefox/30.0"
93.194.51.161 - - [24/Jul/2014:08:28:12 +0200] "GET /images/start_1.jpg HTTP/1.1" 200 6732 "http://www.straman.de/" "Mozilla/5.0 (Windows NT 5.1; rv:30.0) Gecko/20100101 Firefox/30.0"
93.194.51.161 - - [24/Jul/2014:08:28:12 +0200] "GET /images/start_2.jpg HTTP/1.1" 200 8241 "http://www.straman.de/" "Mozilla/5.0 (Windows NT 5.1; rv:30.0) Gecko/20100101 Firefox/30.0"
93.194.51.161 - - [24/Jul/2014:08:28:12 +0200] "GET /images/footer1_neu.gif HTTP/1.1" 200 58 "http://www.straman.de/css/format.css" "Mozilla/5.0 (Windows NT 5.1; rv:30.0) Gecko/20100101 Firefox/30.0"
178.19.209.242 - - [24/Jul/2014:10:42:08 +0200] "GET / HTTP/1.1" 200 8535 "https://www.google.de/" "Mozilla/5.0 (Windows NT 6.2; WOW64) AppleWebKit/537.36 (KHTML, like Gecko) Chrome/36.0.1985.125 Safari/537.36"
178.19.209.242 - - [24/Jul/2014:10:42:08 +0200] "GET /css/format.css HTTP/1.1" 200 8709 "http://www.straman.de/" "Mozilla/5.0 (Windows NT 6.2; WOW64) AppleWebKit/537.36 (KHTML, like Gecko) Chrome/36.0.1985.125 Safari/537.36"
178.19.209.242 - - [24/Jul/2014:10:42:08 +0200] "GET /scripte/stra_scr.js HTTP/1.1" 200 1580 "http://www.straman.de/" "Mozilla/5.0 (Windows NT 6.2; WOW64) AppleWebKit/537.36 (KHTML, like Gecko) Chrome/36.0.1985.125 Safari/537.36"
178.19.209.242 - - [24/Jul/2014:10:42:08 +0200] "GET /images/logo_straman_neu.jpg HTTP/1.1" 200 19228 "http://www.straman.de/" "Mozilla/5.0 (Windows NT 6.2; WOW64) AppleWebKit/537.36 (KHTML, like Gecko) Chrome/36.0.1985.125 Safari/537.36"
178.19.209.242 - - [24/Jul/2014:10:42:08 +0200] "GET /images/start_1.jpg HTTP/1.1" 200 6732 "http://www.straman.de/" "Mozilla/5.0 (Windows NT 6.2; WOW64) AppleWebKit/537.36 (KHTML, like Gecko) Chrome/36.0.1985.125 Safari/537.36"
178.19.209.242 - - [24/Jul/2014:10:42:08 +0200] "GET /images/f_1-p.gif HTTP/1.1" 200 43 "http://www.straman.de/" "Mozilla/5.0 (Windows NT 6.2; WOW64) AppleWebKit/537.36 (KHTML, like Gecko) Chrome/36.0.1985.125 Safari/537.36"
178.19.209.242 - - [24/Jul/2014:10:42:08 +0200] "GET /images/start_2.jpg HTTP/1.1" 200 8241 "http://www.straman.de/" "Mozilla/5.0 (Windows NT 6.2; WOW64) AppleWebKit/537.36 (KHTML, like Gecko) Chrome/36.0.1985.125 Safari/537.36"
178.19.209.242 - - [24/Jul/2014:10:42:08 +0200] "GET /images/footer1_neu.gif HTTP/1.1" 200 58 "http://www.straman.de/" "Mozilla/5.0 (Windows NT 6.2; WOW64) AppleWebKit/537.36 (KHTML, like Gecko) Chrome/36.0.1985.125 Safari/537.36"
178.19.209.242 - - [24/Jul/2014:10:42:08 +0200] "GET /images/favicon.ico HTTP/1.1" 200 3638 "-" "Mozilla/5.0 (Windows NT 6.2; WOW64) AppleWebKit/537.36 (KHTML, like Gecko) Chrome/36.0.1985.125 Safari/537.36"
178.19.209.242 - - [24/Jul/2014:10:42:36 +0200] "HEAD / HTTP/1.1" 200 - "-" "Microsoft Office Excel 2013"
178.19.209.242 - - [24/Jul/2014:10:42:36 +0200] "GET / HTTP/1.1" 304 - "-" "Mozilla/4.0 (compatible; MSIE 7.0; Windows NT 6.2; WOW64; Trident/6.0; .NET4.0E; .NET4.0C; .NET CLR 3.5.30729; .NET CLR 2.0.50727; .NET CLR 3.0.30729; ms-office)"
46.5.113.150 - - [24/Jul/2014:10:47:42 +0200] "GET / HTTP/1.1" 200 8535 "http://www.google.de/?source=mog&gl=de" "Mozilla/5.0 (Windows; U; Windows NT 6.1; de; rv:1.9.2.8) Gecko/20100722 Firefox/3.6.8 GTB7.0"
46.5.113.150 - - [24/Jul/2014:10:47:42 +0200] "GET / HTTP/1.1" 200 8535 "http://www.google.de/?source=mog&gl=de" "Mozilla/5.0 (Windows; U; Windows NT 6.1; de; rv:1.9.2.8) Gecko/20100722 Firefox/3.6.8 GTB7.0"
46.5.113.150 - - [24/Jul/2014:10:47:43 +0200] "GET / HTTP/1.1" 200 8535 "http://www.google.de/?source=mog&gl=de" "Mozilla/5.0 (Windows; U; Windows NT 6.1; de; rv:1.9.2.8) Gecko/20100722 Firefox/3.6.8 GTB7.0"
46.5.113.150 - - [24/Jul/2014:10:47:43 +0200] "GET /seiten/straman_impr.htm HTTP/1.1" 200 5731 "http://www.straman.de" "Mozilla/5.0 (X11; U; Linux i686; en-US; rv:1.9) Gecko/2008052912 Firefox/3.0"
46.5.113.150 - - [24/Jul/2014:10:47:45 +0200] "GET /seiten/straman_kontakt.php HTTP/1.1" 200 9834 "http://www.straman.de" "Mozilla/5.0 (Macintosh; U; Intel Mac OS X 10_5_7; nl-nl) AppleWebKit/528.16 (KHTML, like Gecko) Version/4.0 Safari/528.16"
46.5.113.150 - - [24/Jul/2014:10:47:45 +0200] "GET / HTTP/1.1" 200 8535 "http://www.straman.de" "Mozilla/5.0 (Windows; U; Windows NT 6.0; en-US; rv:1.9.0.3) Gecko/2008092417 Firefox/3.0.3"
199.58.86.211 - - [24/Jul/2014:10:51:47 +0200] "GET /robots.txt HTTP/1.0" 200 192 "-" "Mozilla/5.0 (compatible; MJ12bot/v1.4.5; http://www.majestic12.co.uk/bot.php?+)"
199.58.86.211 - - [24/Jul/2014:10:51:53 +0200] "GET / HTTP/1.0" 200 8535 "-" "Mozilla/5.0 (compatible; MJ12bot/v1.4.5; http://www.majestic12.co.uk/bot.php?+)"
144.76.95.39 - - [24/Jul/2014:11:22:49 +0200] "GET /robots.txt HTTP/1.0" 200 192 "-" "Mozilla/5.0 (compatible; MJ12bot/v1.4.5; http://www.majestic12.co.uk/bot.php?+)"
144.76.95.39 - - [24/Jul/2014:11:22:51 +0200] "GET /index.php?format=feed&type=atom HTTP/1.0" 404 1256 "-" "Mozilla/5.0 (compatible; MJ12bot/v1.4.5; http://www.majestic12.co.uk/bot.php?+)"
144.76.95.39 - - [24/Jul/2014:11:22:54 +0200] "GET /index.php?format=feed&type=rss HTTP/1.0" 404 1256 "-" "Mozilla/5.0 (compatible; MJ12bot/v1.4.5; http://www.majestic12.co.uk/bot.php?+)"
80.187.106.237 - - [24/Jul/2014:11:31:40 +0200] "GET / HTTP/1.1" 200 8535 "http://jobboerse.arbeitsagentur.de/vamJB/stellenangeboteFinden.html?execution=e1s1&_eventId_detailView&benc=Pu68WSCNQlt0iP7Y1GbACJSt7uqI%2BwOcY6tIctNNc23AD8P1VCw1MA%3D%3D&benc=dxVelV5xnNuL%2BI6BgLzurZlEc30i91vGlltTTXqt2RynPQwqr3dZcE5DgmoJy5MmEJ6su%2BTyzbo%3D&benc=R%2BBB5iTocXoJA0J%2B6h%2B27sVR7CpaZYXkTK9SQ0U8lEUaXfYlresxe3dXGKORYiQVE6zlOjDuWvo%3D&benc=cDTbeoudwbNyXrxqPtF%2BAEsPbHcwOM%2BMXUiNyjLF0EYr5EwGaad5uQ%3D%3D" "Mozilla/5.0 (Windows NT 6.1; WOW64) AppleWebKit/537.36 (KHTML, like Gecko) Chrome/36.0.1985.125 Safari/537.36"
80.187.106.237 - - [24/Jul/2014:11:31:41 +0200] "GET /css/format.css HTTP/1.1" 200 8709 "http://www.straman.de/" "Mozilla/5.0 (Windows NT 6.1; WOW64) AppleWebKit/537.36 (KHTML, like Gecko) Chrome/36.0.1985.125 Safari/537.36"
80.187.106.237 - - [24/Jul/2014:11:31:41 +0200] "GET /scripte/stra_scr.js HTTP/1.1" 200 1580 "http://www.straman.de/" "Mozilla/5.0 (Windows NT 6.1; WOW64) AppleWebKit/537.36 (KHTML, like Gecko) Chrome/36.0.1985.125 Safari/537.36"
80.187.106.237 - - [24/Jul/2014:11:31:41 +0200] "GET /images/f_1-p.gif HTTP/1.1" 200 43 "http://www.straman.de/" "Mozilla/5.0 (Windows NT 6.1; WOW64) AppleWebKit/537.36 (KHTML, like Gecko) Chrome/36.0.1985.125 Safari/537.36"
80.187.106.237 - - [24/Jul/2014:11:31:41 +0200] "GET /images/start_1.jpg HTTP/1.1" 200 6732 "http://www.straman.de/" "Mozilla/5.0 (Windows NT 6.1; WOW64) AppleWebKit/537.36 (KHTML, like Gecko) Chrome/36.0.1985.125 Safari/537.36"
80.187.106.237 - - [24/Jul/2014:11:31:41 +0200] "GET /images/logo_straman_neu.jpg HTTP/1.1" 200 19228 "http://www.straman.de/" "Mozilla/5.0 (Windows NT 6.1; WOW64) AppleWebKit/537.36 (KHTML, like Gecko) Chrome/36.0.1985.125 Safari/537.36"
80.187.106.237 - - [24/Jul/2014:11:31:41 +0200] "GET /images/start_2.jpg HTTP/1.1" 200 8241 "http://www.straman.de/" "Mozilla/5.0 (Windows NT 6.1; WOW64) AppleWebKit/537.36 (KHTML, like Gecko) Chrome/36.0.1985.125 Safari/537.36"
80.187.106.237 - - [24/Jul/2014:11:31:41 +0200] "GET /images/footer1_neu.gif HTTP/1.1" 200 58 "http://www.straman.de/" "Mozilla/5.0 (Windows NT 6.1; WOW64) AppleWebKit/537.36 (KHTML, like Gecko) Chrome/36.0.1985.125 Safari/537.36"
80.187.106.237 - - [24/Jul/2014:11:31:43 +0200] "GET /images/favicon.ico HTTP/1.1" 200 3638 "-" "Mozilla/5.0 (Windows NT 6.1; WOW64) AppleWebKit/537.36 (KHTML, like Gecko) Chrome/36.0.1985.125 Safari/537.36"
81.36.64.173 - - [24/Jul/2014:11:32:51 +0200] "GET / HTTP/1.1" 200 8535 "http://www.gelbeseiten.de/haustechnik/berlin/s12" "Mozilla/5.0 (Windows NT 6.1; WOW64; rv:30.0) Gecko/20100101 Firefox/30.0"
81.36.64.173 - - [24/Jul/2014:11:32:52 +0200] "GET /css/format.css HTTP/1.1" 200 8709 "http://www.straman.de/" "Mozilla/5.0 (Windows NT 6.1; WOW64; rv:30.0) Gecko/20100101 Firefox/30.0"
81.36.64.173 - - [24/Jul/2014:11:32:52 +0200] "GET /images/favicon.ico HTTP/1.1" 200 3638 "-" "Mozilla/5.0 (Windows NT 6.1; WOW64; rv:30.0) Gecko/20100101 Firefox/30.0"
81.36.64.173 - - [24/Jul/2014:11:32:52 +0200] "GET /images/f_1-p.gif HTTP/1.1" 200 43 "http://www.straman.de/" "Mozilla/5.0 (Windows NT 6.1; WOW64; rv:30.0) Gecko/20100101 Firefox/30.0"
81.36.64.173 - - [24/Jul/2014:11:32:52 +0200] "GET /images/logo_straman_neu.jpg HTTP/1.1" 200 19228 "http://www.straman.de/" "Mozilla/5.0 (Windows NT 6.1; WOW64; rv:30.0) Gecko/20100101 Firefox/30.0"
81.36.64.173 - - [24/Jul/2014:11:32:52 +0200] "GET /images/start_1.jpg HTTP/1.1" 200 6732 "http://www.straman.de/" "Mozilla/5.0 (Windows NT 6.1; WOW64; rv:30.0) Gecko/20100101 Firefox/30.0"
81.36.64.173 - - [24/Jul/2014:11:32:52 +0200] "GET /images/start_2.jpg HTTP/1.1" 200 8241 "http://www.straman.de/" "Mozilla/5.0 (Windows NT 6.1; WOW64; rv:30.0) Gecko/20100101 Firefox/30.0"
81.36.64.173 - - [24/Jul/2014:11:32:52 +0200] "GET /images/footer1_neu.gif HTTP/1.1" 200 58 "http://www.straman.de/css/format.css" "Mozilla/5.0 (Windows NT 6.1; WOW64; rv:30.0) Gecko/20100101 Firefox/30.0"
192.99.147.201 - - [24/Jul/2014:11:47:25 +0200] "GET / HTTP/1.1" 200 8535 "-" "Mozilla/5.0 (compatible; MSIE 10.0; Windows NT 6.1; Trident/6.0)"
81.0.199.226 - - [24/Jul/2014:12:44:59 +0200] "GET / HTTP/1.1" 200 8535 "-" "Mozilla/5.0 (Macintosh; Intel Mac OS X 10.7; rv:22.0) Gecko/20100101 Firefox/22.0"
141.0.9.78 - - [24/Jul/2014:13:25:51 +0200] "GET / HTTP/1.1" 200 8535 "http://adresse.gelbeseiten.de/1056723182/straman-gmbh-gruenanlagenpflege/berlin/buch" "Mozilla/5.0 (Windows NT 6.1) AppleWebKit/537.36 (KHTML, like Gecko) Chrome/34.0.1847.132 Safari/537.36 OPR/21.0.1432.67"
141.0.9.78 - - [24/Jul/2014:13:25:52 +0200] "GET /css/format.css HTTP/1.1" 200 8709 "http://www.straman.de/" "Mozilla/5.0 (Windows NT 6.1) AppleWebKit/537.36 (KHTML, like Gecko) Chrome/34.0.1847.132 Safari/537.36 OPR/21.0.1432.67"
141.0.9.78 - - [24/Jul/2014:13:25:52 +0200] "GET /scripte/stra_scr.js HTTP/1.1" 200 1580 "http://www.straman.de/" "Mozilla/5.0 (Windows NT 6.1) AppleWebKit/537.36 (KHTML, like Gecko) Chrome/34.0.1847.132 Safari/537.36 OPR/21.0.1432.67"
192.99.147.201 - - [24/Jul/2014:13:25:52 +0200] "GET /index.php?option=com_user&view=login HTTP/1.1" 404 1256 "-" "Mozilla/5.0 (compatible; MSIE 10.0; Windows NT 6.1; Trident/6.0)"
141.0.9.78 - - [24/Jul/2014:13:25:52 +0200] "GET /images/f_1-p.gif HTTP/1.1" 200 43 "http://www.straman.de/" "Mozilla/5.0 (Windows NT 6.1) AppleWebKit/537.36 (KHTML, like Gecko) Chrome/34.0.1847.132 Safari/537.36 OPR/21.0.1432.67"
141.0.9.78 - - [24/Jul/2014:13:25:52 +0200] "GET /images/start_1.jpg HTTP/1.1" 200 6732 "http://www.straman.de/" "Mozilla/5.0 (Windows NT 6.1) AppleWebKit/537.36 (KHTML, like Gecko) Chrome/34.0.1847.132 Safari/537.36 OPR/21.0.1432.67"
141.0.9.78 - - [24/Jul/2014:13:25:52 +0200] "GET /images/start_2.jpg HTTP/1.1" 200 8241 "http://www.straman.de/" "Mozilla/5.0 (Windows NT 6.1) AppleWebKit/537.36 (KHTML, like Gecko) Chrome/34.0.1847.132 Safari/537.36 OPR/21.0.1432.67"
141.0.9.78 - - [24/Jul/2014:13:25:52 +0200] "GET /images/logo_straman_neu.jpg HTTP/1.1" 200 19228 "http://www.straman.de/" "Mozilla/5.0 (Windows NT 6.1) AppleWebKit/537.36 (KHTML, like Gecko) Chrome/34.0.1847.132 Safari/537.36 OPR/21.0.1432.67"
141.0.9.78 - - [24/Jul/2014:13:25:53 +0200] "GET /images/footer1_neu.gif HTTP/1.1" 200 58 "http://www.straman.de/" "Mozilla/5.0 (Windows NT 6.1) AppleWebKit/537.36 (KHTML, like Gecko) Chrome/34.0.1847.132 Safari/537.36 OPR/21.0.1432.67"
141.0.9.78 - - [24/Jul/2014:13:25:54 +0200] "GET /images/favicon.ico HTTP/1.1" 200 3638 "-" "Mozilla/5.0 (Windows NT 6.1) AppleWebKit/537.36 (KHTML, like Gecko) Chrome/34.0.1847.132 Safari/537.36 OPR/21.0.1432.67"
141.0.9.78 - - [24/Jul/2014:13:25:55 +0200] "GET /seiten/straman_kontakt.php HTTP/1.1" 200 9834 "http://www.straman.de/" "Mozilla/5.0 (Windows NT 6.1) AppleWebKit/537.36 (KHTML, like Gecko) Chrome/34.0.1847.132 Safari/537.36 OPR/21.0.1432.67"
141.0.9.78 - - [24/Jul/2014:13:25:56 +0200] "GET /images/nav7_1.jpg HTTP/1.1" 200 7067 "http://www.straman.de/seiten/straman_kontakt.php" "Mozilla/5.0 (Windows NT 6.1) AppleWebKit/537.36 (KHTML, like Gecko) Chrome/34.0.1847.132 Safari/537.36 OPR/21.0.1432.67"
141.0.9.78 - - [24/Jul/2014:13:25:56 +0200] "GET /images/nav7_2.jpg HTTP/1.1" 200 6481 "http://www.straman.de/seiten/straman_kontakt.php" "Mozilla/5.0 (Windows NT 6.1) AppleWebKit/537.36 (KHTML, like Gecko) Chrome/34.0.1847.132 Safari/537.36 OPR/21.0.1432.67"
141.0.9.78 - - [24/Jul/2014:13:58:47 +0200] "GET /seiten/straman_kontakt.php HTTP/1.1" 200 9834 "http://www.straman.de/" "Mozilla/5.0 (Windows NT 6.1) AppleWebKit/537.36 (KHTML, like Gecko) Chrome/34.0.1847.132 Safari/537.36 OPR/21.0.1432.67"
62.156.190.42 - - [24/Jul/2014:14:10:45 +0200] "GET / HTTP/1.1" 200 8535 "http://www.google.de/url?sa=t&rct=j&q=&esrc=s&frm=1&source=web&cd=1&ved=0CCIQFjAA&url=http%3A%2F%2Fwww.straman.de%2F&ei=nPfQU5PhC4zAPPfVgOgE&usg=AFQjCNEpeUQQKOp_93iUUo8XSnpqrpjMzA&bvm=bv.71667212,d.ZWU" "Mozilla/5.0 (compatible; MSIE 9.0; Windows NT 6.1; WOW64; Trident/5.0)"
62.156.190.42 - - [24/Jul/2014:14:10:45 +0200] "GET /css/format.css HTTP/1.1" 200 8709 "http://www.straman.de/" "Mozilla/5.0 (compatible; MSIE 9.0; Windows NT 6.1; WOW64; Trident/5.0)"
62.156.190.42 - - [24/Jul/2014:14:10:45 +0200] "GET /scripte/stra_scr.js HTTP/1.1" 200 1580 "http://www.straman.de/" "Mozilla/5.0 (compatible; MSIE 9.0; Windows NT 6.1; WOW64; Trident/5.0)"
62.156.190.42 - - [24/Jul/2014:14:10:45 +0200] "GET /images/f_1-p.gif HTTP/1.1" 200 43 "http://www.straman.de/" "Mozilla/5.0 (compatible; MSIE 9.0; Windows NT 6.1; WOW64; Trident/5.0)"
62.156.190.42 - - [24/Jul/2014:14:10:45 +0200] "GET /images/start_1.jpg HTTP/1.1" 200 6732 "http://www.straman.de/" "Mozilla/5.0 (compatible; MSIE 9.0; Windows NT 6.1; WOW64; Trident/5.0)"
62.156.190.42 - - [24/Jul/2014:14:10:45 +0200] "GET /images/logo_straman_neu.jpg HTTP/1.1" 200 19228 "http://www.straman.de/" "Mozilla/5.0 (compatible; MSIE 9.0; Windows NT 6.1; WOW64; Trident/5.0)"
62.156.190.42 - - [24/Jul/2014:14:10:45 +0200] "GET /images/f_1-p.gif HTTP/1.1" 200 43 "http://www.straman.de/" "Mozilla/5.0 (compatible; MSIE 9.0; Windows NT 6.1; WOW64; Trident/5.0)"
62.156.190.42 - - [24/Jul/2014:14:10:45 +0200] "GET /images/logo_straman_neu.jpg HTTP/1.1" 200 19228 "http://www.straman.de/" "Mozilla/5.0 (compatible; MSIE 9.0; Windows NT 6.1; WOW64; Trident/5.0)"
62.156.190.42 - - [24/Jul/2014:14:10:45 +0200] "GET /images/start_2.jpg HTTP/1.1" 200 8241 "http://www.straman.de/" "Mozilla/5.0 (compatible; MSIE 9.0; Windows NT 6.1; WOW64; Trident/5.0)"
62.156.190.42 - - [24/Jul/2014:14:10:45 +0200] "GET /images/start_1.jpg HTTP/1.1" 200 6732 "http://www.straman.de/" "Mozilla/5.0 (compatible; MSIE 9.0; Windows NT 6.1; WOW64; Trident/5.0)"
62.156.190.42 - - [24/Jul/2014:14:10:46 +0200] "GET /images/footer1_neu.gif HTTP/1.1" 200 58 "http://www.straman.de/" "Mozilla/5.0 (compatible; MSIE 9.0; Windows NT 6.1; WOW64; Trident/5.0)"
62.156.190.42 - - [24/Jul/2014:14:10:45 +0200] "GET /css/format_ie.css HTTP/1.1" 200 6492 "http://www.straman.de/" "Mozilla/5.0 (compatible; MSIE 9.0; Windows NT 6.1; WOW64; Trident/5.0)"
62.156.190.42 - - [24/Jul/2014:14:10:46 +0200] "GET /images/favicon.ico HTTP/1.1" 200 3638 "-" "Mozilla/5.0 (compatible; MSIE 9.0; Windows NT 6.1; WOW64; Trident/5.0)"
62.156.190.42 - - [24/Jul/2014:14:10:50 +0200] "GET /seiten/straman_kontakt.php HTTP/1.1" 200 9834 "http://www.straman.de/" "Mozilla/5.0 (compatible; MSIE 9.0; Windows NT 6.1; WOW64; Trident/5.0)"
62.156.190.42 - - [24/Jul/2014:14:10:50 +0200] "GET /images/f_1-p.gif HTTP/1.1" 304 - "http://www.straman.de/seiten/straman_kontakt.php" "Mozilla/5.0 (compatible; MSIE 9.0; Windows NT 6.1; WOW64; Trident/5.0)"
62.156.190.42 - - [24/Jul/2014:14:10:50 +0200] "GET /images/logo_straman_neu.jpg HTTP/1.1" 304 - "http://www.straman.de/seiten/straman_kontakt.php" "Mozilla/5.0 (compatible; MSIE 9.0; Windows NT 6.1; WOW64; Trident/5.0)"
62.156.190.42 - - [24/Jul/2014:14:10:50 +0200] "GET /images/nav7_1.jpg HTTP/1.1" 200 7067 "http://www.straman.de/seiten/straman_kontakt.php" "Mozilla/5.0 (compatible; MSIE 9.0; Windows NT 6.1; WOW64; Trident/5.0)"
62.156.190.42 - - [24/Jul/2014:14:10:50 +0200] "GET /images/f_1-p.gif HTTP/1.1" 304 - "http://www.straman.de/seiten/straman_kontakt.php" "Mozilla/5.0 (compatible; MSIE 9.0; Windows NT 6.1; WOW64; Trident/5.0)"
62.156.190.42 - - [24/Jul/2014:14:10:50 +0200] "GET /images/logo_straman_neu.jpg HTTP/1.1" 304 - "http://www.straman.de/seiten/straman_kontakt.php" "Mozilla/5.0 (compatible; MSIE 9.0; Windows NT 6.1; WOW64; Trident/5.0)"
62.156.190.42 - - [24/Jul/2014:14:10:50 +0200] "GET /images/nav7_2.jpg HTTP/1.1" 200 6481 "http://www.straman.de/seiten/straman_kontakt.php" "Mozilla/5.0 (compatible; MSIE 9.0; Windows NT 6.1; WOW64; Trident/5.0)"
62.156.190.42 - - [24/Jul/2014:14:10:54 +0200] "GET /seiten/straman_impr.htm HTTP/1.1" 200 5731 "http://www.straman.de/seiten/straman_kontakt.php" "Mozilla/5.0 (compatible; MSIE 9.0; Windows NT 6.1; WOW64; Trident/5.0)"
62.156.190.42 - - [24/Jul/2014:14:10:54 +0200] "GET /images/f_1-p.gif HTTP/1.1" 304 - "http://www.straman.de/seiten/straman_impr.htm" "Mozilla/5.0 (compatible; MSIE 9.0; Windows NT 6.1; WOW64; Trident/5.0)"
62.156.190.42 - - [24/Jul/2014:14:10:54 +0200] "GET /images/logo_straman_neu.jpg HTTP/1.1" 304 - "http://www.straman.de/seiten/straman_impr.htm" "Mozilla/5.0 (compatible; MSIE 9.0; Windows NT 6.1; WOW64; Trident/5.0)"
62.156.190.42 - - [24/Jul/2014:14:10:54 +0200] "GET /images/nav8_1.jpg HTTP/1.1" 200 8241 "http://www.straman.de/seiten/straman_impr.htm" "Mozilla/5.0 (compatible; MSIE 9.0; Windows NT 6.1; WOW64; Trident/5.0)"
62.156.190.42 - - [24/Jul/2014:14:10:54 +0200] "GET /images/nav8_2.jpg HTTP/1.1" 200 6210 "http://www.straman.de/seiten/straman_impr.htm" "Mozilla/5.0 (compatible; MSIE 9.0; Windows NT 6.1; WOW64; Trident/5.0)"
62.156.190.42 - - [24/Jul/2014:14:10:54 +0200] "GET /images/f_1-p.gif HTTP/1.1" 304 - "http://www.straman.de/seiten/straman_impr.htm" "Mozilla/5.0 (compatible; MSIE 9.0; Windows NT 6.1; WOW64; Trident/5.0)"
62.156.190.42 - - [24/Jul/2014:14:10:54 +0200] "GET /images/nav8_1.jpg HTTP/1.1" 200 8241 "http://www.straman.de/seiten/straman_impr.htm" "Mozilla/5.0 (compatible; MSIE 9.0; Windows NT 6.1; WOW64; Trident/5.0)"
62.156.190.42 - - [24/Jul/2014:14:10:54 +0200] "GET /images/logo_straman_neu.jpg HTTP/1.1" 304 - "http://www.straman.de/seiten/straman_impr.htm" "Mozilla/5.0 (compatible; MSIE 9.0; Windows NT 6.1; WOW64; Trident/5.0)"
62.156.190.42 - - [24/Jul/2014:14:10:54 +0200] "GET /images/nav8_2.jpg HTTP/1.1" 200 6210 "http://www.straman.de/seiten/straman_impr.htm" "Mozilla/5.0 (compatible; MSIE 9.0; Windows NT 6.1; WOW64; Trident/5.0)"
207.46.13.52 - - [24/Jul/2014:14:24:09 +0200] "GET /kontakt.html HTTP/1.1" 404 1256 "-" "Mozilla/5.0 (compatible; bingbot/2.0; +http://www.bing.com/bingbot.htm)"
93.220.110.87 - - [24/Jul/2014:15:01:18 +0200] "GET /templates/gk_penguinmail/favicon.ico HTTP/1.1" 404 1256 "-" "Mozilla/5.0 (Windows NT 6.1; WOW64; rv:30.0) Gecko/20100101 Firefox/30.0"
93.220.110.87 - - [24/Jul/2014:16:04:58 +0200] "GET /templates/gk_penguinmail/favicon.ico HTTP/1.1" 404 1256 "-" "Mozilla/5.0 (Windows NT 6.1; WOW64; rv:30.0) Gecko/20100101 Firefox/30.0"
93.220.110.87 - - [24/Jul/2014:16:30:58 +0200] "GET /templates/gk_penguinmail/favicon.ico HTTP/1.1" 404 1256 "-" "Mozilla/5.0 (Windows NT 6.1; WOW64; rv:30.0) Gecko/20100101 Firefox/30.0"
31.3.233.120 - - [24/Jul/2014:16:52:32 +0200] "GET / HTTP/1.1" 200 8535 "-" "-"
93.220.110.87 - - [24/Jul/2014:16:59:08 +0200] "GET /templates/gk_penguinmail/favicon.ico HTTP/1.1" 404 1256 "-" "Mozilla/5.0 (Windows NT 6.1; WOW64; rv:30.0) Gecko/20100101 Firefox/30.0"
93.220.110.87 - - [24/Jul/2014:17:12:24 +0200] "GET /templates/gk_penguinmail/favicon.ico HTTP/1.1" 404 1256 "-" "Mozilla/5.0 (Windows NT 6.1; WOW64; rv:30.0) Gecko/20100101 Firefox/30.0"
93.220.110.87 - - [24/Jul/2014:17:36:16 +0200] "GET /templates/gk_penguinmail/favicon.ico HTTP/1.1" 404 1256 "-" "Mozilla/5.0 (Windows NT 6.1; WOW64; rv:30.0) Gecko/20100101 Firefox/30.0"
93.220.110.87 - - [24/Jul/2014:17:47:41 +0200] "GET /templates/gk_penguinmail/favicon.ico HTTP/1.1" 404 1256 "-" "Mozilla/5.0 (Windows NT 6.1; WOW64; rv:30.0) Gecko/20100101 Firefox/30.0"
93.220.110.87 - - [24/Jul/2014:17:55:36 +0200] "GET /templates/gk_penguinmail/favicon.ico HTTP/1.1" 404 1256 "-" "Mozilla/5.0 (Windows NT 6.1; WOW64; rv:30.0) Gecko/20100101 Firefox/30.0"
93.220.110.87 - - [24/Jul/2014:17:56:17 +0200] "GET /templates/gk_penguinmail/favicon.ico HTTP/1.1" 404 1256 "-" "Mozilla/5.0 (Windows NT 6.1; WOW64; rv:30.0) Gecko/20100101 Firefox/30.0"
157.55.39.37 - - [24/Jul/2014:17:57:33 +0200] "GET / HTTP/1.1" 200 8535 "-" "Mozilla/5.0 (compatible; bingbot/2.0; +http://www.bing.com/bingbot.htm)"
93.220.110.87 - - [24/Jul/2014:17:59:16 +0200] "GET /templates/gk_penguinmail/favicon.ico HTTP/1.1" 404 1256 "-" "Mozilla/5.0 (Windows NT 6.1; WOW64; rv:30.0) Gecko/20100101 Firefox/30.0"
91.65.13.236 - - [24/Jul/2014:18:23:40 +0200] "GET / HTTP/1.1" 200 8535 "http://www.besch-rent.de/lkw/selbstlader/atego-anfrage.html" "Mozilla/5.0 (iPad; CPU OS 7_1_2 like Mac OS X) AppleWebKit/537.51.1 (KHTML, like Gecko) CriOS/35.0.1916.38 Mobile/11D257 Safari/9537.53"
91.65.13.236 - - [24/Jul/2014:18:23:40 +0200] "GET /css/format.css HTTP/1.1" 200 8709 "http://www.straman.de/" "Mozilla/5.0 (iPad; CPU OS 7_1_2 like Mac OS X) AppleWebKit/537.51.1 (KHTML, like Gecko) CriOS/35.0.1916.38 Mobile/11D257 Safari/9537.53"
91.65.13.236 - - [24/Jul/2014:18:23:40 +0200] "GET /scripte/stra_scr.js HTTP/1.1" 200 1580 "http://www.straman.de/" "Mozilla/5.0 (iPad; CPU OS 7_1_2 like Mac OS X) AppleWebKit/537.51.1 (KHTML, like Gecko) CriOS/35.0.1916.38 Mobile/11D257 Safari/9537.53"
91.65.13.236 - - [24/Jul/2014:18:23:40 +0200] "GET /images/f_1-p.gif HTTP/1.1" 200 43 "http://www.straman.de/" "Mozilla/5.0 (iPad; CPU OS 7_1_2 like Mac OS X) AppleWebKit/537.51.1 (KHTML, like Gecko) CriOS/35.0.1916.38 Mobile/11D257 Safari/9537.53"
91.65.13.236 - - [24/Jul/2014:18:23:40 +0200] "GET /images/logo_straman_neu.jpg HTTP/1.1" 200 19228 "http://www.straman.de/" "Mozilla/5.0 (iPad; CPU OS 7_1_2 like Mac OS X) AppleWebKit/537.51.1 (KHTML, like Gecko) CriOS/35.0.1916.38 Mobile/11D257 Safari/9537.53"
91.65.13.236 - - [24/Jul/2014:18:23:40 +0200] "GET /images/start_1.jpg HTTP/1.1" 200 6732 "http://www.straman.de/" "Mozilla/5.0 (iPad; CPU OS 7_1_2 like Mac OS X) AppleWebKit/537.51.1 (KHTML, like Gecko) CriOS/35.0.1916.38 Mobile/11D257 Safari/9537.53"
91.65.13.236 - - [24/Jul/2014:18:23:40 +0200] "GET /images/start_2.jpg HTTP/1.1" 200 8241 "http://www.straman.de/" "Mozilla/5.0 (iPad; CPU OS 7_1_2 like Mac OS X) AppleWebKit/537.51.1 (KHTML, like Gecko) CriOS/35.0.1916.38 Mobile/11D257 Safari/9537.53"
91.65.13.236 - - [24/Jul/2014:18:23:41 +0200] "GET /images/footer1_neu.gif HTTP/1.1" 200 58 "http://www.straman.de/" "Mozilla/5.0 (iPad; CPU OS 7_1_2 like Mac OS X) AppleWebKit/537.51.1 (KHTML, like Gecko) CriOS/35.0.1916.38 Mobile/11D257 Safari/9537.53"
91.65.13.236 - - [24/Jul/2014:18:23:41 +0200] "GET /images/favicon.ico HTTP/1.1" 200 3638 "-" "Mozilla/5.0 (iPad; CPU OS 7_1_2 like Mac OS X) AppleWebKit/537.51.1 (KHTML, like Gecko) CriOS/35.0.1916.38 Mobile/11D257 Safari/9537.53"
157.55.39.37 - - [24/Jul/2014:19:42:49 +0200] "GET / HTTP/1.1" 200 8535 "-" "Mozilla/5.0 (compatible; bingbot/2.0; +http://www.bing.com/bingbot.htm)"
82.94.179.38 - - [24/Jul/2014:21:49:24 +0200] "GET /robots.txt HTTP/1.0" 200 192 "-" "Mozilla/4.0 (compatible; Vagabondo/4.0/EU; http://webagent.wise-guys.nl/)"
82.94.179.38 - - [24/Jul/2014:21:49:24 +0200] "GET /component/content/article/58.html HTTP/1.1" 404 1256 "http://www.straman.de/" "Mozilla/4.0 (compatible; Vagabondo/4.0/EU; http://www.wise-guys.nl/)"
82.94.179.38 - - [24/Jul/2014:21:49:34 +0200] "GET /seiten/straman_aktuell.htm HTTP/1.1" 200 5933 "http://www.straman.de/" "Mozilla/4.0 (compatible; Vagabondo/4.0/EU; http://www.wise-guys.nl/)"
82.94.179.38 - - [24/Jul/2014:21:49:44 +0200] "GET /seiten/straman_kontakt.php HTTP/1.1" 200 9834 "http://www.straman.de/" "Mozilla/4.0 (compatible; Vagabondo/4.0/EU; http://www.wise-guys.nl/)"
82.94.179.38 - - [24/Jul/2014:21:49:54 +0200] "GET /seiten/strassenreinigung.htm HTTP/1.1" 200 7046 "http://www.straman.de/" "Mozilla/4.0 (compatible; Vagabondo/4.0/EU; http://www.wise-guys.nl/)"
82.94.179.38 - - [24/Jul/2014:21:50:04 +0200] "GET /seiten/straman_gesetze.htm HTTP/1.1" 200 5637 "http://www.straman.de/" "Mozilla/4.0 (compatible; Vagabondo/4.0/EU; http://www.wise-guys.nl/)"
82.94.179.38 - - [24/Jul/2014:21:50:14 +0200] "GET /seiten/straman_jobs.htm HTTP/1.1" 200 5214 "http://www.straman.de/" "Mozilla/4.0 (compatible; Vagabondo/4.0/EU; http://www.wise-guys.nl/)"
82.94.179.38 - - [24/Jul/2014:21:50:24 +0200] "GET /seiten/straman_impr.htm HTTP/1.1" 200 5731 "http://www.straman.de/" "Mozilla/4.0 (compatible; Vagabondo/4.0/EU; http://www.wise-guys.nl/)"
82.94.179.38 - - [24/Jul/2014:21:50:34 +0200] "GET /seiten/sitemap.htm HTTP/1.1" 200 5431 "http://www.straman.de/" "Mozilla/4.0 (compatible; Vagabondo/4.0/EU; http://www.wise-guys.nl/)"
