87.162.89.117 - - [05/Jul/2014:06:34:54 +0200] "GET / HTTP/1.1" 200 - "http://www.google.de/aclk?sa=L&ai=CruVCYoC3U-LnO6OwjAaj14KoCemv--cFmdy5goMBtq3KBQgAEAEoA1Dz5ISI-_____8BYJX68IGMB8gBAakCBVpYNLjNtj6qBCRP0HnoGuCSfs1nIYTrtG1UB1LzFis42UhaORGqHIxWxeb2M9SAB5mN80GQBwM&sig=AOD64_1f8eryqTYAHT-s1EwtZI5Csqov1Q&rct=j&q=&ved=0CCMQ0Qw&adurl=http://www.straman.de" "Mozilla/5.0 (Windows NT 6.1; WOW64; rv:27.0) Gecko/20100101 Firefox/27.0"
87.162.89.117 - - [05/Jul/2014:06:34:54 +0200] "GET /favicon.ico HTTP/1.1" 404 2467 "-" "Mozilla/5.0 (Windows NT 6.1; WOW64; rv:27.0) Gecko/20100101 Firefox/27.0"
87.162.89.117 - - [05/Jul/2014:06:34:54 +0200] "GET /favicon.ico HTTP/1.1" 404 2467 "-" "Mozilla/5.0 (Windows NT 6.1; WOW64; rv:27.0) Gecko/20100101 Firefox/27.0"
162.210.196.100 - - [05/Jul/2014:07:05:04 +0200] "GET /robots.txt HTTP/1.0" 200 304 "-" "Mozilla/5.0 (compatible; MJ12bot/v1.4.5; http://www.majestic12.co.uk/bot.php?+)"
162.210.196.100 - - [05/Jul/2014:07:05:05 +0200] "GET / HTTP/1.0" 200 - "-" "Mozilla/5.0 (compatible; MJ12bot/v1.4.5; http://www.majestic12.co.uk/bot.php?+)"
66.249.64.39 - - [05/Jul/2014:07:23:50 +0200] "GET /unternehmen/standorte.html HTTP/1.1" 200 - "-" "Mozilla/5.0 (compatible; Googlebot/2.1; +http://www.google.com/bot.html)"
37.58.100.178 - - [05/Jul/2014:07:46:08 +0200] "GET /news.html HTTP/1.1" 200 - "-" "Mozilla/5.0 (compatible; AhrefsBot/5.0; +http://ahrefs.com/robot/)"
157.55.39.11 - - [05/Jul/2014:08:09:14 +0200] "GET /robots.txt HTTP/1.1" 200 304 "-" "Mozilla/5.0 (compatible; bingbot/2.0; +http://www.bing.com/bingbot.htm)"
157.55.39.11 - - [05/Jul/2014:08:10:34 +0200] "GET / HTTP/1.1" 200 - "-" "Mozilla/5.0 (compatible; bingbot/2.0; +http://www.bing.com/bingbot.htm)"
66.249.89.30 - - [05/Jul/2014:08:20:06 +0200] "GET /index.php?option=com_forme&fid=2&Itemid=65 HTTP/1.1" 200 - "-" "AdsBot-Google (+http://www.google.com/adsbot.html)"
93.219.176.8 - - [05/Jul/2014:08:35:02 +0200] "GET /component/mailto/?tmpl=component&link=4d090a7d0dad0ed1b40abd9c35a75b7faac292cb HTTP/1.1" 200 2700 "-" "Mozilla/5.0 (Windows; U; Windows NT 6.0; de; rv:1.9.2.3) Gecko/20100401 Firefox/3.6.3 ( .NET CLR 3.5.30729)"
192.95.59.78 - - [05/Jul/2014:08:59:44 +0200] "GET /referenzen.html HTTP/1.1" 200 - "http://www.straman.de/" "Mozilla/5.0 (Windows NT 6.1; WOW64) AppleWebKit/535.1 (KHTML, like Gecko) Chrome/13.0.782.112 Safari/535.1"
69.171.230.114 - - [05/Jul/2014:09:00:36 +0200] "GET / HTTP/1.1" 200 - "-" "facebookexternalhit/1.1 (+http://www.facebook.com/externalhit_uatext.php)"
69.171.230.112 - - [05/Jul/2014:09:00:36 +0200] "GET /?fb_locale=de_DE HTTP/1.1" 200 - "-" "facebookexternalhit/1.1 (+http://www.facebook.com/externalhit_uatext.php)"
66.249.64.34 - - [05/Jul/2014:09:40:19 +0200] "GET /servicebereiche/gruenanlagenpflege/gewerbegruenpflege.html HTTP/1.1" 200 - "-" "Mozilla/5.0 (compatible; Googlebot/2.1; +http://www.google.com/bot.html)"
93.219.176.8 - - [05/Jul/2014:10:07:03 +0200] "GET / HTTP/1.1" 200 - "-" "Mozilla/5.0 (Windows; U; Windows NT 6.0; de; rv:1.9.2.3) Gecko/20100401 Firefox/3.6.3 ( .NET CLR 3.5.30729)"
93.219.176.8 - - [05/Jul/2014:10:48:36 +0200] "GET /component/mailto/?tmpl=component&link=fcdbae1f04f84c0b90da1200899b1a5c8c97ead8 HTTP/1.1" 200 2700 "-" "Mozilla/5.0 (Windows; U; Windows NT 6.0; de; rv:1.9.2.3) Gecko/20100401 Firefox/3.6.3 ( .NET CLR 3.5.30729)"
186.202.127.48 - - [05/Jul/2014:10:54:11 +0200] "POST /index.php?option=com_jce&task=plugin&plugin=imgmanager&file=imgmanager&version=1576&cid=20 HTTP/1.1" 404 2467 "-" "BOT/0.1 (BOT for JCE)"
186.202.127.48 - - [05/Jul/2014:10:54:11 +0200] "POST /component/user/index.php?option=com_jce&task=plugin&plugin=imgmanager&file=imgmanager&version=1576&cid=20 HTTP/1.1" 404 2467 "-" "BOT/0.1 (BOT for JCE)"
195.233.250.7 - - [05/Jul/2014:11:02:03 +0200] "GET /templates/gk_penguinmail/css/style3.css HTTP/1.1" 304 - "-" "Mozilla/4.0 (compatible;)"
186.202.127.48 - - [05/Jul/2014:10:54:10 +0200] "POST /index.php?option=com_jce&task=plugin&plugin=imgmanager&file=imgmanager&method=form&cid=20&6bc427c8a7981f4fe1f5ac65c1246b5f=cf6dd3cf1923c950586d0dd595c8e20b HTTP/1.1" 500 - "-" "BOT/0.1 (BOT for JCE)"
186.202.127.48 - - [05/Jul/2014:10:54:10 +0200] "POST /component/user/index.php?option=com_jce&task=plugin&plugin=imgmanager&file=imgmanager&method=form&cid=20&6bc427c8a7981f4fe1f5ac65c1246b5f=cf6dd3cf1923c950586d0dd595c8e20b HTTP/1.1" 500 - "-" "BOT/0.1 (BOT for JCE)"
186.202.127.48 - - [05/Jul/2014:11:11:06 +0200] "POST /component/user/index.php?option=com_jce&task=plugin&plugin=imgmanager&file=imgmanager&version=1576&cid=20 HTTP/1.1" 404 2467 "-" "BOT/0.1 (BOT for JCE)"
186.202.127.48 - - [05/Jul/2014:11:11:11 +0200] "POST /index.php?option=com_jce&task=plugin&plugin=imgmanager&file=imgmanager&version=1576&cid=20 HTTP/1.1" 404 2467 "-" "BOT/0.1 (BOT for JCE)"
186.202.127.48 - - [05/Jul/2014:11:11:05 +0200] "POST /component/user/index.php?option=com_jce&task=plugin&plugin=imgmanager&file=imgmanager&method=form&cid=20&6bc427c8a7981f4fe1f5ac65c1246b5f=cf6dd3cf1923c950586d0dd595c8e20b HTTP/1.1" 500 - "-" "BOT/0.1 (BOT for JCE)"
186.202.127.48 - - [05/Jul/2014:11:11:10 +0200] "POST /index.php?option=com_jce&task=plugin&plugin=imgmanager&file=imgmanager&method=form&cid=20&6bc427c8a7981f4fe1f5ac65c1246b5f=cf6dd3cf1923c950586d0dd595c8e20b HTTP/1.1" 500 - "-" "BOT/0.1 (BOT for JCE)"
66.249.64.39 - - [05/Jul/2014:11:22:34 +0200] "GET /unternehmen/impressum.html HTTP/1.1" 200 - "-" "Mozilla/5.0 (compatible; Googlebot/2.1; +http://www.google.com/bot.html)"
186.202.127.48 - - [05/Jul/2014:11:28:12 +0200] "GET /component/user/images/stories/food.php?rf HTTP/1.1" 500 2511 "-" "Mozilla/5.0 (Windows; U; Windows NT 5.1; en-US; rv:1.9.2) Gecko/20100115 Firefox/3.6"
186.202.127.48 - - [05/Jul/2014:11:28:13 +0200] "GET /images/stories/food.php?rf HTTP/1.1" 404 2467 "-" "Mozilla/5.0 (Windows; U; Windows NT 5.1; en-US; rv:1.9.2) Gecko/20100115 Firefox/3.6"
157.55.39.94 - - [05/Jul/2014:12:47:45 +0200] "GET / HTTP/1.1" 200 - "-" "Mozilla/5.0 (compatible; bingbot/2.0; +http://www.bing.com/bingbot.htm)"
66.249.64.39 - - [05/Jul/2014:12:54:10 +0200] "GET /unternehmen/jobs.html HTTP/1.1" 200 - "-" "Mozilla/5.0 (compatible; Googlebot/2.1; +http://www.google.com/bot.html)"
141.8.147.12 - - [05/Jul/2014:13:26:05 +0200] "GET /robots.txt HTTP/1.1" 200 304 "-" "Mozilla/5.0 (compatible; YandexBot/3.0; +http://yandex.com/bots)"
37.58.100.183 - - [05/Jul/2014:13:47:47 +0200] "GET /unternehmen/standorte.html HTTP/1.1" 200 - "-" "Mozilla/5.0 (compatible; AhrefsBot/5.0; +http://ahrefs.com/robot/)"
66.249.83.67 - - [05/Jul/2014:13:52:31 +0200] "GET / HTTP/1.1" 200 - "http://www.google.de/url?sa=t&rct=j&q=&esrc=s&source=web&cd=3&ved=0CDEQFjAB&url=http%3A%2F%2Fwww.straman.de%2F&ei=1ea3U6nhFZzHvAL8QQ&usg=AFQjCNEpeUQQKOp_93iUUo8XSnpqrpjMzA" "Mozilla/4.0 (compatible; MSIE 8.0; Windows NT 6.0; Win64; x64; Trident/4.0)"
66.249.83.67 - - [05/Jul/2014:13:52:32 +0200] "GET /favicon.ico HTTP/1.1" 404 2467 "-" "Mozilla/4.0 (compatible; MSIE 8.0; Windows NT 6.0; Win64; x64; Trident/4.0)"
66.249.64.29 - - [05/Jul/2014:13:55:57 +0200] "GET /downloadbereich.html HTTP/1.1" 200 - "-" "Mozilla/5.0 (compatible; Googlebot/2.1; +http://www.google.com/bot.html)"
207.46.13.5 - - [05/Jul/2014:14:05:14 +0200] "GET /servicebereiche/infrastr-gebaeudemanagement.html?tmpl=component&print=1&page= HTTP/1.1" 404 2467 "-" "Mozilla/5.0 (compatible; bingbot/2.0; +http://www.bing.com/bingbot.htm)"
141.8.147.12 - - [05/Jul/2014:14:19:26 +0200] "GET /news/64-internetseite-relaunched.html HTTP/1.1" 200 - "-" "Mozilla/5.0 (compatible; YandexBot/3.0; +http://yandex.com/bots)"
141.8.147.12 - - [05/Jul/2014:15:05:52 +0200] "GET /referenzen.html HTTP/1.1" 200 - "-" "Mozilla/5.0 (compatible; YandexBot/3.0; +http://yandex.com/bots)"
141.8.147.12 - - [05/Jul/2014:15:08:44 +0200] "GET /component/mailto/?tmpl=component&link=9d82b227f46f4aa413a299b5e0e2ee0d8458346b HTTP/1.1" 200 2700 "-" "Mozilla/5.0 (compatible; YandexBot/3.0; +http://yandex.com/bots)"
188.138.41.137 - - [05/Jul/2014:15:13:43 +0200] "GET /robots.txt HTTP/1.1" 200 304 "-" "Mozilla/5.0 (X11; U; Linux i686; de; rv:1.9.0.1; compatible; iCjobs Stellenangebote Jobs; http://www.icjobs.de) Gecko/20100401 iCjobs/3.2.3"
188.138.41.137 - - [05/Jul/2014:15:13:43 +0200] "GET / HTTP/1.1" 200 - "-" "Mozilla/5.0 (X11; U; Linux i686; de; rv:1.9.0.1; compatible; iCjobs Stellenangebote Jobs; http://www.icjobs.de) Gecko/20100401 iCjobs/3.2.3"
188.138.41.137 - - [05/Jul/2014:15:13:44 +0200] "GET / HTTP/1.1" 200 - "-" "Mozilla/5.0 (X11; U; Linux i686; de; rv:1.9.0.1; compatible; iCjobs Stellenangebote Jobs; http://www.icjobs.de) Gecko/20100401 iCjobs/3.2.3"
66.249.64.34 - - [05/Jul/2014:15:14:13 +0200] "GET /servicebereiche/strassenreinigung.html HTTP/1.1" 200 - "-" "Mozilla/5.0 (compatible; Googlebot/2.1; +http://www.google.com/bot.html)"
157.55.39.117 - - [05/Jul/2014:15:36:04 +0200] "GET /servicebereiche/winterdienst.html HTTP/1.1" 200 - "-" "Mozilla/5.0 (compatible; bingbot/2.0; +http://www.bing.com/bingbot.htm)"
141.8.147.12 - - [05/Jul/2014:15:37:22 +0200] "GET /component/mailto/?tmpl=component&link=4d090a7d0dad0ed1b40abd9c35a75b7faac292cb HTTP/1.1" 200 2700 "-" "Mozilla/5.0 (compatible; YandexBot/3.0; +http://yandex.com/bots)"
66.249.79.249 - - [05/Jul/2014:15:42:28 +0200] "GET /robots.txt HTTP/1.1" 200 304 "-" "Mozilla/5.0 (compatible; Googlebot/2.1; +http://www.google.com/bot.html)"
66.249.79.249 - - [05/Jul/2014:15:42:28 +0200] "GET /unternehmen/historie.html HTTP/1.1" 200 - "-" "Mozilla/5.0 (compatible; Googlebot/2.1; +http://www.google.com/bot.html)"
81.0.199.226 - - [05/Jul/2014:15:59:07 +0200] "GET / HTTP/1.1" 200 - "-" "Mozilla/5.0 (Macintosh; Intel Mac OS X 10.7; rv:22.0) Gecko/20100101 Firefox/22.0"
141.8.147.12 - - [05/Jul/2014:16:38:25 +0200] "GET /news/67-video.html HTTP/1.1" 200 - "-" "Mozilla/5.0 (compatible; YandexBot/3.0; +http://yandex.com/bots)"
66.249.79.239 - - [05/Jul/2014:17:28:58 +0200] "GET /servicebereiche/winterdienst/privatkunden.html HTTP/1.1" 200 - "-" "Mozilla/5.0 (compatible; Googlebot/2.1; +http://www.google.com/bot.html)"
141.8.147.12 - - [05/Jul/2014:17:43:02 +0200] "GET /news/60-ihr-komplettdienstleister-rund-um-die-immobilie.html HTTP/1.1" 200 - "-" "Mozilla/5.0 (compatible; YandexBot/3.0; +http://yandex.com/bots)"
141.8.147.12 - - [05/Jul/2014:18:16:39 +0200] "GET /component/mailto/?tmpl=component&link=36cb8e498b4a9e6511df8fbfa3153ba67680ede8 HTTP/1.1" 200 2700 "-" "Mozilla/5.0 (compatible; YandexBot/3.0; +http://yandex.com/bots)"
141.8.147.12 - - [05/Jul/2014:18:50:16 +0200] "GET /servicebereiche/gruenanlagenpflege/privatgartenpflege/58.html HTTP/1.1" 200 - "-" "Mozilla/5.0 (compatible; YandexBot/3.0; +http://yandex.com/bots)"
66.249.79.239 - - [05/Jul/2014:18:56:18 +0200] "GET /unternehmen/imagevideo-straman.html HTTP/1.1" 200 - "-" "Mozilla/5.0 (compatible; Googlebot/2.1; +http://www.google.com/bot.html)"
157.55.39.117 - - [05/Jul/2014:18:57:05 +0200] "GET / HTTP/1.1" 200 - "-" "Mozilla/5.0 (compatible; bingbot/2.0; +http://www.bing.com/bingbot.htm)"
72.14.199.231 - - [05/Jul/2014:19:31:06 +0200] "GET /index.php?option=com_forme&fid=2&Itemid=65 HTTP/1.1" 200 - "-" "AdsBot-Google (+http://www.google.com/adsbot.html)"
64.233.172.67 - - [05/Jul/2014:19:43:15 +0200] "GET / HTTP/1.1" 200 5615 "http://www.google.de/url?sa=t&rct=j&q=&esrc=s&source=web&cd=1&ved=0CDEQFjAF&url=http%3A%2F%2Fwww.straman.de%2F&ei=Mzm4U8GQM8Lj6QPpZA&usg=AFQjCNEpeUQQKOp_93iUUo8XSnpqrpjMzA" "Mozilla/5.0 (Linux; U; Android 4.1.2; en-us; DROID RAZR Build/9.8.2O-72_VZW-16) AppleWebKit/534.30 (KHTML, like Gecko) Version/4.0 Mobile Safari/534.30"
66.249.88.77 - - [05/Jul/2014:19:43:16 +0200] "GET /templates/gk_penguinmail/css/handheld/handheld.css HTTP/1.1" 200 3827 "http://www.straman.de/" "Mozilla/5.0 (Linux; U; Android 4.1.2; en-us; DROID RAZR Build/9.8.2O-72_VZW-16) AppleWebKit/534.30 (KHTML, like Gecko) Version/4.0 Mobile Safari/534.30"
66.249.88.77 - - [05/Jul/2014:19:43:16 +0200] "GET /media/system/js/caption.js HTTP/1.1" 200 1963 "http://www.straman.de/" "Mozilla/5.0 (Linux; U; Android 4.1.2; en-us; DROID RAZR Build/9.8.2O-72_VZW-16) AppleWebKit/534.30 (KHTML, like Gecko) Version/4.0 Mobile Safari/534.30"
66.249.88.77 - - [05/Jul/2014:19:43:16 +0200] "GET /templates/gk_penguinmail/css/template.css HTTP/1.1" 200 9192 "http://www.straman.de/" "Mozilla/5.0 (Linux; U; Android 4.1.2; en-us; DROID RAZR Build/9.8.2O-72_VZW-16) AppleWebKit/534.30 (KHTML, like Gecko) Version/4.0 Mobile Safari/534.30"
66.249.88.77 - - [05/Jul/2014:19:43:16 +0200] "GET /media/system/js/mootools.js HTTP/1.1" 200 74434 "http://www.straman.de/" "Mozilla/5.0 (Linux; U; Android 4.1.2; en-us; DROID RAZR Build/9.8.2O-72_VZW-16) AppleWebKit/534.30 (KHTML, like Gecko) Version/4.0 Mobile Safari/534.30"
66.249.88.77 - - [05/Jul/2014:19:43:17 +0200] "GET /templates/gk_penguinmail/images/logo.png HTTP/1.1" 200 6608 "http://www.straman.de/" "Mozilla/5.0 (Linux; U; Android 4.1.2; en-us; DROID RAZR Build/9.8.2O-72_VZW-16) AppleWebKit/534.30 (KHTML, like Gecko) Version/4.0 Mobile Safari/534.30"
141.8.147.12 - - [05/Jul/2014:20:10:44 +0200] "GET /component/mailto/?tmpl=component&link=a0f90e3f2e376ffb85cf3950f8f5ab75a77cab80 HTTP/1.1" 200 2700 "-" "Mozilla/5.0 (compatible; YandexBot/3.0; +http://yandex.com/bots)"
74.52.245.146 - - [05/Jul/2014:20:10:59 +0200] "GET / HTTP/1.0" 200 - "-" "Mozilla/5.0 (X11; U; Linux i686; en-US; rv:1.7.5) Gecko/20041107 Firefox/1.0"
157.55.39.119 - - [05/Jul/2014:20:13:38 +0200] "GET /unternehmen/impressum.html HTTP/1.1" 200 - "-" "Mozilla/5.0 (compatible; bingbot/2.0; +http://www.bing.com/bingbot.htm)"
66.249.79.249 - - [05/Jul/2014:20:15:07 +0200] "GET /imagevideo-straman/58.html HTTP/1.1" 200 - "-" "Mozilla/5.0 (compatible; Googlebot/2.1; +http://www.google.com/bot.html)"
157.55.39.119 - - [05/Jul/2014:20:50:00 +0200] "GET /robots.txt HTTP/1.1" 200 304 "-" "Mozilla/5.0 (compatible; bingbot/2.0; +http://www.bing.com/bingbot.htm)"
217.69.133.5 - - [05/Jul/2014:20:51:07 +0200] "GET /robots.txt HTTP/1.1" 200 304 "-" "Mozilla/5.0 (compatible; Linux x86_64; Mail.RU_Bot/2.0; +http://go.mail.ru/help/robots)"
217.69.133.3 - - [05/Jul/2014:20:51:08 +0200] "GET /servicebereiche/gruenanlagenpflege/privatgartenpflege/58.html HTTP/1.1" 200 - "-" "Mozilla/5.0 (compatible; Linux x86_64; Mail.RU_Bot/2.0; +http://go.mail.ru/help/robots)"
157.55.39.119 - - [05/Jul/2014:20:51:12 +0200] "GET /unternehmen/impressum.html HTTP/1.1" 200 - "-" "Mozilla/5.0 (compatible; bingbot/2.0; +http://www.bing.com/bingbot.htm)"
66.249.79.239 - - [05/Jul/2014:20:57:43 +0200] "GET /servicebereiche/winterdienst/58.html HTTP/1.1" 200 - "-" "Mozilla/5.0 (compatible; Googlebot/2.1; +http://www.google.com/bot.html)"
141.8.147.12 - - [05/Jul/2014:21:10:19 +0200] "GET /component/mailto/?tmpl=component&link=205696e9adce86435d9526713c5415b85c4ae147 HTTP/1.1" 200 2700 "-" "Mozilla/5.0 (compatible; YandexBot/3.0; +http://yandex.com/bots)"
141.8.147.12 - - [05/Jul/2014:21:39:58 +0200] "GET /component/mailto/?tmpl=component&link=252ec4da9c45924a6bae471c21ca6bf7bbaffdcc HTTP/1.1" 200 2700 "-" "Mozilla/5.0 (compatible; YandexBot/3.0; +http://yandex.com/bots)"
66.249.79.239 - - [05/Jul/2014:22:16:32 +0200] "GET /component/content/article/34-garten-und-landschaftsbau/73-privatgartenpflege.html HTTP/1.1" 200 - "-" "Mozilla/5.0 (compatible; Googlebot/2.1; +http://www.google.com/bot.html)"
66.249.79.226 - - [05/Jul/2014:23:16:11 +0200] "GET /component/content/article/34-garten-und-landschaftsbau/74-gewerbegruenpflege.html HTTP/1.1" 200 - "-" "Mozilla/5.0 (compatible; Googlebot/2.1; +http://www.google.com/bot.html)"
37.58.100.178 - - [05/Jul/2014:23:17:39 +0200] "GET /downloadbereich/58.html HTTP/1.1" 200 - "-" "Mozilla/5.0 (compatible; AhrefsBot/5.0; +http://ahrefs.com/robot/)"
195.233.250.7 - - [05/Jul/2014:23:49:40 +0200] "GET /templates/gk_penguinmail/fonts/PT-Seans/PTN77F-webfont.eot HTTP/1.1" 304 - "-" "Mozilla/4.0 (compatible;)"
66.249.79.239 - - [06/Jul/2014:00:22:13 +0200] "GET /unternehmen/impressum/58.html HTTP/1.1" 200 - "-" "Mozilla/5.0 (compatible; Googlebot/2.1; +http://www.google.com/bot.html)"
68.180.225.100 - - [06/Jul/2014:00:34:11 +0200] "GET /robots.txt HTTP/1.1" 200 304 "-" "Mozilla/5.0 (compatible; Yahoo! Slurp; http://help.yahoo.com/help/us/ysearch/slurp)"
68.180.225.100 - - [06/Jul/2014:00:34:12 +0200] "GET /component/forme/?fid=2 HTTP/1.1" 200 - "-" "Mozilla/5.0 (compatible; Yahoo! Slurp; http://help.yahoo.com/help/us/ysearch/slurp)"
66.249.84.90 - - [06/Jul/2014:01:04:39 +0200] "GET /index.php?option=com_forme&fid=2&Itemid=65 HTTP/1.1" 200 - "http://www.google.de/url?sa=t&rct=j&q=&esrc=s&source=web&cd=1&ved=0CCAQFjAD&url=http%3A%2F%2Fwww.straman.de%2Findex.php%3Foption%3Dcom_forme%26fid%3D2%26amp%3BItemid%3D65&ei=YYS4U7_NF4ef0gSsSA&usg=AFQjCNH-uAIs0AnvWuLWYlXIe0-1B7sI5A" "Mozilla/4.0 (compatible; MSIE 8.0; Windows NT 6.1; WOW64; Trident/4.0; GTB7.5; SLCC2; .NET CLR 2.0.50727; .NET CLR 3.5.30729; .NET CLR 3.0.30729; Media Center PC 6.0)"
66.249.84.90 - - [06/Jul/2014:01:04:40 +0200] "GET /favicon.ico HTTP/1.1" 404 2467 "-" "Mozilla/4.0 (compatible; MSIE 8.0; Windows NT 6.1; WOW64; Trident/4.0; GTB7.5; SLCC2; .NET CLR 2.0.50727; .NET CLR 3.5.30729; .NET CLR 3.0.30729; Media Center PC 6.0)"
66.249.79.249 - - [06/Jul/2014:01:41:02 +0200] "GET /servicebereiche/winterdienst/gewerbliche-kunden.html HTTP/1.1" 200 - "-" "Mozilla/5.0 (compatible; Googlebot/2.1; +http://www.google.com/bot.html)"
72.14.199.244 - - [06/Jul/2014:01:48:36 +0200] "GET / HTTP/1.1" 200 - "-" "AdsBot-Google (+http://www.google.com/adsbot.html)"
72.14.199.231 - - [06/Jul/2014:01:48:37 +0200] "GET / HTTP/1.1" 200 8922 "-" "AdsBot-Google-Mobile (+http://www.google.com/mobile/adsbot.html) Mozilla (iPhone; U; CPU iPhone OS 3 0 like Mac OS X) AppleWebKit (KHTML, like Gecko) Mobile Safari"
72.14.199.251 - - [06/Jul/2014:01:48:53 +0200] "GET /media/system/js/caption.js HTTP/1.1" 200 1963 "-" "AdsBot-Google-Mobile (+http://www.google.com/mobile/adsbot.html) Mozilla (iPhone; U; CPU iPhone OS 3 0 like Mac OS X) AppleWebKit (KHTML, like Gecko) Mobile Safari"
72.14.199.251 - - [06/Jul/2014:01:48:53 +0200] "GET /templates/gk_penguinmail/css/template.css HTTP/1.1" 200 9192 "-" "AdsBot-Google-Mobile (+http://www.google.com/mobile/adsbot.html) Mozilla (iPhone; U; CPU iPhone OS 3 0 like Mac OS X) AppleWebKit (KHTML, like Gecko) Mobile Safari"
72.14.199.244 - - [06/Jul/2014:01:48:54 +0200] "GET /templates/gk_penguinmail/js/iphone.js HTTP/1.1" 200 5379 "-" "AdsBot-Google-Mobile (+http://www.google.com/mobile/adsbot.html) Mozilla (iPhone; U; CPU iPhone OS 3 0 like Mac OS X) AppleWebKit (KHTML, like Gecko) Mobile Safari"
72.14.199.231 - - [06/Jul/2014:01:48:54 +0200] "GET /media/system/js/mootools.js HTTP/1.1" 200 74434 "-" "AdsBot-Google-Mobile (+http://www.google.com/mobile/adsbot.html) Mozilla (iPhone; U; CPU iPhone OS 3 0 like Mac OS X) AppleWebKit (KHTML, like Gecko) Mobile Safari"
72.14.199.251 - - [06/Jul/2014:01:48:55 +0200] "GET /templates/gk_penguinmail/css/handheld/iphone.css HTTP/1.1" 200 5360 "-" "AdsBot-Google-Mobile (+http://www.google.com/mobile/adsbot.html) Mozilla (iPhone; U; CPU iPhone OS 3 0 like Mac OS X) AppleWebKit (KHTML, like Gecko) Mobile Safari"
101.226.168.254 - - [06/Jul/2014:02:30:20 +0200] "GET /robots.txt HTTP/1.1" 200 304 "http://www.straman.de/robots.txt" "Mozilla/5.0 (Windows NT 6.1) AppleWebKit/537.1 (KHTML, like Gecko) Chrome/21.0.1180.89 Safari/537.1; 360Spider"
188.102.72.24 - - [06/Jul/2014:02:34:15 +0200] "GET / HTTP/1.1" 200 - "http://www.google.de/aclk?sa=L&ai=CGk4UZJm4U777D-KbywOVwoHoCumv--cFmdy5goMBmuH3CwgAEAIgtlQoA1Dz5ISI-_____8BYJX68IGMB8gBAakCBVpYNLjNtj6qBCRP0Ef8LYOQEu7JQf51_MC4Ue3hIyRXGg4qd1WKeh83se_k79mABZBOgAeZjfNBkAcD&sig=AOD64_3va84Oa3-MxxdsAsq5fDF_od8FTg&rct=j&q=&ved=0CCwQ0Qw&adurl=http://www.straman.de" "Mozilla/5.0 (Windows NT 6.1; WOW64; rv:30.0) Gecko/20100101 Firefox/30.0"
188.102.72.24 - - [06/Jul/2014:02:34:16 +0200] "GET /favicon.ico HTTP/1.1" 404 2467 "-" "Mozilla/5.0 (Windows NT 6.1; WOW64; rv:30.0) Gecko/20100101 Firefox/30.0"
188.102.72.24 - - [06/Jul/2014:02:34:16 +0200] "GET /favicon.ico HTTP/1.1" 404 2467 "-" "Mozilla/5.0 (Windows NT 6.1; WOW64; rv:30.0) Gecko/20100101 Firefox/30.0"
62.89.170.228 - - [06/Jul/2014:02:49:49 +0200] "GET / HTTP/1.1" 200 - "-" "Mozilla/5.0 (Windows NT 6.2; WOW64; rv:22.0) Gecko/20100101 Firefox/22.0"
66.249.79.239 - - [06/Jul/2014:02:53:28 +0200] "GET /servicebereiche/winterdienst/gewerbliche-kunden/58.html HTTP/1.1" 200 - "-" "Mozilla/5.0 (compatible; Googlebot/2.1; +http://www.google.com/bot.html)"
87.123.114.214 - - [06/Jul/2014:02:57:54 +0200] "GET / HTTP/1.1" 200 5615 "http://www.google.de/aclk?sa=L&ai=Cem25CZ-4U4bKPInMiwaa0ILYD-mv--cFmdy5goMBqsDgBggAEAEgs7SHGFDz5ISI-_____8BYJX68IGMB8gBAakCBVpYNLjNtj6qBCVP0A1Su5Ji0g4fSPY04Vgp5E2JXFxxhN8A63pzllDfNt5b4Al_gAWz-P4Y2AYEgAeZjfNBkAcD&sig=AOD64_2PBVwargdOewjeqZeDTrv7dzRIFw&rct=j&q=&ved=0CB8Q0Qw&adurl=http://www.straman.de" "Mozilla/5.0 (Linux; U; Android 4.1.2; de-de; GT-N8000 Build/JZO54K) AppleWebKit/534.30 (KHTML, like Gecko) Version/4.0 Safari/534.30"
87.123.114.214 - - [06/Jul/2014:02:57:55 +0200] "GET /media/system/js/caption.js HTTP/1.1" 200 1963 "http://www.straman.de/" "Mozilla/5.0 (Linux; U; Android 4.1.2; de-de; GT-N8000 Build/JZO54K) AppleWebKit/534.30 (KHTML, like Gecko) Version/4.0 Safari/534.30"
87.123.114.214 - - [06/Jul/2014:02:57:55 +0200] "GET /templates/gk_penguinmail/css/handheld/handheld.css HTTP/1.1" 200 3827 "http://www.straman.de/" "Mozilla/5.0 (Linux; U; Android 4.1.2; de-de; GT-N8000 Build/JZO54K) AppleWebKit/534.30 (KHTML, like Gecko) Version/4.0 Safari/534.30"
87.123.114.214 - - [06/Jul/2014:02:57:55 +0200] "GET /templates/gk_penguinmail/css/template.css HTTP/1.1" 200 9192 "http://www.straman.de/" "Mozilla/5.0 (Linux; U; Android 4.1.2; de-de; GT-N8000 Build/JZO54K) AppleWebKit/534.30 (KHTML, like Gecko) Version/4.0 Safari/534.30"
87.123.114.214 - - [06/Jul/2014:02:57:55 +0200] "GET /media/system/js/mootools.js HTTP/1.1" 200 74434 "http://www.straman.de/" "Mozilla/5.0 (Linux; U; Android 4.1.2; de-de; GT-N8000 Build/JZO54K) AppleWebKit/534.30 (KHTML, like Gecko) Version/4.0 Safari/534.30"
87.123.114.214 - - [06/Jul/2014:02:57:55 +0200] "GET /templates/gk_penguinmail/images/logo.png HTTP/1.1" 200 6608 "http://www.straman.de/" "Mozilla/5.0 (Linux; U; Android 4.1.2; de-de; GT-N8000 Build/JZO54K) AppleWebKit/534.30 (KHTML, like Gecko) Version/4.0 Safari/534.30"
208.115.111.71 - - [06/Jul/2014:03:03:22 +0200] "GET /robots.txt HTTP/1.1" 200 304 "-" "Mozilla/5.0 (compatible; DotBot/1.1; http://www.opensiteexplorer.org/dotbot, help@moz.com)"
148.251.75.46 - - [06/Jul/2014:03:27:31 +0200] "GET / HTTP/1.1" 200 - "-" "Mozilla/5.0 (Windows NT 6.2; Win64; x64;) Gecko/20100101 Firefox/20.0"
148.251.75.46 - - [06/Jul/2014:03:27:41 +0200] "GET / HTTP/1.1" 200 - "-" "Mozilla/5.0 (X11; Linux i686; rv:21.0) Gecko/20100101 Firefox/21.0"
148.251.75.46 - - [06/Jul/2014:03:27:42 +0200] "GET / HTTP/1.1" 200 - "-" "Mozilla/5.0 (Windows NT 6.1; WOW64) AppleWebKit/537.31 (KHTML, like Gecko) Chrome/26.0.1410.64 Safari/537.31"
148.251.75.46 - - [06/Jul/2014:03:27:44 +0200] "GET / HTTP/1.1" 200 - "-" "Mozilla/5.0 (Macintosh; Intel Mac OS X 1084) AppleWebKit/536.28.10 (KHTML like Gecko) Version/6.0.3 Safari/536.28.10"
148.251.75.46 - - [06/Jul/2014:03:27:46 +0200] "GET / HTTP/1.1" 200 - "-" "Mozilla/5.0 (Windows NT 6.1) AppleWebKit/537.22 (KHTML, like Gecko) Chrome/25.0.1364.169 Safari/537.22"
148.251.75.46 - - [06/Jul/2014:03:28:24 +0200] "GET /unternehmen/impressum.html HTTP/1.1" 200 - "-" "Mozilla/5.0 (X11; Ubuntu; Linux i686; rv:14.0) Gecko/20100101 Firefox/14.0.1"
148.251.75.46 - - [06/Jul/2014:03:28:45 +0200] "GET /unternehmen/impressum.html HTTP/1.1" 200 - "-" "Mozilla/5.0 (Windows NT 5.1; rv:11.0) Gecko Firefox/11.0"
148.251.75.46 - - [06/Jul/2014:03:28:54 +0200] "GET /unternehmen/impressum.html HTTP/1.1" 200 - "-" "Mozilla/5.0 (Macintosh; Intel Mac OS X 10.8; rv:21.0) Gecko/20100101 Firefox/21.0"
148.251.75.46 - - [06/Jul/2014:03:29:15 +0200] "GET /unternehmen/impressum.html HTTP/1.1" 200 - "-" "Mozilla/5.0 (compatible; MSIE 10.0; Windows NT 6.1; WOW64; Trident/6.0)"
66.249.79.226 - - [06/Jul/2014:04:03:45 +0200] "GET /unternehmen/imagevideo-straman/58.html HTTP/1.1" 200 - "-" "Mozilla/5.0 (compatible; Googlebot/2.1; +http://www.google.com/bot.html)"
93.215.19.148 - - [06/Jul/2014:04:16:24 +0200] "GET / HTTP/1.1" 200 - "-" "Mozilla/5.0 (Windows NT 6.2; WOW64; rv:22.0) Gecko/20100101 Firefox/22.0"
125.209.208.5 - - [06/Jul/2014:04:25:20 +0200] "GET /robots.txt HTTP/1.1" 200 304 "-" "Yeti/1.0 (NHN Corp.; http://help.naver.com/robots/)"
125.209.208.10 - - [06/Jul/2014:04:25:21 +0200] "GET / HTTP/1.1" 200 - "-" "Yeti/1.0 (NHN Corp.; http://help.naver.com/robots/)"
157.55.39.33 - - [06/Jul/2014:04:37:57 +0200] "GET /news/61-wir-begruessen-sie-auf-den-seiten-von-straman-ihren-komplettdienstleister-rund-um-die-immobilie.html HTTP/1.1" 200 - "-" "Mozilla/5.0 (compatible; bingbot/2.0; +http://www.bing.com/bingbot.htm)"
46.29.255.134 - - [06/Jul/2014:04:46:57 +0200] "GET / HTTP/1.1" 200 5615 "-" "Java/1.6.0_04"
46.29.255.134 - - [06/Jul/2014:04:46:57 +0200] "GET /. HTTP/1.1" 200 5617 "-" "Java/1.6.0_04"
46.29.255.134 - - [06/Jul/2014:04:46:58 +0200] "GET /downloadbereich.html HTTP/1.1" 200 7145 "-" "Java/1.6.0_04"
46.29.255.134 - - [06/Jul/2014:04:46:58 +0200] "GET /index.php HTTP/1.1" 200 5633 "-" "Java/1.6.0_04"
46.29.255.134 - - [06/Jul/2014:04:46:58 +0200] "GET /kontakt.html HTTP/1.1" 200 7773 "-" "Java/1.6.0_04"
46.29.255.134 - - [06/Jul/2014:04:46:59 +0200] "GET /news.html HTTP/1.1" 200 22530 "-" "Java/1.6.0_04"
46.29.255.134 - - [06/Jul/2014:04:46:59 +0200] "GET /referenzen.html HTTP/1.1" 200 364679 "-" "Java/1.6.0_04"
46.29.255.134 - - [06/Jul/2014:04:47:02 +0200] "GET /news.feed?type=atom HTTP/1.1" 200 30035 "-" "Java/1.6.0_04"
46.29.255.134 - - [06/Jul/2014:04:47:03 +0200] "GET /news.feed?type=rss HTTP/1.1" 200 14503 "-" "Java/1.6.0_04"
46.29.255.134 - - [06/Jul/2014:04:47:04 +0200] "GET /?ui=desktop HTTP/1.1" 200 5626 "-" "Java/1.6.0_04"
46.29.255.134 - - [06/Jul/2014:04:47:04 +0200] "GET /images/karte-standorte.png HTTP/1.1" 200 62546 "-" "Java/1.6.0_04"
46.29.255.134 - - [06/Jul/2014:04:47:05 +0200] "GET /news/60-ihr-komplettdienstleister-rund-um-die-immobilie.html HTTP/1.1" 200 9375 "-" "Java/1.6.0_04"
46.29.255.134 - - [06/Jul/2014:04:47:05 +0200] "GET /news/61-wir-begruessen-sie-auf-den-seiten-von-straman-ihren-komplettdienstleister-rund-um-die-immobilie.html?tmpl=component&print=1&layout=default&page= HTTP/1.1" 200 7669 "-" "Java/1.6.0_04"
46.29.255.134 - - [06/Jul/2014:04:47:05 +0200] "GET /news/62-alles-neu-macht-der-mai.html?tmpl=component&print=1&layout=default&page= HTTP/1.1" 200 4029 "-" "Java/1.6.0_04"
46.29.255.134 - - [06/Jul/2014:04:47:06 +0200] "GET /news/64-internetseite-relaunched.html?tmpl=component&print=1&layout=default&page= HTTP/1.1" 200 2927 "-" "Java/1.6.0_04"
46.29.255.134 - - [06/Jul/2014:04:47:06 +0200] "GET /news/67-video.html?tmpl=component&print=1&layout=default&page= HTTP/1.1" 200 2536 "-" "Java/1.6.0_04"
46.29.255.134 - - [06/Jul/2014:04:47:06 +0200] "GET /news/78-todt.html?tmpl=component&print=1&layout=default&page= HTTP/1.1" 200 3647 "-" "Java/1.6.0_04"
46.29.255.134 - - [06/Jul/2014:04:47:07 +0200] "GET //index.php HTTP/1.1" 200 5634 "-" "Java/1.6.0_04"
46.29.255.134 - - [06/Jul/2014:04:47:07 +0200] "GET /news/index.php HTTP/1.1" 200 22535 "-" "Java/1.6.0_04"
46.29.255.134 - - [06/Jul/2014:04:47:08 +0200] "GET /component/user/login.html HTTP/1.1" 200 9758 "-" "Java/1.6.0_04"
46.29.255.134 - - [06/Jul/2014:04:47:08 +0200] "GET /images/M_images/pdf_button.png HTTP/1.1" 200 582 "-" "Java/1.6.0_04"
46.29.255.134 - - [06/Jul/2014:04:47:08 +0200] "GET /component/user/index.php HTTP/1.1" 200 5199 "-" "Java/1.6.0_04"
46.29.255.134 - - [06/Jul/2014:04:47:09 +0200] "GET /component/user/register.html HTTP/1.1" 200 7154 "-" "Java/1.6.0_04"
46.29.255.134 - - [06/Jul/2014:04:47:09 +0200] "GET /component/user/reset.html HTTP/1.1" 200 6027 "-" "Java/1.6.0_04"
46.29.255.134 - - [06/Jul/2014:04:47:09 +0200] "GET /component/user HTTP/1.1" 200 5188 "-" "Java/1.6.0_04"
46.29.255.134 - - [06/Jul/2014:04:47:10 +0200] "GET /media/system/js/caption.js HTTP/1.1" 200 1963 "-" "Java/1.6.0_04"
46.29.255.134 - - [06/Jul/2014:04:47:10 +0200] "GET /media/system/js/mootools.js HTTP/1.1" 200 74434 "-" "Java/1.6.0_04"
46.29.255.134 - - [06/Jul/2014:04:47:10 +0200] "GET /component/mailto/?tmpl=component&link=2343f1e43209db7cdb1141eecc20370554e33032 HTTP/1.1" 200 2700 "-" "Java/1.6.0_04"
46.29.255.134 - - [06/Jul/2014:04:47:11 +0200] "GET /component/mailto HTTP/1.1" 403 2456 "-" "Java/1.6.0_04"
46.29.255.134 - - [06/Jul/2014:04:47:11 +0200] "GET /templates/gk_penguinmail/images/emailButton.png HTTP/1.1" 200 365 "-" "Java/1.6.0_04"
46.29.255.134 - - [06/Jul/2014:04:47:11 +0200] "GET /templates/gk_penguinmail/images/pdf_button.png HTTP/1.1" 200 500 "-" "Java/1.6.0_04"
46.29.255.134 - - [06/Jul/2014:04:47:11 +0200] "GET /templates/gk_penguinmail/images/printButton.png HTTP/1.1" 200 442 "-" "Java/1.6.0_04"
46.29.255.134 - - [06/Jul/2014:04:47:11 +0200] "GET /media/system/js/validate.js HTTP/1.1" 200 4246 "-" "Java/1.6.0_04"
46.29.255.134 - - [06/Jul/2014:04:47:12 +0200] "GET /media/system/js/)return null;if(el.htmlElement)return Garbage.collect(el);if([ HTTP/1.1" 404 2467 "-" "Java/1.6.0_04"
46.29.255.134 - - [06/Jul/2014:04:47:12 +0200] "GET /media/system/js/};function $defined(obj){return(obj!=undefined);};function $type(obj){if(!$defined(obj))return false;if(obj.htmlElement)return HTTP/1.1" 404 2467 "-" "Java/1.6.0_04"
46.29.255.134 - - [06/Jul/2014:04:47:13 +0200] "GET /components/com_mailto/assets/close-x.png HTTP/1.1" 200 162 "-" "Java/1.6.0_04"
46.29.255.134 - - [06/Jul/2014:04:47:13 +0200] "GET //www.youtube-nocookie.com/embed/7Ur3wXB3ImA HTTP/1.1" 404 2467 "-" "Java/1.6.0_04"
208.115.111.71 - - [06/Jul/2014:04:58:57 +0200] "GET /unternehmen/jobs.html HTTP/1.1" 200 - "-" "Mozilla/5.0 (compatible; DotBot/1.1; http://www.opensiteexplorer.org/dotbot, help@moz.com)"
66.249.79.239 - - [06/Jul/2014:05:01:16 +0200] "GET /news/78-todt.html HTTP/1.1" 200 - "-" "Mozilla/5.0 (compatible; Googlebot/2.1; +http://www.google.com/bot.html)"
208.115.113.87 - - [06/Jul/2014:05:05:14 +0200] "GET /robots.txt HTTP/1.1" 200 304 "-" "Mozilla/5.0 (compatible; DotBot/1.1; http://www.opensiteexplorer.org/dotbot, help@moz.com)"
213.209.114.129 - - [06/Jul/2014:05:43:51 +0200] "GET / HTTP/1.1" 200 - "-" "Mozilla/5.0 (Windows NT 6.2; WOW64; rv:22.0) Gecko/20100101 Firefox/22.0"
178.77.126.55 - - [06/Jul/2014:06:38:29 +0200] "GET /robots.txt HTTP/1.1" 200 304 "-" "Mozilla/5.0 (compatible; CareerBot/1.1; +http://www.career-x.de/bot.html)"
178.77.126.55 - - [06/Jul/2014:06:38:29 +0200] "GET / HTTP/1.1" 200 - "-" "Mozilla/5.0 (compatible; CareerBot/1.1; +http://www.career-x.de/bot.html)"
89.204.153.243 - - [06/Jul/2014:06:42:01 +0200] "GET / HTTP/1.1" 200 5615 "http://www.google.de/search?hl=de&redir_esc=&client=ms-android-hms-tef-de&source=android-search-app&v=133247963&qsubts=1404621636922&q=gartenaccessoires&v=133247963" "Mozilla/5.0 (Linux; U; Android 2.3.4; de-de; SonyEricssonLT18i Build/4.0.2.A.0.69) AppleWebKit/533.1 (KHTML, like Gecko) Version/4.0 Mobile Safari/533.1"
89.204.153.243 - - [06/Jul/2014:06:42:01 +0200] "GET /media/system/js/caption.js HTTP/1.1" 200 1963 "http://www.straman.de/" "Mozilla/5.0 (Linux; U; Android 2.3.4; de-de; SonyEricssonLT18i Build/4.0.2.A.0.69) AppleWebKit/533.1 (KHTML, like Gecko) Version/4.0 Mobile Safari/533.1"
89.204.153.243 - - [06/Jul/2014:06:42:01 +0200] "GET /templates/gk_penguinmail/css/template.css HTTP/1.1" 200 9192 "http://www.straman.de/" "Mozilla/5.0 (Linux; U; Android 2.3.4; de-de; SonyEricssonLT18i Build/4.0.2.A.0.69) AppleWebKit/533.1 (KHTML, like Gecko) Version/4.0 Mobile Safari/533.1"
89.204.153.243 - - [06/Jul/2014:06:42:01 +0200] "GET /templates/gk_penguinmail/css/handheld/handheld.css HTTP/1.1" 200 3827 "http://www.straman.de/" "Mozilla/5.0 (Linux; U; Android 2.3.4; de-de; SonyEricssonLT18i Build/4.0.2.A.0.69) AppleWebKit/533.1 (KHTML, like Gecko) Version/4.0 Mobile Safari/533.1"
89.204.153.243 - - [06/Jul/2014:06:42:01 +0200] "GET /media/system/js/mootools.js HTTP/1.1" 200 74434 "http://www.straman.de/" "Mozilla/5.0 (Linux; U; Android 2.3.4; de-de; SonyEricssonLT18i Build/4.0.2.A.0.69) AppleWebKit/533.1 (KHTML, like Gecko) Version/4.0 Mobile Safari/533.1"
89.204.153.243 - - [06/Jul/2014:06:42:02 +0200] "GET /templates/gk_penguinmail/images/logo.png HTTP/1.1" 200 6608 "http://www.straman.de/" "Mozilla/5.0 (Linux; U; Android 2.3.4; de-de; SonyEricssonLT18i Build/4.0.2.A.0.69) AppleWebKit/533.1 (KHTML, like Gecko) Version/4.0 Mobile Safari/533.1"
89.204.153.243 - - [06/Jul/2014:06:42:02 +0200] "GET /templates/gk_penguinmail/favicon.ico HTTP/1.1" 200 5686 "http://www.straman.de/" "Mozilla/5.0 (Linux; U; Android 2.3.4; de-de; SonyEricssonLT18i Build/4.0.2.A.0.69) AppleWebKit/533.1 (KHTML, like Gecko) Version/4.0 Mobile Safari/533.1"
89.204.153.243 - - [06/Jul/2014:06:42:30 +0200] "POST /index.php HTTP/1.1" 303 - "http://www.straman.de/" "Mozilla/5.0 (Linux; U; Android 2.3.4; de-de; SonyEricssonLT18i Build/4.0.2.A.0.69) AppleWebKit/533.1 (KHTML, like Gecko) Version/4.0 Mobile Safari/533.1"
89.204.153.243 - - [06/Jul/2014:06:42:30 +0200] "GET /component/search/?searchword=dengel&ordering=&searchphrase=all HTTP/1.1" 200 7721 "http://www.straman.de/" "Mozilla/5.0 (Linux; U; Android 2.3.4; de-de; SonyEricssonLT18i Build/4.0.2.A.0.69) AppleWebKit/533.1 (KHTML, like Gecko) Version/4.0 Mobile Safari/533.1"
89.204.153.243 - - [06/Jul/2014:06:42:31 +0200] "GET /media/system/js/mootools.js HTTP/1.1" 304 - "http://www.straman.de/component/search/?searchword=dengel&ordering=&searchphrase=all" "Mozilla/5.0 (Linux; U; Android 2.3.4; de-de; SonyEricssonLT18i Build/4.0.2.A.0.69) AppleWebKit/533.1 (KHTML, like Gecko) Version/4.0 Mobile Safari/533.1"
89.204.153.243 - - [06/Jul/2014:06:42:31 +0200] "GET /templates/gk_penguinmail/css/handheld/handheld.css HTTP/1.1" 304 - "http://www.straman.de/component/search/?searchword=dengel&ordering=&searchphrase=all" "Mozilla/5.0 (Linux; U; Android 2.3.4; de-de; SonyEricssonLT18i Build/4.0.2.A.0.69) AppleWebKit/533.1 (KHTML, like Gecko) Version/4.0 Mobile Safari/533.1"
89.204.153.243 - - [06/Jul/2014:06:42:31 +0200] "GET /templates/gk_penguinmail/images/logo.png HTTP/1.1" 304 - "http://www.straman.de/component/search/?searchword=dengel&ordering=&searchphrase=all" "Mozilla/5.0 (Linux; U; Android 2.3.4; de-de; SonyEricssonLT18i Build/4.0.2.A.0.69) AppleWebKit/533.1 (KHTML, like Gecko) Version/4.0 Mobile Safari/533.1"
89.204.153.243 - - [06/Jul/2014:06:42:45 +0200] "POST /component/search/ HTTP/1.1" 303 - "http://www.straman.de/component/search/?searchword=dengel&ordering=&searchphrase=all" "Mozilla/5.0 (Linux; U; Android 2.3.4; de-de; SonyEricssonLT18i Build/4.0.2.A.0.69) AppleWebKit/533.1 (KHTML, like Gecko) Version/4.0 Mobile Safari/533.1"
89.204.153.243 - - [06/Jul/2014:06:42:45 +0200] "GET /component/search/?searchword=dengel&ordering=newest&searchphrase=all HTTP/1.1" 200 7747 "http://www.straman.de/component/search/?searchword=dengel&ordering=&searchphrase=all" "Mozilla/5.0 (Linux; U; Android 2.3.4; de-de; SonyEricssonLT18i Build/4.0.2.A.0.69) AppleWebKit/533.1 (KHTML, like Gecko) Version/4.0 Mobile Safari/533.1"
89.204.153.243 - - [06/Jul/2014:06:42:46 +0200] "GET /media/system/js/mootools.js HTTP/1.1" 304 - "http://www.straman.de/component/search/?searchword=dengel&ordering=newest&searchphrase=all" "Mozilla/5.0 (Linux; U; Android 2.3.4; de-de; SonyEricssonLT18i Build/4.0.2.A.0.69) AppleWebKit/533.1 (KHTML, like Gecko) Version/4.0 Mobile Safari/533.1"
89.204.153.243 - - [06/Jul/2014:06:42:46 +0200] "GET /templates/gk_penguinmail/css/handheld/handheld.css HTTP/1.1" 304 - "http://www.straman.de/component/search/?searchword=dengel&ordering=newest&searchphrase=all" "Mozilla/5.0 (Linux; U; Android 2.3.4; de-de; SonyEricssonLT18i Build/4.0.2.A.0.69) AppleWebKit/533.1 (KHTML, like Gecko) Version/4.0 Mobile Safari/533.1"
89.204.153.243 - - [06/Jul/2014:06:42:46 +0200] "GET /templates/gk_penguinmail/images/logo.png HTTP/1.1" 304 - "http://www.straman.de/component/search/?searchword=dengel&ordering=newest&searchphrase=all" "Mozilla/5.0 (Linux; U; Android 2.3.4; de-de; SonyEricssonLT18i Build/4.0.2.A.0.69) AppleWebKit/533.1 (KHTML, like Gecko) Version/4.0 Mobile Safari/533.1"
89.204.153.243 - - [06/Jul/2014:06:42:59 +0200] "POST /component/search/index.php HTTP/1.1" 303 - "http://www.straman.de/component/search/?searchword=dengel&ordering=newest&searchphrase=all" "Mozilla/5.0 (Linux; U; Android 2.3.4; de-de; SonyEricssonLT18i Build/4.0.2.A.0.69) AppleWebKit/533.1 (KHTML, like Gecko) Version/4.0 Mobile Safari/533.1"
89.204.153.243 - - [06/Jul/2014:06:42:59 +0200] "GET /component/search/?searchword=engel&ordering=&searchphrase=all HTTP/1.1" 200 7717 "http://www.straman.de/component/search/?searchword=dengel&ordering=newest&searchphrase=all" "Mozilla/5.0 (Linux; U; Android 2.3.4; de-de; SonyEricssonLT18i Build/4.0.2.A.0.69) AppleWebKit/533.1 (KHTML, like Gecko) Version/4.0 Mobile Safari/533.1"
89.204.153.243 - - [06/Jul/2014:06:43:00 +0200] "GET /media/system/js/mootools.js HTTP/1.1" 304 - "http://www.straman.de/component/search/?searchword=engel&ordering=&searchphrase=all" "Mozilla/5.0 (Linux; U; Android 2.3.4; de-de; SonyEricssonLT18i Build/4.0.2.A.0.69) AppleWebKit/533.1 (KHTML, like Gecko) Version/4.0 Mobile Safari/533.1"
89.204.153.243 - - [06/Jul/2014:06:43:00 +0200] "GET /templates/gk_penguinmail/css/handheld/handheld.css HTTP/1.1" 304 - "http://www.straman.de/component/search/?searchword=engel&ordering=&searchphrase=all" "Mozilla/5.0 (Linux; U; Android 2.3.4; de-de; SonyEricssonLT18i Build/4.0.2.A.0.69) AppleWebKit/533.1 (KHTML, like Gecko) Version/4.0 Mobile Safari/533.1"
89.204.153.243 - - [06/Jul/2014:06:43:00 +0200] "GET /templates/gk_penguinmail/images/logo.png HTTP/1.1" 304 - "http://www.straman.de/component/search/?searchword=engel&ordering=&searchphrase=all" "Mozilla/5.0 (Linux; U; Android 2.3.4; de-de; SonyEricssonLT18i Build/4.0.2.A.0.69) AppleWebKit/533.1 (KHTML, like Gecko) Version/4.0 Mobile Safari/533.1"
89.204.153.243 - - [06/Jul/2014:06:43:10 +0200] "GET /component/search/?searchword=dengel&ordering=newest&searchphrase=all HTTP/1.1" 200 7747 "-" "Mozilla/5.0 (Linux; U; Android 2.3.4; de-de; SonyEricssonLT18i Build/4.0.2.A.0.69) AppleWebKit/533.1 (KHTML, like Gecko) Version/4.0 Mobile Safari/533.1"
89.204.153.243 - - [06/Jul/2014:06:43:12 +0200] "GET /component/search/?searchword=dengel&ordering=&searchphrase=all HTTP/1.1" 200 7721 "-" "Mozilla/5.0 (Linux; U; Android 2.3.4; de-de; SonyEricssonLT18i Build/4.0.2.A.0.69) AppleWebKit/533.1 (KHTML, like Gecko) Version/4.0 Mobile Safari/533.1"
89.204.153.243 - - [06/Jul/2014:06:43:30 +0200] "POST /component/search/ HTTP/1.1" 303 - "http://www.straman.de/component/search/?searchword=dengel&ordering=&searchphrase=all" "Mozilla/5.0 (Linux; U; Android 2.3.4; de-de; SonyEricssonLT18i Build/4.0.2.A.0.69) AppleWebKit/533.1 (KHTML, like Gecko) Version/4.0 Mobile Safari/533.1"
89.204.153.243 - - [06/Jul/2014:06:43:31 +0200] "GET /component/search/?searchword=engel&ordering=newest&searchphrase=all HTTP/1.1" 200 7743 "http://www.straman.de/component/search/?searchword=dengel&ordering=&searchphrase=all" "Mozilla/5.0 (Linux; U; Android 2.3.4; de-de; SonyEricssonLT18i Build/4.0.2.A.0.69) AppleWebKit/533.1 (KHTML, like Gecko) Version/4.0 Mobile Safari/533.1"
89.204.153.243 - - [06/Jul/2014:06:43:31 +0200] "GET /media/system/js/mootools.js HTTP/1.1" 304 - "http://www.straman.de/component/search/?searchword=engel&ordering=newest&searchphrase=all" "Mozilla/5.0 (Linux; U; Android 2.3.4; de-de; SonyEricssonLT18i Build/4.0.2.A.0.69) AppleWebKit/533.1 (KHTML, like Gecko) Version/4.0 Mobile Safari/533.1"
89.204.153.243 - - [06/Jul/2014:06:43:31 +0200] "GET /templates/gk_penguinmail/css/handheld/handheld.css HTTP/1.1" 304 - "http://www.straman.de/component/search/?searchword=engel&ordering=newest&searchphrase=all" "Mozilla/5.0 (Linux; U; Android 2.3.4; de-de; SonyEricssonLT18i Build/4.0.2.A.0.69) AppleWebKit/533.1 (KHTML, like Gecko) Version/4.0 Mobile Safari/533.1"
89.204.153.243 - - [06/Jul/2014:06:43:32 +0200] "GET /templates/gk_penguinmail/images/logo.png HTTP/1.1" 304 - "http://www.straman.de/component/search/?searchword=engel&ordering=newest&searchphrase=all" "Mozilla/5.0 (Linux; U; Android 2.3.4; de-de; SonyEricssonLT18i Build/4.0.2.A.0.69) AppleWebKit/533.1 (KHTML, like Gecko) Version/4.0 Mobile Safari/533.1"
157.55.39.33 - - [06/Jul/2014:07:02:43 +0200] "GET / HTTP/1.1" 200 - "-" "Mozilla/5.0 (compatible; bingbot/2.0; +http://www.bing.com/bingbot.htm)"
208.115.113.87 - - [06/Jul/2014:07:03:10 +0200] "GET /servicebereiche/uebersichtgebaeudemanagement/infrastr-gebaeudemanagement.html HTTP/1.1" 200 - "-" "Mozilla/5.0 (compatible; DotBot/1.1; http://www.opensiteexplorer.org/dotbot, help@moz.com)"
134.96.215.139 - - [06/Jul/2014:07:07:04 +0200] "GET / HTTP/1.1" 200 - "-" "Mozilla/5.0 (Windows NT 6.2; WOW64; rv:22.0) Gecko/20100101 Firefox/22.0"
89.204.138.24 - - [06/Jul/2014:07:07:15 +0200] "GET / HTTP/1.1" 200 5615 "http://www.google.de/" "Mozilla/5.0 (Linux; U; Android 4.1.2; de-de; GT-I9300 Build/JZO54K) AppleWebKit/534.30 (KHTML, like Gecko) Version/4.0 Mobile Safari/534.30"
89.204.138.24 - - [06/Jul/2014:07:07:19 +0200] "GET /media/system/js/caption.js HTTP/1.1" 200 1963 "http://www.straman.de/" "Mozilla/5.0 (Linux; U; Android 4.1.2; de-de; GT-I9300 Build/JZO54K) AppleWebKit/534.30 (KHTML, like Gecko) Version/4.0 Mobile Safari/534.30"
89.204.138.24 - - [06/Jul/2014:07:07:19 +0200] "GET /templates/gk_penguinmail/css/handheld/handheld.css HTTP/1.1" 200 3827 "http://www.straman.de/" "Mozilla/5.0 (Linux; U; Android 4.1.2; de-de; GT-I9300 Build/JZO54K) AppleWebKit/534.30 (KHTML, like Gecko) Version/4.0 Mobile Safari/534.30"
89.204.138.24 - - [06/Jul/2014:07:07:20 +0200] "GET /templates/gk_penguinmail/css/template.css HTTP/1.1" 200 9192 "http://www.straman.de/" "Mozilla/5.0 (Linux; U; Android 4.1.2; de-de; GT-I9300 Build/JZO54K) AppleWebKit/534.30 (KHTML, like Gecko) Version/4.0 Mobile Safari/534.30"
89.204.138.24 - - [06/Jul/2014:07:07:19 +0200] "GET /media/system/js/mootools.js HTTP/1.1" 200 74434 "http://www.straman.de/" "Mozilla/5.0 (Linux; U; Android 4.1.2; de-de; GT-I9300 Build/JZO54K) AppleWebKit/534.30 (KHTML, like Gecko) Version/4.0 Mobile Safari/534.30"
89.204.138.24 - - [06/Jul/2014:07:07:34 +0200] "GET /templates/gk_penguinmail/images/logo.png HTTP/1.1" 200 6608 "http://www.straman.de/" "Mozilla/5.0 (Linux; U; Android 4.1.2; de-de; GT-I9300 Build/JZO54K) AppleWebKit/534.30 (KHTML, like Gecko) Version/4.0 Mobile Safari/534.30"
89.204.138.24 - - [06/Jul/2014:07:07:35 +0200] "GET /templates/gk_penguinmail/favicon.ico HTTP/1.1" 200 5686 "http://www.straman.de/" "Mozilla/5.0 (Linux; U; Android 4.1.2; de-de; GT-I9300 Build/JZO54K) AppleWebKit/534.30 (KHTML, like Gecko) Version/4.0 Mobile Safari/534.30"
80.187.107.35 - - [06/Jul/2014:07:10:16 +0200] "GET / HTTP/1.1" 200 8922 "http://www.google.de/aclk?sa=L&ai=CnYiaNNq4U-T7GebwiwaFm4GoDumv--cFmdy5goMBqsDgBggAEAEg-JmLElDz5ISI-_____8BYJX68IGMB8gBAakCBVpYNLjNtj6qBCVP0Nr2PBZm2ixSqZY8r9vO_3twD3HJlGfTAvpGC7QEabhhtp90gAWX4LwL2AYCgAeZjfNBkAcD&sig=AOD64_1beCOH6fGzkv7vv0npyG8nZw3SEQ&rct=j&q=&ved=0CDEQ0Qw&adurl=http://www.straman.de" "Mozilla/5.0 (iPhone; CPU iPhone OS 7_1_2 like Mac OS X) AppleWebKit/537.51.2 (KHTML, like Gecko) Version/7.0 Mobile/11D257 Safari/9537.53"
80.187.107.35 - - [06/Jul/2014:07:10:17 +0200] "GET /media/system/js/caption.js HTTP/1.1" 200 1963 "http://www.straman.de/" "Mozilla/5.0 (iPhone; CPU iPhone OS 7_1_2 like Mac OS X) AppleWebKit/537.51.2 (KHTML, like Gecko) Version/7.0 Mobile/11D257 Safari/9537.53"
80.187.107.35 - - [06/Jul/2014:07:10:17 +0200] "GET /templates/gk_penguinmail/css/handheld/iphone.css HTTP/1.1" 200 5360 "http://www.straman.de/" "Mozilla/5.0 (iPhone; CPU iPhone OS 7_1_2 like Mac OS X) AppleWebKit/537.51.2 (KHTML, like Gecko) Version/7.0 Mobile/11D257 Safari/9537.53"
80.187.107.35 - - [06/Jul/2014:07:10:17 +0200] "GET /media/system/js/mootools.js HTTP/1.1" 200 74434 "http://www.straman.de/" "Mozilla/5.0 (iPhone; CPU iPhone OS 7_1_2 like Mac OS X) AppleWebKit/537.51.2 (KHTML, like Gecko) Version/7.0 Mobile/11D257 Safari/9537.53"
80.187.107.35 - - [06/Jul/2014:07:10:17 +0200] "GET /templates/gk_penguinmail/css/template.css HTTP/1.1" 200 9192 "http://www.straman.de/" "Mozilla/5.0 (iPhone; CPU iPhone OS 7_1_2 like Mac OS X) AppleWebKit/537.51.2 (KHTML, like Gecko) Version/7.0 Mobile/11D257 Safari/9537.53"
80.187.107.35 - - [06/Jul/2014:07:10:17 +0200] "GET /templates/gk_penguinmail/js/iphone.js HTTP/1.1" 200 5379 "http://www.straman.de/" "Mozilla/5.0 (iPhone; CPU iPhone OS 7_1_2 like Mac OS X) AppleWebKit/537.51.2 (KHTML, like Gecko) Version/7.0 Mobile/11D257 Safari/9537.53"
80.187.107.35 - - [06/Jul/2014:07:10:17 +0200] "GET /templates/gk_penguinmail/images/logo.png HTTP/1.1" 200 6608 "http://www.straman.de/" "Mozilla/5.0 (iPhone; CPU iPhone OS 7_1_2 like Mac OS X) AppleWebKit/537.51.2 (KHTML, like Gecko) Version/7.0 Mobile/11D257 Safari/9537.53"
80.187.107.35 - - [06/Jul/2014:07:10:17 +0200] "GET /templates/gk_penguinmail/images/handheld/t_bar_l.png HTTP/1.1" 200 2902 "http://www.straman.de/" "Mozilla/5.0 (iPhone; CPU iPhone OS 7_1_2 like Mac OS X) AppleWebKit/537.51.2 (KHTML, like Gecko) Version/7.0 Mobile/11D257 Safari/9537.53"
80.187.107.35 - - [06/Jul/2014:07:10:17 +0200] "GET /templates/gk_penguinmail/images/handheld/t_bar_r.png HTTP/1.1" 200 2958 "http://www.straman.de/" "Mozilla/5.0 (iPhone; CPU iPhone OS 7_1_2 like Mac OS X) AppleWebKit/537.51.2 (KHTML, like Gecko) Version/7.0 Mobile/11D257 Safari/9537.53"
80.187.107.35 - - [06/Jul/2014:07:10:17 +0200] "GET /templates/gk_penguinmail/images/handheld/t_search.png HTTP/1.1" 200 3129 "http://www.straman.de/" "Mozilla/5.0 (iPhone; CPU iPhone OS 7_1_2 like Mac OS X) AppleWebKit/537.51.2 (KHTML, like Gecko) Version/7.0 Mobile/11D257 Safari/9537.53"
80.187.107.35 - - [06/Jul/2014:07:10:17 +0200] "GET /templates/gk_penguinmail/images/logo_bg.png HTTP/1.1" 404 2467 "http://www.straman.de/" "Mozilla/5.0 (iPhone; CPU iPhone OS 7_1_2 like Mac OS X) AppleWebKit/537.51.2 (KHTML, like Gecko) Version/7.0 Mobile/11D257 Safari/9537.53"
80.187.107.35 - - [06/Jul/2014:07:10:17 +0200] "GET /templates/gk_penguinmail/images/handheld/arrow_nav.png HTTP/1.1" 200 247 "http://www.straman.de/" "Mozilla/5.0 (iPhone; CPU iPhone OS 7_1_2 like Mac OS X) AppleWebKit/537.51.2 (KHTML, like Gecko) Version/7.0 Mobile/11D257 Safari/9537.53"
80.187.107.35 - - [06/Jul/2014:07:10:17 +0200] "GET /templates/gk_penguinmail/images/handheld/t_options.png HTTP/1.1" 200 3094 "http://www.straman.de/" "Mozilla/5.0 (iPhone; CPU iPhone OS 7_1_2 like Mac OS X) AppleWebKit/537.51.2 (KHTML, like Gecko) Version/7.0 Mobile/11D257 Safari/9537.53"
80.187.107.35 - - [06/Jul/2014:07:10:17 +0200] "GET /templates/gk_penguinmail/images/handheld/t_login.png HTTP/1.1" 200 3136 "http://www.straman.de/" "Mozilla/5.0 (iPhone; CPU iPhone OS 7_1_2 like Mac OS X) AppleWebKit/537.51.2 (KHTML, like Gecko) Version/7.0 Mobile/11D257 Safari/9537.53"
37.58.100.177 - - [06/Jul/2014:07:53:54 +0200] "GET /servicebereiche/winterdienst.html HTTP/1.1" 200 - "-" "Mozilla/5.0 (compatible; AhrefsBot/5.0; +http://ahrefs.com/robot/)"
217.91.229.111 - - [06/Jul/2014:08:28:58 +0200] "GET / HTTP/1.1" 200 - "-" "Mozilla/5.0 (Windows NT 6.2; WOW64; rv:22.0) Gecko/20100101 Firefox/22.0"
77.75.73.32 - - [06/Jul/2014:08:34:55 +0200] "GET /robots.txt HTTP/1.1" 200 304 "-" "Mozilla/5.0 (compatible; SeznamBot/3.2; +http://fulltext.sblog.cz/)"
77.75.73.32 - - [06/Jul/2014:08:34:55 +0200] "GET / HTTP/1.1" 200 - "-" "Mozilla/5.0 (compatible; SeznamBot/3.2; +http://fulltext.sblog.cz/)"
208.115.113.87 - - [06/Jul/2014:09:05:15 +0200] "GET /robots.txt HTTP/1.1" 200 304 "-" "Mozilla/5.0 (compatible; DotBot/1.1; http://www.opensiteexplorer.org/dotbot, help@moz.com)"
199.58.86.209 - - [06/Jul/2014:09:10:00 +0200] "GET /robots.txt HTTP/1.0" 200 304 "-" "Mozilla/5.0 (compatible; MJ12bot/v1.4.5; http://www.majestic12.co.uk/bot.php?+)"
199.58.86.209 - - [06/Jul/2014:09:10:04 +0200] "GET / HTTP/1.0" 200 - "-" "Mozilla/5.0 (compatible; MJ12bot/v1.4.5; http://www.majestic12.co.uk/bot.php?+)"
81.0.199.226 - - [06/Jul/2014:09:47:39 +0200] "GET / HTTP/1.1" 200 - "-" "Mozilla/5.0 (Macintosh; Intel Mac OS X 10.7; rv:22.0) Gecko/20100101 Firefox/22.0"
37.58.100.226 - - [06/Jul/2014:09:54:27 +0200] "GET /unternehmen/standorte/58.html HTTP/1.1" 200 - "-" "Mozilla/5.0 (compatible; AhrefsBot/5.0; +http://ahrefs.com/robot/)"
178.201.86.166 - - [06/Jul/2014:09:57:27 +0200] "GET / HTTP/1.1" 200 - "-" "Mozilla/5.0 (iPad; CPU OS 7_1_2 like Mac OS X) AppleWebKit/537.51.2 (KHTML, like Gecko) Version/7.0 Mobile/11D257 Safari/9537.53"
66.249.79.249 - - [06/Jul/2014:10:06:41 +0200] "GET /component/user/login.html HTTP/1.1" 200 - "-" "Mozilla/5.0 (compatible; Googlebot/2.1; +http://www.google.com/bot.html)"
84.189.252.51 - - [06/Jul/2014:10:12:50 +0200] "GET / HTTP/1.1" 200 - "-" "Mozilla/5.0 (iPad; CPU OS 7_1_1 like Mac OS X) AppleWebKit/537.51.2 (KHTML, like Gecko) Version/7.0 Mobile/11D201 Safari/9537.53"
157.55.39.33 - - [06/Jul/2014:10:48:27 +0200] "GET /news/64-internetseite-relaunched.html HTTP/1.1" 200 - "-" "Mozilla/5.0 (compatible; bingbot/2.0; +http://www.bing.com/bingbot.htm)"
208.115.113.87 - - [06/Jul/2014:11:00:20 +0200] "GET /servicebereiche/winterdienst.html HTTP/1.1" 200 - "-" "Mozilla/5.0 (compatible; DotBot/1.1; http://www.opensiteexplorer.org/dotbot, help@moz.com)"
94.242.222.44 - - [06/Jul/2014:11:06:50 +0200] "GET /unternehmen/jobs.html HTTP/1.1" 200 - "-" "Mozilla/4.0 (compatible; MSIE 8.0; Windows NT 6.1; Trident/4.0)"
93.219.182.240 - - [06/Jul/2014:11:08:36 +0200] "GET / HTTP/1.1" 200 - "-" "Mozilla/5.0 (Windows; U; Windows NT 6.0; de; rv:1.9.2.3) Gecko/20100401 Firefox/3.6.3 ( .NET CLR 3.5.30729)"
