46.114.36.177 - - [18/Jul/2014:08:34:38 +0200] "GET /images/start_2.jpg HTTP/1.1" 200 8241 "http://www.straman.de/" "Mozilla/5.0 (Linux; Android 4.3; C6903 Build/14.2.A.0.290) AppleWebKit/537.36 (KHTML, like Gecko) Chrome/35.0.1916.122 Mobile Safari/537.36"
46.114.36.177 - - [18/Jul/2014:08:34:38 +0200] "GET /images/footer1_neu.gif HTTP/1.1" 200 58 "http://www.straman.de/" "Mozilla/5.0 (Linux; Android 4.3; C6903 Build/14.2.A.0.290) AppleWebKit/537.36 (KHTML, like Gecko) Chrome/35.0.1916.122 Mobile Safari/537.36"
46.114.36.177 - - [18/Jul/2014:08:34:38 +0200] "GET /images/logo_straman_neu.jpg HTTP/1.1" 200 19228 "http://www.straman.de/" "Mozilla/5.0 (Linux; Android 4.3; C6903 Build/14.2.A.0.290) AppleWebKit/537.36 (KHTML, like Gecko) Chrome/35.0.1916.122 Mobile Safari/537.36"
46.114.36.177 - - [18/Jul/2014:08:34:38 +0200] "GET /images/favicon.ico HTTP/1.1" 200 3638 "-" "Mozilla/5.0 (Linux; Android 4.3; C6903 Build/14.2.A.0.290) AppleWebKit/537.36 (KHTML, like Gecko) Chrome/35.0.1916.122 Mobile Safari/537.36"
66.249.69.231 - - [18/Jul/2014:08:35:30 +0200] "GET /documents/Strassenreinigungssatzung_Schwaneneck.pdf HTTP/1.1" 304 - "-" "Mozilla/5.0 (compatible; Googlebot/2.1; +http://www.google.com/bot.html)"
46.114.36.177 - - [18/Jul/2014:08:36:31 +0200] "GET /seiten/straman_jobs.htm HTTP/1.1" 200 5214 "http://www.straman.de/" "Mozilla/5.0 (Linux; Android 4.3; C6903 Build/14.2.A.0.290) AppleWebKit/537.36 (KHTML, like Gecko) Chrome/35.0.1916.122 Mobile Safari/537.36"
46.114.36.177 - - [18/Jul/2014:08:36:31 +0200] "GET /images/nav6_1.jpg HTTP/1.1" 200 9481 "http://www.straman.de/seiten/straman_jobs.htm" "Mozilla/5.0 (Linux; Android 4.3; C6903 Build/14.2.A.0.290) AppleWebKit/537.36 (KHTML, like Gecko) Chrome/35.0.1916.122 Mobile Safari/537.36"
46.114.36.177 - - [18/Jul/2014:08:36:31 +0200] "GET /images/hacken.gif HTTP/1.1" 200 307 "http://www.straman.de/seiten/straman_jobs.htm" "Mozilla/5.0 (Linux; Android 4.3; C6903 Build/14.2.A.0.290) AppleWebKit/537.36 (KHTML, like Gecko) Chrome/35.0.1916.122 Mobile Safari/537.36"
46.114.36.177 - - [18/Jul/2014:08:36:51 +0200] "GET /seiten/straman_aktuell.htm HTTP/1.1" 200 5933 "http://www.straman.de/seiten/straman_jobs.htm" "Mozilla/5.0 (Linux; Android 4.3; C6903 Build/14.2.A.0.290) AppleWebKit/537.36 (KHTML, like Gecko) Chrome/35.0.1916.122 Mobile Safari/537.36"
46.114.36.177 - - [18/Jul/2014:08:36:52 +0200] "GET /images/nav4_1.jpg HTTP/1.1" 200 6241 "http://www.straman.de/seiten/straman_aktuell.htm" "Mozilla/5.0 (Linux; Android 4.3; C6903 Build/14.2.A.0.290) AppleWebKit/537.36 (KHTML, like Gecko) Chrome/35.0.1916.122 Mobile Safari/537.36"
46.114.36.177 - - [18/Jul/2014:08:36:52 +0200] "GET /images/nav4_2.jpg HTTP/1.1" 200 7407 "http://www.straman.de/seiten/straman_aktuell.htm" "Mozilla/5.0 (Linux; Android 4.3; C6903 Build/14.2.A.0.290) AppleWebKit/537.36 (KHTML, like Gecko) Chrome/35.0.1916.122 Mobile Safari/537.36"
46.114.36.177 - - [18/Jul/2014:08:37:39 +0200] "GET /seiten/gruenanlagenpflege.htm HTTP/1.1" 200 13533 "http://www.straman.de/seiten/straman_aktuell.htm" "Mozilla/5.0 (Linux; Android 4.3; C6903 Build/14.2.A.0.290) AppleWebKit/537.36 (KHTML, like Gecko) Chrome/35.0.1916.122 Mobile Safari/537.36"
46.114.36.177 - - [18/Jul/2014:08:37:39 +0200] "GET /images/nav3_1.jpg HTTP/1.1" 200 6891 "http://www.straman.de/seiten/gruenanlagenpflege.htm" "Mozilla/5.0 (Linux; Android 4.3; C6903 Build/14.2.A.0.290) AppleWebKit/537.36 (KHTML, like Gecko) Chrome/35.0.1916.122 Mobile Safari/537.36"
46.114.36.177 - - [18/Jul/2014:08:37:39 +0200] "GET /images/nav3_2.jpg HTTP/1.1" 200 7241 "http://www.straman.de/seiten/gruenanlagenpflege.htm" "Mozilla/5.0 (Linux; Android 4.3; C6903 Build/14.2.A.0.290) AppleWebKit/537.36 (KHTML, like Gecko) Chrome/35.0.1916.122 Mobile Safari/537.36"
46.114.36.177 - - [18/Jul/2014:08:37:40 +0200] "GET /images/winkel.gif HTTP/1.1" 200 314 "http://www.straman.de/seiten/gruenanlagenpflege.htm" "Mozilla/5.0 (Linux; Android 4.3; C6903 Build/14.2.A.0.290) AppleWebKit/537.36 (KHTML, like Gecko) Chrome/35.0.1916.122 Mobile Safari/537.36"
46.114.36.177 - - [18/Jul/2014:08:37:39 +0200] "GET /images/nav3_3.jpg HTTP/1.1" 200 24661 "http://www.straman.de/seiten/gruenanlagenpflege.htm" "Mozilla/5.0 (Linux; Android 4.3; C6903 Build/14.2.A.0.290) AppleWebKit/537.36 (KHTML, like Gecko) Chrome/35.0.1916.122 Mobile Safari/537.36"
46.114.36.177 - - [18/Jul/2014:08:37:40 +0200] "GET /images/nav3_4.jpg HTTP/1.1" 200 24093 "http://www.straman.de/seiten/gruenanlagenpflege.htm" "Mozilla/5.0 (Linux; Android 4.3; C6903 Build/14.2.A.0.290) AppleWebKit/537.36 (KHTML, like Gecko) Chrome/35.0.1916.122 Mobile Safari/537.36"
46.114.36.177 - - [18/Jul/2014:08:37:40 +0200] "GET /images/besch_logo.jpg HTTP/1.1" 200 22062 "http://www.straman.de/seiten/gruenanlagenpflege.htm" "Mozilla/5.0 (Linux; Android 4.3; C6903 Build/14.2.A.0.290) AppleWebKit/537.36 (KHTML, like Gecko) Chrome/35.0.1916.122 Mobile Safari/537.36"
207.46.13.52 - - [18/Jul/2014:08:49:22 +0200] "GET /downloadbereich.html HTTP/1.1" 404 1256 "-" "Mozilla/5.0 (compatible; bingbot/2.0; +http://www.bing.com/bingbot.htm)"
208.115.111.71 - - [18/Jul/2014:09:01:16 +0200] "GET /component/user/register.html HTTP/1.1" 404 1256 "-" "Mozilla/5.0 (compatible; DotBot/1.1; http://www.opensiteexplorer.org/dotbot, help@moz.com)"
91.66.156.151 - - [18/Jul/2014:09:41:29 +0200] "GET / HTTP/1.1" 200 8535 "http://www.google.de/url?sa=t&rct=j&q=&esrc=s&source=web&cd=1&ved=0CCAQFjAA&url=http%3A%2F%2Fwww.straman.de%2F&ei=bM_IU8DUAa_Q7AaUwIDwCw&usg=AFQjCNEpeUQQKOp_93iUUo8XSnpqrpjMzA&bvm=bv.71198958,d.bGE" "Mozilla/5.0 (Windows NT 6.1; rv:30.0) Gecko/20100101 Firefox/30.0"
91.66.156.151 - - [18/Jul/2014:09:41:29 +0200] "GET /css/format.css HTTP/1.1" 200 8709 "http://www.straman.de/" "Mozilla/5.0 (Windows NT 6.1; rv:30.0) Gecko/20100101 Firefox/30.0"
91.66.156.151 - - [18/Jul/2014:09:41:29 +0200] "GET /scripte/stra_scr.js HTTP/1.1" 200 1580 "http://www.straman.de/" "Mozilla/5.0 (Windows NT 6.1; rv:30.0) Gecko/20100101 Firefox/30.0"
91.66.156.151 - - [18/Jul/2014:09:41:29 +0200] "GET /images/favicon.ico HTTP/1.1" 200 3638 "-" "Mozilla/5.0 (Windows NT 6.1; rv:30.0) Gecko/20100101 Firefox/30.0"
91.66.156.151 - - [18/Jul/2014:09:41:29 +0200] "GET /images/logo_straman_neu.jpg HTTP/1.1" 200 19228 "http://www.straman.de/" "Mozilla/5.0 (Windows NT 6.1; rv:30.0) Gecko/20100101 Firefox/30.0"
91.66.156.151 - - [18/Jul/2014:09:41:29 +0200] "GET /images/f_1-p.gif HTTP/1.1" 200 43 "http://www.straman.de/" "Mozilla/5.0 (Windows NT 6.1; rv:30.0) Gecko/20100101 Firefox/30.0"
91.66.156.151 - - [18/Jul/2014:09:41:29 +0200] "GET /images/start_1.jpg HTTP/1.1" 200 6732 "http://www.straman.de/" "Mozilla/5.0 (Windows NT 6.1; rv:30.0) Gecko/20100101 Firefox/30.0"
91.66.156.151 - - [18/Jul/2014:09:41:29 +0200] "GET /images/start_2.jpg HTTP/1.1" 200 8241 "http://www.straman.de/" "Mozilla/5.0 (Windows NT 6.1; rv:30.0) Gecko/20100101 Firefox/30.0"
91.66.156.151 - - [18/Jul/2014:09:41:29 +0200] "GET /images/footer1_neu.gif HTTP/1.1" 200 58 "http://www.straman.de/css/format.css" "Mozilla/5.0 (Windows NT 6.1; rv:30.0) Gecko/20100101 Firefox/30.0"
91.66.156.151 - - [18/Jul/2014:09:42:01 +0200] "GET /servicebereiche/uebersichtgebaeudemanagement/gebaeudemanagement.html HTTP/1.1" 404 1256 "http://www.google.de/url?sa=t&rct=j&q=&esrc=s&source=web&cd=1&ved=0CCYQ0gIoADAA&url=http%3A%2F%2Fwww.straman.de%2Fservicebereiche%2Fuebersichtgebaeudemanagement%2Fgebaeudemanagement.html&ei=ks_IU6PHEMi7PfHTgfgF&usg=AFQjCNFNH5mlqFcOpQm5k07i8AsGeD7QVQ&bvm=bv.71198958,d.bGE" "Mozilla/5.0 (Windows NT 6.1; rv:30.0) Gecko/20100101 Firefox/30.0"
91.66.156.151 - - [18/Jul/2014:09:42:01 +0200] "GET /favicon.ico HTTP/1.1" 404 1256 "-" "Mozilla/5.0 (Windows NT 6.1; rv:30.0) Gecko/20100101 Firefox/30.0"
91.66.156.151 - - [18/Jul/2014:09:42:01 +0200] "GET /favicon.ico HTTP/1.1" 404 1256 "-" "Mozilla/5.0 (Windows NT 6.1; rv:30.0) Gecko/20100101 Firefox/30.0"
91.66.156.151 - - [18/Jul/2014:09:42:14 +0200] "GET /component/content/frontpage.html HTTP/1.1" 404 1256 "http://www.google.de/url?sa=t&rct=j&q=&esrc=s&source=web&cd=4&ved=0CDUQFjAD&url=http%3A%2F%2Fwww.straman.de%2Fcomponent%2Fcontent%2Ffrontpage.html&ei=ks_IU6PHEMi7PfHTgfgF&usg=AFQjCNGtIhKLsoNO7Vbt6vvn_0S5UVbj_g&bvm=bv.71198958,d.bGE" "Mozilla/5.0 (Windows NT 6.1; rv:30.0) Gecko/20100101 Firefox/30.0"
91.66.156.151 - - [18/Jul/2014:09:42:21 +0200] "GET /unternehmen/historie.html HTTP/1.1" 404 1256 "http://www.google.de/url?sa=t&rct=j&q=&esrc=s&source=web&cd=10&ved=0CFMQFjAJ&url=http%3A%2F%2Fwww.straman.de%2Funternehmen%2Fhistorie.html&ei=ks_IU6PHEMi7PfHTgfgF&usg=AFQjCNHYrQ8debLFXL7DbCf72T-7tmC-iQ&bvm=bv.71198958,d.bGE" "Mozilla/5.0 (Windows NT 6.1; rv:30.0) Gecko/20100101 Firefox/30.0"
91.66.156.151 - - [18/Jul/2014:09:42:30 +0200] "GET /news.html?start=5 HTTP/1.1" 404 1256 "http://www.google.de/url?sa=t&rct=j&q=&esrc=s&source=web&cd=13&ved=0CCkQFjACOAo&url=http%3A%2F%2Fwww.straman.de%2Fnews.html%3Fstart%3D5&ei=sc_IU7OJKIfHPKWEgdgC&usg=AFQjCNFGgYGiwgWad6M_bip12BH_vltzDQ&bvm=bv.71198958,d.bGE" "Mozilla/5.0 (Windows NT 6.1; rv:30.0) Gecko/20100101 Firefox/30.0"
91.66.156.151 - - [18/Jul/2014:09:42:38 +0200] "GET /downloadbereich.html HTTP/1.1" 404 1256 "http://www.google.de/url?sa=t&rct=j&q=&esrc=s&source=web&cd=12&ved=0CCQQFjABOAo&url=http%3A%2F%2Fwww.straman.de%2Fdownloadbereich.html&ei=sc_IU7OJKIfHPKWEgdgC&usg=AFQjCNEXg7rryJTjjnvVUhVoPsUJsVya_A&bvm=bv.71198958,d.bGE" "Mozilla/5.0 (Windows NT 6.1; rv:30.0) Gecko/20100101 Firefox/30.0"
91.66.156.151 - - [18/Jul/2014:09:42:43 +0200] "GET /unternehmen/partner.html HTTP/1.1" 404 1256 "http://www.google.de/url?sa=t&rct=j&q=&esrc=s&source=web&cd=11&ved=0CB8QFjAAOAo&url=http%3A%2F%2Fwww.straman.de%2Funternehmen%2Fpartner.html&ei=sc_IU7OJKIfHPKWEgdgC&usg=AFQjCNEqAI7V1jxUMcQdah0ROgTakR-20A&bvm=bv.71198958,d.bGE" "Mozilla/5.0 (Windows NT 6.1; rv:30.0) Gecko/20100101 Firefox/30.0"
87.185.129.16 - - [18/Jul/2014:09:50:58 +0200] "GET / HTTP/1.1" 200 8535 "-" "Mozilla/5.0 (iPad; CPU OS 7_1 like Mac OS X) AppleWebKit/537.51.2 (KHTML, like Gecko) Version/7.0 Mobile/11D167 Safari/9537.53"
87.185.129.16 - - [18/Jul/2014:09:50:58 +0200] "GET /css/format.css HTTP/1.1" 200 8709 "http://www.straman.de/" "Mozilla/5.0 (iPad; CPU OS 7_1 like Mac OS X) AppleWebKit/537.51.2 (KHTML, like Gecko) Version/7.0 Mobile/11D167 Safari/9537.53"
87.185.129.16 - - [18/Jul/2014:09:50:58 +0200] "GET /scripte/stra_scr.js HTTP/1.1" 200 1580 "http://www.straman.de/" "Mozilla/5.0 (iPad; CPU OS 7_1 like Mac OS X) AppleWebKit/537.51.2 (KHTML, like Gecko) Version/7.0 Mobile/11D167 Safari/9537.53"
87.185.129.16 - - [18/Jul/2014:09:50:59 +0200] "GET /images/f_1-p.gif HTTP/1.1" 200 43 "http://www.straman.de/" "Mozilla/5.0 (iPad; CPU OS 7_1 like Mac OS X) AppleWebKit/537.51.2 (KHTML, like Gecko) Version/7.0 Mobile/11D167 Safari/9537.53"
87.185.129.16 - - [18/Jul/2014:09:50:59 +0200] "GET /images/start_2.jpg HTTP/1.1" 200 8241 "http://www.straman.de/" "Mozilla/5.0 (iPad; CPU OS 7_1 like Mac OS X) AppleWebKit/537.51.2 (KHTML, like Gecko) Version/7.0 Mobile/11D167 Safari/9537.53"
87.185.129.16 - - [18/Jul/2014:09:50:59 +0200] "GET /images/logo_straman_neu.jpg HTTP/1.1" 200 19228 "http://www.straman.de/" "Mozilla/5.0 (iPad; CPU OS 7_1 like Mac OS X) AppleWebKit/537.51.2 (KHTML, like Gecko) Version/7.0 Mobile/11D167 Safari/9537.53"
87.185.129.16 - - [18/Jul/2014:09:50:59 +0200] "GET /images/start_1.jpg HTTP/1.1" 200 6732 "http://www.straman.de/" "Mozilla/5.0 (iPad; CPU OS 7_1 like Mac OS X) AppleWebKit/537.51.2 (KHTML, like Gecko) Version/7.0 Mobile/11D167 Safari/9537.53"
87.185.129.16 - - [18/Jul/2014:09:50:59 +0200] "GET /images/footer1_neu.gif HTTP/1.1" 200 58 "http://www.straman.de/" "Mozilla/5.0 (iPad; CPU OS 7_1 like Mac OS X) AppleWebKit/537.51.2 (KHTML, like Gecko) Version/7.0 Mobile/11D167 Safari/9537.53"
87.185.129.16 - - [18/Jul/2014:09:51:04 +0200] "GET /seiten/straman_jobs.htm HTTP/1.1" 200 5214 "http://www.straman.de/" "Mozilla/5.0 (iPad; CPU OS 7_1 like Mac OS X) AppleWebKit/537.51.2 (KHTML, like Gecko) Version/7.0 Mobile/11D167 Safari/9537.53"
87.185.129.16 - - [18/Jul/2014:09:51:04 +0200] "GET /images/nav6_1.jpg HTTP/1.1" 200 9481 "http://www.straman.de/seiten/straman_jobs.htm" "Mozilla/5.0 (iPad; CPU OS 7_1 like Mac OS X) AppleWebKit/537.51.2 (KHTML, like Gecko) Version/7.0 Mobile/11D167 Safari/9537.53"
87.185.129.16 - - [18/Jul/2014:09:51:04 +0200] "GET /images/hacken.gif HTTP/1.1" 200 307 "http://www.straman.de/seiten/straman_jobs.htm" "Mozilla/5.0 (iPad; CPU OS 7_1 like Mac OS X) AppleWebKit/537.51.2 (KHTML, like Gecko) Version/7.0 Mobile/11D167 Safari/9537.53"
66.249.69.231 - - [18/Jul/2014:09:55:20 +0200] "GET / HTTP/1.1" 200 8535 "-" "Mozilla/5.0 (compatible; Googlebot/2.1; +http://www.google.com/bot.html)"
62.212.73.211 - - [18/Jul/2014:10:15:14 +0200] "GET /robots.txt HTTP/1.0" 200 192 "-" "Mozilla/5.0 (compatible; MJ12bot/v1.4.5; http://www.majestic12.co.uk/bot.php?+)"
62.212.73.211 - - [18/Jul/2014:10:15:16 +0200] "GET / HTTP/1.0" 200 8535 "-" "Mozilla/5.0 (compatible; MJ12bot/v1.4.5; http://www.majestic12.co.uk/bot.php?+)"
68.180.224.174 - - [18/Jul/2014:10:19:13 +0200] "GET /SlurpConfirm404/jjbolduc.htm HTTP/1.1" 404 1256 "-" "Mozilla/5.0 (compatible; Yahoo! Slurp; http://help.yahoo.com/help/us/ysearch/slurp)"
208.43.225.85 - - [18/Jul/2014:10:23:35 +0200] "GET /robots.txt HTTP/1.1" 200 192 "-" "Mozilla/5.0 (compatible; MSIE 9.0; Windows NT 6.1; WOW64; Trident/5.0; chromeframe/19.0.1084.52)"
208.43.225.85 - - [18/Jul/2014:10:23:38 +0200] "GET /seiten/strassenreinigung.htm HTTP/1.1" 200 7046 "-" "Mozilla/5.0 (compatible; MSIE 9.0; Windows NT 6.1; WOW64; Trident/5.0; chromeframe/19.0.1084.52)"
208.115.111.71 - - [18/Jul/2014:11:02:55 +0200] "GET /robots.txt HTTP/1.1" 200 192 "-" "Mozilla/5.0 (compatible; DotBot/1.1; http://www.opensiteexplorer.org/dotbot, help@moz.com)"
66.249.69.231 - - [18/Jul/2014:11:31:33 +0200] "GET /templates/gk_penguinmail/images/pdf_button.png HTTP/1.1" 404 1256 "-" "Googlebot-Image/1.0"
66.249.69.215 - - [18/Jul/2014:11:31:38 +0200] "GET /images/stories/privatgartenpflege.jpg HTTP/1.1" 404 1256 "-" "Googlebot-Image/1.0"
66.249.69.253 - - [18/Jul/2014:11:31:40 +0200] "GET /templates/gk_penguinmail/images/emailButton.png HTTP/1.1" 404 1256 "-" "Googlebot-Image/1.0"
66.249.69.253 - - [18/Jul/2014:11:32:04 +0200] "GET /templates/gk_penguinmail/images/printButton.png HTTP/1.1" 404 1256 "-" "Googlebot-Image/1.0"
66.249.69.215 - - [18/Jul/2014:11:34:48 +0200] "GET /images/foerderlogo%202010-2011.jpg HTTP/1.1" 404 1256 "-" "Googlebot-Image/1.0"
66.249.69.215 - - [18/Jul/2014:11:46:28 +0200] "GET /images/header3.png HTTP/1.1" 404 1256 "-" "Googlebot-Image/1.0"
66.249.69.253 - - [18/Jul/2014:12:02:32 +0200] "GET /images/stories/taking_notes.jpg HTTP/1.1" 404 1256 "-" "Googlebot-Image/1.0"
66.249.69.253 - - [18/Jul/2014:12:18:35 +0200] "GET /images/header_orange.png HTTP/1.1" 404 1256 "-" "Googlebot-Image/1.0"
66.249.69.231 - - [18/Jul/2014:12:34:38 +0200] "GET /components/com_mailto/assets/close-x.png HTTP/1.1" 404 1256 "-" "Googlebot-Image/1.0"
66.249.69.253 - - [18/Jul/2014:12:48:57 +0200] "GET /seiten/gruenanlagenpflege.htm HTTP/1.1" 304 - "-" "Mozilla/5.0 (compatible; Googlebot/2.1; +http://www.google.com/bot.html)"
66.249.69.253 - - [18/Jul/2014:12:50:33 +0200] "GET /images/eisbaeren_juniors_berlin.png HTTP/1.1" 404 1256 "-" "Googlebot-Image/1.0"
208.115.111.71 - - [18/Jul/2014:12:54:49 +0200] "GET /servicebereiche/winterdienst/gewerbliche-kunden.html HTTP/1.1" 404 1256 "-" "Mozilla/5.0 (compatible; DotBot/1.1; http://www.opensiteexplorer.org/dotbot, help@moz.com)"
208.115.111.71 - - [18/Jul/2014:12:54:52 +0200] "GET /servicebereiche/winterdienst/privatkunden.html HTTP/1.1" 404 1256 "-" "Mozilla/5.0 (compatible; DotBot/1.1; http://www.opensiteexplorer.org/dotbot, help@moz.com)"
66.249.69.253 - - [18/Jul/2014:13:06:36 +0200] "GET /images/ihz_dresdener_str.jpg HTTP/1.1" 404 1256 "-" "Googlebot-Image/1.0"
66.249.79.254 - - [18/Jul/2014:13:22:39 +0200] "GET /robots.txt HTTP/1.1" 200 192 "-" "Mozilla/5.0 (compatible; Googlebot/2.1; +http://www.google.com/bot.html)"
66.249.79.238 - - [18/Jul/2014:13:22:39 +0200] "GET /images/glastour_arcelormittal.jpg HTTP/1.1" 404 1256 "-" "Googlebot-Image/1.0"
66.249.79.254 - - [18/Jul/2014:13:38:41 +0200] "GET /images/firmentv_deutschland_banner.jpg HTTP/1.1" 404 1256 "-" "Googlebot-Image/1.0"
66.249.79.225 - - [18/Jul/2014:13:54:44 +0200] "GET /images/tgm_001.jpg HTTP/1.1" 404 1256 "-" "Googlebot-Image/1.0"
87.142.121.23 - - [18/Jul/2014:14:05:10 +0200] "GET /seiten/straman_jobs.htm HTTP/1.1" 200 5214 "-" "Mozilla/5.0 (Windows NT 6.1; Win64; x64; rv:22.0) Gecko/20130328 Firefox/22.0"
66.249.79.254 - - [18/Jul/2014:14:10:38 +0200] "GET /images/firmentv_deutschland.jpg HTTP/1.1" 404 1256 "-" "Googlebot-Image/1.0"
66.249.79.225 - - [18/Jul/2014:14:26:41 +0200] "GET /images/partnerhandwerker_deutschla.jpg HTTP/1.1" 404 1256 "-" "Googlebot-Image/1.0"
66.249.79.225 - - [18/Jul/2014:14:42:41 +0200] "GET /images/igm_003.jpg HTTP/1.1" 404 1256 "-" "Googlebot-Image/1.0"
68.180.224.174 - - [18/Jul/2014:14:46:55 +0200] "GET /documents/Mustervertrag_WD_Leistg_Besch_GmbH_Straman.pdf HTTP/1.1" 200 47063 "-" "Mozilla/5.0 (compatible; Yahoo! Slurp; http://help.yahoo.com/help/us/ysearch/slurp)"
66.249.79.225 - - [18/Jul/2014:14:48:55 +0200] "GET /documents/Strassenreinigungssatzung_Bernau02_2005.pdf HTTP/1.1" 304 - "-" "Mozilla/5.0 (compatible; Googlebot/2.1; +http://www.google.com/bot.html)"
68.180.224.174 - - [18/Jul/2014:14:50:53 +0200] "GET /SlurpConfirm404.htm HTTP/1.1" 404 1256 "-" "Mozilla/5.0 (compatible; Yahoo! Slurp; http://help.yahoo.com/help/us/ysearch/slurp)"
69.58.178.57 - - [18/Jul/2014:15:39:13 +0200] "GET /robots.txt HTTP/1.1" 200 192 "-" "Mozilla/5.0 (X11; Ubuntu; Linux i686; rv:14.0; ips-agent) Gecko/20100101 Firefox/14.0.1"
69.58.178.57 - - [18/Jul/2014:15:39:14 +0200] "GET / HTTP/1.1" 200 8535 "-" "Mozilla/5.0 (X11; Ubuntu; Linux i686; rv:14.0; ips-agent) Gecko/20100101 Firefox/14.0.1"
69.58.178.57 - - [18/Jul/2014:15:39:15 +0200] "GET /seiten/strassenreinigung.htm HTTP/1.1" 200 7046 "-" "Mozilla/5.0 (X11; Ubuntu; Linux i686; rv:14.0; ips-agent) Gecko/20100101 Firefox/14.0.1"
69.58.178.57 - - [18/Jul/2014:15:39:16 +0200] "GET /seiten/winterdienst.htm HTTP/1.1" 200 17245 "-" "Mozilla/5.0 (X11; Ubuntu; Linux i686; rv:14.0; ips-agent) Gecko/20100101 Firefox/14.0.1"
69.58.178.57 - - [18/Jul/2014:15:39:18 +0200] "GET /seiten/gruenanlagenpflege.htm HTTP/1.1" 200 13533 "-" "Mozilla/5.0 (X11; Ubuntu; Linux i686; rv:14.0; ips-agent) Gecko/20100101 Firefox/14.0.1"
69.58.178.57 - - [18/Jul/2014:15:39:19 +0200] "GET /seiten/straman_aktuell.htm HTTP/1.1" 200 5933 "-" "Mozilla/5.0 (X11; Ubuntu; Linux i686; rv:14.0; ips-agent) Gecko/20100101 Firefox/14.0.1"
69.58.178.57 - - [18/Jul/2014:15:39:20 +0200] "GET /seiten/straman_gesetze.htm HTTP/1.1" 200 5637 "-" "Mozilla/5.0 (X11; Ubuntu; Linux i686; rv:14.0; ips-agent) Gecko/20100101 Firefox/14.0.1"
69.58.178.57 - - [18/Jul/2014:15:39:21 +0200] "GET /seiten/straman_jobs.htm HTTP/1.1" 200 5214 "-" "Mozilla/5.0 (X11; Ubuntu; Linux i686; rv:14.0; ips-agent) Gecko/20100101 Firefox/14.0.1"
69.58.178.57 - - [18/Jul/2014:15:39:23 +0200] "GET /seiten/straman_kontakt.php HTTP/1.1" 200 9834 "-" "Mozilla/5.0 (X11; Ubuntu; Linux i686; rv:14.0; ips-agent) Gecko/20100101 Firefox/14.0.1"
69.58.178.57 - - [18/Jul/2014:15:39:24 +0200] "GET /seiten/straman_impr.htm HTTP/1.1" 200 5731 "-" "Mozilla/5.0 (X11; Ubuntu; Linux i686; rv:14.0; ips-agent) Gecko/20100101 Firefox/14.0.1"
69.58.178.57 - - [18/Jul/2014:15:39:26 +0200] "GET /seiten/sitemap.htm HTTP/1.1" 200 5431 "-" "Mozilla/5.0 (X11; Ubuntu; Linux i686; rv:14.0; ips-agent) Gecko/20100101 Firefox/14.0.1"
65.55.215.35 - - [18/Jul/2014:16:03:04 +0200] "GET /robots.txt HTTP/1.1" 200 192 "-" "msnbot-media/1.1 (+http://search.msn.com/msnbot.htm)"
65.55.215.35 - - [18/Jul/2014:16:03:05 +0200] "GET /images/firmentv_deutschland_banner.jpg HTTP/1.1" 404 1256 "-" "msnbot-media/1.1 (+http://search.msn.com/msnbot.htm)"
65.55.215.34 - - [18/Jul/2014:16:03:47 +0200] "GET /templates/gk_penguinmail/images/printButton.png HTTP/1.1" 404 1256 "-" "msnbot-media/1.1 (+http://search.msn.com/msnbot.htm)"
66.249.79.254 - - [18/Jul/2014:16:33:14 +0200] "GET / HTTP/1.1" 200 8535 "-" "Mozilla/5.0 (compatible; Googlebot/2.1; +http://www.google.com/bot.html)"
157.55.39.46 - - [18/Jul/2014:17:48:55 +0200] "GET /robots.txt HTTP/1.1" 200 192 "-" "Mozilla/5.0 (compatible; bingbot/2.0; +http://www.bing.com/bingbot.htm)"
157.55.39.46 - - [18/Jul/2014:17:49:23 +0200] "GET / HTTP/1.1" 200 8535 "-" "Mozilla/5.0 (compatible; bingbot/2.0; +http://www.bing.com/bingbot.htm)"
66.249.79.225 - - [18/Jul/2014:18:03:56 +0200] "GET /seiten/straman_kontakt.php HTTP/1.1" 200 9834 "-" "Mozilla/5.0 (compatible; Googlebot/2.1; +http://www.google.com/bot.html)"
66.249.79.238 - - [18/Jul/2014:18:44:00 +0200] "GET /documents/Strassenreinigungssatzung_Schwaneneck.pdf HTTP/1.1" 304 - "-" "Mozilla/5.0 (compatible; Googlebot/2.1; +http://www.google.com/bot.html)"
208.115.111.71 - - [18/Jul/2014:19:04:54 +0200] "GET /robots.txt HTTP/1.1" 200 192 "-" "Mozilla/5.0 (compatible; DotBot/1.1; http://www.opensiteexplorer.org/dotbot, help@moz.com)"
81.0.199.226 - - [18/Jul/2014:19:58:17 +0200] "GET / HTTP/1.1" 200 8535 "-" "Mozilla/5.0 (Macintosh; Intel Mac OS X 10.7; rv:22.0) Gecko/20100101 Firefox/22.0"
208.115.111.71 - - [18/Jul/2014:20:57:06 +0200] "GET /downloadbereich/ HTTP/1.1" 404 1256 "-" "Mozilla/5.0 (compatible; DotBot/1.1; http://www.opensiteexplorer.org/dotbot, help@moz.com)"
180.153.236.70 - - [18/Jul/2014:21:15:22 +0200] "GET / HTTP/1.1" 200 8535 "http://www.straman.de/" "Mozilla/5.0 (compatible; MSIE 9.0; Windows NT 6.1; Trident/5.0); 360Spider"
66.249.79.254 - - [18/Jul/2014:21:23:59 +0200] "GET /documents/Strassenreinigungssatzung_Bernau02_2005.pdf HTTP/1.1" 304 - "-" "Mozilla/5.0 (compatible; Googlebot/2.1; +http://www.google.com/bot.html)"
66.249.79.238 - - [18/Jul/2014:21:59:22 +0200] "GET /unternehmen/standorte.html HTTP/1.1" 404 1256 "-" "Mozilla/5.0 (compatible; Googlebot/2.1; +http://www.google.com/bot.html)"
66.249.79.254 - - [18/Jul/2014:21:59:25 +0200] "GET /servicebereiche/strassenreinigung.html HTTP/1.1" 404 1256 "-" "Mozilla/5.0 (compatible; Googlebot/2.1; +http://www.google.com/bot.html)"
66.249.79.238 - - [18/Jul/2014:21:59:27 +0200] "GET /templates/gk_penguinmail/css/template_igm.css HTTP/1.1" 404 1256 "http://www.straman.de/servicebereiche/uebersichtgebaeudemanagement/infrastr-gebaeudemanagement.html" "Mozilla/5.0 (compatible; Googlebot/2.1; +http://www.google.com/bot.html)"
66.249.79.225 - - [18/Jul/2014:22:05:43 +0200] "GET /seiten/strassenreinigung.htm HTTP/1.1" 200 7046 "-" "Mozilla/5.0 (iPhone; CPU iPhone OS 6_0 like Mac OS X) AppleWebKit/536.26 (KHTML, like Gecko) Version/6.0 Mobile/10A5376e Safari/8536.25 (compatible; Googlebot/2.1; +http://www.google.com/bot.html)"
66.249.79.225 - - [18/Jul/2014:22:37:40 +0200] "GET /seiten/winterdienst.htm HTTP/1.1" 200 17245 "-" "Mozilla/5.0 (iPhone; CPU iPhone OS 6_0 like Mac OS X) AppleWebKit/536.26 (KHTML, like Gecko) Version/6.0 Mobile/10A5376e Safari/8536.25 (compatible; Googlebot/2.1; +http://www.google.com/bot.html)"
66.249.79.225 - - [18/Jul/2014:22:47:12 +0200] "GET /unternehmen/standorte/58.html HTTP/1.1" 404 1256 "-" "Mozilla/5.0 (compatible; Googlebot/2.1; +http://www.google.com/bot.html)"
66.249.79.225 - - [18/Jul/2014:23:22:41 +0200] "GET /images/karte-standorte.png HTTP/1.1" 404 1256 "-" "Googlebot-Image/1.0"
66.249.79.254 - - [18/Jul/2014:23:23:05 +0200] "GET /templates/gk_penguinmail/favicon.ico HTTP/1.1" 404 1256 "-" "Googlebot-Image/1.0"
84.19.168.218 - - [18/Jul/2014:23:45:07 +0200] "GET /robots.txt HTTP/1.1" 200 192 "-" "Mozilla/5.0 (compatible; UnisterBot; crawler@unister.de)"
84.19.168.218 - - [18/Jul/2014:23:45:07 +0200] "GET /downloadbereich.html HTTP/1.1" 404 1256 "-" "Mozilla/5.0 (compatible; UnisterBot; crawler@unister.de)"
93.186.202.239 - - [18/Jul/2014:23:53:06 +0200] "GET /unternehmen/historie.html HTTP/1.1" 404 1256 "-" "Mozilla/5.0 (Windows NT 5.0; rv:21.0) Gecko/20100101 Firefox/21.0"
88.198.56.239 - - [18/Jul/2014:23:53:06 +0200] "GET /unternehmen/impressum.html HTTP/1.1" 404 1256 "-" "Mozilla/5.0 (Windows NT 6.1; U;WOW64; de;rv:11.0) Gecko Firefox/11.0"
66.249.79.238 - - [18/Jul/2014:23:56:43 +0200] "GET / HTTP/1.1" 200 8535 "-" "Mozilla/5.0 (compatible; Googlebot/2.1; +http://www.google.com/bot.html)"
84.19.168.218 - - [18/Jul/2014:23:58:36 +0200] "GET /servicebereiche/uebersichtgebaeudemanagement/58.html HTTP/1.1" 404 1256 "-" "Mozilla/5.0 (compatible; UnisterBot; crawler@unister.de)"
84.19.168.218 - - [19/Jul/2014:00:10:43 +0200] "GET /unternehmen/historie.html HTTP/1.1" 404 1256 "-" "Mozilla/5.0 (compatible; UnisterBot; crawler@unister.de)"
84.19.168.218 - - [19/Jul/2014:00:24:57 +0200] "GET /component/mailto/?link=a6b76f7c709102365fd51002240e448fe1c07c15&tmpl=component HTTP/1.1" 404 1256 "-" "Mozilla/5.0 (compatible; UnisterBot; crawler@unister.de)"
84.19.168.218 - - [19/Jul/2014:00:37:17 +0200] "GET /unternehmen/standorte.html HTTP/1.1" 404 1256 "-" "Mozilla/5.0 (compatible; UnisterBot; crawler@unister.de)"
84.19.168.218 - - [19/Jul/2014:00:50:30 +0200] "GET /component/mailto/?link=cf9c2845d6bb97bcf0d80e210a65289a4d331e85&tmpl=component HTTP/1.1" 404 1256 "-" "Mozilla/5.0 (compatible; UnisterBot; crawler@unister.de)"
84.19.168.218 - - [19/Jul/2014:01:02:23 +0200] "GET /component/user/register.html HTTP/1.1" 404 1256 "-" "Mozilla/5.0 (compatible; UnisterBot; crawler@unister.de)"
84.19.168.218 - - [19/Jul/2014:01:14:51 +0200] "GET /component/user/reset.html HTTP/1.1" 404 1256 "-" "Mozilla/5.0 (compatible; UnisterBot; crawler@unister.de)"
66.249.79.225 - - [19/Jul/2014:01:16:24 +0200] "GET /documents/Strassenreinigungssatzung_Schwaneneck.pdf HTTP/1.1" 304 - "-" "Mozilla/5.0 (compatible; Googlebot/2.1; +http://www.google.com/bot.html)"
84.19.168.218 - - [19/Jul/2014:01:25:30 +0200] "GET /servicebereiche/uebersichtgebaeudemanagement/gebaeudemanagement.html HTTP/1.1" 404 1256 "-" "Mozilla/5.0 (compatible; UnisterBot; crawler@unister.de)"
84.19.168.218 - - [19/Jul/2014:01:34:51 +0200] "GET /servicebereiche/winterdienst/gewerbliche-kunden/58.html HTTP/1.1" 404 1256 "-" "Mozilla/5.0 (compatible; UnisterBot; crawler@unister.de)"
84.19.168.218 - - [19/Jul/2014:01:45:29 +0200] "GET /component/user/ HTTP/1.1" 404 1256 "-" "Mozilla/5.0 (compatible; UnisterBot; crawler@unister.de)"
84.19.168.218 - - [19/Jul/2014:01:54:41 +0200] "GET /unternehmen/partner.html HTTP/1.1" 404 1256 "-" "Mozilla/5.0 (compatible; UnisterBot; crawler@unister.de)"
66.249.79.238 - - [19/Jul/2014:02:00:03 +0200] "GET /favicon.ico HTTP/1.1" 404 1256 "-" "Googlebot-Image/1.0"
84.19.168.218 - - [19/Jul/2014:02:03:50 +0200] "GET /component/mailto/?link=97f89dec8d3a90a06eaee75083ae45b303687cff&tmpl=component HTTP/1.1" 404 1256 "-" "Mozilla/5.0 (compatible; UnisterBot; crawler@unister.de)"
84.19.168.218 - - [19/Jul/2014:02:14:34 +0200] "GET /servicebereiche/winterdienst/privatkunden/ HTTP/1.1" 404 1256 "-" "Mozilla/5.0 (compatible; UnisterBot; crawler@unister.de)"
37.58.100.86 - - [19/Jul/2014:02:18:45 +0200] "GET /news/78-todt.html HTTP/1.1" 404 1256 "-" "Mozilla/5.0 (compatible; AhrefsBot/5.0; +http://ahrefs.com/robot/)"
84.19.168.218 - - [19/Jul/2014:02:24:03 +0200] "GET /component/content/46.html HTTP/1.1" 404 1256 "-" "Mozilla/5.0 (compatible; UnisterBot; crawler@unister.de)"
31.3.233.120 - - [19/Jul/2014:02:28:55 +0200] "GET / HTTP/1.1" 200 8535 "-" "-"
84.19.168.218 - - [19/Jul/2014:02:32:49 +0200] "GET /servicebereiche/winterdienst/privatkunden.html HTTP/1.1" 404 1256 "-" "Mozilla/5.0 (compatible; UnisterBot; crawler@unister.de)"
84.19.168.218 - - [19/Jul/2014:02:41:24 +0200] "GET /servicebereiche/gruenanlagenpflege/privatgartenpflege/58.html HTTP/1.1" 404 1256 "-" "Mozilla/5.0 (compatible; UnisterBot; crawler@unister.de)"
180.153.236.21 - - [19/Jul/2014:02:44:54 +0200] "GET / HTTP/1.1" 200 8535 "http://www.straman.de/" "Mozilla/5.0 (compatible; MSIE 9.0; Windows NT 6.1; Trident/5.0); 360Spider"
66.249.79.225 - - [19/Jul/2014:02:49:03 +0200] "GET /documents/Strassenreinigungssatzung_Bernau02_2005.pdf HTTP/1.1" 304 - "-" "Mozilla/5.0 (compatible; Googlebot/2.1; +http://www.google.com/bot.html)"
84.19.168.218 - - [19/Jul/2014:02:52:09 +0200] "GET /servicebereiche/gruenanlagenpflege/gewerbegruenpflege/ HTTP/1.1" 404 1256 "-" "Mozilla/5.0 (compatible; UnisterBot; crawler@unister.de)"
66.249.79.238 - - [19/Jul/2014:02:57:18 +0200] "GET /documents/Strassenreinigungssatzung_Bernau02_2005.pdf HTTP/1.1" 304 - "-" "Mozilla/5.0 (compatible; Googlebot/2.1; +http://www.google.com/bot.html)"
84.19.168.218 - - [19/Jul/2014:03:01:20 +0200] "GET /imagevideo-straman.html HTTP/1.1" 404 1256 "-" "Mozilla/5.0 (compatible; UnisterBot; crawler@unister.de)"
84.19.168.218 - - [19/Jul/2014:03:10:05 +0200] "GET /referenzen.html HTTP/1.1" 404 1256 "-" "Mozilla/5.0 (compatible; UnisterBot; crawler@unister.de)"
84.19.168.218 - - [19/Jul/2014:03:20:11 +0200] "GET /servicebereiche/gruenanlagenpflege/privatgartenpflege.html HTTP/1.1" 404 1256 "-" "Mozilla/5.0 (compatible; UnisterBot; crawler@unister.de)"
84.19.168.218 - - [19/Jul/2014:03:28:54 +0200] "GET /servicebereiche/gruenanlagenpflege/ HTTP/1.1" 404 1256 "-" "Mozilla/5.0 (compatible; UnisterBot; crawler@unister.de)"
84.19.168.218 - - [19/Jul/2014:03:37:07 +0200] "GET /servicebereiche/gruenanlagenpflege/58.html HTTP/1.1" 404 1256 "-" "Mozilla/5.0 (compatible; UnisterBot; crawler@unister.de)"
84.19.168.218 - - [19/Jul/2014:03:47:11 +0200] "GET /robots.txt HTTP/1.1" 200 192 "-" "Mozilla/5.0 (compatible; UnisterBot; crawler@unister.de)"
84.19.168.218 - - [19/Jul/2014:03:47:11 +0200] "GET /servicebereiche/gruenanlagenpflege.html HTTP/1.1" 404 1256 "-" "Mozilla/5.0 (compatible; UnisterBot; crawler@unister.de)"
84.19.168.218 - - [19/Jul/2014:03:55:24 +0200] "GET /servicebereiche/winterdienst/privatkunden/58.html HTTP/1.1" 404 1256 "-" "Mozilla/5.0 (compatible; UnisterBot; crawler@unister.de)"
84.19.168.218 - - [19/Jul/2014:04:03:24 +0200] "GET /component/mailto/?link=33ec242c5b6500c55b2ba2ea62ca45305e54cdc0&tmpl=component HTTP/1.1" 404 1256 "-" "Mozilla/5.0 (compatible; UnisterBot; crawler@unister.de)"
66.249.79.225 - - [19/Jul/2014:04:05:00 +0200] "GET /favicon.ico HTTP/1.1" 404 1256 "-" "Googlebot-Image/1.0"
84.19.168.218 - - [19/Jul/2014:04:11:32 +0200] "GET /component/mailto/?link=0d980a49ecc516c36b2d6fc67ea6eb75596bed49&tmpl=component HTTP/1.1" 404 1256 "-" "Mozilla/5.0 (compatible; UnisterBot; crawler@unister.de)"
84.19.168.218 - - [19/Jul/2014:04:21:10 +0200] "GET /servicebereiche/strassenreinigung/58.html HTTP/1.1" 404 1256 "-" "Mozilla/5.0 (compatible; UnisterBot; crawler@unister.de)"
84.19.168.218 - - [19/Jul/2014:04:29:26 +0200] "GET / HTTP/1.1" 200 8535 "-" "Mozilla/5.0 (compatible; UnisterBot; crawler@unister.de)"
84.19.168.218 - - [19/Jul/2014:04:37:35 +0200] "GET /unternehmen/impressum/58.html HTTP/1.1" 404 1256 "-" "Mozilla/5.0 (compatible; UnisterBot; crawler@unister.de)"
84.19.168.218 - - [19/Jul/2014:04:47:05 +0200] "GET /component/mailto/?link=d17b5b401508eeb6c62b2c738281455f83ca6bc8&tmpl=component HTTP/1.1" 404 1256 "-" "Mozilla/5.0 (compatible; UnisterBot; crawler@unister.de)"
66.249.79.225 - - [19/Jul/2014:04:54:05 +0200] "GET / HTTP/1.1" 200 8535 "-" "Mozilla/5.0 (compatible; Googlebot/2.1; +http://www.google.com/bot.html)"
84.19.168.218 - - [19/Jul/2014:04:55:28 +0200] "GET /servicebereiche/winterdienst/gewerbliche-kunden.html HTTP/1.1" 404 1256 "-" "Mozilla/5.0 (compatible; UnisterBot; crawler@unister.de)"
84.19.168.218 - - [19/Jul/2014:05:03:37 +0200] "GET /unternehmen/partner/ HTTP/1.1" 404 1256 "-" "Mozilla/5.0 (compatible; UnisterBot; crawler@unister.de)"
84.19.168.218 - - [19/Jul/2014:05:09:41 +0200] "GET / HTTP/1.1" 200 8535 "-" "Mozilla/5.0 (compatible; UnisterBot; crawler@unister.de)"
84.19.168.218 - - [19/Jul/2014:05:11:32 +0200] "GET /unternehmen/historie/58.html HTTP/1.1" 404 1256 "-" "Mozilla/5.0 (compatible; UnisterBot; crawler@unister.de)"
84.19.168.218 - - [19/Jul/2014:05:20:52 +0200] "GET /servicebereiche/gruenanlagenpflege/gewerbegruenpflege.html HTTP/1.1" 404 1256 "-" "Mozilla/5.0 (compatible; UnisterBot; crawler@unister.de)"
157.55.39.11 - - [19/Jul/2014:05:21:20 +0200] "GET /robots.txt HTTP/1.1" 200 192 "-" "Mozilla/5.0 (compatible; bingbot/2.0; +http://www.bing.com/bingbot.htm)"
84.19.168.218 - - [19/Jul/2014:05:28:57 +0200] "GET /unternehmen/imagevideo-straman/58.html HTTP/1.1" 404 1256 "-" "Mozilla/5.0 (compatible; UnisterBot; crawler@unister.de)"
183.60.243.197 - - [19/Jul/2014:05:36:12 +0200] "GET / HTTP/1.1" 200 8535 "-" "Mozilla/5.0 (Windows NT 6.1; WOW64) AppleWebKit/537.36 (KHTML, like Gecko) Chrome/27.0.1453.116 Safari/537.36"
84.19.168.218 - - [19/Jul/2014:05:36:46 +0200] "GET /unternehmen/ HTTP/1.1" 404 1256 "-" "Mozilla/5.0 (compatible; UnisterBot; crawler@unister.de)"
207.46.13.118 - - [19/Jul/2014:05:41:52 +0200] "GET / HTTP/1.1" 200 8535 "-" "Mozilla/5.0 (compatible; bingbot/2.0; +http://www.bing.com/bingbot.htm)"
84.19.168.218 - - [19/Jul/2014:05:46:12 +0200] "GET /servicebereiche/uebersichtgebaeudemanagement/gebaeudemanagement/58.html HTTP/1.1" 404 1256 "-" "Mozilla/5.0 (compatible; UnisterBot; crawler@unister.de)"
66.249.79.225 - - [19/Jul/2014:05:49:48 +0200] "GET /documents/Strassenreinigungssatzung_Schwaneneck.pdf HTTP/1.1" 304 - "-" "Mozilla/5.0 (compatible; Googlebot/2.1; +http://www.google.com/bot.html)"
84.19.168.218 - - [19/Jul/2014:05:54:05 +0200] "GET /component/mailto/?link=f473ceede78ad8a0f437b3dde14ac133a8a41746&tmpl=component HTTP/1.1" 404 1256 "-" "Mozilla/5.0 (compatible; UnisterBot; crawler@unister.de)"
84.19.168.218 - - [19/Jul/2014:06:01:53 +0200] "GET /component/mailto/?link=702a1a6e422c5ba15e180a185e730b1aa464fd79&tmpl=component HTTP/1.1" 404 1256 "-" "Mozilla/5.0 (compatible; UnisterBot; crawler@unister.de)"
84.19.168.218 - - [19/Jul/2014:06:09:37 +0200] "GET /servicebereiche/winterdienst/58.html HTTP/1.1" 404 1256 "-" "Mozilla/5.0 (compatible; UnisterBot; crawler@unister.de)"
84.19.168.218 - - [19/Jul/2014:06:19:17 +0200] "GET /kontakt.html HTTP/1.1" 404 1256 "-" "Mozilla/5.0 (compatible; UnisterBot; crawler@unister.de)"
84.19.168.218 - - [19/Jul/2014:06:27:15 +0200] "GET /servicebereiche/uebersichtgebaeudemanagement/ HTTP/1.1" 404 1256 "-" "Mozilla/5.0 (compatible; UnisterBot; crawler@unister.de)"
84.19.168.218 - - [19/Jul/2014:06:35:08 +0200] "GET /servicebereiche/ HTTP/1.1" 404 1256 "-" "Mozilla/5.0 (compatible; UnisterBot; crawler@unister.de)"
84.19.168.218 - - [19/Jul/2014:06:44:39 +0200] "GET /servicebereiche/winterdienst/gewerbliche-kunden/ HTTP/1.1" 404 1256 "-" "Mozilla/5.0 (compatible; UnisterBot; crawler@unister.de)"
84.19.168.218 - - [19/Jul/2014:06:52:40 +0200] "GET /index.php HTTP/1.1" 404 1256 "-" "Mozilla/5.0 (compatible; UnisterBot; crawler@unister.de)"
141.8.147.12 - - [19/Jul/2014:06:59:16 +0200] "GET /robots.txt HTTP/1.1" 200 192 "-" "Mozilla/5.0 (compatible; YandexBot/3.0; +http://yandex.com/bots)"
84.19.168.218 - - [19/Jul/2014:07:00:28 +0200] "GET /servicebereiche/strassenreinigung/ HTTP/1.1" 404 1256 "-" "Mozilla/5.0 (compatible; UnisterBot; crawler@unister.de)"
84.19.168.218 - - [19/Jul/2014:07:08:33 +0200] "GET /servicebereiche/strassenreinigung.html HTTP/1.1" 404 1256 "-" "Mozilla/5.0 (compatible; UnisterBot; crawler@unister.de)"
84.19.168.218 - - [19/Jul/2014:07:18:17 +0200] "GET /component/mailto/?link=36cb8e498b4a9e6511df8fbfa3153ba67680ede8&tmpl=component HTTP/1.1" 404 1256 "-" "Mozilla/5.0 (compatible; UnisterBot; crawler@unister.de)"
66.249.79.254 - - [19/Jul/2014:07:19:09 +0200] "GET /documents/Strassenreinigungssatzung_Bernau02_2005.pdf HTTP/1.1" 304 - "-" "Mozilla/5.0 (compatible; Googlebot/2.1; +http://www.google.com/bot.html)"
84.19.168.218 - - [19/Jul/2014:07:26:15 +0200] "GET /undefined/ HTTP/1.1" 404 1256 "-" "Mozilla/5.0 (compatible; UnisterBot; crawler@unister.de)"
85.17.29.107 - - [19/Jul/2014:07:32:22 +0200] "GET /robots.txt HTTP/1.1" 200 192 "-" "Mozilla/5.0 (compatible; WBSearchBot/1.1; +http://www.warebay.com/bot.html)"
85.17.29.107 - - [19/Jul/2014:07:32:23 +0200] "GET / HTTP/1.1" 200 8535 "-" "Mozilla/5.0 (compatible; WBSearchBot/1.1; +http://www.warebay.com/bot.html)"
85.17.29.107 - - [19/Jul/2014:07:32:26 +0200] "GET /seiten/strassenreinigung.htm HTTP/1.1" 200 7046 "-" "Mozilla/5.0 (compatible; WBSearchBot/1.1; +http://www.warebay.com/bot.html)"
85.17.29.107 - - [19/Jul/2014:07:32:27 +0200] "GET /seiten/winterdienst.htm HTTP/1.1" 200 17245 "-" "Mozilla/5.0 (compatible; WBSearchBot/1.1; +http://www.warebay.com/bot.html)"
85.17.29.107 - - [19/Jul/2014:07:32:28 +0200] "GET /seiten/gruenanlagenpflege.htm HTTP/1.1" 200 13533 "-" "Mozilla/5.0 (compatible; WBSearchBot/1.1; +http://www.warebay.com/bot.html)"
85.17.29.107 - - [19/Jul/2014:07:32:29 +0200] "GET /seiten/straman_aktuell.htm HTTP/1.1" 200 5933 "-" "Mozilla/5.0 (compatible; WBSearchBot/1.1; +http://www.warebay.com/bot.html)"
85.17.29.107 - - [19/Jul/2014:07:32:30 +0200] "GET /seiten/straman_gesetze.htm HTTP/1.1" 200 5637 "-" "Mozilla/5.0 (compatible; WBSearchBot/1.1; +http://www.warebay.com/bot.html)"
85.17.29.107 - - [19/Jul/2014:07:32:32 +0200] "GET /seiten/straman_jobs.htm HTTP/1.1" 200 5214 "-" "Mozilla/5.0 (compatible; WBSearchBot/1.1; +http://www.warebay.com/bot.html)"
85.17.29.107 - - [19/Jul/2014:07:32:33 +0200] "GET /seiten/straman_kontakt.php HTTP/1.1" 200 9834 "-" "Mozilla/5.0 (compatible; WBSearchBot/1.1; +http://www.warebay.com/bot.html)"
85.17.29.107 - - [19/Jul/2014:07:32:34 +0200] "GET /seiten/straman_impr.htm HTTP/1.1" 200 5731 "-" "Mozilla/5.0 (compatible; WBSearchBot/1.1; +http://www.warebay.com/bot.html)"
85.17.29.107 - - [19/Jul/2014:07:32:36 +0200] "GET /seiten/sitemap.htm HTTP/1.1" 200 5431 "-" "Mozilla/5.0 (compatible; WBSearchBot/1.1; +http://www.warebay.com/bot.html)"
84.19.168.218 - - [19/Jul/2014:07:33:56 +0200] "GET /servicebereiche/uebersichtgebaeudemanagement/infrastr-gebaeudemanagement.html HTTP/1.1" 404 1256 "-" "Mozilla/5.0 (compatible; UnisterBot; crawler@unister.de)"
84.19.168.218 - - [19/Jul/2014:07:41:34 +0200] "GET /unternehmen/historie/ HTTP/1.1" 404 1256 "-" "Mozilla/5.0 (compatible; UnisterBot; crawler@unister.de)"
84.19.168.218 - - [19/Jul/2014:07:50:30 +0200] "GET /robots.txt HTTP/1.1" 200 192 "-" "Mozilla/5.0 (compatible; UnisterBot; crawler@unister.de)"
84.19.168.218 - - [19/Jul/2014:07:50:30 +0200] "GET /servicebereiche/gruenanlagenpflege/privatgartenpflege/ HTTP/1.1" 404 1256 "-" "Mozilla/5.0 (compatible; UnisterBot; crawler@unister.de)"
66.249.79.238 - - [19/Jul/2014:07:52:55 +0200] "GET /documents/Strassenreinigungssatzung_Schwaneneck.pdf HTTP/1.1" 304 - "-" "Mozilla/5.0 (compatible; Googlebot/2.1; +http://www.google.com/bot.html)"
84.19.168.218 - - [19/Jul/2014:07:58:31 +0200] "GET /index.php?Itemid=65&fid=2&option=com_forme HTTP/1.1" 404 1256 "-" "Mozilla/5.0 (compatible; UnisterBot; crawler@unister.de)"
84.19.168.218 - - [19/Jul/2014:08:06:15 +0200] "GET /component/user/login.html HTTP/1.1" 404 1256 "-" "Mozilla/5.0 (compatible; UnisterBot; crawler@unister.de)"
66.249.79.225 - - [19/Jul/2014:08:13:31 +0200] "GET /seiten/straman_impr.htm HTTP/1.1" 304 - "-" "Mozilla/5.0 (compatible; Googlebot/2.1; +http://www.google.com/bot.html)"
84.19.168.218 - - [19/Jul/2014:08:15:27 +0200] "GET /component/mailto/?link=064ccb77ca2bc09cd61972461b878ba524efa669&tmpl=component HTTP/1.1" 404 1256 "-" "Mozilla/5.0 (compatible; UnisterBot; crawler@unister.de)"
121.204.46.148 - - [19/Jul/2014:08:17:47 +0200] "GET /fck/editor/filemanager/browser/default/connectors/aspx/connector.aspx?Command=GetFoldersAndFiles&Type=Image&CurrentFolder=/test.html HTTP/1.1" 404 1256 "-" "-"
121.204.46.148 - - [19/Jul/2014:08:17:47 +0200] "GET /fck/editor/filemanager/browser/default/connectors/aspx/connector.aspx?Command=GetFoldersAndFiles&Type=Image&CurrentFolder=/ HTTP/1.1" 404 1256 "-" "-"
121.204.46.148 - - [19/Jul/2014:08:17:48 +0200] "GET /fck/editor/filemanager/connectors/aspx/connector.aspx HTTP/1.1" 404 1256 "-" "-"
121.204.46.148 - - [19/Jul/2014:08:17:51 +0200] "GET /admin/fck/editor/filemanager/connectors/aspx/connector.aspx HTTP/1.1" 404 1256 "-" "-"
121.204.46.148 - - [19/Jul/2014:08:17:52 +0200] "GET /FCKeditor/editor/filemanager/browser/default/connectors/test.html HTTP/1.1" 404 1256 "-" "-"
121.204.46.148 - - [19/Jul/2014:08:17:52 +0200] "GET /FCKeditor/editor/filemanager/upload/test.html HTTP/1.1" 404 1256 "-" "-"
121.204.46.148 - - [19/Jul/2014:08:17:53 +0200] "GET /FCKeditor/editor/filemanager/connectors/test.html HTTP/1.1" 404 1256 "-" "-"
121.204.46.148 - - [19/Jul/2014:08:17:53 +0200] "GET /FCKeditor/editor/filemanager/connectors/uploadtest.html HTTP/1.1" 404 1256 "-" "-"
121.204.46.148 - - [19/Jul/2014:08:17:54 +0200] "GET /FCKeditor/_samples/default.html HTTP/1.1" 404 1256 "-" "-"
121.204.46.148 - - [19/Jul/2014:08:17:54 +0200] "GET /FCKeditor/_samples/asp/sample01.asp HTTP/1.1" 404 1256 "-" "-"
121.204.46.148 - - [19/Jul/2014:08:17:55 +0200] "GET /FCKeditor/_samples/asp/sample02.asp HTTP/1.1" 404 1256 "-" "-"
121.204.46.148 - - [19/Jul/2014:08:17:55 +0200] "GET /FCKeditor/_samples/asp/sample03.asp HTTP/1.1" 404 1256 "-" "-"
121.204.46.148 - - [19/Jul/2014:08:17:56 +0200] "GET /FCKeditor/_samples/asp/sample04.asp HTTP/1.1" 404 1256 "-" "-"
121.204.46.148 - - [19/Jul/2014:08:17:57 +0200] "GET /FCKeditor/editor/filemanager/browser/default/connectors/jsp/connector?Command=GetFoldersAndFiles&Type=&CurrentFolder=%2F HTTP/1.1" 404 1256 "-" "-"
121.204.46.148 - - [19/Jul/2014:08:17:57 +0200] "GET /FCKeditor/editor/filemanager/browser/default/browser.html?type=Image&connector=connectors/aspx/connector.aspx HTTP/1.1" 404 1256 "-" "-"
121.204.46.148 - - [19/Jul/2014:08:17:58 +0200] "GET /FCKeditor/editor/filemanager/browser/default/connectors/aspx/connector.aspx?Command=GetFoldersAndFiles&Type=Image&CurrentFolder=/ HTTP/1.1" 404 1256 "-" "-"
121.204.46.148 - - [19/Jul/2014:08:17:58 +0200] "GET /FCKeditor/editor/filemanager/browser/default/connectors/jsp/connector?Command=GetFoldersAndFiles&Type=&CurrentFolder=/ HTTP/1.1" 404 1256 "-" "-"
121.204.46.148 - - [19/Jul/2014:08:17:59 +0200] "GET /FCKeditor/editor/filemanager/browser/default/browser.html?Connector=connectors/jsp/connector HTTP/1.1" 404 1256 "-" "-"
121.204.46.148 - - [19/Jul/2014:08:17:59 +0200] "GET /FCKeditor/editor/filemanager/browser/default/browser.html?Type=Image&Connector=connectors/jsp/connector.jsp HTTP/1.1" 404 1256 "-" "-"
121.204.46.148 - - [19/Jul/2014:08:18:00 +0200] "GET /FCKeditor/editor/filemanager/browser/default/browser.html HTTP/1.1" 404 1256 "-" "-"
121.204.46.148 - - [19/Jul/2014:08:18:00 +0200] "GET /fckeditor/editor/filemanager/connectors/aspx/connector.aspx HTTP/1.1" 404 1256 "-" "-"
121.204.46.148 - - [19/Jul/2014:08:18:01 +0200] "GET /fckeditor/editor/filemanager/connectors/asp/connector.asp HTTP/1.1" 404 1256 "-" "-"
121.204.46.148 - - [19/Jul/2014:08:18:02 +0200] "GET /fckeditor/editor/filemanager/connectors/php/connector.php HTTP/1.1" 404 1256 "-" "-"
121.204.46.148 - - [19/Jul/2014:08:18:02 +0200] "GET /admin/FCKeditor/editor/filemanager/upload/test.aspx HTTP/1.1" 404 1256 "-" "-"
121.204.46.148 - - [19/Jul/2014:08:18:03 +0200] "GET /manage/editor/filemanager/browser/default/connectors/test.html HTTP/1.1" 404 1256 "-" "-"
121.204.46.148 - - [19/Jul/2014:08:18:03 +0200] "GET /admin/editor/filemanager/browser/default/connectors/test.html HTTP/1.1" 404 1256 "-" "-"
121.204.46.148 - - [19/Jul/2014:08:18:04 +0200] "GET /editor/editor/filemanager/connectors/test.html HTTP/1.1" 404 1256 "-" "-"
121.204.46.148 - - [19/Jul/2014:08:18:04 +0200] "GET /FCKeditor/editor/filemanager/browser/default/browser.aspx HTTP/1.1" 404 1256 "-" "-"
121.204.46.148 - - [19/Jul/2014:08:18:06 +0200] "GET /public/js/fckeditor/editor/filemanager/browser/default/connectors/test.html HTTP/1.1" 404 1256 "-" "-"
121.204.46.148 - - [19/Jul/2014:08:18:09 +0200] "GET /js/fckeditor/editor/filemanager/connectors/test.html HTTP/1.1" 404 1256 "-" "-"
121.204.46.148 - - [19/Jul/2014:08:18:09 +0200] "GET /editor/filemanager/browser/default/connectors/test.html HTTP/1.1" 404 1256 "-" "-"
121.204.46.148 - - [19/Jul/2014:08:18:10 +0200] "GET /system/fckeditor/editor/filemanager/browser/default/connectors/test.html HTTP/1.1" 404 1256 "-" "-"
121.204.46.148 - - [19/Jul/2014:08:18:10 +0200] "GET /editor/filemanager/browser/default/connectors/test.html HTTP/1.1" 404 1256 "-" "-"
121.204.46.148 - - [19/Jul/2014:08:18:11 +0200] "GET /editor/editor/filemanager/connectors/uploadtest.html HTTP/1.1" 404 1256 "-" "-"
121.204.46.148 - - [19/Jul/2014:08:18:11 +0200] "GET /admin/fckeditor/editor/filemanager/upload/test.html HTTP/1.1" 404 1256 "-" "-"
121.204.46.148 - - [19/Jul/2014:08:18:12 +0200] "GET /includes/editors/fckeditor/editor/filemanager/upload/test.html HTTP/1.1" 404 1256 "-" "-"
121.204.46.148 - - [19/Jul/2014:08:18:13 +0200] "GET /js/fckeditor/editor/filemanager/browser/default/browser.html HTTP/1.1" 404 1256 "-" "-"
121.204.46.148 - - [19/Jul/2014:08:18:13 +0200] "GET /cms/fckeditor/editor/filemanager/connectors/uploadtest.html HTTP/1.1" 404 1256 "-" "-"
121.204.46.148 - - [19/Jul/2014:08:18:15 +0200] "GET /admin/fckeditor1/editor/filemanager/connectors/uploadtest.html HTTP/1.1" 404 1256 "-" "-"
121.204.46.148 - - [19/Jul/2014:08:18:16 +0200] "GET /fckeditor1/editor/filemanager/connectors/uploadtest.html HTTP/1.1" 404 1256 "-" "-"
121.204.46.148 - - [19/Jul/2014:08:18:16 +0200] "GET /fckeditor/editor/fckdialog.html HTTP/1.1" 404 1256 "-" "-"
121.204.46.148 - - [19/Jul/2014:08:18:17 +0200] "GET /fckeditor_ap/editor/filemanager/connectors/uploadtest.html HTTP/1.1" 404 1256 "-" "-"
121.204.46.148 - - [19/Jul/2014:08:18:18 +0200] "GET /editor/editor/filemanager/browser/default/connectors/test.html HTTP/1.1" 404 1256 "-" "-"
121.204.46.148 - - [19/Jul/2014:08:18:18 +0200] "GET /admin/fckeditor/editor/filemanager/browser/default/connectors/test.html HTTP/1.1" 404 1256 "-" "-"
121.204.46.148 - - [19/Jul/2014:08:18:19 +0200] "GET /webmanage/fckeditor/editor/filemanager/connectors/test.html HTTP/1.1" 404 1256 "-" "-"
121.204.46.148 - - [19/Jul/2014:08:18:19 +0200] "GET /path/fckeditor/editor/filemanager/browser/default/browser.html HTTP/1.1" 404 1256 "-" "-"
121.204.46.148 - - [19/Jul/2014:08:18:20 +0200] "GET /admin/editor/filemanager/upload/test.html HTTP/1.1" 404 1256 "-" "-"
121.204.46.148 - - [19/Jul/2014:08:18:20 +0200] "GET /administrator/fckeditor/editor/filemanager/connectors/uploadtest.html HTTP/1.1" 404 1256 "-" "-"
121.204.46.148 - - [19/Jul/2014:08:18:21 +0200] "GET /admin/fckeditor/editor/filemanager/connectors/aspx/upload.aspx HTTP/1.1" 404 1256 "-" "-"
121.204.46.148 - - [19/Jul/2014:08:18:21 +0200] "GET /editors/fckeditor/editor/filemanager/upload/test.html HTTP/1.1" 404 1256 "-" "-"
121.204.46.148 - - [19/Jul/2014:08:18:22 +0200] "GET /admin/fckeditor/editor/filemanager/connectors/uploadtest.html HTTP/1.1" 404 1256 "-" "-"
121.204.46.148 - - [19/Jul/2014:08:18:23 +0200] "GET /edit/editor/filemanager/browser/default/browser.html HTTP/1.1" 404 1256 "-" "-"
121.204.46.148 - - [19/Jul/2014:08:18:23 +0200] "GET /webeditor/editor/filemanager/browser/default/connectors/test.html HTTP/1.1" 404 1256 "-" "-"
121.204.46.148 - - [19/Jul/2014:08:18:24 +0200] "GET /admin/fckeditor_ap/editor/filemanager/connectors/uploadtest.html HTTP/1.1" 404 1256 "-" "-"
121.204.46.148 - - [19/Jul/2014:08:18:24 +0200] "GET /administrator/editors/fckeditor/editor/filemanager/upload/test.html HTTP/1.1" 404 1256 "-" "-"
121.204.46.148 - - [19/Jul/2014:08:18:25 +0200] "GET /admin/system/editor/fckeditor/editor/fckeditor.html HTTP/1.1" 404 1256 "-" "-"
121.204.46.148 - - [19/Jul/2014:08:18:25 +0200] "GET /fckeditor/editor/fckeditor.html HTTP/1.1" 404 1256 "-" "-"
121.204.46.148 - - [19/Jul/2014:08:18:26 +0200] "GET /webmanage/fckeditor/editor/filemanager/connectors/uploadtest.html HTTP/1.1" 404 1256 "-" "-"
121.204.46.148 - - [19/Jul/2014:08:18:26 +0200] "GET /editor/filemanager/connectors/uploadtest.html HTTP/1.1" 404 1256 "-" "-"
121.204.46.148 - - [19/Jul/2014:08:18:27 +0200] "GET /administrator/fckeditor1/editor/filemanager/connectors/uploadtest.html HTTP/1.1" 404 1256 "-" "-"
121.204.46.148 - - [19/Jul/2014:08:18:28 +0200] "GET /webeditor/editor/filemanager/connectors/test.html HTTP/1.1" 404 1256 "-" "-"
121.204.46.148 - - [19/Jul/2014:08:18:28 +0200] "GET /webeditor/editor/filemanager/connectors/uploadtest.html HTTP/1.1" 404 1256 "-" "-"
121.204.46.148 - - [19/Jul/2014:08:18:29 +0200] "GET /public/js/fckeditor/editor/filemanager/upload/test.html HTTP/1.1" 404 1256 "-" "-"
121.204.46.148 - - [19/Jul/2014:08:18:31 +0200] "GET /mods/ckeditor/filemanager/connectors/uploadtest.html HTTP/1.1" 404 1256 "-" "-"
121.204.46.148 - - [19/Jul/2014:08:18:32 +0200] "GET /admin/editor/filemanager/connectors/uploadtest.html HTTP/1.1" 404 1256 "-" "-"
121.204.46.148 - - [19/Jul/2014:08:18:32 +0200] "GET /js/fckeditor/editor/filemanager/upload/test.html HTTP/1.1" 404 1256 "-" "-"
121.204.46.148 - - [19/Jul/2014:08:18:33 +0200] "GET /admin/editors/fckeditor/editor/filemanager/upload/test.html HTTP/1.1" 404 1256 "-" "-"
121.204.46.148 - - [19/Jul/2014:08:18:33 +0200] "GET /public/js/fckeditor/editor/filemanager/connectors/uploadtest.html HTTP/1.1" 404 1256 "-" "-"
121.204.46.148 - - [19/Jul/2014:08:18:35 +0200] "GET /js/fckeditor/editor/filemanager/connectors/uploadtest.html HTTP/1.1" 404 1256 "-" "-"
121.204.46.148 - - [19/Jul/2014:08:18:36 +0200] "GET /login/editors/fckeditor/editor/filemanager/upload/test.html HTTP/1.1" 404 1256 "-" "-"
121.204.46.148 - - [19/Jul/2014:08:18:36 +0200] "GET /oa/fckeditor/editor/filemanager/browser/default/browser.htmlss HTTP/1.1" 404 1256 "-" "-"
121.204.46.148 - - [19/Jul/2014:08:18:39 +0200] "GET /editor/filemanager/browser/default/browser.html HTTP/1.1" 404 1256 "-" "-"
121.204.46.148 - - [19/Jul/2014:08:18:39 +0200] "GET /bbadmin/editors/fckeditor/editor/filemanager/upload/test.html HTTP/1.1" 404 1256 "-" "-"
