66.249.79.226 - - [06/Jul/2014:11:27:02 +0200] "GET /servicebereiche/uebersichtgebaeudemanagement/infrastr-gebaeudemanagement.html HTTP/1.1" 200 - "-" "Mozilla/5.0 (compatible; Googlebot/2.1; +http://www.google.com/bot.html)"
101.226.169.227 - - [06/Jul/2014:11:27:58 +0200] "GET /robots.txt HTTP/1.1" 200 304 "http://www.straman.de/robots.txt" "Mozilla/5.0 (Windows NT 6.1) AppleWebKit/537.1 (KHTML, like Gecko) Chrome/21.0.1180.89 Safari/537.1; 360Spider"
78.52.207.239 - - [06/Jul/2014:12:08:00 +0200] "GET / HTTP/1.1" 200 - "http://www.besch-rent.de/aktuelles.html" "Mozilla/5.0 (iPad; CPU OS 7_1_2 like Mac OS X) AppleWebKit/537.51.2 (KHTML, like Gecko) Version/7.0 Mobile/11D257 Safari/9537.53"
66.249.79.239 - - [06/Jul/2014:12:16:52 +0200] "GET /kontakt.html HTTP/1.1" 200 - "-" "Mozilla/5.0 (compatible; Googlebot/2.1; +http://www.google.com/bot.html)"
66.249.78.240 - - [06/Jul/2014:12:46:06 +0200] "GET /robots.txt HTTP/1.1" 200 304 "-" "Mozilla/5.0 (compatible; Googlebot/2.1; +http://www.google.com/bot.html)"
66.249.92.231 - - [06/Jul/2014:12:46:07 +0200] "GET /index.php?option=com_forme&fid=2&Itemid=65 HTTP/1.1" 200 - "-" "AdsBot-Google (+http://www.google.com/adsbot.html)"
66.249.66.137 - - [06/Jul/2014:12:49:23 +0200] "GET / HTTP/1.1" 200 5615 "-" "DoCoMo/2.0 N905i(c100;TB;W24H16) (compatible; Googlebot-Mobile/2.1; +http://www.google.com/bot.html)"
66.249.78.240 - - [06/Jul/2014:13:45:15 +0200] "GET /servicebereiche/strassenreinigung.html HTTP/1.1" 200 - "-" "Mozilla/5.0 (compatible; Googlebot/2.1; +http://www.google.com/bot.html)"
66.249.83.67 - - [06/Jul/2014:14:49:42 +0200] "GET / HTTP/1.1" 200 - "http://www.google.de/url?sa=t&rct=j&q=&esrc=s&source=web&cd=1&ved=0CCMQFjAD&url=http%3A%2F%2Fwww.straman.de%2F&ei=xUW5U_POKN696QPOdQ&usg=AFQjCNEpeUQQKOp_93iUUo8XSnpqrpjMzA" "Mozilla/4.0 (compatible; MSIE 8.0; Windows NT 6.1; Trident/4.0)"
66.249.83.67 - - [06/Jul/2014:14:49:43 +0200] "GET /favicon.ico HTTP/1.1" 404 2467 "-" "Mozilla/4.0 (compatible; MSIE 8.0; Windows NT 6.1; Trident/4.0)"
66.249.78.240 - - [06/Jul/2014:15:21:41 +0200] "GET /unternehmen/partner.html HTTP/1.1" 200 - "-" "Mozilla/5.0 (compatible; Googlebot/2.1; +http://www.google.com/bot.html)"
66.249.78.240 - - [06/Jul/2014:15:26:30 +0200] "GET /component/content/article/58.html HTTP/1.1" 200 - "-" "Mozilla/5.0 (compatible; Googlebot/2.1; +http://www.google.com/bot.html)"
66.249.78.247 - - [06/Jul/2014:15:45:47 +0200] "GET /servicebereiche/winterdienst.html HTTP/1.1" 200 - "-" "Mozilla/5.0 (compatible; Googlebot/2.1; +http://www.google.com/bot.html)"
66.249.66.137 - - [06/Jul/2014:15:49:58 +0200] "GET /servicebereiche/gruenanlagenpflege.html HTTP/1.1" 200 - "-" "Mozilla/5.0 (compatible; Googlebot/2.1; +http://www.google.com/bot.html)"
66.249.78.233 - - [06/Jul/2014:15:58:39 +0200] "GET /news.html HTTP/1.1" 200 - "-" "Mozilla/5.0 (compatible; Googlebot/2.1; +http://www.google.com/bot.html)"
66.249.78.240 - - [06/Jul/2014:17:01:19 +0200] "GET /referenzen.html HTTP/1.1" 200 - "-" "Mozilla/5.0 (compatible; Googlebot/2.1; +http://www.google.com/bot.html)"
208.115.113.87 - - [06/Jul/2014:17:03:34 +0200] "GET /robots.txt HTTP/1.1" 200 304 "-" "Mozilla/5.0 (compatible; DotBot/1.1; http://www.opensiteexplorer.org/dotbot, help@moz.com)"
66.249.78.240 - - [06/Jul/2014:17:54:22 +0200] "GET /news/60-ihr-komplettdienstleister-rund-um-die-immobilie.html HTTP/1.1" 200 - "-" "Mozilla/5.0 (compatible; Googlebot/2.1; +http://www.google.com/bot.html)"
207.46.13.71 - - [06/Jul/2014:18:16:07 +0200] "GET / HTTP/1.1" 200 - "-" "Mozilla/5.0 (compatible; bingbot/2.0; +http://www.bing.com/bingbot.htm)"
66.249.78.233 - - [06/Jul/2014:18:50:37 +0200] "GET /news/61-wir-begruessen-sie-auf-den-seiten-von-straman-ihren-komplettdienstleister-rund-um-die-immobilie.html HTTP/1.1" 200 - "-" "Mozilla/5.0 (compatible; Googlebot/2.1; +http://www.google.com/bot.html)"
208.115.113.87 - - [06/Jul/2014:18:59:57 +0200] "GET /servicebereiche/ HTTP/1.1" 404 2467 "-" "Mozilla/5.0 (compatible; DotBot/1.1; http://www.opensiteexplorer.org/dotbot, help@moz.com)"
208.115.111.71 - - [06/Jul/2014:19:12:08 +0200] "GET /robots.txt HTTP/1.1" 200 304 "-" "Mozilla/5.0 (compatible; DotBot/1.1; http://www.opensiteexplorer.org/dotbot, help@moz.com)"
79.197.209.112 - - [06/Jul/2014:19:23:29 +0200] "GET /unternehmen/impressum.html HTTP/1.1" 200 - "http://www.google.de/url?sa=t&rct=j&q=&esrc=s&source=web&cd=1&ved=0CCAQFjAA&url=http%3A%2F%2Fwww.straman.de%2Funternehmen%2Fimpressum.html&ei=DIa5U8S3FoT14QT8hoDQCg&usg=AFQjCNEQ6WIfxQJaHcb8W97z5-S8mcbsPA&bvm=bv.70138588,d.bGE" "Mozilla/5.0 (Macintosh; Intel Mac OS X 10_9_3) AppleWebKit/537.76.4 (KHTML, like Gecko) Version/7.0.4 Safari/537.76.4"
79.197.209.112 - - [06/Jul/2014:19:23:29 +0200] "GET /favicon.ico HTTP/1.1" 404 2467 "http://www.straman.de/unternehmen/impressum.html" "Mozilla/5.0 (Macintosh; Intel Mac OS X 10_9_3) AppleWebKit/537.76.4 (KHTML, like Gecko) Version/7.0.4 Safari/537.76.4"
79.197.209.112 - - [06/Jul/2014:19:23:37 +0200] "GET / HTTP/1.1" 200 - "-" "Mozilla/5.0 (Macintosh; Intel Mac OS X 10_9_3) AppleWebKit/537.76.4 (KHTML, like Gecko) Version/7.0.4 Safari/537.76.4"
79.197.209.112 - - [06/Jul/2014:19:23:37 +0200] "GET / HTTP/1.1" 200 - "-" "Mozilla/5.0 (Macintosh; Intel Mac OS X 10_9_3) AppleWebKit/537.76.4 (KHTML, like Gecko) Version/7.0.4 Safari/537.76.4"
79.197.209.112 - - [06/Jul/2014:19:23:47 +0200] "GET / HTTP/1.1" 200 - "-" "Mozilla/5.0 (Macintosh; Intel Mac OS X 10_9_3) AppleWebKit/537.76.4 (KHTML, like Gecko) Version/7.0.4 Safari/537.76.4"
79.197.209.112 - - [06/Jul/2014:19:23:56 +0200] "GET / HTTP/1.1" 200 - "-" "Mozilla/5.0 (Macintosh; Intel Mac OS X 10_9_3) AppleWebKit/537.76.4 (KHTML, like Gecko) Version/7.0.4 Safari/537.76.4"
79.197.209.112 - - [06/Jul/2014:19:24:26 +0200] "GET / HTTP/1.1" 200 - "-" "Mozilla/5.0 (Macintosh; Intel Mac OS X 10_9_3) AppleWebKit/537.76.4 (KHTML, like Gecko) Version/7.0.4 Safari/537.76.4"
207.241.226.216 - - [06/Jul/2014:19:25:01 +0200] "GET /robots.txt HTTP/1.1" 200 304 "-" "Mozilla/5.0 (compatible; archive.org_bot; Wayback Machine Live Record; +http://archive.org/details/archive.org_bot)"
79.197.209.112 - - [06/Jul/2014:19:28:33 +0200] "GET / HTTP/1.1" 200 - "http://www.google.de/url?sa=t&rct=j&q=&esrc=s&source=web&cd=1&ved=0CCoQFjAA&url=http%3A%2F%2Fwww.straman.de%2F&ei=O4e5U9eSI4KCzAP9_YCoCQ&usg=AFQjCNEpeUQQKOp_93iUUo8XSnpqrpjMzA&bvm=bv.70138588,d.bGE" "Mozilla/5.0 (Macintosh; Intel Mac OS X 10_9_3) AppleWebKit/537.76.4 (KHTML, like Gecko) Version/7.0.4 Safari/537.76.4"
79.197.209.112 - - [06/Jul/2014:19:29:46 +0200] "GET / HTTP/1.1" 200 - "http://www.google.com/url?sa=D&q=http://www.straman.de/&usg=AFQjCNHASQskOmRXWf6pmTaRMRkh0At3lg" "Mozilla/5.0 (Macintosh; Intel Mac OS X 10_9_3) AppleWebKit/537.36 (KHTML, like Gecko) Chrome/35.0.1916.114 Safari/537.36"
79.197.209.112 - - [06/Jul/2014:19:29:46 +0200] "GET /favicon.ico HTTP/1.1" 404 2467 "-" "Mozilla/5.0 (Macintosh; Intel Mac OS X 10_9_3) AppleWebKit/537.36 (KHTML, like Gecko) Chrome/35.0.1916.114 Safari/537.36"
207.46.13.71 - - [06/Jul/2014:20:35:06 +0200] "GET /servicebereiche/strassenreinigung.html HTTP/1.1" 200 - "-" "Mozilla/5.0 (compatible; bingbot/2.0; +http://www.bing.com/bingbot.htm)"
208.115.113.87 - - [06/Jul/2014:21:02:56 +0200] "GET /robots.txt HTTP/1.1" 200 304 "-" "Mozilla/5.0 (compatible; DotBot/1.1; http://www.opensiteexplorer.org/dotbot, help@moz.com)"
208.115.111.71 - - [06/Jul/2014:21:05:44 +0200] "GET /imagevideo-straman.html HTTP/1.1" 200 - "-" "Mozilla/5.0 (compatible; DotBot/1.1; http://www.opensiteexplorer.org/dotbot, help@moz.com)"
208.115.111.71 - - [06/Jul/2014:21:05:47 +0200] "GET /unternehmen/impressum.html HTTP/1.1" 200 - "-" "Mozilla/5.0 (compatible; DotBot/1.1; http://www.opensiteexplorer.org/dotbot, help@moz.com)"
64.233.172.67 - - [06/Jul/2014:21:27:32 +0200] "GET /index.php?option=com_forme&fid=2&Itemid=65 HTTP/1.1" 200 11204 "http://www.google.de/url?sa=t&rct=j&q=&esrc=s&source=web&cd=2&ved=0CDAQFjAG&url=http%3A%2F%2Fwww.straman.de%2Findex.php%3Foption%3Dcom_forme%26fid%3D2%26amp%3BItemid%3D65&ei=JKO5U62fFtq09gPjmgE&usg=AFQjCNH-uAIs0AnvWuLWYlXIe0-1B7sI5A" "Mozilla/5.0 (Linux; Android 4.3; en-us; SAMSUNG SPH-L720 Build/JSS15J) AppleWebKit/537.36 (KHTML, like Gecko) Version/1.5 Chrome/28.0.1500.94 Mobile Safari/537.36"
66.249.84.90 - - [06/Jul/2014:21:27:33 +0200] "GET /templates/gk_penguinmail/css/handheld/handheld.css HTTP/1.1" 200 3827 "http://www.straman.de/index.php?option=com_forme&fid=2&Itemid=65" "Mozilla/5.0 (Linux; Android 4.3; en-us; SAMSUNG SPH-L720 Build/JSS15J) AppleWebKit/537.36 (KHTML, like Gecko) Version/1.5 Chrome/28.0.1500.94 Mobile Safari/537.36"
66.249.84.90 - - [06/Jul/2014:21:27:33 +0200] "GET /media/system/js/mootools.js HTTP/1.1" 200 74434 "http://www.straman.de/index.php?option=com_forme&fid=2&Itemid=65" "Mozilla/5.0 (Linux; Android 4.3; en-us; SAMSUNG SPH-L720 Build/JSS15J) AppleWebKit/537.36 (KHTML, like Gecko) Version/1.5 Chrome/28.0.1500.94 Mobile Safari/537.36"
66.249.84.90 - - [06/Jul/2014:21:27:34 +0200] "GET /templates/gk_penguinmail/images/logo.png HTTP/1.1" 200 6608 "http://www.straman.de/index.php?option=com_forme&fid=2&Itemid=65" "Mozilla/5.0 (Linux; Android 4.3; en-us; SAMSUNG SPH-L720 Build/JSS15J) AppleWebKit/537.36 (KHTML, like Gecko) Version/1.5 Chrome/28.0.1500.94 Mobile Safari/537.36"
66.249.84.90 - - [06/Jul/2014:21:27:34 +0200] "GET /index.php?option=com_forme&func=captcha HTTP/1.1" 200 1405 "http://www.straman.de/index.php?option=com_forme&fid=2&Itemid=65" "Mozilla/5.0 (Linux; Android 4.3; en-us; SAMSUNG SPH-L720 Build/JSS15J) AppleWebKit/537.36 (KHTML, like Gecko) Version/1.5 Chrome/28.0.1500.94 Mobile Safari/537.36"
92.72.4.20 - - [06/Jul/2014:21:44:05 +0200] "GET / HTTP/1.1" 200 5615 "-" "Mozilla/5.0 (Linux; U; Android 4.3; de-de; GT-I9300 Build/JSS15J) AppleWebKit/534.30 (KHTML, like Gecko) Version/4.0 Mobile Safari/534.30"
92.72.4.20 - - [06/Jul/2014:21:44:06 +0200] "GET /media/system/js/caption.js HTTP/1.1" 200 1963 "http://www.straman.de/" "Mozilla/5.0 (Linux; U; Android 4.3; de-de; GT-I9300 Build/JSS15J) AppleWebKit/534.30 (KHTML, like Gecko) Version/4.0 Mobile Safari/534.30"
92.72.4.20 - - [06/Jul/2014:21:44:06 +0200] "GET /templates/gk_penguinmail/css/handheld/handheld.css HTTP/1.1" 200 3827 "http://www.straman.de/" "Mozilla/5.0 (Linux; U; Android 4.3; de-de; GT-I9300 Build/JSS15J) AppleWebKit/534.30 (KHTML, like Gecko) Version/4.0 Mobile Safari/534.30"
92.72.4.20 - - [06/Jul/2014:21:44:06 +0200] "GET /templates/gk_penguinmail/css/template.css HTTP/1.1" 200 9192 "http://www.straman.de/" "Mozilla/5.0 (Linux; U; Android 4.3; de-de; GT-I9300 Build/JSS15J) AppleWebKit/534.30 (KHTML, like Gecko) Version/4.0 Mobile Safari/534.30"
92.72.4.20 - - [06/Jul/2014:21:44:06 +0200] "GET /media/system/js/mootools.js HTTP/1.1" 200 74434 "http://www.straman.de/" "Mozilla/5.0 (Linux; U; Android 4.3; de-de; GT-I9300 Build/JSS15J) AppleWebKit/534.30 (KHTML, like Gecko) Version/4.0 Mobile Safari/534.30"
92.72.4.20 - - [06/Jul/2014:21:44:06 +0200] "GET /templates/gk_penguinmail/images/logo.png HTTP/1.1" 200 6608 "http://www.straman.de/" "Mozilla/5.0 (Linux; U; Android 4.3; de-de; GT-I9300 Build/JSS15J) AppleWebKit/534.30 (KHTML, like Gecko) Version/4.0 Mobile Safari/534.30"
92.72.4.20 - - [06/Jul/2014:21:44:06 +0200] "GET /templates/gk_penguinmail/favicon.ico HTTP/1.1" 200 5686 "http://www.straman.de/" "Mozilla/5.0 (Linux; U; Android 4.3; de-de; GT-I9300 Build/JSS15J) AppleWebKit/534.30 (KHTML, like Gecko) Version/4.0 Mobile Safari/534.30"
92.72.4.20 - - [06/Jul/2014:21:54:28 +0200] "GET /unternehmen/impressum.html HTTP/1.1" 200 11864 "-" "Mozilla/5.0 (Linux; U; Android 4.3; de-de; GT-I9300 Build/JSS15J) AppleWebKit/534.30 (KHTML, like Gecko) Version/4.0 Mobile Safari/534.30"
92.72.4.20 - - [06/Jul/2014:21:54:28 +0200] "GET /templates/gk_penguinmail/css/template_unterseiten.css HTTP/1.1" 200 115 "http://www.straman.de/unternehmen/impressum.html" "Mozilla/5.0 (Linux; U; Android 4.3; de-de; GT-I9300 Build/JSS15J) AppleWebKit/534.30 (KHTML, like Gecko) Version/4.0 Mobile Safari/534.30"
92.72.4.20 - - [06/Jul/2014:21:54:28 +0200] "GET /templates/gk_penguinmail/images/emailButton.png HTTP/1.1" 200 365 "http://www.straman.de/unternehmen/impressum.html" "Mozilla/5.0 (Linux; U; Android 4.3; de-de; GT-I9300 Build/JSS15J) AppleWebKit/534.30 (KHTML, like Gecko) Version/4.0 Mobile Safari/534.30"
92.72.4.20 - - [06/Jul/2014:21:54:28 +0200] "GET /templates/gk_penguinmail/images/printButton.png HTTP/1.1" 200 442 "http://www.straman.de/unternehmen/impressum.html" "Mozilla/5.0 (Linux; U; Android 4.3; de-de; GT-I9300 Build/JSS15J) AppleWebKit/534.30 (KHTML, like Gecko) Version/4.0 Mobile Safari/534.30"
192.99.147.201 - - [06/Jul/2014:22:12:48 +0200] "GET /downloadbereich.html\r HTTP/1.1" 200 - "-" "Mozilla/5.0 (compatible; MSIE 10.0; Windows NT 6.1; Trident/6.0)"
208.115.113.87 - - [06/Jul/2014:22:18:47 +0200] "GET /servicebereiche/uebersichtgebaeudemanagement/gebaeudemanagement.html HTTP/1.1" 200 - "-" "Mozilla/5.0 (compatible; DotBot/1.1; http://www.opensiteexplorer.org/dotbot, help@moz.com)"
207.46.13.71 - - [06/Jul/2014:22:33:27 +0200] "GET /unternehmen/jobs.html HTTP/1.1" 200 - "-" "Mozilla/5.0 (compatible; bingbot/2.0; +http://www.bing.com/bingbot.htm)"
89.204.155.18 - - [06/Jul/2014:23:06:01 +0200] "GET / HTTP/1.1" 200 5615 "http://www.google.de/search?site=&source=hp&ei=Ebq5U9WOBOOp4gTM9oHYAg&q=straman+gmbh&btnG=" "Mozilla/5.0 (Linux; U; Android 4.3; de-de; SAMSUNG GT-I9305/I9305XXUEMKC Build/JSS15J) AppleWebKit/534.30 (KHTML, like Gecko) Version/4.0 Mobile Safari/534.30"
89.204.155.18 - - [06/Jul/2014:23:06:01 +0200] "GET /templates/gk_penguinmail/css/handheld/handheld.css HTTP/1.1" 200 3827 "http://www.straman.de/" "Mozilla/5.0 (Linux; U; Android 4.3; de-de; SAMSUNG GT-I9305/I9305XXUEMKC Build/JSS15J) AppleWebKit/534.30 (KHTML, like Gecko) Version/4.0 Mobile Safari/534.30"
89.204.155.18 - - [06/Jul/2014:23:06:02 +0200] "GET /media/system/js/caption.js HTTP/1.1" 200 1963 "http://www.straman.de/" "Mozilla/5.0 (Linux; U; Android 4.3; de-de; SAMSUNG GT-I9305/I9305XXUEMKC Build/JSS15J) AppleWebKit/534.30 (KHTML, like Gecko) Version/4.0 Mobile Safari/534.30"
89.204.155.18 - - [06/Jul/2014:23:06:02 +0200] "GET /templates/gk_penguinmail/css/template.css HTTP/1.1" 200 9192 "http://www.straman.de/" "Mozilla/5.0 (Linux; U; Android 4.3; de-de; SAMSUNG GT-I9305/I9305XXUEMKC Build/JSS15J) AppleWebKit/534.30 (KHTML, like Gecko) Version/4.0 Mobile Safari/534.30"
89.204.155.18 - - [06/Jul/2014:23:06:01 +0200] "GET /media/system/js/mootools.js HTTP/1.1" 200 74434 "http://www.straman.de/" "Mozilla/5.0 (Linux; U; Android 4.3; de-de; SAMSUNG GT-I9305/I9305XXUEMKC Build/JSS15J) AppleWebKit/534.30 (KHTML, like Gecko) Version/4.0 Mobile Safari/534.30"
89.204.155.18 - - [06/Jul/2014:23:06:21 +0200] "GET /templates/gk_penguinmail/images/logo.png HTTP/1.1" 200 6608 "http://www.straman.de/" "Mozilla/5.0 (Linux; U; Android 4.3; de-de; SAMSUNG GT-I9305/I9305XXUEMKC Build/JSS15J) AppleWebKit/534.30 (KHTML, like Gecko) Version/4.0 Mobile Safari/534.30"
89.204.155.18 - - [06/Jul/2014:23:06:22 +0200] "GET /templates/gk_penguinmail/favicon.ico HTTP/1.1" 200 5686 "http://www.straman.de/" "Mozilla/5.0 (Linux; U; Android 4.3; de-de; SAMSUNG GT-I9305/I9305XXUEMKC Build/JSS15J) AppleWebKit/534.30 (KHTML, like Gecko) Version/4.0 Mobile Safari/534.30"
89.204.155.18 - - [06/Jul/2014:23:06:46 +0200] "GET /component/user/login.html HTTP/1.1" 200 9758 "http://www.straman.de/" "Mozilla/5.0 (Linux; U; Android 4.3; de-de; SAMSUNG GT-I9305/I9305XXUEMKC Build/JSS15J) AppleWebKit/534.30 (KHTML, like Gecko) Version/4.0 Mobile Safari/534.30"
89.204.155.18 - - [06/Jul/2014:23:06:47 +0200] "GET /media/system/js/validate.js HTTP/1.1" 200 4246 "http://www.straman.de/component/user/login.html" "Mozilla/5.0 (Linux; U; Android 4.3; de-de; SAMSUNG GT-I9305/I9305XXUEMKC Build/JSS15J) AppleWebKit/534.30 (KHTML, like Gecko) Version/4.0 Mobile Safari/534.30"
89.204.155.18 - - [06/Jul/2014:23:07:25 +0200] "GET / HTTP/1.1" 200 5615 "http://www.straman.de/component/user/login.html" "Mozilla/5.0 (Linux; U; Android 4.3; de-de; SAMSUNG GT-I9305/I9305XXUEMKC Build/JSS15J) AppleWebKit/534.30 (KHTML, like Gecko) Version/4.0 Mobile Safari/534.30"
89.204.155.18 - - [06/Jul/2014:23:10:38 +0200] "GET / HTTP/1.1" 200 5615 "http://www.google.de/search?site=&source=hp&ei=Ebq5U9WOBOOp4gTM9oHYAg&q=straman+gmbh&btnG=" "Mozilla/5.0 (Linux; U; Android 4.3; de-de; SAMSUNG GT-I9305/I9305XXUEMKC Build/JSS15J) AppleWebKit/534.30 (KHTML, like Gecko) Version/4.0 Mobile Safari/534.30"
89.204.155.18 - - [06/Jul/2014:23:11:18 +0200] "GET /component/user/login.html HTTP/1.1" 200 9758 "http://www.straman.de/" "Mozilla/5.0 (Linux; U; Android 4.3; de-de; SAMSUNG GT-I9305/I9305XXUEMKC Build/JSS15J) AppleWebKit/534.30 (KHTML, like Gecko) Version/4.0 Mobile Safari/534.30"
84.189.252.51 - - [06/Jul/2014:23:11:34 +0200] "GET / HTTP/1.1" 200 - "-" "Mozilla/5.0 (iPad; CPU OS 7_1_2 like Mac OS X) AppleWebKit/537.51.2 (KHTML, like Gecko) Version/7.0 Mobile/11D257 Safari/9537.53"
89.204.155.18 - - [06/Jul/2014:23:11:42 +0200] "GET /component/user/login.html HTTP/1.1" 200 9758 "http://www.straman.de/component/user/login.html" "Mozilla/5.0 (Linux; U; Android 4.3; de-de; SAMSUNG GT-I9305/I9305XXUEMKC Build/JSS15J) AppleWebKit/534.30 (KHTML, like Gecko) Version/4.0 Mobile Safari/534.30"
89.204.155.18 - - [06/Jul/2014:23:12:14 +0200] "GET / HTTP/1.1" 200 5615 "http://www.straman.de/component/user/login.html" "Mozilla/5.0 (Linux; U; Android 4.3; de-de; SAMSUNG GT-I9305/I9305XXUEMKC Build/JSS15J) AppleWebKit/534.30 (KHTML, like Gecko) Version/4.0 Mobile Safari/534.30"
89.204.155.18 - - [06/Jul/2014:23:12:58 +0200] "GET / HTTP/1.1" 200 5615 "http://www.straman.de/component/user/login.html" "Mozilla/5.0 (Linux; U; Android 4.3; de-de; SAMSUNG GT-I9305/I9305XXUEMKC Build/JSS15J) AppleWebKit/534.30 (KHTML, like Gecko) Version/4.0 Mobile Safari/534.30"
89.204.155.18 - - [06/Jul/2014:23:12:59 +0200] "GET /media/system/js/mootools.js HTTP/1.1" 304 - "http://www.straman.de/" "Mozilla/5.0 (Linux; U; Android 4.3; de-de; SAMSUNG GT-I9305/I9305XXUEMKC Build/JSS15J) AppleWebKit/534.30 (KHTML, like Gecko) Version/4.0 Mobile Safari/534.30"
89.204.155.18 - - [06/Jul/2014:23:12:59 +0200] "GET /media/system/js/caption.js HTTP/1.1" 304 - "http://www.straman.de/" "Mozilla/5.0 (Linux; U; Android 4.3; de-de; SAMSUNG GT-I9305/I9305XXUEMKC Build/JSS15J) AppleWebKit/534.30 (KHTML, like Gecko) Version/4.0 Mobile Safari/534.30"
89.204.155.18 - - [06/Jul/2014:23:12:59 +0200] "GET /templates/gk_penguinmail/css/handheld/handheld.css HTTP/1.1" 304 - "http://www.straman.de/" "Mozilla/5.0 (Linux; U; Android 4.3; de-de; SAMSUNG GT-I9305/I9305XXUEMKC Build/JSS15J) AppleWebKit/534.30 (KHTML, like Gecko) Version/4.0 Mobile Safari/534.30"
89.204.155.18 - - [06/Jul/2014:23:12:59 +0200] "GET /templates/gk_penguinmail/css/template.css HTTP/1.1" 304 - "http://www.straman.de/" "Mozilla/5.0 (Linux; U; Android 4.3; de-de; SAMSUNG GT-I9305/I9305XXUEMKC Build/JSS15J) AppleWebKit/534.30 (KHTML, like Gecko) Version/4.0 Mobile Safari/534.30"
89.204.155.18 - - [06/Jul/2014:23:12:59 +0200] "GET /templates/gk_penguinmail/images/logo.png HTTP/1.1" 304 - "http://www.straman.de/" "Mozilla/5.0 (Linux; U; Android 4.3; de-de; SAMSUNG GT-I9305/I9305XXUEMKC Build/JSS15J) AppleWebKit/534.30 (KHTML, like Gecko) Version/4.0 Mobile Safari/534.30"
94.242.222.44 - - [06/Jul/2014:23:20:57 +0200] "GET /index.php HTTP/1.1" 200 - "-" "Mozilla/4.0 (compatible; MSIE 8.0; Windows NT 6.1; Trident/4.0)"
157.55.39.119 - - [06/Jul/2014:23:59:23 +0200] "GET /servicebereiche/gruenanlagenpflege.html HTTP/1.1" 200 - "-" "Mozilla/5.0 (compatible; bingbot/2.0; +http://www.bing.com/bingbot.htm)"
157.55.39.12 - - [06/Jul/2014:23:59:33 +0200] "GET /robots.txt HTTP/1.1" 200 304 "-" "Mozilla/5.0 (compatible; bingbot/2.0; +http://www.bing.com/bingbot.htm)"
88.73.20.159 - - [07/Jul/2014:00:12:20 +0200] "GET / HTTP/1.1" 200 - "http://www.google.de/aclk?sa=L&ai=CbDn0pMm5U43UIITl7gaq94HICumv--cFmdy5goMBqsDgBggDEAEg67H8DlDz5ISI-_____8BYJX68IGMB8gBAakCBVpYNLjNtj6qBCRP0IfpzM2E1CcgV-zqCUgvsdTTJ9Xk_ptvIYNjm0GmJwk5rBSABbP4_hjYBgSAB5mN80GQBwM&sig=AOD64_1rf-jBEdjK6pZqxAuWah8kTj5Iyg&rct=j&q=&ved=0CDwQ0Qw&adurl=http://www.straman.de" "Mozilla/5.0 (iPad; CPU OS 6_1_3 like Mac OS X) AppleWebKit/536.26 (KHTML, like Gecko) Version/6.0 Mobile/10B329 Safari/8536.25"
85.199.78.254 - - [07/Jul/2014:00:28:28 +0200] "GET / HTTP/1.1" 200 - "http://www.google.de/aclk?sa=L&ai=CP4qLZ825U-SpF8G97gaVkoLAC-mv--cFmdy5goMBtq3KBQgAEAEoA1Dz5ISI-_____8BYJWCgICQB8gBAakCBVpYNLjNtj6qBCRP0A1kOmAyUivqGr465ABSozPTXUu9D8bd2BZYiT7WSqUOzEqAB5mN80GIBwGQBwI&sig=AOD64_29sCJDRy9dL_B46fACombg9cAJXw&rct=j&q=&ved=0CCEQ0Qw&adurl=http://www.straman.de" "Mozilla/5.0 (Windows NT 6.1; WOW64; rv:30.0) Gecko/20100101 Firefox/30.0"
85.199.78.254 - - [07/Jul/2014:00:28:28 +0200] "GET /favicon.ico HTTP/1.1" 404 2467 "-" "Mozilla/5.0 (Windows NT 6.1; WOW64; rv:30.0) Gecko/20100101 Firefox/30.0"
85.199.78.254 - - [07/Jul/2014:00:28:28 +0200] "GET /favicon.ico HTTP/1.1" 404 2467 "-" "Mozilla/5.0 (Windows NT 6.1; WOW64; rv:30.0) Gecko/20100101 Firefox/30.0"
95.91.240.215 - - [07/Jul/2014:00:38:36 +0200] "GET / HTTP/1.1" 200 - "http://www.google.de/aclk?sa=L&ai=CWCgC6M-5U5mmCuH57Qbt_YHQAemv--cFmdy5goMBhZTuDQgAEAFQ8-SEiPv_____AWCV-vCBjAfIAQGpAgVaWDS4zbY-qgQlT9BI8WM1kC8b0B1DYF8bL7X1lvPIHGir59BV4MJATkLLT-Gx1YAHmY3zQZAHAQ&sig=AOD64_3LkBHtCOJ38e8cOV7_SXverxzdkA&rct=j&q=&ved=0CB4Q0Qw&adurl=http://www.straman.de" "Mozilla/5.0 (Windows NT 6.2; WOW64; rv:30.0) Gecko/20100101 Firefox/30.0"
95.91.240.215 - - [07/Jul/2014:00:38:37 +0200] "GET /favicon.ico HTTP/1.1" 404 2467 "-" "Mozilla/5.0 (Windows NT 6.2; WOW64; rv:30.0) Gecko/20100101 Firefox/30.0"
95.91.240.215 - - [07/Jul/2014:00:38:37 +0200] "GET /favicon.ico HTTP/1.1" 404 2467 "-" "Mozilla/5.0 (Windows NT 6.2; WOW64; rv:30.0) Gecko/20100101 Firefox/30.0"
95.91.240.215 - - [07/Jul/2014:00:38:46 +0200] "GET / HTTP/1.1" 200 - "http://www.google.de/aclk?sa=L&ai=CWCgC6M-5U5mmCuH57Qbt_YHQAemv--cFmdy5goMBhZTuDQgAEAFQ8-SEiPv_____AWCV-vCBjAfIAQGpAgVaWDS4zbY-qgQlT9BI8WM1kC8b0B1DYF8bL7X1lvPIHGir59BV4MJATkLLT-Gx1YAHmY3zQZAHAQ&sig=AOD64_3LkBHtCOJ38e8cOV7_SXverxzdkA&rct=j&q=&ved=0CB4Q0Qw&adurl=http://www.straman.de" "Mozilla/5.0 (Windows NT 6.2; WOW64; rv:30.0) Gecko/20100101 Firefox/30.0"
66.249.66.137 - - [07/Jul/2014:00:39:49 +0200] "GET /unternehmen/jobs.html HTTP/1.1" 200 11816 "-" "DoCoMo/2.0 N905i(c100;TB;W24H16) (compatible; Googlebot-Mobile/2.1; +http://www.google.com/bot.html)"
81.0.199.226 - - [07/Jul/2014:00:41:39 +0200] "GET / HTTP/1.1" 200 - "-" "Mozilla/5.0 (Macintosh; Intel Mac OS X 10.7; rv:22.0) Gecko/20100101 Firefox/22.0"
207.46.13.71 - - [07/Jul/2014:01:10:32 +0200] "GET / HTTP/1.1" 200 - "-" "Mozilla/5.0 (compatible; bingbot/2.0; +http://www.bing.com/bingbot.htm)"
66.249.83.67 - - [07/Jul/2014:02:09:07 +0200] "GET /index.php?option=com_forme&fid=2&Itemid=65 HTTP/1.1" 200 - "http://www.google.de/url?sa=t&rct=j&q=&esrc=s&source=web&cd=3&ved=0CDEQFjAG&url=http%3A%2F%2Fwww.straman.de%2Findex.php%3Foption%3Dcom_forme%26fid%3D2%26amp%3BItemid%3D65&ei=2eS5U-HKBdGypwS7Ug&usg=AFQjCNH-uAIs0AnvWuLWYlXIe0-1B7sI5A" "Mozilla/5.0 (compatible; MSIE 8.0; Windows NT 5.1; Trident/4.0; .NET CLR 1.1.4322; .NET CLR 2.0.50727)"
66.249.83.67 - - [07/Jul/2014:02:09:08 +0200] "GET /favicon.ico HTTP/1.1" 404 2467 "-" "Mozilla/5.0 (compatible; MSIE 8.0; Windows NT 5.1; Trident/4.0; .NET CLR 1.1.4322; .NET CLR 2.0.50727)"
66.249.78.233 - - [07/Jul/2014:02:28:40 +0200] "GET /downloadbereich/58.html HTTP/1.1" 200 - "-" "Mozilla/5.0 (compatible; Googlebot/2.1; +http://www.google.com/bot.html)"
195.233.250.7 - - [07/Jul/2014:02:32:32 +0200] "GET /images/stories/privatgartenpflege.jpg HTTP/1.1" 304 - "-" "Mozilla/4.0 (compatible;)"
109.45.2.97 - - [07/Jul/2014:03:15:49 +0200] "GET / HTTP/1.1" 200 8922 "http://www.google.de/aclk?sa=L&ai=CS4slwPS5U8D5CIi4jAbn44LwCemv--cF8Ya5goMB48GKBggAEAIg-JmLEigCUPPkhIj7_____wFglYrzgZAHyAEBqQIFWlg0uM22PqoEJE_QnZGJ6dtIcB2rOoj1FYbIOwAmSQF5PHGDlc3esZbAhWLOxoAFl-C8C9gGAoAHmY3zQZAHAQ&sig=AOD64_39wQYSq2ebBb8rHR51Bwc3edM7ow&rct=j&q=&ved=0CCEQ0Qw&adurl=http://www.straman.de" "Mozilla/5.0 (iPhone; CPU iPhone OS 7_1_2 like Mac OS X) AppleWebKit/537.51.2 (KHTML, like Gecko) Version/7.0 Mobile/11D257 Safari/9537.53"
109.45.2.97 - - [07/Jul/2014:03:15:49 +0200] "GET /media/system/js/mootools.js HTTP/1.1" 200 74434 "http://www.straman.de/" "Mozilla/5.0 (iPhone; CPU iPhone OS 7_1_2 like Mac OS X) AppleWebKit/537.51.2 (KHTML, like Gecko) Version/7.0 Mobile/11D257 Safari/9537.53"
109.45.2.97 - - [07/Jul/2014:03:15:50 +0200] "GET /media/system/js/caption.js HTTP/1.1" 200 1963 "http://www.straman.de/" "Mozilla/5.0 (iPhone; CPU iPhone OS 7_1_2 like Mac OS X) AppleWebKit/537.51.2 (KHTML, like Gecko) Version/7.0 Mobile/11D257 Safari/9537.53"
109.45.2.97 - - [07/Jul/2014:03:15:50 +0200] "GET /templates/gk_penguinmail/css/handheld/iphone.css HTTP/1.1" 200 5360 "http://www.straman.de/" "Mozilla/5.0 (iPhone; CPU iPhone OS 7_1_2 like Mac OS X) AppleWebKit/537.51.2 (KHTML, like Gecko) Version/7.0 Mobile/11D257 Safari/9537.53"
109.45.2.97 - - [07/Jul/2014:03:15:50 +0200] "GET /templates/gk_penguinmail/css/template.css HTTP/1.1" 200 9192 "http://www.straman.de/" "Mozilla/5.0 (iPhone; CPU iPhone OS 7_1_2 like Mac OS X) AppleWebKit/537.51.2 (KHTML, like Gecko) Version/7.0 Mobile/11D257 Safari/9537.53"
109.45.2.97 - - [07/Jul/2014:03:15:50 +0200] "GET /templates/gk_penguinmail/js/iphone.js HTTP/1.1" 200 5379 "http://www.straman.de/" "Mozilla/5.0 (iPhone; CPU iPhone OS 7_1_2 like Mac OS X) AppleWebKit/537.51.2 (KHTML, like Gecko) Version/7.0 Mobile/11D257 Safari/9537.53"
109.45.2.97 - - [07/Jul/2014:03:15:50 +0200] "GET /templates/gk_penguinmail/images/logo.png HTTP/1.1" 200 6608 "http://www.straman.de/" "Mozilla/5.0 (iPhone; CPU iPhone OS 7_1_2 like Mac OS X) AppleWebKit/537.51.2 (KHTML, like Gecko) Version/7.0 Mobile/11D257 Safari/9537.53"
109.45.2.97 - - [07/Jul/2014:03:15:50 +0200] "GET /templates/gk_penguinmail/images/handheld/t_bar_l.png HTTP/1.1" 200 2902 "http://www.straman.de/" "Mozilla/5.0 (iPhone; CPU iPhone OS 7_1_2 like Mac OS X) AppleWebKit/537.51.2 (KHTML, like Gecko) Version/7.0 Mobile/11D257 Safari/9537.53"
109.45.2.97 - - [07/Jul/2014:03:15:50 +0200] "GET /templates/gk_penguinmail/images/handheld/t_bar_r.png HTTP/1.1" 200 2958 "http://www.straman.de/" "Mozilla/5.0 (iPhone; CPU iPhone OS 7_1_2 like Mac OS X) AppleWebKit/537.51.2 (KHTML, like Gecko) Version/7.0 Mobile/11D257 Safari/9537.53"
109.45.2.97 - - [07/Jul/2014:03:15:50 +0200] "GET /templates/gk_penguinmail/images/handheld/t_login.png HTTP/1.1" 200 3136 "http://www.straman.de/" "Mozilla/5.0 (iPhone; CPU iPhone OS 7_1_2 like Mac OS X) AppleWebKit/537.51.2 (KHTML, like Gecko) Version/7.0 Mobile/11D257 Safari/9537.53"
109.45.2.97 - - [07/Jul/2014:03:15:50 +0200] "GET /templates/gk_penguinmail/images/logo_bg.png HTTP/1.1" 404 2467 "http://www.straman.de/" "Mozilla/5.0 (iPhone; CPU iPhone OS 7_1_2 like Mac OS X) AppleWebKit/537.51.2 (KHTML, like Gecko) Version/7.0 Mobile/11D257 Safari/9537.53"
109.45.2.97 - - [07/Jul/2014:03:15:50 +0200] "GET /templates/gk_penguinmail/images/handheld/arrow_nav.png HTTP/1.1" 200 247 "http://www.straman.de/" "Mozilla/5.0 (iPhone; CPU iPhone OS 7_1_2 like Mac OS X) AppleWebKit/537.51.2 (KHTML, like Gecko) Version/7.0 Mobile/11D257 Safari/9537.53"
109.45.2.97 - - [07/Jul/2014:03:15:50 +0200] "GET /templates/gk_penguinmail/images/handheld/t_options.png HTTP/1.1" 200 3094 "http://www.straman.de/" "Mozilla/5.0 (iPhone; CPU iPhone OS 7_1_2 like Mac OS X) AppleWebKit/537.51.2 (KHTML, like Gecko) Version/7.0 Mobile/11D257 Safari/9537.53"
109.45.2.97 - - [07/Jul/2014:03:15:50 +0200] "GET /templates/gk_penguinmail/images/handheld/t_search.png HTTP/1.1" 200 3129 "http://www.straman.de/" "Mozilla/5.0 (iPhone; CPU iPhone OS 7_1_2 like Mac OS X) AppleWebKit/537.51.2 (KHTML, like Gecko) Version/7.0 Mobile/11D257 Safari/9537.53"
109.45.2.97 - - [07/Jul/2014:03:15:55 +0200] "GET / HTTP/1.1" 200 8922 "http://www.google.de/aclk?sa=L&ai=CS4slwPS5U8D5CIi4jAbn44LwCemv--cF8Ya5goMB48GKBggAEAIg-JmLEigCUPPkhIj7_____wFglYrzgZAHyAEBqQIFWlg0uM22PqoEJE_QnZGJ6dtIcB2rOoj1FYbIOwAmSQF5PHGDlc3esZbAhWLOxoAFl-C8C9gGAoAHmY3zQZAHAQ&sig=AOD64_39wQYSq2ebBb8rHR51Bwc3edM7ow&rct=j&q=&ved=0CCEQ0Qw&adurl=http://www.straman.de" "Mozilla/5.0 (iPhone; CPU iPhone OS 7_1_2 like Mac OS X) AppleWebKit/537.51.2 (KHTML, like Gecko) Version/7.0 Mobile/11D257 Safari/9537.53"
66.249.78.247 - - [07/Jul/2014:03:21:26 +0200] "GET /servicebereiche/gruenanlagenpflege/gewerbegruenpflege.html HTTP/1.1" 200 - "-" "Mozilla/5.0 (compatible; Googlebot/2.1; +http://www.google.com/bot.html)"
46.229.167.149 - - [07/Jul/2014:03:41:56 +0200] "GET / HTTP/1.1" 200 - "-" "mozilla/3.0 (Windows NT 6.1; rv:2.0.1) Gecko/20100101 Firefox/5.0.1"
82.113.121.44 - - [07/Jul/2014:04:10:32 +0200] "GET / HTTP/1.1" 200 5615 "http://www.google.com/aclk?sa=L&ai=Cf5lhjAG6U_CFLcqcjAa_nYHQAumv--cFmdy5goMBtIf_DQgAEAIgs_j-GCgCUPPkhIj7_____wFglfrwgYwHkAECyAEBqQIFWlg0uM22PqoEJU_QJDpKg9h6c3lgUeZJuiADMvGNMYldHSkFec9lb-LZuKgNC-zYBgSAB5mN80GQBwM&sig=AOD64_0zjfqtVGCSPc4B_oa8PXQYsidadQ&rct=j&q=&ved=0CCMQ0Qw4Cg&adurl=http://www.straman.de" "Mozilla/5.0 (Android; Tablet; rv:26.0) Gecko/26.0 Firefox/26.0"
82.113.121.44 - - [07/Jul/2014:04:10:32 +0200] "GET /media/system/js/caption.js HTTP/1.1" 200 1963 "http://www.straman.de/" "Mozilla/5.0 (Android; Tablet; rv:26.0) Gecko/26.0 Firefox/26.0"
82.113.121.44 - - [07/Jul/2014:04:10:32 +0200] "GET /templates/gk_penguinmail/css/handheld/handheld.css HTTP/1.1" 200 3827 "http://www.straman.de/" "Mozilla/5.0 (Android; Tablet; rv:26.0) Gecko/26.0 Firefox/26.0"
82.113.121.44 - - [07/Jul/2014:04:10:32 +0200] "GET /media/system/js/mootools.js HTTP/1.1" 200 74434 "http://www.straman.de/" "Mozilla/5.0 (Android; Tablet; rv:26.0) Gecko/26.0 Firefox/26.0"
82.113.121.44 - - [07/Jul/2014:04:10:33 +0200] "GET /templates/gk_penguinmail/css/template.css HTTP/1.1" 200 9192 "http://www.straman.de/" "Mozilla/5.0 (Android; Tablet; rv:26.0) Gecko/26.0 Firefox/26.0"
82.113.121.44 - - [07/Jul/2014:04:10:33 +0200] "GET /templates/gk_penguinmail/favicon.ico HTTP/1.1" 200 5686 "-" "Mozilla/5.0 (Android; Tablet; rv:26.0.1) Gecko/26.0.1 Firefox/26.0.1"
82.113.121.44 - - [07/Jul/2014:04:10:47 +0200] "GET /component/user/login.html HTTP/1.1" 200 9758 "http://www.straman.de/" "Mozilla/5.0 (Android; Tablet; rv:26.0) Gecko/26.0 Firefox/26.0"
82.113.121.44 - - [07/Jul/2014:04:10:47 +0200] "GET /media/system/js/validate.js HTTP/1.1" 200 4246 "http://www.straman.de/component/user/login.html" "Mozilla/5.0 (Android; Tablet; rv:26.0) Gecko/26.0 Firefox/26.0"
82.113.121.44 - - [07/Jul/2014:04:10:47 +0200] "GET /templates/gk_penguinmail/images/logo.png HTTP/1.1" 200 6608 "http://www.straman.de/templates/gk_penguinmail/css/handheld/handheld.css" "Mozilla/5.0 (Android; Tablet; rv:26.0) Gecko/26.0 Firefox/26.0"
82.113.121.44 - - [07/Jul/2014:04:10:48 +0200] "GET /templates/gk_penguinmail/favicon.ico HTTP/1.1" 200 5686 "-" "Mozilla/5.0 (Android; Tablet; rv:26.0.1) Gecko/26.0.1 Firefox/26.0.1"
37.58.100.175 - - [07/Jul/2014:04:13:06 +0200] "GET /component/forme/?fid=2 HTTP/1.1" 200 - "-" "Mozilla/5.0 (compatible; AhrefsBot/5.0; +http://ahrefs.com/robot/)"
157.55.39.119 - - [07/Jul/2014:04:47:27 +0200] "GET /component/mailto/?tmpl=component&link=a0f90e3f2e376ffb85cf3950f8f5ab75a77cab80 HTTP/1.1" 200 2700 "-" "Mozilla/5.0 (compatible; bingbot/2.0; +http://www.bing.com/bingbot.htm)"
66.249.78.247 - - [07/Jul/2014:04:59:20 +0200] "GET /servicebereiche/gruenanlagenpflege/privatgartenpflege/58.html HTTP/1.1" 200 - "-" "Mozilla/5.0 (compatible; Googlebot/2.1; +http://www.google.com/bot.html)"
157.55.39.28 - - [07/Jul/2014:05:33:26 +0200] "GET /unternehmen/historie.html HTTP/1.1" 200 - "-" "Mozilla/5.0 (compatible; bingbot/2.0; +http://www.bing.com/bingbot.htm)"
157.55.39.28 - - [07/Jul/2014:05:49:57 +0200] "GET / HTTP/1.1" 200 - "-" "Mozilla/5.0 (compatible; bingbot/2.0; +http://www.bing.com/bingbot.htm)"
66.249.92.231 - - [07/Jul/2014:05:59:59 +0200] "GET / HTTP/1.1" 200 - "-" "AdsBot-Google (+http://www.google.com/adsbot.html)"
66.249.92.253 - - [07/Jul/2014:06:00:00 +0200] "GET / HTTP/1.1" 200 8922 "-" "AdsBot-Google-Mobile (+http://www.google.com/mobile/adsbot.html) Mozilla (iPhone; U; CPU iPhone OS 3 0 like Mac OS X) AppleWebKit (KHTML, like Gecko) Mobile Safari"
66.249.92.244 - - [07/Jul/2014:06:00:15 +0200] "GET /templates/gk_penguinmail/js/iphone.js HTTP/1.1" 200 5379 "-" "AdsBot-Google-Mobile (+http://www.google.com/mobile/adsbot.html) Mozilla (iPhone; U; CPU iPhone OS 3 0 like Mac OS X) AppleWebKit (KHTML, like Gecko) Mobile Safari"
66.249.92.231 - - [07/Jul/2014:06:00:15 +0200] "GET /media/system/js/caption.js HTTP/1.1" 200 1963 "-" "AdsBot-Google-Mobile (+http://www.google.com/mobile/adsbot.html) Mozilla (iPhone; U; CPU iPhone OS 3 0 like Mac OS X) AppleWebKit (KHTML, like Gecko) Mobile Safari"
66.249.92.231 - - [07/Jul/2014:06:00:16 +0200] "GET /media/system/js/mootools.js HTTP/1.1" 200 74434 "-" "AdsBot-Google-Mobile (+http://www.google.com/mobile/adsbot.html) Mozilla (iPhone; U; CPU iPhone OS 3 0 like Mac OS X) AppleWebKit (KHTML, like Gecko) Mobile Safari"
66.249.92.244 - - [07/Jul/2014:06:00:16 +0200] "GET /templates/gk_penguinmail/css/template.css HTTP/1.1" 200 9192 "-" "AdsBot-Google-Mobile (+http://www.google.com/mobile/adsbot.html) Mozilla (iPhone; U; CPU iPhone OS 3 0 like Mac OS X) AppleWebKit (KHTML, like Gecko) Mobile Safari"
66.249.92.253 - - [07/Jul/2014:06:00:17 +0200] "GET /templates/gk_penguinmail/css/handheld/iphone.css HTTP/1.1" 200 5360 "-" "AdsBot-Google-Mobile (+http://www.google.com/mobile/adsbot.html) Mozilla (iPhone; U; CPU iPhone OS 3 0 like Mac OS X) AppleWebKit (KHTML, like Gecko) Mobile Safari"
37.58.100.187 - - [07/Jul/2014:06:06:09 +0200] "GET /unternehmen/historie.html HTTP/1.1" 200 - "-" "Mozilla/5.0 (compatible; AhrefsBot/5.0; +http://ahrefs.com/robot/)"
66.249.78.233 - - [07/Jul/2014:06:24:31 +0200] "GET /component/mailto/?tmpl=component&link=36cb8e498b4a9e6511df8fbfa3153ba67680ede8 HTTP/1.1" 200 2700 "-" "Mozilla/5.0 (compatible; Googlebot/2.1; +http://www.google.com/bot.html)"
66.249.78.240 - - [07/Jul/2014:07:06:18 +0200] "GET /servicebereiche/strassenreinigung/58.html HTTP/1.1" 200 - "-" "Mozilla/5.0 (compatible; Googlebot/2.1; +http://www.google.com/bot.html)"
180.76.5.72 - - [07/Jul/2014:07:32:14 +0200] "GET / HTTP/1.1" 200 - "-" "Mozilla/5.0 (compatible; Baiduspider/2.0; +http://www.baidu.com/search/spider.html)"
88.198.208.68 - - [07/Jul/2014:08:07:03 +0200] "GET / HTTP/1.1" 200 - "-" "Mozilla/5.0 (Macintosh; Intel Mac OS X 10.6; rv:22.0) Gecko/20100101 Firefox/22.0"
66.249.78.240 - - [07/Jul/2014:08:13:48 +0200] "GET /servicebereiche/gruenanlagenpflege/gewerbegruenpflege/58.html HTTP/1.1" 200 - "-" "Mozilla/5.0 (compatible; Googlebot/2.1; +http://www.google.com/bot.html)"
89.204.138.176 - - [07/Jul/2014:08:53:57 +0200] "GET / HTTP/1.1" 200 - "-" "Mozilla/5.0 (iPhone; CPU iPhone OS 7_1_1 like Mac OS X) AppleWebKit/537.51.2 (KHTML, like Gecko) Version/7.0 Mobile/11D201 Safari/9537.53"
93.219.160.160 - - [07/Jul/2014:09:03:18 +0200] "GET / HTTP/1.1" 200 - "-" "Mozilla/5.0 (Windows; U; Windows NT 6.0; de; rv:1.9.2.3) Gecko/20100401 Firefox/3.6.3 ( .NET CLR 3.5.30729)"
46.114.32.164 - - [07/Jul/2014:09:11:25 +0200] "GET / HTTP/1.1" 200 8922 "-" "Mozilla/5.0 (iPhone; CPU iPhone OS 7_1_2 like Mac OS X) AppleWebKit/537.51.2 (KHTML, like Gecko) Version/7.0 Mobile/11D257 Safari/9537.53"
46.114.32.164 - - [07/Jul/2014:09:11:26 +0200] "GET /templates/gk_penguinmail/css/handheld/iphone.css HTTP/1.1" 200 5360 "http://www.straman.de/" "Mozilla/5.0 (iPhone; CPU iPhone OS 7_1_2 like Mac OS X) AppleWebKit/537.51.2 (KHTML, like Gecko) Version/7.0 Mobile/11D257 Safari/9537.53"
46.114.32.164 - - [07/Jul/2014:09:11:26 +0200] "GET /templates/gk_penguinmail/css/template.css HTTP/1.1" 200 9192 "http://www.straman.de/" "Mozilla/5.0 (iPhone; CPU iPhone OS 7_1_2 like Mac OS X) AppleWebKit/537.51.2 (KHTML, like Gecko) Version/7.0 Mobile/11D257 Safari/9537.53"
46.114.32.164 - - [07/Jul/2014:09:11:26 +0200] "GET /media/system/js/caption.js HTTP/1.1" 200 1963 "http://www.straman.de/" "Mozilla/5.0 (iPhone; CPU iPhone OS 7_1_2 like Mac OS X) AppleWebKit/537.51.2 (KHTML, like Gecko) Version/7.0 Mobile/11D257 Safari/9537.53"
46.114.32.164 - - [07/Jul/2014:09:11:26 +0200] "GET /templates/gk_penguinmail/js/iphone.js HTTP/1.1" 200 5379 "http://www.straman.de/" "Mozilla/5.0 (iPhone; CPU iPhone OS 7_1_2 like Mac OS X) AppleWebKit/537.51.2 (KHTML, like Gecko) Version/7.0 Mobile/11D257 Safari/9537.53"
46.114.32.164 - - [07/Jul/2014:09:11:26 +0200] "GET /media/system/js/mootools.js HTTP/1.1" 200 74434 "http://www.straman.de/" "Mozilla/5.0 (iPhone; CPU iPhone OS 7_1_2 like Mac OS X) AppleWebKit/537.51.2 (KHTML, like Gecko) Version/7.0 Mobile/11D257 Safari/9537.53"
46.114.32.164 - - [07/Jul/2014:09:11:27 +0200] "GET /templates/gk_penguinmail/images/logo.png HTTP/1.1" 200 6608 "http://www.straman.de/" "Mozilla/5.0 (iPhone; CPU iPhone OS 7_1_2 like Mac OS X) AppleWebKit/537.51.2 (KHTML, like Gecko) Version/7.0 Mobile/11D257 Safari/9537.53"
46.114.32.164 - - [07/Jul/2014:09:11:27 +0200] "GET /templates/gk_penguinmail/images/handheld/t_bar_l.png HTTP/1.1" 200 2902 "http://www.straman.de/" "Mozilla/5.0 (iPhone; CPU iPhone OS 7_1_2 like Mac OS X) AppleWebKit/537.51.2 (KHTML, like Gecko) Version/7.0 Mobile/11D257 Safari/9537.53"
46.114.32.164 - - [07/Jul/2014:09:11:27 +0200] "GET /templates/gk_penguinmail/images/handheld/t_options.png HTTP/1.1" 200 3094 "http://www.straman.de/" "Mozilla/5.0 (iPhone; CPU iPhone OS 7_1_2 like Mac OS X) AppleWebKit/537.51.2 (KHTML, like Gecko) Version/7.0 Mobile/11D257 Safari/9537.53"
46.114.32.164 - - [07/Jul/2014:09:11:27 +0200] "GET /templates/gk_penguinmail/images/handheld/t_bar_r.png HTTP/1.1" 200 2958 "http://www.straman.de/" "Mozilla/5.0 (iPhone; CPU iPhone OS 7_1_2 like Mac OS X) AppleWebKit/537.51.2 (KHTML, like Gecko) Version/7.0 Mobile/11D257 Safari/9537.53"
46.114.32.164 - - [07/Jul/2014:09:11:27 +0200] "GET /templates/gk_penguinmail/images/handheld/t_search.png HTTP/1.1" 200 3129 "http://www.straman.de/" "Mozilla/5.0 (iPhone; CPU iPhone OS 7_1_2 like Mac OS X) AppleWebKit/537.51.2 (KHTML, like Gecko) Version/7.0 Mobile/11D257 Safari/9537.53"
46.114.32.164 - - [07/Jul/2014:09:11:27 +0200] "GET /templates/gk_penguinmail/images/handheld/arrow_nav.png HTTP/1.1" 200 247 "http://www.straman.de/" "Mozilla/5.0 (iPhone; CPU iPhone OS 7_1_2 like Mac OS X) AppleWebKit/537.51.2 (KHTML, like Gecko) Version/7.0 Mobile/11D257 Safari/9537.53"
46.114.32.164 - - [07/Jul/2014:09:11:27 +0200] "GET /templates/gk_penguinmail/images/logo_bg.png HTTP/1.1" 404 2467 "http://www.straman.de/" "Mozilla/5.0 (iPhone; CPU iPhone OS 7_1_2 like Mac OS X) AppleWebKit/537.51.2 (KHTML, like Gecko) Version/7.0 Mobile/11D257 Safari/9537.53"
46.114.32.164 - - [07/Jul/2014:09:11:27 +0200] "GET /templates/gk_penguinmail/images/handheld/t_login.png HTTP/1.1" 200 3136 "http://www.straman.de/" "Mozilla/5.0 (iPhone; CPU iPhone OS 7_1_2 like Mac OS X) AppleWebKit/537.51.2 (KHTML, like Gecko) Version/7.0 Mobile/11D257 Safari/9537.53"
46.114.32.164 - - [07/Jul/2014:09:11:36 +0200] "GET / HTTP/1.1" 200 8922 "-" "Mozilla/5.0 (iPhone; CPU iPhone OS 7_1_2 like Mac OS X) AppleWebKit/537.51.2 (KHTML, like Gecko) Version/7.0 Mobile/11D257 Safari/9537.53"
217.237.182.34 - - [07/Jul/2014:09:13:38 +0200] "GET /unternehmen/standorte.html HTTP/1.1" 200 - "http://www.google.de/url?sa=t&rct=j&q=&esrc=s&frm=1&source=web&cd=3&ved=0CCoQjBAwAg&url=http%3A%2F%2Fwww.straman.de%2Funternehmen%2Fstandorte.html&ei=l0i6U4vUKobmywPDpICYBA&usg=AFQjCNGXJAbKF6A2EcmiLI1GbaKx3Oab0A&bvm=bv.70138588,d.bGQ" "Mozilla/4.0 (compatible; MSIE 7.0; Windows NT 6.1; WOW64; Trident/5.0; SLCC2; .NET CLR 2.0.50727; .NET CLR 3.5.30729; .NET CLR 3.0.30729; Media Center PC 6.0; .NET4.0C; .NET4.0E)"
217.237.182.34 - - [07/Jul/2014:09:13:38 +0200] "GET /favicon.ico HTTP/1.1" 404 2467 "-" "Mozilla/4.0 (compatible; MSIE 7.0; Windows NT 6.1; WOW64; Trident/5.0; SLCC2; .NET CLR 2.0.50727; .NET CLR 3.5.30729; .NET CLR 3.0.30729; Media Center PC 6.0; .NET4.0C; .NET4.0E)"
87.187.252.215 - - [07/Jul/2014:09:13:44 +0200] "GET /unternehmen/impressum.html HTTP/1.1" 200 - "http://suche.t-online.de/fast-cgi/tsc?q=Stramann+&tstmp=1404717206796&mandant=toi&dia=suche&context=internet-tab&ptl=std&sb=top" "Mozilla/5.0 (compatible; MSIE 9.0; Windows NT 6.1; WOW64; Trident/5.0)"
87.187.252.215 - - [07/Jul/2014:09:13:44 +0200] "GET /favicon.ico HTTP/1.1" 404 2467 "-" "Mozilla/5.0 (compatible; MSIE 9.0; Windows NT 6.1; WOW64; Trident/5.0)"
217.237.182.34 - - [07/Jul/2014:09:13:45 +0200] "GET / HTTP/1.1" 200 - "http://www.google.de/url?sa=t&rct=j&q=&esrc=s&frm=1&source=web&cd=1&ved=0CCAQFjAA&url=http%3A%2F%2Fwww.straman.de%2F&ei=l0i6U4vUKobmywPDpICYBA&usg=AFQjCNEpeUQQKOp_93iUUo8XSnpqrpjMzA" "Mozilla/4.0 (compatible; MSIE 7.0; Windows NT 6.1; WOW64; Trident/5.0; SLCC2; .NET CLR 2.0.50727; .NET CLR 3.5.30729; .NET CLR 3.0.30729; Media Center PC 6.0; .NET4.0C; .NET4.0E)"
217.237.182.34 - - [07/Jul/2014:09:13:45 +0200] "GET /favicon.ico HTTP/1.1" 404 2467 "-" "Mozilla/4.0 (compatible; MSIE 7.0; Windows NT 6.1; WOW64; Trident/5.0; SLCC2; .NET CLR 2.0.50727; .NET CLR 3.5.30729; .NET CLR 3.0.30729; Media Center PC 6.0; .NET4.0C; .NET4.0E)"
87.187.252.215 - - [07/Jul/2014:09:14:18 +0200] "GET / HTTP/1.1" 200 - "http://suche.t-online.de/fast-cgi/tsc?q=Stramann+&tstmp=1404717206796&mandant=toi&dia=suche&context=internet-tab&ptl=std&sb=top" "Mozilla/5.0 (compatible; MSIE 9.0; Windows NT 6.1; WOW64; Trident/5.0)"
87.187.252.215 - - [07/Jul/2014:09:14:18 +0200] "GET /favicon.ico HTTP/1.1" 404 2467 "-" "Mozilla/5.0 (compatible; MSIE 9.0; Windows NT 6.1; WOW64; Trident/5.0)"
87.187.252.215 - - [07/Jul/2014:09:15:07 +0200] "GET /unternehmen/impressum.html HTTP/1.1" 200 - "http://suche.t-online.de/fast-cgi/tsc?q=Stramann+&tstmp=1404717293962&mandant=toi&dia=suche&context=internet-tab&ptl=std&sb=top" "Mozilla/5.0 (compatible; MSIE 9.0; Windows NT 6.1; WOW64; Trident/5.0)"
182.118.21.222 - - [07/Jul/2014:09:24:40 +0200] "GET /robots.txt HTTP/1.1" 200 304 "http://www.straman.de/robots.txt" "Mozilla/5.0 (compatible; MSIE 9.0; Windows NT 6.1; Trident/5.0); 360Spider"
88.74.207.242 - - [07/Jul/2014:09:41:42 +0200] "GET / HTTP/1.0" 200 - "http://www.galabau-berlin-brandenburg.de/bb/FachbetriebSuche.aspx" "Mozilla/5.0 (Windows NT 6.1; WOW64; Trident/7.0; MASBJS; rv:11.0) like Gecko"
88.74.207.242 - - [07/Jul/2014:09:41:42 +0200] "GET /favicon.ico HTTP/1.0" 404 2467 "-" "Mozilla/5.0 (Windows NT 6.1; Win64; x64; Trident/7.0; MASBJS; rv:11.0) like Gecko"
66.249.78.247 - - [07/Jul/2014:09:42:12 +0200] "GET /unternehmen/standorte.html HTTP/1.1" 200 - "-" "Mozilla/5.0 (compatible; Googlebot/2.1; +http://www.google.com/bot.html)"
66.249.78.233 - - [07/Jul/2014:09:43:48 +0200] "GET /unternehmen/impressum.html HTTP/1.1" 200 - "-" "Mozilla/5.0 (compatible; Googlebot/2.1; +http://www.google.com/bot.html)"
195.226.166.74 - - [07/Jul/2014:09:54:59 +0200] "GET /unternehmen/impressum.html HTTP/1.1" 200 - "http://www.google.de/url?sa=t&rct=j&q=&esrc=s&frm=1&source=web&cd=2&ved=0CC8QFjAB&url=http%3A%2F%2Fwww.straman.de%2Funternehmen%2Fimpressum.html&ei=TFK6U7WUN7D60gWezYDwAg&usg=AFQjCNEQ6WIfxQJaHcb8W97z5-S8mcbsPA" "Mozilla/5.0 (compatible; MSIE 9.0; Windows NT 6.1; Trident/5.0)"
195.226.166.74 - - [07/Jul/2014:09:55:00 +0200] "GET /favicon.ico HTTP/1.1" 404 2467 "-" "Mozilla/5.0 (compatible; MSIE 9.0; Windows NT 6.1; Trident/5.0)"
195.226.166.74 - - [07/Jul/2014:09:55:17 +0200] "GET / HTTP/1.1" 200 - "-" "Mozilla/5.0 (compatible; MSIE 9.0; Windows NT 6.1; Trident/5.0)"
195.226.166.74 - - [07/Jul/2014:09:55:17 +0200] "GET /favicon.ico HTTP/1.1" 404 2467 "-" "Mozilla/5.0 (compatible; MSIE 9.0; Windows NT 6.1; Trident/5.0)"
195.226.166.74 - - [07/Jul/2014:09:55:52 +0200] "GET / HTTP/1.1" 200 - "http://www.google.de/url?sa=t&rct=j&q=&esrc=s&frm=1&source=web&cd=1&ved=0CCoQFjAA&url=http%3A%2F%2Fwww.straman.de%2F&ei=d1K6U7fKHITT4QS6pYD4DQ&usg=AFQjCNEpeUQQKOp_93iUUo8XSnpqrpjMzA" "Mozilla/5.0 (compatible; MSIE 9.0; Windows NT 6.1; Trident/5.0)"
66.249.78.240 - - [07/Jul/2014:09:56:40 +0200] "GET /servicebereiche/gruenanlagenpflege/58.html HTTP/1.1" 200 - "-" "Mozilla/5.0 (compatible; Googlebot/2.1; +http://www.google.com/bot.html)"
217.86.205.174 - - [07/Jul/2014:10:21:07 +0200] "GET / HTTP/1.1" 200 - "http://www.google.de/url?sa=t&rct=j&q=&esrc=s&frm=1&source=web&cd=1&ved=0CDcQFjAA&url=http%3A%2F%2Fwww.straman.de%2F&ei=cFi6U-KlIYKA4gTJuIGoCQ&usg=AFQjCNEpeUQQKOp_93iUUo8XSnpqrpjMzA&sig2=n2KYlgYKnRwCjgqOTGa_Ww&bvm=bv.70138588,d.bGQ" "Mozilla/5.0 (compatible; MSIE 10.0; Windows NT 6.1; WOW64; Trident/6.0; MATM)"
217.86.205.174 - - [07/Jul/2014:10:21:07 +0200] "GET /favicon.ico HTTP/1.1" 404 2467 "-" "Mozilla/5.0 (compatible; MSIE 10.0; Windows NT 6.1; Win64; x64; Trident/6.0; MATM)"
217.86.205.174 - - [07/Jul/2014:10:22:03 +0200] "GET / HTTP/1.1" 200 - "-" "Mozilla/5.0 (compatible; MSIE 10.0; Windows NT 6.1; WOW64; Trident/6.0; MATM)"
217.86.205.174 - - [07/Jul/2014:10:22:03 +0200] "GET /favicon.ico HTTP/1.1" 404 2467 "-" "Mozilla/5.0 (compatible; MSIE 10.0; Windows NT 6.1; Win64; x64; Trident/6.0; MATM)"
77.185.203.85 - - [07/Jul/2014:10:22:34 +0200] "GET / HTTP/1.1" 200 - "-" "Mozilla/5.0 (Windows NT 5.1; rv:30.0) Gecko/20100101 Firefox/30.0"
77.185.203.85 - - [07/Jul/2014:10:22:34 +0200] "GET /favicon.ico HTTP/1.1" 404 2467 "-" "Mozilla/5.0 (Windows NT 5.1; rv:30.0) Gecko/20100101 Firefox/30.0"
77.185.203.85 - - [07/Jul/2014:10:22:34 +0200] "GET /favicon.ico HTTP/1.1" 404 2467 "-" "Mozilla/5.0 (Windows NT 5.1; rv:30.0) Gecko/20100101 Firefox/30.0"
89.246.194.28 - - [07/Jul/2014:10:26:03 +0200] "GET / HTTP/1.1" 200 - "-" "Mozilla/5.0 (Windows NT 6.1) AppleWebKit/537.36 (KHTML, like Gecko) Chrome/35.0.1916.153 Safari/537.36"
89.246.194.28 - - [07/Jul/2014:10:26:03 +0200] "GET /favicon.ico HTTP/1.1" 404 2467 "-" "Mozilla/5.0 (Windows NT 6.1) AppleWebKit/537.36 (KHTML, like Gecko) Chrome/35.0.1916.153 Safari/537.36"
89.246.194.28 - - [07/Jul/2014:10:26:29 +0200] "GET / HTTP/1.1" 200 - "-" "Mozilla/5.0 (Windows NT 6.1) AppleWebKit/537.36 (KHTML, like Gecko) Chrome/35.0.1916.153 Safari/537.36"
77.185.203.85 - - [07/Jul/2014:10:28:12 +0200] "GET /administrator HTTP/1.1" 301 352 "-" "Mozilla/5.0 (Windows NT 5.1; rv:30.0) Gecko/20100101 Firefox/30.0"
77.185.203.85 - - [07/Jul/2014:10:28:12 +0200] "GET /administrator/ HTTP/1.1" 200 4162 "-" "Mozilla/5.0 (Windows NT 5.1; rv:30.0) Gecko/20100101 Firefox/30.0"
77.185.203.85 - - [07/Jul/2014:10:28:13 +0200] "GET /administrator/templates/system/css/system.css HTTP/1.1" 200 1131 "http://www.straman.de/administrator/" "Mozilla/5.0 (Windows NT 5.1; rv:30.0) Gecko/20100101 Firefox/30.0"
77.185.203.85 - - [07/Jul/2014:10:28:13 +0200] "GET /administrator/templates/khepri/css/login.css HTTP/1.1" 200 1952 "http://www.straman.de/administrator/" "Mozilla/5.0 (Windows NT 5.1; rv:30.0) Gecko/20100101 Firefox/30.0"
77.185.203.85 - - [07/Jul/2014:10:28:13 +0200] "GET /administrator/templates/khepri/css/rounded.css HTTP/1.1" 200 2495 "http://www.straman.de/administrator/" "Mozilla/5.0 (Windows NT 5.1; rv:30.0) Gecko/20100101 Firefox/30.0"
77.185.203.85 - - [07/Jul/2014:10:28:13 +0200] "GET /administrator/templates/khepri/favicon.ico HTTP/1.1" 200 1150 "-" "Mozilla/5.0 (Windows NT 5.1; rv:30.0) Gecko/20100101 Firefox/30.0"
77.185.203.85 - - [07/Jul/2014:10:28:13 +0200] "GET /administrator/templates/khepri/css/general.css HTTP/1.1" 200 15582 "http://www.straman.de/administrator/templates/khepri/css/login.css" "Mozilla/5.0 (Windows NT 5.1; rv:30.0) Gecko/20100101 Firefox/30.0"
77.185.203.85 - - [07/Jul/2014:10:28:13 +0200] "GET /media/system/js/mootools.js HTTP/1.1" 200 74434 "http://www.straman.de/administrator/" "Mozilla/5.0 (Windows NT 5.1; rv:30.0) Gecko/20100101 Firefox/30.0"
77.185.203.85 - - [07/Jul/2014:10:28:13 +0200] "GET /administrator/templates/khepri/images/h_green/j_header_middle.png HTTP/1.1" 200 385 "http://www.straman.de/administrator/templates/khepri/css/general.css" "Mozilla/5.0 (Windows NT 5.1; rv:30.0) Gecko/20100101 Firefox/30.0"
77.185.203.85 - - [07/Jul/2014:10:28:13 +0200] "GET /administrator/templates/khepri/images/h_green/j_header_right.png HTTP/1.1" 200 366 "http://www.straman.de/administrator/templates/khepri/css/general.css" "Mozilla/5.0 (Windows NT 5.1; rv:30.0) Gecko/20100101 Firefox/30.0"
77.185.203.85 - - [07/Jul/2014:10:28:13 +0200] "GET /administrator/templates/khepri/images/h_green/j_header_left.png HTTP/1.1" 200 5148 "http://www.straman.de/administrator/templates/khepri/css/general.css" "Mozilla/5.0 (Windows NT 5.1; rv:30.0) Gecko/20100101 Firefox/30.0"
77.185.203.85 - - [07/Jul/2014:10:28:13 +0200] "GET /administrator/templates/khepri/images/j_border.png HTTP/1.1" 200 213 "http://www.straman.de/administrator/templates/khepri/css/rounded.css" "Mozilla/5.0 (Windows NT 5.1; rv:30.0) Gecko/20100101 Firefox/30.0"
77.185.203.85 - - [07/Jul/2014:10:28:13 +0200] "GET /administrator/templates/khepri/images/j_crn_tr_light.png HTTP/1.1" 200 252 "http://www.straman.de/administrator/templates/khepri/css/rounded.css" "Mozilla/5.0 (Windows NT 5.1; rv:30.0) Gecko/20100101 Firefox/30.0"
77.185.203.85 - - [07/Jul/2014:10:28:13 +0200] "GET /administrator/templates/khepri/images/j_crn_tl_light.png HTTP/1.1" 200 247 "http://www.straman.de/administrator/templates/khepri/css/rounded.css" "Mozilla/5.0 (Windows NT 5.1; rv:30.0) Gecko/20100101 Firefox/30.0"
77.185.203.85 - - [07/Jul/2014:10:28:13 +0200] "GET /administrator/templates/khepri/images/j_button1_left.png HTTP/1.1" 200 483 "http://www.straman.de/administrator/templates/khepri/css/general.css" "Mozilla/5.0 (Windows NT 5.1; rv:30.0) Gecko/20100101 Firefox/30.0"
