85.178.198.104 - - [02/Jul/2014:05:24:01 +0200] "GET / HTTP/1.1" 200 - "http://www.google.de/aclk?sa=L&ai=C9J2kGHuzU72eNqiojAb5vYHgB-mv--cFmdy5goMBqsDgBggAEAEgyZiiC1Dz5ISI-_____8BYJXypIKwB8gBAakCS3uk9BXztj6qBCRP0HvsI_QzYbKu1XQi9rZzzZYBq_CO9shlfF3qV5vTjBlKyMiABZBOgAeZjfNBkAcD&sig=AOD64_1auAQTFgR1X0Lyu_fOW9RnzdQ2sA&rct=j&q=&ved=0CCEQ0Qw&adurl=http://www.straman.de" "Mozilla/5.0 (Windows NT 6.3; WOW64) AppleWebKit/537.36 (KHTML, like Gecko) Chrome/35.0.1916.153 Safari/537.36"
85.178.198.104 - - [02/Jul/2014:05:24:01 +0200] "GET /favicon.ico HTTP/1.1" 404 2467 "-" "Mozilla/5.0 (Windows NT 6.3; WOW64) AppleWebKit/537.36 (KHTML, like Gecko) Chrome/35.0.1916.153 Safari/537.36"
79.247.175.153 - - [02/Jul/2014:05:24:45 +0200] "GET / HTTP/1.1" 200 - "http://www.google.de/aclk?sa=L&ai=CNgaibnuzU4_pCYnMiwaa0ILYD-mv--cF8Ya5goMBrfXCCBAFIL_gsAMoCFDz5ISI-_____8BYJX68IGMB5ABAsgBAakCS3uk9BXztj6qBCRP0MkpVcPNcpO_sGGZOzfvYEcfbaR6k6-HEO6JxDKX8574_RWABZBOgAeZjfNBiAcBkAcC&num=8&sig=AOD64_3_xvfMDHvHMh7c5wdUJGtVZq4C0w&rct=j&q=&ved=0CMYBENEMOAo&adurl=http://www.straman.de" "Mozilla/5.0 (Windows NT 6.3; WOW64) AppleWebKit/537.36 (KHTML, like Gecko) Chrome/35.0.1916.153 Safari/537.36 OPR/22.0.1471.70"
79.247.175.153 - - [02/Jul/2014:05:24:46 +0200] "GET /favicon.ico HTTP/1.1" 404 2467 "-" "Mozilla/5.0 (Windows NT 6.3; WOW64) AppleWebKit/537.36 (KHTML, like Gecko) Chrome/35.0.1916.153 Safari/537.36 OPR/22.0.1471.70"
87.142.106.61 - - [02/Jul/2014:06:06:37 +0200] "GET /servicebereiche/winterdienst.html HTTP/1.1" 200 - "http://www.google.de/aclk?sa=L&ai=C58TmYISzU56uNOmDjAaF4IKoAumv--cFkZj4gZQBipSBDhACKAhQ2KifgQZglfrwgYwHyAEBqQJLe6T0FfO2PqoEJk_Qsm-zkwfwuLh7f67RCCjxPnZRocBw0sugrcTpGxGmWIKAUT2lgAeZjfNBkAcD&num=5&sig=AOD64_3YfhmR9AXPHXjUr4MTrp5rn-kk2Q&rct=j&q=&ved=0CIcBENEM&adurl=http://www.straman.de/servicebereiche/winterdienst.html" "Mozilla/5.0 (Windows NT 6.1; Trident/7.0; rv:11.0) like Gecko"
87.142.106.61 - - [02/Jul/2014:06:06:37 +0200] "GET /favicon.ico HTTP/1.1" 404 2467 "-" "Mozilla/5.0 (Windows NT 6.1; Trident/7.0; rv:11.0) like Gecko"
212.64.228.99 - - [02/Jul/2014:06:19:43 +0200] "GET / HTTP/1.1" 200 - "-" "Mozilla/4.0 (compatible; MSIE 8.0; Windows NT 6.1; Trident/4.0; SLCC2; .NET CLR 2.0.50727; .NET CLR 3.5.30729; .NET CLR 3.0.30729; Media Center PC 6.0; .NET4.0C; .NET4.0E; InfoPath.3)"
212.64.228.99 - - [02/Jul/2014:06:19:43 +0200] "GET /favicon.ico HTTP/1.1" 404 2467 "-" "Mozilla/4.0 (compatible; MSIE 8.0; Windows NT 6.1; Trident/4.0; SLCC2; .NET CLR 2.0.50727; .NET CLR 3.5.30729; .NET CLR 3.0.30729; Media Center PC 6.0; .NET4.0C; .NET4.0E; InfoPath.3)"
212.64.228.99 - - [02/Jul/2014:06:22:58 +0200] "GET / HTTP/1.1" 200 - "-" "Mozilla/4.0 (compatible; MSIE 8.0; Windows NT 6.1; Trident/4.0; SLCC2; .NET CLR 2.0.50727; .NET CLR 3.5.30729; .NET CLR 3.0.30729; Media Center PC 6.0; .NET4.0C; .NET4.0E; InfoPath.3)"
212.64.228.99 - - [02/Jul/2014:06:22:58 +0200] "GET /favicon.ico HTTP/1.1" 404 2467 "-" "Mozilla/4.0 (compatible; MSIE 8.0; Windows NT 6.1; Trident/4.0; SLCC2; .NET CLR 2.0.50727; .NET CLR 3.5.30729; .NET CLR 3.0.30729; Media Center PC 6.0; .NET4.0C; .NET4.0E; InfoPath.3)"
212.64.228.99 - - [02/Jul/2014:06:23:09 +0200] "GET / HTTP/1.1" 200 - "-" "Mozilla/4.0 (compatible; MSIE 8.0; Windows NT 6.1; Trident/4.0; SLCC2; .NET CLR 2.0.50727; .NET CLR 3.5.30729; .NET CLR 3.0.30729; Media Center PC 6.0; .NET4.0C; .NET4.0E; InfoPath.3)"
192.35.17.15 - - [02/Jul/2014:06:47:13 +0200] "GET / HTTP/1.1" 200 - "-" "Mozilla/4.0 (compatible; MSIE 8.0; Windows NT 6.1; WOW64; Trident/4.0; SLCC2; .NET CLR 2.0.50727; .NET CLR 3.5.30729; .NET CLR 3.0.30729; Media Center PC 6.0; .NET4.0C; .NET4.0E; InfoPath.3; MS-RTC LM 8)"
192.35.17.15 - - [02/Jul/2014:06:47:13 +0200] "GET /favicon.ico HTTP/1.1" 404 2467 "-" "Mozilla/4.0 (compatible; MSIE 8.0; Windows NT 6.1; WOW64; Trident/4.0; SLCC2; .NET CLR 2.0.50727; .NET CLR 3.5.30729; .NET CLR 3.0.30729; Media Center PC 6.0; .NET4.0C; .NET4.0E; InfoPath.3; MS-RTC LM 8)"
66.249.76.153 - - [02/Jul/2014:06:55:48 +0200] "GET /component/user/login.html HTTP/1.1" 200 - "-" "Mozilla/5.0 (compatible; Googlebot/2.1; +http://www.google.com/bot.html)"
93.194.42.94 - - [02/Jul/2014:07:18:43 +0200] "GET / HTTP/1.1" 200 5615 "http://www.google.com/aclk?sa=L&ai=CCXFULJazU4i-McOojAbKh4CYA-mv--cFmdy5goMBqsDgBggAEAEgs_j-GCgCUPPkhIj7_____wFgleLygZAHyAEBqQKNrKUNOvK2PqoEJE_QEmWBIGS6SfVnKmhR9VTQxYJvTs6s2iM13xrJqfHbD55DiNgGBIAHmY3zQZAHAQ&sig=AOD64_03ZXstSF_XES-X5PN2iK53w2y-ow&rct=j&q=&ved=0CBwQ0Qw&adurl=http://www.straman.de" "Mozilla/5.0 (Android; Tablet; rv:30.0) Gecko/30.0 Firefox/30.0"
93.194.42.94 - - [02/Jul/2014:07:18:43 +0200] "GET /templates/gk_penguinmail/css/handheld/handheld.css HTTP/1.1" 200 3827 "http://www.straman.de/" "Mozilla/5.0 (Android; Tablet; rv:30.0) Gecko/30.0 Firefox/30.0"
93.194.42.94 - - [02/Jul/2014:07:18:43 +0200] "GET /templates/gk_penguinmail/css/template.css HTTP/1.1" 200 9192 "http://www.straman.de/" "Mozilla/5.0 (Android; Tablet; rv:30.0) Gecko/30.0 Firefox/30.0"
93.194.42.94 - - [02/Jul/2014:07:18:43 +0200] "GET /media/system/js/mootools.js HTTP/1.1" 200 74434 "http://www.straman.de/" "Mozilla/5.0 (Android; Tablet; rv:30.0) Gecko/30.0 Firefox/30.0"
93.194.42.94 - - [02/Jul/2014:07:18:43 +0200] "GET /media/system/js/caption.js HTTP/1.1" 200 1963 "http://www.straman.de/" "Mozilla/5.0 (Android; Tablet; rv:30.0) Gecko/30.0 Firefox/30.0"
93.194.42.94 - - [02/Jul/2014:07:18:43 +0200] "GET /templates/gk_penguinmail/favicon.ico HTTP/1.1" 200 5686 "-" "Mozilla/5.0 (Android; Tablet; rv:30.0) Gecko/30.0 Firefox/30.0"
66.249.89.30 - - [02/Jul/2014:07:20:47 +0200] "GET / HTTP/1.1" 200 - "-" "AdsBot-Google (+http://www.google.com/adsbot.html)"
66.249.83.137 - - [02/Jul/2014:07:23:17 +0200] "GET / HTTP/1.1" 200 - "http://www.google.com/url?sa=t&rct=j&q=&esrc=s&source=web&cd=1&ved=0CDQQFjAG&url=http%3A%2F%2Fwww.straman.de%2F&ei=FpezU4bPKKmclAXCcw&usg=AFQjCNEpeUQQKOp_93iUUo8XSnpqrpjMzA" "Mozilla/4.0 (compatible; MSIE 8.0; Windows NT 6.1; Trident/4.0)"
66.249.83.137 - - [02/Jul/2014:07:23:20 +0200] "GET /favicon.ico HTTP/1.1" 404 2467 "-" "Mozilla/4.0 (compatible; MSIE 8.0; Windows NT 6.1; Trident/4.0)"
66.249.76.153 - - [02/Jul/2014:08:13:20 +0200] "GET /servicebereiche/uebersichtgebaeudemanagement/infrastr-gebaeudemanagement.html HTTP/1.1" 200 - "-" "Mozilla/5.0 (compatible; Googlebot/2.1; +http://www.google.com/bot.html)"
217.9.108.150 - - [02/Jul/2014:08:14:43 +0200] "GET / HTTP/1.1" 200 - "http://www.google.de/url?url=http://www.straman.de/&rct=j&frm=1&q=&esrc=s&sa=U&ei=EaOzU6D_GcPxOsaIgaAI&ved=0CBYQFjAA&usg=AFQjCNHyhiBJFt-Kw0RcFclijHzHVs-Eug" "Mozilla/4.0 (compatible; MSIE 8.0; Windows NT 5.1; Trident/4.0; .NET CLR 2.0.50727)"
217.9.108.150 - - [02/Jul/2014:08:14:43 +0200] "GET /favicon.ico HTTP/1.1" 404 2467 "-" "Mozilla/4.0 (compatible; MSIE 8.0; Windows NT 5.1; Trident/4.0; .NET CLR 2.0.50727)"
217.9.108.150 - - [02/Jul/2014:08:15:00 +0200] "GET / HTTP/1.1" 200 - "http://www.google.de/url?url=http://www.straman.de/&rct=j&frm=1&q=&esrc=s&sa=U&ei=EaOzU6D_GcPxOsaIgaAI&ved=0CBYQFjAA&usg=AFQjCNHyhiBJFt-Kw0RcFclijHzHVs-Eug" "Mozilla/4.0 (compatible; MSIE 8.0; Windows NT 5.1; Trident/4.0; .NET CLR 2.0.50727)"
217.9.108.150 - - [02/Jul/2014:08:15:00 +0200] "GET /favicon.ico HTTP/1.1" 404 2467 "-" "Mozilla/4.0 (compatible; MSIE 8.0; Windows NT 5.1; Trident/4.0; .NET CLR 2.0.50727)"
217.9.108.150 - - [02/Jul/2014:08:15:05 +0200] "GET /unternehmen/standorte.html HTTP/1.1" 200 - "http://www.google.de/url?url=http://www.straman.de/unternehmen/standorte.html&rct=j&frm=1&q=&esrc=s&sa=U&ei=EaOzU6D_GcPxOsaIgaAI&ved=0CBwQFjAB&usg=AFQjCNFzZ0Lx8UtzBkWRA7VUuVip_ZScfA" "Mozilla/4.0 (compatible; MSIE 8.0; Windows NT 5.1; Trident/4.0; .NET CLR 2.0.50727)"
217.9.108.150 - - [02/Jul/2014:08:16:03 +0200] "GET / HTTP/1.1" 200 - "http://www.google.de/url?url=http://www.straman.de/&rct=j&frm=1&q=&esrc=s&sa=U&ei=EaOzU6D_GcPxOsaIgaAI&ved=0CBYQFjAA&usg=AFQjCNHyhiBJFt-Kw0RcFclijHzHVs-Eug" "Mozilla/4.0 (compatible; MSIE 8.0; Windows NT 5.1; Trident/4.0; .NET CLR 2.0.50727)"
66.249.89.30 - - [02/Jul/2014:08:45:47 +0200] "GET /index.php?option=com_forme&fid=2&Itemid=65 HTTP/1.1" 200 - "-" "AdsBot-Google (+http://www.google.com/adsbot.html)"
93.219.170.91 - - [02/Jul/2014:09:07:55 +0200] "GET / HTTP/1.1" 200 - "-" "Mozilla/5.0 (Windows; U; Windows NT 6.0; de; rv:1.9.2.3) Gecko/20100401 Firefox/3.6.3 ( .NET CLR 3.5.30729)"
66.249.89.30 - - [02/Jul/2014:09:17:17 +0200] "GET /servicebereiche/winterdienst.html HTTP/1.1" 200 - "-" "AdsBot-Google (+http://www.google.com/adsbot.html)"
66.249.78.240 - - [02/Jul/2014:09:22:52 +0200] "GET /servicebereiche/winterdienst HTTP/1.1" 200 - "-" "Mozilla/5.0 (compatible; Googlebot/2.1; +http://www.google.com/bot.html)"
88.198.247.166 - - [02/Jul/2014:09:25:24 +0200] "GET /servicebereiche/winterdienst.html HTTP/1.1" 200 - "-" "Mozilla/5.0 (compatible; XoviBot/2.0; +http://www.xovibot.net/)"
208.92.161.162 - - [02/Jul/2014:09:31:53 +0200] "GET / HTTP/1.0" 200 656 "http://www.google.com/" "-"
208.92.161.162 - - [02/Jul/2014:09:31:53 +0200] "GET / HTTP/1.0" 200 656 "-" "-"
66.249.89.30 - - [02/Jul/2014:09:43:42 +0200] "GET /index.php?option=com_forme&fid=2&Itemid=65 HTTP/1.1" 200 - "-" "AdsBot-Google (+http://www.google.com/adsbot.html)"
66.249.78.233 - - [02/Jul/2014:09:47:29 +0200] "GET /kontakt.html HTTP/1.1" 200 - "-" "Mozilla/5.0 (compatible; Googlebot/2.1; +http://www.google.com/bot.html)"
162.210.196.97 - - [02/Jul/2014:09:51:01 +0200] "GET /robots.txt HTTP/1.0" 200 304 "-" "Mozilla/5.0 (compatible; MJ12bot/v1.4.5; http://www.majestic12.co.uk/bot.php?+)"
162.210.196.97 - - [02/Jul/2014:09:51:02 +0200] "GET / HTTP/1.0" 200 - "-" "Mozilla/5.0 (compatible; MJ12bot/v1.4.5; http://www.majestic12.co.uk/bot.php?+)"
207.46.13.24 - - [02/Jul/2014:09:59:08 +0200] "GET /unternehmen/impressum/58.html HTTP/1.1" 200 - "-" "Mozilla/5.0 (compatible; bingbot/2.0; +http://www.bing.com/bingbot.htm)"
66.249.78.247 - - [02/Jul/2014:10:26:15 +0200] "GET /servicebereiche/winterdienst/gewerbliche-kunden.html HTTP/1.1" 200 - "-" "Mozilla/5.0 (compatible; Googlebot/2.1; +http://www.google.com/bot.html)"
217.92.180.203 - - [02/Jul/2014:10:38:11 +0200] "GET / HTTP/1.1" 200 - "http://www.findsimilarsites.de/aehnlich-zu/straman.de" "Mozilla/5.0 (Windows NT 6.1; WOW64; Trident/7.0; rv:11.0) like Gecko"
217.92.180.203 - - [02/Jul/2014:10:38:11 +0200] "GET /favicon.ico HTTP/1.1" 404 2467 "-" "Mozilla/5.0 (Windows NT 6.1; Win64; x64; Trident/7.0; rv:11.0) like Gecko"
77.75.73.36 - - [02/Jul/2014:10:58:31 +0200] "GET /robots.txt HTTP/1.1" 200 304 "-" "Mozilla/5.0 (compatible; SeznamBot/3.2; +http://fulltext.sblog.cz/)"
77.75.73.36 - - [02/Jul/2014:10:58:31 +0200] "GET / HTTP/1.1" 200 - "-" "Mozilla/5.0 (compatible; SeznamBot/3.2; +http://fulltext.sblog.cz/)"
188.138.41.137 - - [02/Jul/2014:11:04:54 +0200] "GET /robots.txt HTTP/1.1" 200 304 "-" "Mozilla/5.0 (X11; U; Linux i686; de; rv:1.9.0.1; compatible; iCjobs Stellenangebote Jobs; http://www.icjobs.de) Gecko/20100401 iCjobs/3.2.3"
188.138.41.137 - - [02/Jul/2014:11:04:54 +0200] "GET / HTTP/1.1" 200 - "-" "Mozilla/5.0 (X11; U; Linux i686; de; rv:1.9.0.1; compatible; iCjobs Stellenangebote Jobs; http://www.icjobs.de) Gecko/20100401 iCjobs/3.2.3"
188.138.41.137 - - [02/Jul/2014:11:04:55 +0200] "GET / HTTP/1.1" 200 - "-" "Mozilla/5.0 (X11; U; Linux i686; de; rv:1.9.0.1; compatible; iCjobs Stellenangebote Jobs; http://www.icjobs.de) Gecko/20100401 iCjobs/3.2.3"
81.0.69.98 - - [02/Jul/2014:12:42:49 +0200] "GET / HTTP/1.1" 200 - "http://www2.dasoertliche.de/?id=2239116685304266833903&recuid=AR6EG2NFFOOUEL2QFZCYJW7YVLUUL2UMZHJ4WBIB&action=58&pagePos=21&dar=1&kw=gartenbau&form_name=detail&lastFormName=search_nat&ci=Berlin&hitno=1&kgs=11000000&backkgs=11000000&zvo_ok=4&radius=5&orderby=name&ttforderby=rel&buc=2239&verlNr=1126&page=78&context=11&arkey=11000000" "Mozilla/5.0 (Windows NT 6.2; WOW64) AppleWebKit/537.36 (KHTML, like Gecko) Chrome/35.0.1916.153 Safari/537.36"
81.0.69.98 - - [02/Jul/2014:12:42:49 +0200] "GET /favicon.ico HTTP/1.1" 404 2467 "-" "Mozilla/5.0 (Windows NT 6.2; WOW64) AppleWebKit/537.36 (KHTML, like Gecko) Chrome/35.0.1916.153 Safari/537.36"
208.115.113.87 - - [02/Jul/2014:12:59:33 +0200] "GET /robots.txt HTTP/1.1" 200 304 "-" "Mozilla/5.0 (compatible; DotBot/1.1; http://www.opensiteexplorer.org/dotbot, help@moz.com)"
93.219.79.59 - - [02/Jul/2014:13:12:24 +0200] "GET / HTTP/1.1" 200 - "http://www.google.de/url?sa=t&rct=j&q=&esrc=s&source=web&cd=1&ved=0CCIQFjAA&url=http%3A%2F%2Fwww.straman.de%2F&ei=A-mzU9T0OeSh0QXex4CwBg&usg=AFQjCNEpeUQQKOp_93iUUo8XSnpqrpjMzA&bvm=bv.70138588,d.d2k" "Mozilla/5.0 (Windows NT 5.1; rv:30.0) Gecko/20100101 Firefox/30.0"
93.219.79.59 - - [02/Jul/2014:13:12:25 +0200] "GET /favicon.ico HTTP/1.1" 404 2467 "-" "Mozilla/5.0 (Windows NT 5.1; rv:30.0) Gecko/20100101 Firefox/30.0"
93.219.79.59 - - [02/Jul/2014:13:14:05 +0200] "GET / HTTP/1.1" 200 - "http://www.google.de/url?sa=t&rct=j&q=&esrc=s&source=web&cd=1&ved=0CCIQFjAA&url=http%3A%2F%2Fwww.straman.de%2F&ei=A-mzU9T0OeSh0QXex4CwBg&usg=AFQjCNEpeUQQKOp_93iUUo8XSnpqrpjMzA&bvm=bv.70138588,d.d2k" "Mozilla/5.0 (Windows NT 5.1; rv:30.0) Gecko/20100101 Firefox/30.0"
207.46.13.24 - - [02/Jul/2014:14:08:12 +0200] "GET / HTTP/1.1" 200 - "-" "Mozilla/5.0 (compatible; bingbot/2.0; +http://www.bing.com/bingbot.htm)"
66.249.78.247 - - [02/Jul/2014:14:16:32 +0200] "GET /robots.txt HTTP/1.1" 200 304 "-" "Mozilla/5.0 (compatible; Googlebot/2.1; +http://www.google.com/bot.html)"
80.128.214.3 - - [02/Jul/2014:14:50:56 +0200] "GET /servicebereiche/gruenanlagenpflege.html HTTP/1.1" 200 - "http://www.google.de/url?sa=t&rct=j&q=&esrc=s&source=web&cd=9&sqi=2&ved=0CFMQFjAI&url=http%3A%2F%2Fwww.straman.de%2Fservicebereiche%2Fgruenanlagenpflege.html&ei=QP6zU_ynL4rG0QWutIAw&usg=AFQjCNE2zClHJ_OB6Ic-E6S7C5CD5yTLfA" "Mozilla/5.0 (Windows NT 6.2; WOW64; rv:30.0) Gecko/20100101 Firefox/30.0"
80.128.214.3 - - [02/Jul/2014:14:51:00 +0200] "GET /favicon.ico HTTP/1.1" 404 2467 "-" "Mozilla/5.0 (Windows NT 6.2; WOW64; rv:30.0) Gecko/20100101 Firefox/30.0"
80.128.214.3 - - [02/Jul/2014:14:51:03 +0200] "GET /favicon.ico HTTP/1.1" 404 2467 "-" "Mozilla/5.0 (Windows NT 6.2; WOW64; rv:30.0) Gecko/20100101 Firefox/30.0"
92.78.241.57 - - [02/Jul/2014:14:57:27 +0200] "GET / HTTP/1.1" 200 - "-" "Mozilla/4.0 (compatible; MSIE 8.0; Windows NT 5.1; Trident/4.0; Arcor 5.008; GTB7.5; .NET CLR 2.0.50727; .NET CLR 3.0.4506.2152; .NET CLR 3.5.30729; InfoPath.2)"
92.78.241.57 - - [02/Jul/2014:14:57:28 +0200] "GET /favicon.ico HTTP/1.1" 404 2467 "-" "Mozilla/4.0 (compatible; MSIE 8.0; Windows NT 5.1; Trident/4.0; Arcor 5.008; GTB7.5; .NET CLR 2.0.50727; .NET CLR 3.0.4506.2152; .NET CLR 3.5.30729; InfoPath.2)"
208.115.113.87 - - [02/Jul/2014:14:57:53 +0200] "GET /servicebereiche/uebersichtgebaeudemanagement/gebaeudemanagement/58.html HTTP/1.1" 200 - "-" "Mozilla/5.0 (compatible; DotBot/1.1; http://www.opensiteexplorer.org/dotbot, help@moz.com)"
92.78.241.57 - - [02/Jul/2014:14:58:18 +0200] "GET / HTTP/1.1" 200 - "http://www.google.de/url?url=http://www.straman.de/&rct=j&frm=1&q=&esrc=s&sa=U&ei=5AG0U47aDYmR7AavyoCABA&ved=0CBoQFjAA&usg=AFQjCNGcbO-BiIA_vxa8ygmQ-z8F5WrmLg" "Mozilla/4.0 (compatible; MSIE 8.0; Windows NT 5.1; Trident/4.0; Arcor 5.008; GTB7.5; .NET CLR 2.0.50727; .NET CLR 3.0.4506.2152; .NET CLR 3.5.30729; InfoPath.2)"
92.78.241.57 - - [02/Jul/2014:14:58:19 +0200] "GET /favicon.ico HTTP/1.1" 404 2467 "-" "Mozilla/4.0 (compatible; MSIE 8.0; Windows NT 5.1; Trident/4.0; Arcor 5.008; GTB7.5; .NET CLR 2.0.50727; .NET CLR 3.0.4506.2152; .NET CLR 3.5.30729; InfoPath.2)"
80.128.214.3 - - [02/Jul/2014:14:59:19 +0200] "GET /servicebereiche/gruenanlagenpflege.html HTTP/1.1" 200 - "http://www.google.de/url?sa=t&rct=j&q=&esrc=s&source=web&cd=9&sqi=2&ved=0CFMQFjAI&url=http%3A%2F%2Fwww.straman.de%2Fservicebereiche%2Fgruenanlagenpflege.html&ei=QP6zU_ynL4rG0QWutIAw&usg=AFQjCNE2zClHJ_OB6Ic-E6S7C5CD5yTLfA" "Mozilla/5.0 (Windows NT 6.2; WOW64; rv:30.0) Gecko/20100101 Firefox/30.0"
92.78.241.57 - - [02/Jul/2014:14:59:23 +0200] "GET / HTTP/1.1" 200 - "https://www.google.de/" "Mozilla/5.0 (Windows NT 5.1) AppleWebKit/537.36 (KHTML, like Gecko) Chrome/35.0.1916.153 Safari/537.36"
92.78.241.57 - - [02/Jul/2014:14:59:23 +0200] "GET /favicon.ico HTTP/1.1" 404 2467 "-" "Mozilla/5.0 (Windows NT 5.1) AppleWebKit/537.36 (KHTML, like Gecko) Chrome/35.0.1916.153 Safari/537.36"
92.78.241.57 - - [02/Jul/2014:14:59:48 +0200] "GET /unternehmen/impressum.html HTTP/1.1" 200 - "https://www.google.de/" "Mozilla/5.0 (Windows NT 5.1) AppleWebKit/537.36 (KHTML, like Gecko) Chrome/35.0.1916.153 Safari/537.36"
80.128.214.3 - - [02/Jul/2014:15:05:04 +0200] "GET /servicebereiche/gruenanlagenpflege.html HTTP/1.1" 200 - "http://www.google.de/url?sa=t&rct=j&q=&esrc=s&source=web&cd=9&sqi=2&ved=0CFMQFjAI&url=http%3A%2F%2Fwww.straman.de%2Fservicebereiche%2Fgruenanlagenpflege.html&ei=QP6zU_ynL4rG0QWutIAw&usg=AFQjCNE2zClHJ_OB6Ic-E6S7C5CD5yTLfA" "Mozilla/5.0 (Windows NT 6.2; WOW64; rv:30.0) Gecko/20100101 Firefox/30.0"
92.78.40.47 - - [02/Jul/2014:15:07:09 +0200] "GET / HTTP/1.1" 200 - "https://www.google.de/" "Mozilla/5.0 (Windows NT 5.1) AppleWebKit/537.36 (KHTML, like Gecko) Chrome/35.0.1916.153 Safari/537.36"
92.78.40.47 - - [02/Jul/2014:15:07:09 +0200] "GET /favicon.ico HTTP/1.1" 404 2467 "-" "Mozilla/5.0 (Windows NT 5.1) AppleWebKit/537.36 (KHTML, like Gecko) Chrome/35.0.1916.153 Safari/537.36"
92.78.40.47 - - [02/Jul/2014:15:07:40 +0200] "GET / HTTP/1.1" 200 - "http://web2.cylex.de/reviews/viewcompanywebsite.aspx?firmaName=straman-gmbh&companyId=7103571" "Mozilla/5.0 (Windows NT 5.1) AppleWebKit/537.36 (KHTML, like Gecko) Chrome/35.0.1916.153 Safari/537.36"
92.78.40.47 - - [02/Jul/2014:15:07:56 +0200] "GET / HTTP/1.1" 200 - "http://web2.cylex.de/reviews/viewcompanywebsite.aspx?firmaName=straman-gmbh&companyId=7103571" "Mozilla/5.0 (Windows NT 5.1) AppleWebKit/537.36 (KHTML, like Gecko) Chrome/35.0.1916.153 Safari/537.36"
92.78.40.47 - - [02/Jul/2014:15:08:24 +0200] "GET / HTTP/1.1" 200 - "https://www.google.de/" "Mozilla/5.0 (Windows NT 5.1) AppleWebKit/537.36 (KHTML, like Gecko) Chrome/35.0.1916.153 Safari/537.36"
92.78.40.47 - - [02/Jul/2014:15:09:05 +0200] "GET /unternehmen/standorte.html HTTP/1.1" 200 - "https://www.google.de/" "Mozilla/5.0 (Windows NT 5.1) AppleWebKit/537.36 (KHTML, like Gecko) Chrome/35.0.1916.153 Safari/537.36"
180.153.236.152 - - [02/Jul/2014:15:13:51 +0200] "GET / HTTP/1.1" 200 - "http://www.straman.de/" "Mozilla/5.0 (compatible; MSIE 9.0; Windows NT 6.1; Trident/5.0); 360Spider"
182.118.44.240 - - [02/Jul/2014:15:13:53 +0200] "GET / HTTP/1.1" 200 - "-" "Mozilla/4.0 (compatible; MSIE 8.0; Windows NT 6.1; Trident/4.0; SLCC2; .NET CLR 2.0.50727; .NET CLR 3.5.30729; .NET CLR 3.0.30729; Media Center PC 6.0)"
207.46.13.24 - - [02/Jul/2014:15:26:08 +0200] "GET / HTTP/1.1" 200 - "-" "Mozilla/5.0 (compatible; bingbot/2.0; +http://www.bing.com/bingbot.htm)"
66.249.65.226 - - [02/Jul/2014:16:09:39 +0200] "GET /robots.txt HTTP/1.1" 200 304 "-" "Mozilla/5.0 (compatible; Googlebot/2.1; +http://www.google.com/bot.html)"
66.249.65.226 - - [02/Jul/2014:16:09:39 +0200] "GET /unternehmen/jobs/58.html HTTP/1.1" 200 - "-" "Mozilla/5.0 (compatible; Googlebot/2.1; +http://www.google.com/bot.html)"
157.55.39.119 - - [02/Jul/2014:16:49:46 +0200] "GET /unternehmen/standorte.html HTTP/1.1" 200 - "-" "Mozilla/5.0 (compatible; bingbot/2.0; +http://www.bing.com/bingbot.htm)"
180.76.5.64 - - [02/Jul/2014:17:25:58 +0200] "GET /robots.txt HTTP/1.1" 200 304 "-" "Mozilla/5.0 (Windows NT 5.1; rv:6.0.2) Gecko/20100101 Firefox/6.0.2"
66.249.65.255 - - [02/Jul/2014:17:52:10 +0200] "GET /servicebereiche/winterdienst.html HTTP/1.1" 200 - "-" "Mozilla/5.0 (compatible; Googlebot/2.1; +http://www.google.com/bot.html)"
66.249.65.226 - - [02/Jul/2014:18:17:02 +0200] "GET /unternehmen/partner/58.html HTTP/1.1" 200 - "-" "Mozilla/5.0 (compatible; Googlebot/2.1; +http://www.google.com/bot.html)"
66.249.65.226 - - [02/Jul/2014:18:28:06 +0200] "GET /servicebereiche/winterdienst/privatkunden/58.html HTTP/1.1" 200 - "-" "Mozilla/5.0 (compatible; Googlebot/2.1; +http://www.google.com/bot.html)"
66.249.65.226 - - [02/Jul/2014:19:10:49 +0200] "GET / HTTP/1.1" 200 - "-" "Mozilla/5.0 (compatible; Googlebot/2.1; +http://www.google.com/bot.html)"
176.9.146.117 - - [02/Jul/2014:19:35:45 +0200] "GET /robots.txt HTTP/1.1" 200 304 "-" "Mozilla/5.0 (compatible; SearchmetricsBot; http://www.searchmetrics.com/en/searchmetrics-bot/)"
176.9.146.117 - - [02/Jul/2014:19:35:46 +0200] "GET / HTTP/1.1" 200 - "-" "Mozilla/5.0 (compatible; SearchmetricsBot; http://www.searchmetrics.com/en/searchmetrics-bot/)"
141.8.147.12 - - [02/Jul/2014:19:58:27 +0200] "GET /robots.txt HTTP/1.1" 200 304 "-" "Mozilla/5.0 (compatible; YandexBot/3.0; +http://yandex.com/bots)"
141.8.147.12 - - [02/Jul/2014:19:58:29 +0200] "GET /component/content/article/34-garten-und-landschaftsbau/73-privatgartenpflege.html HTTP/1.1" 200 - "-" "Mozilla/5.0 (compatible; YandexBot/3.0; +http://yandex.com/bots)"
66.249.90.244 - - [02/Jul/2014:20:16:48 +0200] "GET / HTTP/1.1" 200 8922 "-" "AdsBot-Google-Mobile (+http://www.google.com/mobile/adsbot.html) Mozilla (iPhone; U; CPU iPhone OS 3 0 like Mac OS X) AppleWebKit (KHTML, like Gecko) Mobile Safari"
81.0.199.226 - - [02/Jul/2014:20:18:47 +0200] "GET / HTTP/1.1" 200 - "-" "Mozilla/5.0 (Macintosh; Intel Mac OS X 10.7; rv:22.0) Gecko/20100101 Firefox/22.0"
66.249.90.231 - - [02/Jul/2014:20:20:37 +0200] "GET /media/system/js/caption.js HTTP/1.1" 200 1963 "-" "AdsBot-Google-Mobile (+http://www.google.com/mobile/adsbot.html) Mozilla (iPhone; U; CPU iPhone OS 3 0 like Mac OS X) AppleWebKit (KHTML, like Gecko) Mobile Safari"
66.249.90.253 - - [02/Jul/2014:20:20:56 +0200] "GET /templates/gk_penguinmail/css/template.css HTTP/1.1" 200 9192 "-" "AdsBot-Google-Mobile (+http://www.google.com/mobile/adsbot.html) Mozilla (iPhone; U; CPU iPhone OS 3 0 like Mac OS X) AppleWebKit (KHTML, like Gecko) Mobile Safari"
66.249.90.244 - - [02/Jul/2014:20:21:12 +0200] "GET /templates/gk_penguinmail/css/handheld/iphone.css HTTP/1.1" 200 5360 "-" "AdsBot-Google-Mobile (+http://www.google.com/mobile/adsbot.html) Mozilla (iPhone; U; CPU iPhone OS 3 0 like Mac OS X) AppleWebKit (KHTML, like Gecko) Mobile Safari"
66.249.90.253 - - [02/Jul/2014:20:21:27 +0200] "GET /templates/gk_penguinmail/js/iphone.js HTTP/1.1" 200 5379 "-" "AdsBot-Google-Mobile (+http://www.google.com/mobile/adsbot.html) Mozilla (iPhone; U; CPU iPhone OS 3 0 like Mac OS X) AppleWebKit (KHTML, like Gecko) Mobile Safari"
66.249.90.253 - - [02/Jul/2014:20:21:38 +0200] "GET /media/system/js/mootools.js HTTP/1.1" 200 74434 "-" "AdsBot-Google-Mobile (+http://www.google.com/mobile/adsbot.html) Mozilla (iPhone; U; CPU iPhone OS 3 0 like Mac OS X) AppleWebKit (KHTML, like Gecko) Mobile Safari"
92.225.81.65 - - [02/Jul/2014:20:44:28 +0200] "GET / HTTP/1.1" 200 - "-" "Mozilla/5.0 (Windows NT 6.1; WOW64; rv:30.0) Gecko/20100101 Firefox/30.0"
92.225.81.65 - - [02/Jul/2014:20:44:29 +0200] "GET /favicon.ico HTTP/1.1" 404 2467 "-" "Mozilla/5.0 (Windows NT 6.1; WOW64; rv:30.0) Gecko/20100101 Firefox/30.0"
92.225.81.65 - - [02/Jul/2014:20:44:29 +0200] "GET /favicon.ico HTTP/1.1" 404 2467 "-" "Mozilla/5.0 (Windows NT 6.1; WOW64; rv:30.0) Gecko/20100101 Firefox/30.0"
66.249.90.244 - - [02/Jul/2014:20:46:12 +0200] "GET /index.php?option=com_forme&fid=2&Itemid=65 HTTP/1.1" 200 - "-" "AdsBot-Google (+http://www.google.com/adsbot.html)"
208.115.113.87 - - [02/Jul/2014:21:02:14 +0200] "GET /robots.txt HTTP/1.1" 200 304 "-" "Mozilla/5.0 (compatible; DotBot/1.1; http://www.opensiteexplorer.org/dotbot, help@moz.com)"
207.46.13.24 - - [02/Jul/2014:21:22:29 +0200] "GET /servicebereiche/strassenreinigung.html HTTP/1.1" 200 - "-" "Mozilla/5.0 (compatible; bingbot/2.0; +http://www.bing.com/bingbot.htm)"
157.55.39.131 - - [02/Jul/2014:21:22:48 +0200] "GET /robots.txt HTTP/1.1" 200 304 "-" "Mozilla/5.0 (compatible; bingbot/2.0; +http://www.bing.com/bingbot.htm)"
157.55.39.206 - - [02/Jul/2014:21:43:56 +0200] "GET /servicebereiche/gruenanlagenpflege/privatgartenpflege.pdf HTTP/1.1" 200 284698 "-" "Mozilla/5.0 (compatible; bingbot/2.0; +http://www.bing.com/bingbot.htm)"
194.153.113.7 - - [02/Jul/2014:21:59:28 +0200] "GET /robots.txt HTTP/1.1" 200 304 "-" "Mozilla/5.0 (compatible; oBot/2.3.1; http://filterdb.iss.net/crawler/)"
194.153.113.7 - - [02/Jul/2014:21:59:28 +0200] "HEAD /news/61-wir-begruessen-sie-auf-den-seiten-von-straman-ihren-komplettdienstleister-rund-um-die-immobilie.pdf HTTP/1.1" 200 - "-" "Mozilla/5.0 (compatible; oBot/2.3.1; http://filterdb.iss.net/crawler/)"
194.153.113.7 - - [02/Jul/2014:21:59:29 +0200] "HEAD /downloadbereich.pdf HTTP/1.1" 200 - "-" "Mozilla/5.0 (compatible; oBot/2.3.1; http://filterdb.iss.net/crawler/)"
66.249.65.239 - - [02/Jul/2014:22:00:25 +0200] "GET /servicebereiche/uebersichtgebaeudemanagement/infrastr-gebaeudemanagement/58.html HTTP/1.1" 200 - "-" "Mozilla/5.0 (compatible; Googlebot/2.1; +http://www.google.com/bot.html)"
66.249.84.90 - - [02/Jul/2014:22:11:41 +0200] "GET /index.php?option=com_forme&fid=2&Itemid=65 HTTP/1.1" 200 - "http://www.google.de/url?sa=t&rct=j&q=&esrc=s&source=web&cd=1&ved=0CFMQFjAA&url=http%3A%2F%2Fwww.straman.de%2Findex.php%3Foption%3Dcom_forme%26fid%3D2%26amp%3BItemid%3D65&ei=VGe0U6CIKtDeoQS9bQ&usg=AFQjCNH-uAIs0AnvWuLWYlXIe0-1B7sI5A" "Mozilla/4.0 (compatible; MSIE 8.0; Windows NT 6.1; WOW64; Trident/4.0; SLCC2; .NET CLR 2.0.50727; .NET CLR 3.5.30729; .NET CLR 3.0.30729; .NET4.0C; .NET4.0E)"
66.249.84.90 - - [02/Jul/2014:22:11:42 +0200] "GET /favicon.ico HTTP/1.1" 404 2467 "-" "Mozilla/4.0 (compatible; MSIE 8.0; Windows NT 6.1; WOW64; Trident/4.0; SLCC2; .NET CLR 2.0.50727; .NET CLR 3.5.30729; .NET CLR 3.0.30729; .NET4.0C; .NET4.0E)"
157.55.39.119 - - [02/Jul/2014:22:13:25 +0200] "GET /component/content/article/58.html HTTP/1.1" 200 - "-" "Mozilla/5.0 (compatible; bingbot/2.0; +http://www.bing.com/bingbot.htm)"
208.115.113.87 - - [02/Jul/2014:22:57:10 +0200] "GET /unternehmen/standorte/58.html HTTP/1.1" 200 - "-" "Mozilla/5.0 (compatible; DotBot/1.1; http://www.opensiteexplorer.org/dotbot, help@moz.com)"
66.249.65.226 - - [02/Jul/2014:23:00:01 +0200] "GET /imagevideo-straman/58.html HTTP/1.1" 200 - "-" "Mozilla/5.0 (compatible; Googlebot/2.1; +http://www.google.com/bot.html)"
117.78.13.56 - - [02/Jul/2014:23:32:14 +0200] "GET /robots.txt HTTP/1.0" 200 304 "-" "nutch-1.4/Nutch-1.4"
117.78.13.56 - - [02/Jul/2014:23:32:15 +0200] "GET / HTTP/1.0" 200 - "-" "nutch-1.4/Nutch-1.4"
66.249.65.239 - - [03/Jul/2014:00:11:32 +0200] "GET /unternehmen/impressum/58.html HTTP/1.1" 200 - "-" "Mozilla/5.0 (compatible; Googlebot/2.1; +http://www.google.com/bot.html)"
84.159.211.181 - - [03/Jul/2014:00:36:58 +0200] "GET / HTTP/1.1" 200 - "http://www.google.de/aclk?sa=L&ai=CQ4Y6h4m0U-DfGOfuiwaNlYHwCemv--cF8Ya5goMB48GKBggAEAEoA1Dz5ISI-_____8BYJWCmIKsB5ABA8gBAakCZMqyIMfotj6qBCRP0JC9WDI8yW46xNSFLoS0TjzfmU5CZXjJT_xvAdoH_vF-DLWAB5mN80GQBwM&sig=AOD64_3L0k16Y5rT8yr7nkVwyM_PqCC42w&rct=j&q=&ved=0CCEQ0Qw4FA&adurl=http://www.straman.de" "Mozilla/5.0 (Windows NT 6.1; WOW64; Trident/7.0; rv:11.0) like Gecko"
84.159.211.181 - - [03/Jul/2014:00:36:58 +0200] "GET /favicon.ico HTTP/1.1" 404 2467 "-" "Mozilla/5.0 (Windows NT 6.1; Win64; x64; Trident/7.0; rv:11.0) like Gecko"
178.255.215.64 - - [03/Jul/2014:00:54:53 +0200] "GET /robots.txt HTTP/1.1" 200 304 "-" "Mozilla/5.0 (compatible; Exabot/3.0; +http://www.exabot.com/go/robot)"
178.255.215.64 - - [03/Jul/2014:00:54:53 +0200] "GET / HTTP/1.1" 200 - "-" "Mozilla/5.0 (compatible; Exabot/3.0; +http://www.exabot.com/go/robot)"
66.249.65.255 - - [03/Jul/2014:00:58:23 +0200] "GET /downloadbereich/58.html HTTP/1.1" 200 - "-" "Mozilla/5.0 (compatible; Googlebot/2.1; +http://www.google.com/bot.html)"
207.46.13.24 - - [03/Jul/2014:00:59:48 +0200] "GET / HTTP/1.1" 200 - "-" "Mozilla/5.0 (compatible; bingbot/2.0; +http://www.bing.com/bingbot.htm)"
217.69.133.6 - - [03/Jul/2014:01:00:05 +0200] "GET /robots.txt HTTP/1.1" 200 304 "-" "Mozilla/5.0 (compatible; Linux x86_64; Mail.RU_Bot/2.0; +http://go.mail.ru/help/robots)"
217.69.133.6 - - [03/Jul/2014:01:00:06 +0200] "GET /component/content/article/58.html HTTP/1.1" 200 - "-" "Mozilla/5.0 (compatible; Linux x86_64; Mail.RU_Bot/2.0; +http://go.mail.ru/help/robots)"
66.249.65.226 - - [03/Jul/2014:01:57:34 +0200] "GET /servicebereiche/winterdienst/58.html HTTP/1.1" 200 - "-" "Mozilla/5.0 (compatible; Googlebot/2.1; +http://www.google.com/bot.html)"
209.85.238.171 - - [03/Jul/2014:02:08:43 +0200] "GET / HTTP/1.1" 200 - "-" "AdsBot-Google (+http://www.google.com/adsbot.html)"
107.167.70.95 - - [03/Jul/2014:02:16:47 +0200] "GET / HTTP/1.1" 200 - "http://microsoft.com/index.php" "Mozilla/5.0 (Windows; U; Windows NT 5.1; en-US; rv:1.8.1.1) Gecko/20061204 Firefox/2.0.0.1"
107.167.70.95 - - [03/Jul/2014:02:16:52 +0200] "GET / HTTP/1.1" 200 - "http://microsoft.com/index.php" "Mozilla/5.0 (Windows; U; Windows NT 5.1; en-US; rv:1.8.1.1) Gecko/20061204 Firefox/2.0.0.1"
107.167.70.95 - - [03/Jul/2014:02:16:57 +0200] "GET / HTTP/1.1" 200 - "http://microsoft.com/index.php" "Mozilla/5.0 (Windows; U; Windows NT 5.1; en-US; rv:1.8.1.1) Gecko/20061204 Firefox/2.0.0.1"
107.167.70.95 - - [03/Jul/2014:02:17:02 +0200] "GET / HTTP/1.1" 200 - "http://microsoft.com/index.php" "Mozilla/5.0 (Windows; U; Windows NT 5.1; en-US; rv:1.8.1.1) Gecko/20061204 Firefox/2.0.0.1"
144.76.71.241 - - [03/Jul/2014:02:27:19 +0200] "GET /robots.txt HTTP/1.1" 200 304 "-" "Mozilla/5.0 (compatible; SISTRIX Crawler; http://crawler.sistrix.net/)"
144.76.71.241 - - [03/Jul/2014:02:27:20 +0200] "GET / HTTP/1.1" 200 - "-" "Mozilla/5.0 (compatible; SISTRIX Crawler; http://crawler.sistrix.net/)"
180.153.236.24 - - [03/Jul/2014:02:44:24 +0200] "GET / HTTP/1.1" 200 - "http://www.straman.de/" "Mozilla/5.0 (compatible; MSIE 9.0; Windows NT 6.1; Trident/5.0); 360Spider"
207.46.13.24 - - [03/Jul/2014:03:02:47 +0200] "GET / HTTP/1.1" 200 - "-" "Mozilla/5.0 (compatible; bingbot/2.0; +http://www.bing.com/bingbot.htm)"
208.115.111.71 - - [03/Jul/2014:03:06:12 +0200] "GET /robots.txt HTTP/1.1" 200 304 "-" "Mozilla/5.0 (compatible; DotBot/1.1; http://www.opensiteexplorer.org/dotbot, help@moz.com)"
66.249.65.255 - - [03/Jul/2014:03:16:28 +0200] "GET /servicebereiche/winterdienst HTTP/1.1" 200 - "-" "Mozilla/5.0 (compatible; Googlebot/2.1; +http://www.google.com/bot.html)"
66.249.65.226 - - [03/Jul/2014:04:10:43 +0200] "GET /index.php HTTP/1.1" 200 - "-" "Mozilla/5.0 (compatible; Googlebot/2.1; +http://www.google.com/bot.html)"
66.249.65.239 - - [03/Jul/2014:04:48:08 +0200] "GET /servicebereiche/gruenanlagenpflege.html HTTP/1.1" 200 - "-" "Mozilla/5.0 (compatible; Googlebot/2.1; +http://www.google.com/bot.html)"
208.115.111.71 - - [03/Jul/2014:04:58:17 +0200] "GET /component/user/register.html HTTP/1.1" 200 - "-" "Mozilla/5.0 (compatible; DotBot/1.1; http://www.opensiteexplorer.org/dotbot, help@moz.com)"
157.55.39.206 - - [03/Jul/2014:04:58:26 +0200] "GET /downloadbereich.html HTTP/1.1" 200 - "-" "Mozilla/5.0 (compatible; bingbot/2.0; +http://www.bing.com/bingbot.htm)"
208.115.113.87 - - [03/Jul/2014:04:58:48 +0200] "GET /robots.txt HTTP/1.1" 200 304 "-" "Mozilla/5.0 (compatible; DotBot/1.1; http://www.opensiteexplorer.org/dotbot, help@moz.com)"
66.249.65.255 - - [03/Jul/2014:05:07:25 +0200] "GET /index.php?option=com_user&view=login HTTP/1.1" 200 - "-" "Mozilla/5.0 (compatible; Googlebot/2.1; +http://www.google.com/bot.html)"
95.168.138.101 - - [03/Jul/2014:06:01:16 +0200] "GET / HTTP/1.1" 200 5615 "http://www.google.de/aclk?sa=L&ai=CL-Y6etW0U86VC8XPiwaooIGgBOmv--cFmdy5goMBqsDgBggAEAIglbi6CygCUPPkhIj7_____wFglfrwgYwHyAEBqQJkyrIgx-i2PqoEJU_QexQTtxKOXDVLjsSF0_q9L7TtoD54ma5lch9HW8-q3r3BYK2ABZfgvAvYBgKAB5mN80GQBwM&sig=AOD64_07GwtjLMGK_qUVzFWknSZ_9mwj1A&ved=0CCMQ0Qw&adurl=http://www.straman.de&rct=j&q=Wagen%20zum%20Baum%20f%C3%A4llen" "Mozilla/5.0 (Linux; U; Android 4.1.2; de-de; SonyLT28h Build/6.2.B.0.211) AppleWebKit/534.30 (KHTML, like Gecko) Version/4.0 Mobile Safari/534.30"
95.168.138.101 - - [03/Jul/2014:06:01:17 +0200] "GET /media/system/js/caption.js HTTP/1.1" 200 1963 "http://www.straman.de/" "Mozilla/5.0 (Linux; U; Android 4.1.2; de-de; SonyLT28h Build/6.2.B.0.211) AppleWebKit/534.30 (KHTML, like Gecko) Version/4.0 Mobile Safari/534.30"
95.168.138.101 - - [03/Jul/2014:06:01:17 +0200] "GET /templates/gk_penguinmail/css/handheld/handheld.css HTTP/1.1" 200 3827 "http://www.straman.de/" "Mozilla/5.0 (Linux; U; Android 4.1.2; de-de; SonyLT28h Build/6.2.B.0.211) AppleWebKit/534.30 (KHTML, like Gecko) Version/4.0 Mobile Safari/534.30"
95.168.138.101 - - [03/Jul/2014:06:01:17 +0200] "GET /templates/gk_penguinmail/css/template.css HTTP/1.1" 200 9192 "http://www.straman.de/" "Mozilla/5.0 (Linux; U; Android 4.1.2; de-de; SonyLT28h Build/6.2.B.0.211) AppleWebKit/534.30 (KHTML, like Gecko) Version/4.0 Mobile Safari/534.30"
95.168.138.101 - - [03/Jul/2014:06:01:17 +0200] "GET /media/system/js/mootools.js HTTP/1.1" 200 74434 "http://www.straman.de/" "Mozilla/5.0 (Linux; U; Android 4.1.2; de-de; SonyLT28h Build/6.2.B.0.211) AppleWebKit/534.30 (KHTML, like Gecko) Version/4.0 Mobile Safari/534.30"
95.168.138.101 - - [03/Jul/2014:06:01:18 +0200] "GET /templates/gk_penguinmail/images/logo.png HTTP/1.1" 200 6608 "http://www.straman.de/" "Mozilla/5.0 (Linux; U; Android 4.1.2; de-de; SonyLT28h Build/6.2.B.0.211) AppleWebKit/534.30 (KHTML, like Gecko) Version/4.0 Mobile Safari/534.30"
95.168.138.101 - - [03/Jul/2014:06:01:18 +0200] "GET /templates/gk_penguinmail/favicon.ico HTTP/1.1" 200 5686 "http://www.straman.de/" "Mozilla/5.0 (Linux; U; Android 4.1.2; de-de; SonyLT28h Build/6.2.B.0.211) AppleWebKit/534.30 (KHTML, like Gecko) Version/4.0 Mobile Safari/534.30"
66.249.65.226 - - [03/Jul/2014:06:09:04 +0200] "GET /kontakt.html?fid=1 HTTP/1.1" 200 - "-" "Mozilla/5.0 (compatible; Googlebot/2.1; +http://www.google.com/bot.html)"
62.210.75.243 - - [03/Jul/2014:06:19:06 +0200] "GET / HTTP/1.1" 200 - "-" "Mozilla/5.0 (X11; Linux x86_64) AppleWebKit/537.21 (KHTML, like Gecko) profiller Safari/537.21"
208.115.113.87 - - [03/Jul/2014:06:55:41 +0200] "GET /news/60-ihr-komplettdienstleister-rund-um-die-immobilie.html HTTP/1.1" 200 - "-" "Mozilla/5.0 (compatible; DotBot/1.1; http://www.opensiteexplorer.org/dotbot, help@moz.com)"
87.170.233.185 - - [03/Jul/2014:07:03:06 +0200] "GET / HTTP/1.1" 200 - "http://www.google.com/aclk?sa=L&ai=CGlVhA-S0U9j6HYrGiwbmnIL4Cemv--cF8Ya5goMB64qcBhABKAhQ8-SEiPv_____AWCVgoCAkAfIAQGpAmTKsiDH6LY-qgQlT9BeG6rDQ2qOXOz5oi0b9JYJwfV8ei25I39XpwV3dm9g9RLtsoAHmY3zQZAHAw&num=4&sig=AOD64_2_N0z3XuhQ5yIjzbzqoocxWPSjJg&rct=j&q=&ved=0CIUBENEM&adurl=http://www.straman.de" "Mozilla/5.0 (Windows NT 6.1; Trident/7.0; NP07; NP07; rv:11.0) like Gecko"
87.170.233.185 - - [03/Jul/2014:07:03:07 +0200] "GET /favicon.ico HTTP/1.1" 404 2467 "-" "Mozilla/5.0 (Windows NT 6.1; Trident/7.0; NP07; NP07; rv:11.0) like Gecko"
208.115.111.71 - - [03/Jul/2014:07:05:53 +0200] "GET /robots.txt HTTP/1.1" 200 304 "-" "Mozilla/5.0 (compatible; DotBot/1.1; http://www.opensiteexplorer.org/dotbot, help@moz.com)"
80.134.80.104 - - [03/Jul/2014:07:21:33 +0200] "GET / HTTP/1.1" 200 - "http://www.google.de/aclk?sa=L&ai=CLqRxWui0U7zADIK4jAaLsYGoBumv--cFmdy5goMBlZf8BggAEAEgtlRQ8-SEiPv_____AWCVgoCAkAfIAQGpAmTKsiDH6LY-qgQgT9D-sLBKxm8knGWtpLmv72Mo7q65_qsBXfxbCQvlGEyABZBOgAeZjfNBkAcD&sig=AOD64_3U-0UrjXQ_eyBFiyYmSmKVJ6XyYg&rct=j&q=&ved=0CCMQ0Qw&adurl=http://www.straman.de" "Mozilla/5.0 (Windows NT 6.1; WOW64; rv:30.0) Gecko/20100101 Firefox/30.0"
80.134.80.104 - - [03/Jul/2014:07:21:33 +0200] "GET /favicon.ico HTTP/1.1" 404 2467 "-" "Mozilla/5.0 (Windows NT 6.1; WOW64; rv:30.0) Gecko/20100101 Firefox/30.0"
80.134.80.104 - - [03/Jul/2014:07:21:34 +0200] "GET /favicon.ico HTTP/1.1" 404 2467 "-" "Mozilla/5.0 (Windows NT 6.1; WOW64; rv:30.0) Gecko/20100101 Firefox/30.0"
80.153.32.174 - - [03/Jul/2014:07:46:17 +0200] "GET / HTTP/1.1" 200 - "http://www.google.de/aclk?sa=L&ai=CguwV2Oy0U-CWGIeujAbp_YGICOmv--cFmdy5goMBtq3KBRAFKAhQ8-SEiPv_____AWCVgoCAjAfIAQGpAmTKsiDH6LY-qgQkT9BWi6C-rVaaQ7F-aGaFusLh5qt4HHshn7i7ULMFrIp2Bp57gAeZjfNBkAcD&num=7&sig=AOD64_0RbDhG6nVTB1SwZJ-zSELw9EPyaw&rct=j&q=&ved=0CL0BENEM&adurl=http://www.straman.de" "Mozilla/5.0 (Windows NT 6.1; WOW64; rv:30.0) Gecko/20100101 Firefox/30.0"
80.153.32.174 - - [03/Jul/2014:07:46:17 +0200] "GET /favicon.ico HTTP/1.1" 404 2467 "-" "Mozilla/5.0 (Windows NT 6.1; WOW64; rv:30.0) Gecko/20100101 Firefox/30.0"
80.153.32.174 - - [03/Jul/2014:07:46:17 +0200] "GET /favicon.ico HTTP/1.1" 404 2467 "-" "Mozilla/5.0 (Windows NT 6.1; WOW64; rv:30.0) Gecko/20100101 Firefox/30.0"
87.149.77.46 - - [03/Jul/2014:07:59:40 +0200] "GET / HTTP/1.1" 200 - "-" "Mozilla/5.0 (Windows NT 6.3; WOW64; rv:30.0) Gecko/20100101 Firefox/30.0"
87.149.77.46 - - [03/Jul/2014:07:59:40 +0200] "GET /favicon.ico HTTP/1.1" 404 2467 "-" "Mozilla/5.0 (Windows NT 6.3; WOW64; rv:30.0) Gecko/20100101 Firefox/30.0"
87.149.77.46 - - [03/Jul/2014:07:59:40 +0200] "GET /favicon.ico HTTP/1.1" 404 2467 "-" "Mozilla/5.0 (Windows NT 6.3; WOW64; rv:30.0) Gecko/20100101 Firefox/30.0"
87.149.77.46 - - [03/Jul/2014:08:00:14 +0200] "GET / HTTP/1.1" 200 - "-" "Mozilla/5.0 (Windows NT 6.3; WOW64; rv:30.0) Gecko/20100101 Firefox/30.0"
87.149.77.46 - - [03/Jul/2014:08:00:36 +0200] "GET /unternehmen/impressum.html HTTP/1.1" 200 - "-" "Mozilla/5.0 (Windows NT 6.3; WOW64; rv:30.0) Gecko/20100101 Firefox/30.0"
87.149.77.46 - - [03/Jul/2014:08:09:17 +0200] "GET / HTTP/1.1" 200 - "-" "Mozilla/5.0 (Windows NT 6.3; WOW64; rv:30.0) Gecko/20100101 Firefox/30.0"
87.149.77.46 - - [03/Jul/2014:08:22:30 +0200] "GET / HTTP/1.1" 200 - "-" "Mozilla/5.0 (Windows NT 6.3; WOW64; rv:30.0) Gecko/20100101 Firefox/30.0"
199.58.86.211 - - [03/Jul/2014:08:36:38 +0200] "GET /robots.txt HTTP/1.0" 200 304 "-" "Mozilla/5.0 (compatible; MJ12bot/v1.4.5; http://www.majestic12.co.uk/bot.php?+)"
199.58.86.211 - - [03/Jul/2014:08:36:39 +0200] "GET / HTTP/1.0" 200 - "-" "Mozilla/5.0 (compatible; MJ12bot/v1.4.5; http://www.majestic12.co.uk/bot.php?+)"
66.249.65.255 - - [03/Jul/2014:08:45:48 +0200] "GET /unternehmen/standorte.html HTTP/1.1" 200 - "-" "Mozilla/5.0 (compatible; Googlebot/2.1; +http://www.google.com/bot.html)"
208.115.111.71 - - [03/Jul/2014:08:50:17 +0200] "GET /servicebereiche/winterdienst/gewerbliche-kunden.html HTTP/1.1" 200 - "-" "Mozilla/5.0 (compatible; DotBot/1.1; http://www.opensiteexplorer.org/dotbot, help@moz.com)"
208.115.111.71 - - [03/Jul/2014:08:50:20 +0200] "GET /servicebereiche/winterdienst/privatkunden.html HTTP/1.1" 200 - "-" "Mozilla/5.0 (compatible; DotBot/1.1; http://www.opensiteexplorer.org/dotbot, help@moz.com)"
79.218.101.197 - - [03/Jul/2014:08:55:53 +0200] "GET /unternehmen/impressum.html HTTP/1.1" 200 - "http://www.google.de/url?sa=t&rct=j&q=&esrc=s&frm=1&source=web&cd=1&ved=0CCoQFjAA&url=http%3A%2F%2Fwww.straman.de%2Funternehmen%2Fimpressum.html&ei=d_60U62fC8Ss0QX44YH4Dg&usg=AFQjCNEQ6WIfxQJaHcb8W97z5-S8mcbsPA&bvm=bv.70138588,d.bGE" "Mozilla/5.0 (compatible; MSIE 9.0; Windows NT 6.1; WOW64; Trident/5.0)"
79.218.101.197 - - [03/Jul/2014:08:55:53 +0200] "GET /favicon.ico HTTP/1.1" 404 2467 "-" "Mozilla/5.0 (compatible; MSIE 9.0; Windows NT 6.1; WOW64; Trident/5.0)"
79.218.101.197 - - [03/Jul/2014:08:56:09 +0200] "GET /unternehmen/impressum.html HTTP/1.1" 200 - "-" "Mozilla/5.0 (compatible; MSIE 9.0; Windows NT 6.1; WOW64; Trident/5.0)"
79.218.101.197 - - [03/Jul/2014:08:56:09 +0200] "GET /favicon.ico HTTP/1.1" 404 2467 "-" "Mozilla/5.0 (compatible; MSIE 9.0; Windows NT 6.1; WOW64; Trident/5.0)"
79.218.101.197 - - [03/Jul/2014:08:56:14 +0200] "GET / HTTP/1.1" 200 - "-" "Mozilla/5.0 (compatible; MSIE 9.0; Windows NT 6.1; WOW64; Trident/5.0)"
79.218.101.197 - - [03/Jul/2014:08:56:27 +0200] "GET /unternehmen/impressum.html HTTP/1.1" 200 - "http://www.google.de/url?sa=t&rct=j&q=&esrc=s&frm=1&source=web&cd=1&ved=0CCoQFjAA&url=http%3A%2F%2Fwww.straman.de%2Funternehmen%2Fimpressum.html&ei=d_60U62fC8Ss0QX44YH4Dg&usg=AFQjCNEQ6WIfxQJaHcb8W97z5-S8mcbsPA" "Mozilla/5.0 (compatible; MSIE 9.0; Windows NT 6.1; WOW64; Trident/5.0)"
87.149.77.46 - - [03/Jul/2014:08:59:16 +0200] "GET / HTTP/1.1" 200 - "-" "Mozilla/5.0 (Windows NT 6.3; WOW64; rv:30.0) Gecko/20100101 Firefox/30.0"
66.249.65.239 - - [03/Jul/2014:09:35:07 +0200] "GET /servicebereiche/gruenanlagenpflege/gewerbegruenpflege.html HTTP/1.1" 200 - "-" "Mozilla/5.0 (compatible; Googlebot/2.1; +http://www.google.com/bot.html)"
157.55.39.119 - - [03/Jul/2014:09:35:22 +0200] "GET /servicebereiche/winterdienst/privatkunden.html HTTP/1.1" 200 - "-" "Mozilla/5.0 (compatible; bingbot/2.0; +http://www.bing.com/bingbot.htm)"
217.69.133.9 - - [03/Jul/2014:09:39:06 +0200] "GET /robots.txt HTTP/1.1" 200 304 "-" "Mozilla/5.0 (compatible; Linux x86_64; Mail.RU_Bot/2.0; +http://go.mail.ru/help/robots)"
217.69.133.9 - - [03/Jul/2014:09:39:07 +0200] "GET /servicebereiche/gruenanlagenpflege/privatgartenpflege/58.html HTTP/1.1" 200 - "-" "Mozilla/5.0 (compatible; Linux x86_64; Mail.RU_Bot/2.0; +http://go.mail.ru/help/robots)"
87.149.77.46 - - [03/Jul/2014:10:03:46 +0200] "GET / HTTP/1.1" 200 - "-" "Mozilla/5.0 (Windows NT 6.3; WOW64; rv:30.0) Gecko/20100101 Firefox/30.0"
79.202.93.79 - - [03/Jul/2014:10:33:37 +0200] "GET / HTTP/1.1" 200 - "http://www.bigfinder.de/?c=ws&q=online&v=1" "Mozilla/5.0 (Windows NT 6.1; WOW64; rv:19.0) Gecko/20100101 Firefox/19.0"
66.249.65.226 - - [03/Jul/2014:10:36:46 +0200] "GET /servicebereiche/winterdienst.html HTTP/1.1" 200 - "-" "Mozilla/5.0 (compatible; Googlebot/2.1; +http://www.google.com/bot.html)"
66.249.65.226 - - [03/Jul/2014:10:40:24 +0200] "GET /servicebereiche/winterdienst HTTP/1.1" 200 - "-" "Mozilla/5.0 (compatible; Googlebot/2.1; +http://www.google.com/bot.html)"
64.233.172.67 - - [03/Jul/2014:10:46:21 +0200] "GET / HTTP/1.1" 200 - "http://www.google.de/url?sa=t&rct=j&q=&esrc=s&source=web&cd=1&ved=0CDwQFjAD&url=http%3A%2F%2Fwww.straman.de%2F&ei=Ohi1U-bQK6LwxQPbGw&usg=AFQjCNEpeUQQKOp_93iUUo8XSnpqrpjMzA" "Mozilla/4.0 (compatible; MSIE 8.0; Windows NT 6.1; Trident/4.0)"
64.233.172.67 - - [03/Jul/2014:10:46:22 +0200] "GET /favicon.ico HTTP/1.1" 404 2467 "-" "Mozilla/4.0 (compatible; MSIE 8.0; Windows NT 6.1; Trident/4.0)"
94.242.222.23 - - [03/Jul/2014:10:47:22 +0200] "GET /servicebereiche/gruenanlagenpflege/privatgartenpflege.html HTTP/1.1" 200 - "-" "Mozilla/4.0 (compatible; MSIE 8.0; Windows NT 6.1; Trident/4.0)"
157.55.39.131 - - [03/Jul/2014:11:01:47 +0200] "GET /servicebereiche/uebersichtgebaeudemanagement/gebaeudemanagement.pdf HTTP/1.1" 200 313786 "-" "Mozilla/5.0 (compatible; bingbot/2.0; +http://www.bing.com/bingbot.htm)"
66.249.65.239 - - [03/Jul/2014:11:06:21 +0200] "GET /unternehmen/impressum.html HTTP/1.1" 200 - "-" "Mozilla/5.0 (compatible; Googlebot/2.1; +http://www.google.com/bot.html)"
79.230.70.112 - - [03/Jul/2014:11:09:49 +0200] "GET /servicebereiche/winterdienst.html HTTP/1.1" 200 - "https://www.google.de/" "Mozilla/5.0 (Windows NT 6.2; WOW64) AppleWebKit/537.36 (KHTML, like Gecko) Chrome/35.0.1916.153 Safari/537.36"
79.230.70.112 - - [03/Jul/2014:11:09:49 +0200] "GET /favicon.ico HTTP/1.1" 404 2467 "-" "Mozilla/5.0 (Windows NT 6.2; WOW64) AppleWebKit/537.36 (KHTML, like Gecko) Chrome/35.0.1916.153 Safari/537.36"
66.249.65.226 - - [03/Jul/2014:11:38:25 +0200] "GET /unternehmen/jobs.html HTTP/1.1" 200 - "-" "Mozilla/5.0 (compatible; Googlebot/2.1; +http://www.google.com/bot.html)"
77.75.77.17 - - [03/Jul/2014:11:40:38 +0200] "GET /robots.txt HTTP/1.1" 200 304 "-" "Mozilla/5.0 (compatible; SeznamBot/3.2; +http://fulltext.sblog.cz/)"
77.75.77.17 - - [03/Jul/2014:11:40:38 +0200] "GET / HTTP/1.1" 200 - "-" "Mozilla/5.0 (compatible; SeznamBot/3.2; +http://fulltext.sblog.cz/)"
62.157.102.202 - - [03/Jul/2014:12:02:39 +0200] "GET / HTTP/1.1" 200 - "http://www.google.de/url?sa=t&rct=j&q=&esrc=s&source=web&cd=5&ved=0CE8QoAIwBA&url=http%3A%2F%2Fwww.straman.de%2F&ei=SCm1U-GdI8ik4gTvvoCABA&usg=AFQjCNEpeUQQKOp_93iUUo8XSnpqrpjMzA" "Mozilla/5.0 (Windows NT 6.1; WOW64; Trident/7.0; rv:11.0) like Gecko"
62.157.102.202 - - [03/Jul/2014:12:02:39 +0200] "GET /favicon.ico HTTP/1.1" 404 2467 "-" "Mozilla/5.0 (Windows NT 6.1; Win64; x64; Trident/7.0; rv:11.0) like Gecko"
217.69.133.6 - - [03/Jul/2014:12:04:38 +0200] "GET /robots.txt HTTP/1.1" 200 304 "-" "Mozilla/5.0 (compatible; Linux x86_64; Mail.RU_Bot/2.0; +http://go.mail.ru/help/robots)"
217.69.133.9 - - [03/Jul/2014:12:04:39 +0200] "GET /servicebereiche/gruenanlagenpflege/privatgartenpflege.html HTTP/1.1" 200 - "-" "Mozilla/5.0 (compatible; Linux x86_64; Mail.RU_Bot/2.0; +http://go.mail.ru/help/robots)"
66.249.73.153 - - [03/Jul/2014:12:10:28 +0200] "GET /downloadbereich.html HTTP/1.1" 200 - "-" "Mozilla/5.0 (compatible; Googlebot/2.1; +http://www.google.com/bot.html)"
62.157.102.202 - - [03/Jul/2014:12:19:39 +0200] "GET / HTTP/1.1" 200 - "http://www.google.de/url?sa=t&rct=j&q=&esrc=s&source=web&cd=7&ved=0CFgQoAIwBg&url=http%3A%2F%2Fwww.straman.de%2F&ei=HS61U_fcH_SQ4gTUiICwAg&usg=AFQjCNEpeUQQKOp_93iUUo8XSnpqrpjMzA" "Mozilla/5.0 (Windows NT 6.1; WOW64; Trident/7.0; rv:11.0) like Gecko"
62.157.102.202 - - [03/Jul/2014:12:19:40 +0200] "GET /favicon.ico HTTP/1.1" 404 2467 "-" "Mozilla/5.0 (Windows NT 6.1; Win64; x64; Trident/7.0; rv:11.0) like Gecko"
66.249.65.226 - - [03/Jul/2014:12:32:39 +0200] "GET /servicebereiche/winterdienst/privatkunden.html HTTP/1.1" 200 - "-" "Mozilla/5.0 (compatible; Googlebot/2.1; +http://www.google.com/bot.html)"
157.55.39.119 - - [03/Jul/2014:12:46:21 +0200] "GET /kontakt.html?fid=1 HTTP/1.1" 200 - "-" "Mozilla/5.0 (compatible; bingbot/2.0; +http://www.bing.com/bingbot.htm)"
93.219.191.33 - - [03/Jul/2014:13:22:33 +0200] "GET / HTTP/1.1" 200 - "-" "Mozilla/5.0 (Windows; U; Windows NT 6.0; de; rv:1.9.2.3) Gecko/20100401 Firefox/3.6.3 ( .NET CLR 3.5.30729)"
88.198.247.165 - - [03/Jul/2014:13:27:51 +0200] "GET /servicebereiche/uebersichtgebaeudemanagement/infrastr-gebaeudemanagement.html HTTP/1.1" 200 - "-" "Mozilla/5.0 (compatible; XoviBot/2.0; +http://www.xovibot.net/)"
207.46.13.24 - - [03/Jul/2014:14:03:22 +0200] "GET /servicebereiche/winterdienst.html HTTP/1.1" 200 - "-" "Mozilla/5.0 (compatible; bingbot/2.0; +http://www.bing.com/bingbot.htm)"
81.0.199.226 - - [03/Jul/2014:14:07:14 +0200] "GET / HTTP/1.1" 200 - "-" "Mozilla/5.0 (Macintosh; Intel Mac OS X 10.7; rv:22.0) Gecko/20100101 Firefox/22.0"
66.249.78.240 - - [03/Jul/2014:14:11:17 +0200] "GET /unternehmen/historie.html HTTP/1.1" 200 - "-" "Mozilla/5.0 (compatible; Googlebot/2.1; +http://www.google.com/bot.html)"
91.9.126.170 - - [03/Jul/2014:14:17:34 +0200] "GET / HTTP/1.1" 200 - "http://www.google.de/url?sa=t&rct=j&q=&esrc=s&source=web&cd=1&ved=0CCAQFjAA&url=http%3A%2F%2Fwww.straman.de%2F&ei=3Em1U6n3B-Xd4QSxsoC4Cg&usg=AFQjCNEpeUQQKOp_93iUUo8XSnpqrpjMzA&bvm=bv.70138588,d.bGE" "Mozilla/5.0 (Windows NT 5.1; rv:30.0) Gecko/20100101 Firefox/30.0"
91.9.126.170 - - [03/Jul/2014:14:17:35 +0200] "GET /favicon.ico HTTP/1.1" 404 2467 "-" "Mozilla/5.0 (Windows NT 5.1; rv:30.0) Gecko/20100101 Firefox/30.0"
91.9.126.170 - - [03/Jul/2014:14:17:35 +0200] "GET /favicon.ico HTTP/1.1" 404 2467 "-" "Mozilla/5.0 (Windows NT 5.1; rv:30.0) Gecko/20100101 Firefox/30.0"
91.9.126.170 - - [03/Jul/2014:14:18:04 +0200] "GET /unternehmen/impressum.html HTTP/1.1" 200 - "http://www.google.de/url?sa=t&rct=j&q=&esrc=s&source=web&cd=2&ved=0CCYQjBAwAQ&url=http%3A%2F%2Fwww.straman.de%2Funternehmen%2Fimpressum.html&ei=3Em1U6n3B-Xd4QSxsoC4Cg&usg=AFQjCNEQ6WIfxQJaHcb8W97z5-S8mcbsPA&bvm=bv.70138588,d.bGE" "Mozilla/5.0 (Windows NT 5.1; rv:30.0) Gecko/20100101 Firefox/30.0"
91.9.126.170 - - [03/Jul/2014:14:18:34 +0200] "GET /servicebereiche/uebersichtgebaeudemanagement/gebaeudemanagement.html HTTP/1.1" 200 - "http://www.google.de/url?sa=t&rct=j&q=&esrc=s&source=web&cd=6&ved=0CCwQjBAwBQ&url=http%3A%2F%2Fwww.straman.de%2Fservicebereiche%2Fuebersichtgebaeudemanagement%2Fgebaeudemanagement.html&ei=EEq1U4v9MKfl4QSpqYEo&usg=AFQjCNFNH5mlqFcOpQm5k07i8AsGeD7QVQ" "Mozilla/5.0 (Windows NT 5.1; rv:30.0) Gecko/20100101 Firefox/30.0"
91.9.126.170 - - [03/Jul/2014:14:18:38 +0200] "GET /servicebereiche/uebersichtgebaeudemanagement/gebaeudemanagement.html HTTP/1.1" 200 - "-" "Mozilla/5.0 (Windows NT 5.1; rv:30.0) Gecko/20100101 Firefox/30.0"
66.249.78.247 - - [03/Jul/2014:14:18:41 +0200] "GET /robots.txt HTTP/1.1" 200 304 "-" "Mozilla/5.0 (compatible; Googlebot/2.1; +http://www.google.com/bot.html)"
66.249.76.153 - - [03/Jul/2014:14:18:41 +0200] "GET /unternehmen/imagevideo-straman.html HTTP/1.1" 200 - "-" "Mozilla/5.0 (compatible; Googlebot/2.1; +http://www.google.com/bot.html)"
66.249.78.233 - - [03/Jul/2014:14:21:09 +0200] "GET /servicebereiche/strassenreinigung.html HTTP/1.1" 200 - "-" "Mozilla/5.0 (compatible; Googlebot/2.1; +http://www.google.com/bot.html)"
180.153.236.25 - - [03/Jul/2014:14:38:27 +0200] "GET / HTTP/1.1" 200 - "http://www.straman.de/" "Mozilla/5.0 (compatible; MSIE 9.0; Windows NT 6.1; Trident/5.0); 360Spider"
207.46.13.24 - - [03/Jul/2014:14:59:06 +0200] "GET / HTTP/1.1" 200 - "-" "Mozilla/5.0 (compatible; bingbot/2.0; +http://www.bing.com/bingbot.htm)"
208.115.111.71 - - [03/Jul/2014:15:06:52 +0200] "GET /robots.txt HTTP/1.1" 200 304 "-" "Mozilla/5.0 (compatible; DotBot/1.1; http://www.opensiteexplorer.org/dotbot, help@moz.com)"
148.251.69.136 - - [03/Jul/2014:15:10:11 +0200] "GET / HTTP/1.1" 200 - "-" "Mozilla/5.0 (Windows NT 6.1) AppleWebKit/537.22 (KHTML, like Gecko) Chrome/25.0.1364.169 Safari/537.22"
148.251.69.136 - - [03/Jul/2014:15:10:11 +0200] "GET / HTTP/1.1" 200 - "-" "Mozilla/5.0 (Macintosh; Intel Mac OS X 10_8_3) AppleWebKit/537.36 (KHTML, like Gecko) Chrome/27.0.1453.93 Safari/537.36"
148.251.69.136 - - [03/Jul/2014:15:10:12 +0200] "GET / HTTP/1.1" 200 - "-" "Mozilla/5.0 (Windows; U; Windows NT 6.1; WOW64; en-US; rv:2.0.4) Gecko/20120718 AskTbAVR-IDW/3.12.5.17700 Firefox/14.0.1"
148.251.69.136 - - [03/Jul/2014:15:10:12 +0200] "GET / HTTP/1.1" 200 - "-" "Mozilla/5.0 (Windows NT 6.1; WOW64; rv:11.0) Gecko Firefox/11.0"
148.251.69.136 - - [03/Jul/2014:15:10:12 +0200] "GET / HTTP/1.1" 200 - "-" "Mozilla/5.0 (X11; U; Linux i686; en-US; rv:1.9.1.16) Gecko/20120421 Firefox/11.0"
