157.55.39.209 - - [26/Jul/2014:21:08:23 +0200] "GET / HTTP/1.1" 200 8535 "-" "Mozilla/5.0 (compatible; bingbot/2.0; +http://www.bing.com/bingbot.htm)"
84.175.76.189 - - [26/Jul/2014:21:08:31 +0200] "GET /templates/gk_penguinmail/favicon.ico HTTP/1.1" 404 1256 "-" "Mozilla/5.0 (Windows NT 6.1; WOW64; rv:30.0) Gecko/20100101 Firefox/30.0"
84.175.76.189 - - [26/Jul/2014:21:08:31 +0200] "GET /templates/gk_penguinmail/favicon.ico HTTP/1.1" 404 1256 "-" "Mozilla/5.0 (Windows NT 6.1; WOW64; rv:30.0) Gecko/20100101 Firefox/30.0"
84.175.76.189 - - [26/Jul/2014:21:32:35 +0200] "GET /templates/gk_penguinmail/favicon.ico HTTP/1.1" 404 1256 "-" "Mozilla/5.0 (Windows NT 6.1; WOW64; rv:30.0) Gecko/20100101 Firefox/30.0"
84.175.76.189 - - [26/Jul/2014:21:39:10 +0200] "GET /templates/gk_penguinmail/favicon.ico HTTP/1.1" 404 1256 "-" "Mozilla/5.0 (Windows NT 6.1; WOW64; rv:30.0) Gecko/20100101 Firefox/30.0"
93.219.185.65 - - [26/Jul/2014:21:42:34 +0200] "GET /seiten/straman_jobs.htm HTTP/1.1" 200 5214 "-" "Mozilla/5.0 (Windows; U; Windows NT 6.0; de; rv:1.9.2.3) Gecko/20100401 Firefox/3.6.3 ( .NET CLR 3.5.30729)"
93.219.185.65 - - [26/Jul/2014:21:50:19 +0200] "GET /seiten/straman_gesetze.htm HTTP/1.1" 200 5637 "-" "Mozilla/5.0 (Windows; U; Windows NT 6.0; de; rv:1.9.2.3) Gecko/20100401 Firefox/3.6.3 ( .NET CLR 3.5.30729)"
157.55.39.53 - - [26/Jul/2014:21:57:54 +0200] "GET /servicebereiche/uebersichtgebaeudemanagement.html HTTP/1.1" 404 1256 "-" "Mozilla/5.0 (compatible; bingbot/2.0; +http://www.bing.com/bingbot.htm)"
84.175.76.189 - - [26/Jul/2014:22:06:27 +0200] "GET /templates/gk_penguinmail/favicon.ico HTTP/1.1" 404 1256 "-" "Mozilla/5.0 (Windows NT 6.1; WOW64; rv:30.0) Gecko/20100101 Firefox/30.0"
93.219.185.65 - - [26/Jul/2014:22:22:31 +0200] "GET /seiten/straman_aktuell.htm HTTP/1.1" 200 5933 "-" "Mozilla/5.0 (Windows; U; Windows NT 6.0; de; rv:1.9.2.3) Gecko/20100401 Firefox/3.6.3 ( .NET CLR 3.5.30729)"
66.249.78.246 - - [26/Jul/2014:22:25:55 +0200] "GET /documents/grundstueckseigentuemer.pdf HTTP/1.1" 304 - "-" "Mozilla/5.0 (compatible; Googlebot/2.1; +http://www.google.com/bot.html)"
66.249.78.239 - - [26/Jul/2014:22:47:37 +0200] "GET /documents/Strassenreinigungssatzung_Bernau02_2005.pdf HTTP/1.1" 304 - "-" "Mozilla/5.0 (compatible; Googlebot/2.1; +http://www.google.com/bot.html)"
84.175.76.189 - - [26/Jul/2014:22:59:03 +0200] "GET /templates/gk_penguinmail/favicon.ico HTTP/1.1" 404 1256 "-" "Mozilla/5.0 (Windows NT 6.1; WOW64; rv:30.0) Gecko/20100101 Firefox/30.0"
207.46.13.7 - - [26/Jul/2014:23:34:52 +0200] "GET /downloadbereich.html HTTP/1.1" 404 1256 "-" "Mozilla/5.0 (compatible; bingbot/2.0; +http://www.bing.com/bingbot.htm)"
93.219.185.65 - - [26/Jul/2014:23:35:12 +0200] "GET /seiten/gruenanlagenpflege.htm HTTP/1.1" 200 13533 "-" "Mozilla/5.0 (Windows; U; Windows NT 6.0; de; rv:1.9.2.3) Gecko/20100401 Firefox/3.6.3 ( .NET CLR 3.5.30729)"
66.249.78.232 - - [26/Jul/2014:23:46:24 +0200] "GET /documents/grundstueckseigentuemer.pdf HTTP/1.1" 304 - "-" "Mozilla/5.0 (compatible; Googlebot/2.1; +http://www.google.com/bot.html)"
84.175.76.189 - - [27/Jul/2014:00:31:51 +0200] "GET /templates/gk_penguinmail/favicon.ico HTTP/1.1" 404 1256 "-" "Mozilla/5.0 (Windows NT 6.1; WOW64; rv:30.0) Gecko/20100101 Firefox/30.0"
93.219.185.65 - - [27/Jul/2014:00:48:46 +0200] "GET /seiten/straman_kontakt.php HTTP/1.1" 200 9834 "-" "Mozilla/5.0 (Windows; U; Windows NT 6.0; de; rv:1.9.2.3) Gecko/20100401 Firefox/3.6.3 ( .NET CLR 3.5.30729)"
208.43.225.85 - - [27/Jul/2014:00:49:16 +0200] "GET /robots.txt HTTP/1.1" 200 192 "-" "Mozilla/5.0 (compatible; SiteExplorer/1.0b; +http://siteexplorer.info/)"
208.43.225.85 - - [27/Jul/2014:00:49:21 +0200] "GET /seiten/straman_kontakt.php HTTP/1.1" 200 9834 "-" "Mozilla/5.0 (compatible; SiteExplorer/1.0b; +http://siteexplorer.info/)"
66.249.78.232 - - [27/Jul/2014:00:59:53 +0200] "GET /seiten/straman_impr.htm HTTP/1.1" 304 - "-" "Mozilla/5.0 (compatible; Googlebot/2.1; +http://www.google.com/bot.html)"
84.175.76.189 - - [27/Jul/2014:01:03:10 +0200] "GET /templates/gk_penguinmail/favicon.ico HTTP/1.1" 404 1256 "-" "Mozilla/5.0 (Windows NT 6.1; WOW64; rv:30.0) Gecko/20100101 Firefox/30.0"
195.233.250.7 - - [27/Jul/2014:01:10:13 +0200] "GET /images/stories/winterdienst%20klein.jpg HTTP/1.1" 404 1256 "-" "Mozilla/4.0 (compatible;)"
178.77.126.55 - - [27/Jul/2014:01:10:20 +0200] "GET /robots.txt HTTP/1.1" 200 192 "-" "Mozilla/5.0 (compatible; CareerBot/1.1; +http://www.career-x.de/bot.html)"
178.77.126.55 - - [27/Jul/2014:01:10:20 +0200] "GET / HTTP/1.1" 200 8535 "-" "Mozilla/5.0 (compatible; CareerBot/1.1; +http://www.career-x.de/bot.html)"
66.249.78.246 - - [27/Jul/2014:01:51:19 +0200] "GET /seiten/strassenreinigung.htm HTTP/1.1" 304 - "-" "Mozilla/5.0 (compatible; Googlebot/2.1; +http://www.google.com/bot.html)"
66.249.78.232 - - [27/Jul/2014:02:42:46 +0200] "GET / HTTP/1.1" 200 8535 "-" "Mozilla/5.0 (compatible; Googlebot/2.1; +http://www.google.com/bot.html)"
84.175.76.189 - - [27/Jul/2014:02:43:31 +0200] "GET /templates/gk_penguinmail/favicon.ico HTTP/1.1" 404 1256 "-" "Mozilla/5.0 (Windows NT 6.1; WOW64; rv:30.0) Gecko/20100101 Firefox/30.0"
84.175.76.189 - - [27/Jul/2014:02:43:31 +0200] "GET /templates/gk_penguinmail/favicon.ico HTTP/1.1" 404 1256 "-" "Mozilla/5.0 (Windows NT 6.1; WOW64; rv:30.0) Gecko/20100101 Firefox/30.0"
84.175.76.189 - - [27/Jul/2014:03:31:41 +0200] "GET /templates/gk_penguinmail/favicon.ico HTTP/1.1" 404 1256 "-" "Mozilla/5.0 (Windows NT 6.1; WOW64; rv:30.0) Gecko/20100101 Firefox/30.0"
66.249.78.232 - - [27/Jul/2014:04:47:41 +0200] "GET /robots.txt HTTP/1.1" 200 192 "-" "Mozilla/5.0 (compatible; Googlebot/2.1; +http://www.google.com/bot.html)"
66.249.78.239 - - [27/Jul/2014:04:47:41 +0200] "GET /seiten/gruenanlagenpflege.htm HTTP/1.1" 304 - "-" "Mozilla/5.0 (compatible; Googlebot/2.1; +http://www.google.com/bot.html)"
93.219.185.65 - - [27/Jul/2014:05:41:07 +0200] "GET /seiten/winterdienst.htm HTTP/1.1" 200 17245 "-" "Mozilla/5.0 (Windows; U; Windows NT 6.0; de; rv:1.9.2.3) Gecko/20100401 Firefox/3.6.3 ( .NET CLR 3.5.30729)"
194.114.133.134 - - [27/Jul/2014:06:01:57 +0200] "GET / HTTP/1.1" 200 8535 "-" "Mozilla/5.0 (Macintosh; Intel Mac OS X 10_6_0) AppleWebKit/537.4 (KHTML, like Gecko) Chrome/22.0.1229.79 Safari/537.4"
194.114.133.134 - - [27/Jul/2014:06:01:57 +0200] "GET /mailto:info@straman.de HTTP/1.1" 404 1256 "-" "Mozilla/5.0 (Windows NT 6.2; WOW64) AppleWebKit/537.14 (KHTML, like Gecko) Chrome/24.0.1292.0 Safari/537.14"
194.114.133.134 - - [27/Jul/2014:06:01:57 +0200] "GET /seiten/straman_aktuell.htm HTTP/1.1" 200 5933 "-" "Mozilla/5.0 (Windows NT 6.2; WOW64) AppleWebKit/537.14 (KHTML, like Gecko) Chrome/24.0.1292.0 Safari/537.14"
194.114.133.134 - - [27/Jul/2014:06:01:57 +0200] "GET /seiten/straman_jobs.htm HTTP/1.1" 200 5214 "-" "Mozilla/5.0 (Windows NT 6.2; WOW64) AppleWebKit/537.14 (KHTML, like Gecko) Chrome/24.0.1292.0 Safari/537.14"
194.114.133.134 - - [27/Jul/2014:06:01:57 +0200] "GET / HTTP/1.1" 200 8535 "-" "Mozilla/5.0 (Windows NT 6.2; WOW64) AppleWebKit/537.14 (KHTML, like Gecko) Chrome/24.0.1292.0 Safari/537.14"
194.114.133.134 - - [27/Jul/2014:06:01:57 +0200] "GET /seiten/gruenanlagenpflege.htm HTTP/1.1" 200 13533 "-" "Mozilla/5.0 (Windows NT 6.2; WOW64) AppleWebKit/537.14 (KHTML, like Gecko) Chrome/24.0.1292.0 Safari/537.14"
194.114.133.134 - - [27/Jul/2014:06:01:57 +0200] "GET /seiten/straman_impr.htm HTTP/1.1" 200 5731 "-" "Mozilla/5.0 (Windows NT 6.2; WOW64) AppleWebKit/537.14 (KHTML, like Gecko) Chrome/24.0.1292.0 Safari/537.14"
194.114.133.134 - - [27/Jul/2014:06:01:57 +0200] "GET /seiten/straman_gesetze.htm HTTP/1.1" 200 5637 "-" "Mozilla/5.0 (Windows NT 6.2; WOW64) AppleWebKit/537.14 (KHTML, like Gecko) Chrome/24.0.1292.0 Safari/537.14"
194.114.133.134 - - [27/Jul/2014:06:01:57 +0200] "GET /seiten/winterdienst.htm HTTP/1.1" 200 17245 "-" "Mozilla/5.0 (Windows NT 6.2; WOW64) AppleWebKit/537.14 (KHTML, like Gecko) Chrome/24.0.1292.0 Safari/537.14"
194.114.133.134 - - [27/Jul/2014:06:01:57 +0200] "GET /seiten/sitemap.htm HTTP/1.1" 200 5431 "-" "Mozilla/5.0 (Windows NT 6.2; WOW64) AppleWebKit/537.14 (KHTML, like Gecko) Chrome/24.0.1292.0 Safari/537.14"
194.114.133.134 - - [27/Jul/2014:06:01:57 +0200] "GET /seiten/straman_kontakt.php HTTP/1.1" 200 9834 "-" "Mozilla/5.0 (Windows NT 6.2; WOW64) AppleWebKit/537.14 (KHTML, like Gecko) Chrome/24.0.1292.0 Safari/537.14"
194.114.133.134 - - [27/Jul/2014:06:01:58 +0200] "GET /seiten/strassenreinigung.htm HTTP/1.1" 200 7046 "-" "Mozilla/5.0 (Windows NT 6.2; WOW64) AppleWebKit/537.14 (KHTML, like Gecko) Chrome/24.0.1292.0 Safari/537.14"
194.114.133.134 - - [27/Jul/2014:06:01:59 +0200] "GET / HTTP/1.1" 200 8535 "-" "Mozilla/5.0 (Windows NT 6.2; WOW64) AppleWebKit/537.14 (KHTML, like Gecko) Chrome/24.0.1292.0 Safari/537.14"
66.249.78.239 - - [27/Jul/2014:06:15:52 +0200] "GET /documents/Strassenreinigungssatzung_Schwaneneck.pdf HTTP/1.1" 304 - "-" "Mozilla/5.0 (compatible; Googlebot/2.1; +http://www.google.com/bot.html)"
31.3.233.120 - - [27/Jul/2014:06:24:57 +0200] "GET / HTTP/1.1" 200 8535 "-" "-"
108.59.8.80 - - [27/Jul/2014:06:42:12 +0200] "GET /robots.txt HTTP/1.0" 200 192 "-" "Mozilla/5.0 (compatible; MJ12bot/v1.4.5; http://www.majestic12.co.uk/bot.php?+)"
108.59.8.80 - - [27/Jul/2014:06:42:14 +0200] "GET / HTTP/1.0" 200 8535 "-" "Mozilla/5.0 (compatible; MJ12bot/v1.4.5; http://www.majestic12.co.uk/bot.php?+)"
93.219.185.65 - - [27/Jul/2014:06:44:46 +0200] "GET /seiten/sitemap.htm HTTP/1.1" 200 5431 "-" "Mozilla/5.0 (Windows; U; Windows NT 6.0; de; rv:1.9.2.3) Gecko/20100401 Firefox/3.6.3 ( .NET CLR 3.5.30729)"
66.249.78.232 - - [27/Jul/2014:06:59:57 +0200] "GET /documents/Strassenreinigungssatzung_Bernau02_2005.pdf HTTP/1.1" 304 - "-" "Mozilla/5.0 (compatible; Googlebot/2.1; +http://www.google.com/bot.html)"
79.116.31.255 - - [27/Jul/2014:07:47:50 +0200] "GET / HTTP/1.1" 200 8535 "-" "Java/1.6.0_04"
79.116.31.255 - - [27/Jul/2014:07:47:50 +0200] "GET /robots.txt HTTP/1.1" 200 192 "-" "Java/1.6.0_04"
79.116.31.255 - - [27/Jul/2014:07:47:50 +0200] "GET /\" + gaJsHost + \"google-analytics.com/ga.js HTTP/1.1" 404 1256 "-" "Java/1.6.0_04"
79.116.31.255 - - [27/Jul/2014:07:47:50 +0200] "GET /scripte/stra_scr.js HTTP/1.1" 200 1580 "-" "Java/1.6.0_04"
79.116.31.255 - - [27/Jul/2014:07:47:50 +0200] "GET /seiten/gruenanlagenpflege.htm HTTP/1.1" 200 13533 "-" "Java/1.6.0_04"
79.116.31.255 - - [27/Jul/2014:07:47:51 +0200] "GET /seiten/sitemap.htm HTTP/1.1" 200 5431 "-" "Java/1.6.0_04"
79.116.31.255 - - [27/Jul/2014:07:47:51 +0200] "GET /seiten/straman_aktuell.htm HTTP/1.1" 200 5933 "-" "Java/1.6.0_04"
79.116.31.255 - - [27/Jul/2014:07:47:51 +0200] "GET /seiten/straman_gesetze.htm HTTP/1.1" 200 5637 "-" "Java/1.6.0_04"
79.116.31.255 - - [27/Jul/2014:07:47:51 +0200] "GET /seiten/straman_impr.htm HTTP/1.1" 200 5731 "-" "Java/1.6.0_04"
79.116.31.255 - - [27/Jul/2014:07:47:51 +0200] "GET /seiten/straman_jobs.htm HTTP/1.1" 200 5214 "-" "Java/1.6.0_04"
79.116.31.255 - - [27/Jul/2014:07:47:51 +0200] "GET /seiten/straman_kontakt.php HTTP/1.1" 200 9834 "-" "Java/1.6.0_04"
79.116.31.255 - - [27/Jul/2014:07:47:51 +0200] "GET /seiten/strassenreinigung.htm HTTP/1.1" 200 7046 "-" "Java/1.6.0_04"
79.116.31.255 - - [27/Jul/2014:07:47:51 +0200] "GET /seiten/winterdienst.htm HTTP/1.1" 200 17245 "-" "Java/1.6.0_04"
79.116.31.255 - - [27/Jul/2014:07:47:51 +0200] "GET /seiten/karte.htm HTTP/1.1" 200 2099 "-" "Java/1.6.0_04"
79.116.31.255 - - [27/Jul/2014:07:47:51 +0200] "GET /seiten/\" + gaJsHost + \"google-analytics.com/ga.js HTTP/1.1" 404 1256 "-" "Java/1.6.0_04"
94.242.222.44 - - [27/Jul/2014:08:11:33 +0200] "GET /servicebereiche/uebersichtgebaeudemanagement/infrastr-gebaeudemanagement.html HTTP/1.1" 404 1256 "-" "Mozilla/4.0 (compatible; MSIE 8.0; Windows NT 6.1; Trident/4.0)"
66.249.78.232 - - [27/Jul/2014:08:13:26 +0200] "GET /seiten/winterdienst.htm HTTP/1.1" 304 - "-" "Mozilla/5.0 (compatible; Googlebot/2.1; +http://www.google.com/bot.html)"
81.0.199.226 - - [27/Jul/2014:08:22:14 +0200] "GET / HTTP/1.1" 200 8535 "-" "Mozilla/5.0 (Macintosh; Intel Mac OS X 10.7; rv:22.0) Gecko/20100101 Firefox/22.0"
93.219.185.65 - - [27/Jul/2014:08:33:16 +0200] "GET /seiten/strassenreinigung.htm HTTP/1.1" 200 7046 "-" "Mozilla/5.0 (Windows; U; Windows NT 6.0; de; rv:1.9.2.3) Gecko/20100401 Firefox/3.6.3 ( .NET CLR 3.5.30729)"
66.249.78.239 - - [27/Jul/2014:09:19:34 +0200] "GET /seiten/straman_kontakt.php HTTP/1.1" 200 9834 "-" "Mozilla/5.0 (compatible; Googlebot/2.1; +http://www.google.com/bot.html)"
217.69.133.6 - - [27/Jul/2014:09:49:48 +0200] "GET /robots.txt HTTP/1.1" 200 192 "-" "Mozilla/5.0 (compatible; Linux x86_64; Mail.RU_Bot/2.0; +http://go.mail.ru/help/robots)"
217.69.133.2 - - [27/Jul/2014:09:49:50 +0200] "GET /unternehmen/jobs/58.html HTTP/1.1" 404 1256 "-" "Mozilla/5.0 (compatible; Linux x86_64; Mail.RU_Bot/2.0; +http://go.mail.ru/help/robots)"
217.69.133.4 - - [27/Jul/2014:11:25:46 +0200] "GET /robots.txt HTTP/1.1" 200 192 "-" "Mozilla/5.0 (compatible; Linux x86_64; Mail.RU_Bot/2.0; +http://go.mail.ru/help/robots)"
217.69.133.203 - - [27/Jul/2014:11:25:47 +0200] "GET /servicebereiche/gruenanlagenpflege/privatgartenpflege/58.html HTTP/1.1" 404 1256 "-" "Mozilla/5.0 (compatible; Linux x86_64; Mail.RU_Bot/2.0; +http://go.mail.ru/help/robots)"
79.208.206.185 - - [27/Jul/2014:13:11:20 +0200] "GET /seiten/gruenanlagenpflege.htm HTTP/1.1" 200 13533 "http://www.google.de/url?sa=t&source=web&cd=19&ved=0CD0QFjAIOAo&url=http%3A%2F%2Fwww.straman.de%2Fseiten%2Fgruenanlagenpflege.htm&rct=j&q=aussenanlagen%20zeichnen%20lassen&ei=5N3UU9C4D8KuPLCbgbAN&usg=AFQjCNGZsYOp4rXXYlJ3b_Bnt3sXysUthw&bvm=bv.71778758,d.ZWU" "Mozilla/5.0 (Linux; U; Android 4.4.2; de-de; HTC_One/5.16.111.4 Build/KOT49H) AppleWebKit/534.30 (KHTML, like Gecko) Version/4.0 Mobile Safari/534.30"
79.208.206.185 - - [27/Jul/2014:13:11:21 +0200] "GET /css/format.css HTTP/1.1" 200 8709 "http://www.straman.de/seiten/gruenanlagenpflege.htm" "Mozilla/5.0 (Linux; U; Android 4.4.2; de-de; HTC_One/5.16.111.4 Build/KOT49H) AppleWebKit/534.30 (KHTML, like Gecko) Version/4.0 Mobile Safari/534.30"
79.208.206.185 - - [27/Jul/2014:13:11:21 +0200] "GET /images/f_1-p.gif HTTP/1.1" 200 43 "http://www.straman.de/seiten/gruenanlagenpflege.htm" "Mozilla/5.0 (Linux; U; Android 4.4.2; de-de; HTC_One/5.16.111.4 Build/KOT49H) AppleWebKit/534.30 (KHTML, like Gecko) Version/4.0 Mobile Safari/534.30"
79.208.206.185 - - [27/Jul/2014:13:11:21 +0200] "GET /images/logo_straman_neu.jpg HTTP/1.1" 200 19228 "http://www.straman.de/seiten/gruenanlagenpflege.htm" "Mozilla/5.0 (Linux; U; Android 4.4.2; de-de; HTC_One/5.16.111.4 Build/KOT49H) AppleWebKit/534.30 (KHTML, like Gecko) Version/4.0 Mobile Safari/534.30"
79.208.206.185 - - [27/Jul/2014:13:11:21 +0200] "GET /images/hacken.gif HTTP/1.1" 200 307 "http://www.straman.de/seiten/gruenanlagenpflege.htm" "Mozilla/5.0 (Linux; U; Android 4.4.2; de-de; HTC_One/5.16.111.4 Build/KOT49H) AppleWebKit/534.30 (KHTML, like Gecko) Version/4.0 Mobile Safari/534.30"
79.208.206.185 - - [27/Jul/2014:13:11:21 +0200] "GET /images/nav3_1.jpg HTTP/1.1" 200 6891 "http://www.straman.de/seiten/gruenanlagenpflege.htm" "Mozilla/5.0 (Linux; U; Android 4.4.2; de-de; HTC_One/5.16.111.4 Build/KOT49H) AppleWebKit/534.30 (KHTML, like Gecko) Version/4.0 Mobile Safari/534.30"
79.208.206.185 - - [27/Jul/2014:13:11:21 +0200] "GET /images/nav3_2.jpg HTTP/1.1" 200 7241 "http://www.straman.de/seiten/gruenanlagenpflege.htm" "Mozilla/5.0 (Linux; U; Android 4.4.2; de-de; HTC_One/5.16.111.4 Build/KOT49H) AppleWebKit/534.30 (KHTML, like Gecko) Version/4.0 Mobile Safari/534.30"
79.208.206.185 - - [27/Jul/2014:13:11:21 +0200] "GET /images/winkel.gif HTTP/1.1" 200 314 "http://www.straman.de/seiten/gruenanlagenpflege.htm" "Mozilla/5.0 (Linux; U; Android 4.4.2; de-de; HTC_One/5.16.111.4 Build/KOT49H) AppleWebKit/534.30 (KHTML, like Gecko) Version/4.0 Mobile Safari/534.30"
79.208.206.185 - - [27/Jul/2014:13:11:21 +0200] "GET /images/footer1_neu.gif HTTP/1.1" 200 58 "http://www.straman.de/seiten/gruenanlagenpflege.htm" "Mozilla/5.0 (Linux; U; Android 4.4.2; de-de; HTC_One/5.16.111.4 Build/KOT49H) AppleWebKit/534.30 (KHTML, like Gecko) Version/4.0 Mobile Safari/534.30"
79.208.206.185 - - [27/Jul/2014:13:11:21 +0200] "GET /images/nav3_3.jpg HTTP/1.1" 200 24661 "http://www.straman.de/seiten/gruenanlagenpflege.htm" "Mozilla/5.0 (Linux; U; Android 4.4.2; de-de; HTC_One/5.16.111.4 Build/KOT49H) AppleWebKit/534.30 (KHTML, like Gecko) Version/4.0 Mobile Safari/534.30"
79.208.206.185 - - [27/Jul/2014:13:11:21 +0200] "GET /images/nav3_4.jpg HTTP/1.1" 200 24093 "http://www.straman.de/seiten/gruenanlagenpflege.htm" "Mozilla/5.0 (Linux; U; Android 4.4.2; de-de; HTC_One/5.16.111.4 Build/KOT49H) AppleWebKit/534.30 (KHTML, like Gecko) Version/4.0 Mobile Safari/534.30"
79.208.206.185 - - [27/Jul/2014:13:11:21 +0200] "GET /images/besch_logo.jpg HTTP/1.1" 200 22062 "http://www.straman.de/seiten/gruenanlagenpflege.htm" "Mozilla/5.0 (Linux; U; Android 4.4.2; de-de; HTC_One/5.16.111.4 Build/KOT49H) AppleWebKit/534.30 (KHTML, like Gecko) Version/4.0 Mobile Safari/534.30"
79.208.206.185 - - [27/Jul/2014:13:11:21 +0200] "GET /images/favicon.ico HTTP/1.1" 200 3638 "http://www.straman.de/seiten/gruenanlagenpflege.htm" "Mozilla/5.0 (Linux; U; Android 4.4.2; de-de; HTC_One/5.16.111.4 Build/KOT49H) AppleWebKit/534.30 (KHTML, like Gecko) Version/4.0 Mobile Safari/534.30"
93.220.64.21 - - [27/Jul/2014:14:25:46 +0200] "GET /templates/gk_penguinmail/favicon.ico HTTP/1.1" 404 1256 "-" "Mozilla/5.0 (Windows NT 6.1; WOW64; rv:30.0) Gecko/20100101 Firefox/30.0"
93.220.64.21 - - [27/Jul/2014:14:25:47 +0200] "GET /templates/gk_penguinmail/favicon.ico HTTP/1.1" 404 1256 "-" "Mozilla/5.0 (Windows NT 6.1; WOW64; rv:30.0) Gecko/20100101 Firefox/30.0"
93.220.64.21 - - [27/Jul/2014:14:28:31 +0200] "GET /templates/gk_penguinmail/favicon.ico HTTP/1.1" 404 1256 "-" "Mozilla/5.0 (Windows NT 6.1; WOW64; rv:30.0) Gecko/20100101 Firefox/30.0"
131.253.24.8 - - [27/Jul/2014:14:37:43 +0200] "GET /robots.txt HTTP/1.1" 200 192 "-" "msnbot-media/1.1 (+http://search.msn.com/msnbot.htm)"
131.253.24.8 - - [27/Jul/2014:14:37:44 +0200] "GET /images/stories/technisches%20gebudemanagement.jpg HTTP/1.1" 404 1256 "-" "msnbot-media/1.1 (+http://search.msn.com/msnbot.htm)"
208.115.111.71 - - [27/Jul/2014:15:10:38 +0200] "GET /robots.txt HTTP/1.1" 200 192 "-" "Mozilla/5.0 (compatible; DotBot/1.1; http://www.opensiteexplorer.org/dotbot, help@moz.com)"
157.55.39.137 - - [27/Jul/2014:15:14:00 +0200] "GET /seiten/strassenreinigung.htm HTTP/1.1" 200 7046 "-" "Mozilla/5.0 (compatible; bingbot/2.0; +http://www.bing.com/bingbot.htm)"
93.220.64.21 - - [27/Jul/2014:15:32:39 +0200] "GET /templates/gk_penguinmail/favicon.ico HTTP/1.1" 404 1256 "-" "Mozilla/5.0 (Windows NT 6.1; WOW64; rv:30.0) Gecko/20100101 Firefox/30.0"
93.220.64.21 - - [27/Jul/2014:15:32:52 +0200] "GET /templates/gk_penguinmail/favicon.ico HTTP/1.1" 404 1256 "-" "Mozilla/5.0 (Windows NT 6.1; WOW64; rv:30.0) Gecko/20100101 Firefox/30.0"
93.220.64.21 - - [27/Jul/2014:15:35:27 +0200] "GET /templates/gk_penguinmail/favicon.ico HTTP/1.1" 404 1256 "-" "Mozilla/5.0 (Windows NT 6.1; WOW64; rv:30.0) Gecko/20100101 Firefox/30.0"
93.220.64.21 - - [27/Jul/2014:16:01:47 +0200] "GET /templates/gk_penguinmail/favicon.ico HTTP/1.1" 404 1256 "-" "Mozilla/5.0 (Windows NT 6.1; WOW64; rv:30.0) Gecko/20100101 Firefox/30.0"
93.220.64.21 - - [27/Jul/2014:16:03:32 +0200] "GET /templates/gk_penguinmail/favicon.ico HTTP/1.1" 404 1256 "-" "Mozilla/5.0 (Windows NT 6.1; WOW64; rv:31.0) Gecko/20100101 Firefox/31.0"
93.220.64.21 - - [27/Jul/2014:16:04:23 +0200] "GET /templates/gk_penguinmail/favicon.ico HTTP/1.1" 404 1256 "-" "Mozilla/5.0 (Windows NT 6.1; WOW64; rv:31.0) Gecko/20100101 Firefox/31.0"
93.220.64.21 - - [27/Jul/2014:16:08:29 +0200] "GET /templates/gk_penguinmail/favicon.ico HTTP/1.1" 404 1256 "-" "Mozilla/5.0 (Windows NT 6.1; WOW64; rv:31.0) Gecko/20100101 Firefox/31.0"
93.220.64.21 - - [27/Jul/2014:16:10:55 +0200] "GET /templates/gk_penguinmail/favicon.ico HTTP/1.1" 404 1256 "-" "Mozilla/5.0 (Windows NT 6.1; WOW64; rv:31.0) Gecko/20100101 Firefox/31.0"
93.220.64.21 - - [27/Jul/2014:16:11:10 +0200] "GET /templates/gk_penguinmail/favicon.ico HTTP/1.1" 404 1256 "-" "Mozilla/5.0 (Windows NT 6.1; WOW64; rv:31.0) Gecko/20100101 Firefox/31.0"
93.220.64.21 - - [27/Jul/2014:16:11:11 +0200] "GET /templates/gk_penguinmail/favicon.ico HTTP/1.1" 404 1256 "-" "Mozilla/5.0 (Windows NT 6.1; WOW64; rv:31.0) Gecko/20100101 Firefox/31.0"
93.220.64.21 - - [27/Jul/2014:16:11:25 +0200] "GET /templates/gk_penguinmail/favicon.ico HTTP/1.1" 404 1256 "-" "Mozilla/5.0 (Windows NT 6.1; WOW64; rv:31.0) Gecko/20100101 Firefox/31.0"
93.220.64.21 - - [27/Jul/2014:16:11:26 +0200] "GET /templates/gk_penguinmail/favicon.ico HTTP/1.1" 404 1256 "-" "Mozilla/5.0 (Windows NT 6.1; WOW64; rv:31.0) Gecko/20100101 Firefox/31.0"
93.220.64.21 - - [27/Jul/2014:16:12:31 +0200] "GET /templates/gk_penguinmail/favicon.ico HTTP/1.1" 404 1256 "-" "Mozilla/5.0 (Windows NT 6.1; WOW64; rv:31.0) Gecko/20100101 Firefox/31.0"
93.220.64.21 - - [27/Jul/2014:16:12:31 +0200] "GET /templates/gk_penguinmail/favicon.ico HTTP/1.1" 404 1256 "-" "Mozilla/5.0 (Windows NT 6.1; WOW64; rv:31.0) Gecko/20100101 Firefox/31.0"
93.220.64.21 - - [27/Jul/2014:16:12:33 +0200] "GET /templates/gk_penguinmail/favicon.ico HTTP/1.1" 404 1256 "-" "Mozilla/5.0 (Windows NT 6.1; WOW64; rv:31.0) Gecko/20100101 Firefox/31.0"
93.220.64.21 - - [27/Jul/2014:16:16:15 +0200] "GET /templates/gk_penguinmail/favicon.ico HTTP/1.1" 404 1256 "-" "Mozilla/5.0 (Windows NT 6.1; WOW64; rv:31.0) Gecko/20100101 Firefox/31.0"
93.220.64.21 - - [27/Jul/2014:16:18:04 +0200] "GET /templates/gk_penguinmail/favicon.ico HTTP/1.1" 404 1256 "-" "Mozilla/5.0 (Windows NT 6.1; WOW64; rv:31.0) Gecko/20100101 Firefox/31.0"
93.220.64.21 - - [27/Jul/2014:16:41:22 +0200] "GET /templates/gk_penguinmail/favicon.ico HTTP/1.1" 404 1256 "-" "Mozilla/5.0 (Windows NT 6.1; WOW64; rv:31.0) Gecko/20100101 Firefox/31.0"
93.220.64.21 - - [27/Jul/2014:16:41:22 +0200] "GET /templates/gk_penguinmail/favicon.ico HTTP/1.1" 404 1256 "-" "Mozilla/5.0 (Windows NT 6.1; WOW64; rv:31.0) Gecko/20100101 Firefox/31.0"
93.220.64.21 - - [27/Jul/2014:16:46:59 +0200] "GET /templates/gk_penguinmail/favicon.ico HTTP/1.1" 404 1256 "-" "Mozilla/5.0 (Windows NT 6.1; WOW64; rv:31.0) Gecko/20100101 Firefox/31.0"
93.220.64.21 - - [27/Jul/2014:16:53:39 +0200] "GET /templates/gk_penguinmail/favicon.ico HTTP/1.1" 404 1256 "-" "Mozilla/5.0 (Windows NT 6.1; WOW64; rv:31.0) Gecko/20100101 Firefox/31.0"
93.220.64.21 - - [27/Jul/2014:16:53:40 +0200] "GET /templates/gk_penguinmail/favicon.ico HTTP/1.1" 404 1256 "-" "Mozilla/5.0 (Windows NT 6.1; WOW64; rv:31.0) Gecko/20100101 Firefox/31.0"
93.220.64.21 - - [27/Jul/2014:17:01:27 +0200] "GET /templates/gk_penguinmail/favicon.ico HTTP/1.1" 404 1256 "-" "Mozilla/5.0 (Windows NT 6.1; WOW64; rv:31.0) Gecko/20100101 Firefox/31.0"
208.115.113.87 - - [27/Jul/2014:17:02:49 +0200] "GET /robots.txt HTTP/1.1" 200 192 "-" "Mozilla/5.0 (compatible; DotBot/1.1; http://www.opensiteexplorer.org/dotbot, help@moz.com)"
208.115.111.71 - - [27/Jul/2014:17:06:20 +0200] "GET /kontakt.html HTTP/1.1" 404 1256 "-" "Mozilla/5.0 (compatible; DotBot/1.1; http://www.opensiteexplorer.org/dotbot, help@moz.com)"
93.220.64.21 - - [27/Jul/2014:17:10:22 +0200] "GET /templates/gk_penguinmail/favicon.ico HTTP/1.1" 404 1256 "-" "Mozilla/5.0 (Windows NT 6.1; WOW64; rv:31.0) Gecko/20100101 Firefox/31.0"
93.220.64.21 - - [27/Jul/2014:17:10:23 +0200] "GET /templates/gk_penguinmail/favicon.ico HTTP/1.1" 404 1256 "-" "Mozilla/5.0 (Windows NT 6.1; WOW64; rv:31.0) Gecko/20100101 Firefox/31.0"
93.220.64.21 - - [27/Jul/2014:17:11:40 +0200] "GET /templates/gk_penguinmail/favicon.ico HTTP/1.1" 404 1256 "-" "Mozilla/5.0 (Windows NT 6.1; WOW64; rv:31.0) Gecko/20100101 Firefox/31.0"
93.220.64.21 - - [27/Jul/2014:17:12:26 +0200] "GET /templates/gk_penguinmail/favicon.ico HTTP/1.1" 404 1256 "-" "Mozilla/5.0 (Windows NT 6.1; WOW64; rv:31.0) Gecko/20100101 Firefox/31.0"
93.220.64.21 - - [27/Jul/2014:17:19:57 +0200] "GET /templates/gk_penguinmail/favicon.ico HTTP/1.1" 404 1256 "-" "Mozilla/5.0 (Windows NT 6.1; WOW64; rv:31.0) Gecko/20100101 Firefox/31.0"
65.55.215.33 - - [27/Jul/2014:17:21:02 +0200] "GET /robots.txt HTTP/1.1" 200 192 "-" "msnbot-media/1.1 (+http://search.msn.com/msnbot.htm)"
65.55.215.33 - - [27/Jul/2014:17:21:02 +0200] "GET /images/foerderlogo%202010-2011.jpg HTTP/1.1" 404 1256 "-" "msnbot-media/1.1 (+http://search.msn.com/msnbot.htm)"
93.220.64.21 - - [27/Jul/2014:17:22:15 +0200] "GET /templates/gk_penguinmail/favicon.ico HTTP/1.1" 404 1256 "-" "Mozilla/5.0 (Windows NT 6.1; WOW64; rv:31.0) Gecko/20100101 Firefox/31.0"
93.220.64.21 - - [27/Jul/2014:17:22:15 +0200] "GET /templates/gk_penguinmail/favicon.ico HTTP/1.1" 404 1256 "-" "Mozilla/5.0 (Windows NT 6.1; WOW64; rv:31.0) Gecko/20100101 Firefox/31.0"
93.220.64.21 - - [27/Jul/2014:17:22:42 +0200] "GET /templates/gk_penguinmail/favicon.ico HTTP/1.1" 404 1256 "-" "Mozilla/5.0 (Windows NT 6.1; WOW64; rv:31.0) Gecko/20100101 Firefox/31.0"
93.220.64.21 - - [27/Jul/2014:17:22:42 +0200] "GET /templates/gk_penguinmail/favicon.ico HTTP/1.1" 404 1256 "-" "Mozilla/5.0 (Windows NT 6.1; WOW64; rv:31.0) Gecko/20100101 Firefox/31.0"
93.220.64.21 - - [27/Jul/2014:17:22:44 +0200] "GET /templates/gk_penguinmail/favicon.ico HTTP/1.1" 404 1256 "-" "Mozilla/5.0 (Windows NT 6.1; WOW64; rv:31.0) Gecko/20100101 Firefox/31.0"
93.220.64.21 - - [27/Jul/2014:17:24:23 +0200] "GET /templates/gk_penguinmail/favicon.ico HTTP/1.1" 404 1256 "-" "Mozilla/5.0 (Windows NT 6.1; WOW64; rv:31.0) Gecko/20100101 Firefox/31.0"
217.69.133.203 - - [27/Jul/2014:17:26:27 +0200] "GET /robots.txt HTTP/1.1" 200 192 "-" "Mozilla/5.0 (compatible; Linux x86_64; Mail.RU_Bot/2.0; +http://go.mail.ru/help/robots)"
217.69.133.194 - - [27/Jul/2014:17:26:28 +0200] "GET /unternehmen/partner/58.html HTTP/1.1" 404 1256 "-" "Mozilla/5.0 (compatible; Linux x86_64; Mail.RU_Bot/2.0; +http://go.mail.ru/help/robots)"
93.220.64.21 - - [27/Jul/2014:17:26:52 +0200] "GET /templates/gk_penguinmail/favicon.ico HTTP/1.1" 404 1256 "-" "Mozilla/5.0 (Windows NT 6.1; WOW64; rv:31.0) Gecko/20100101 Firefox/31.0"
93.220.64.21 - - [27/Jul/2014:17:27:39 +0200] "GET /templates/gk_penguinmail/favicon.ico HTTP/1.1" 404 1256 "-" "Mozilla/5.0 (Windows NT 6.1; WOW64; rv:31.0) Gecko/20100101 Firefox/31.0"
93.220.64.21 - - [27/Jul/2014:17:27:40 +0200] "GET /templates/gk_penguinmail/favicon.ico HTTP/1.1" 404 1256 "-" "Mozilla/5.0 (Windows NT 6.1; WOW64; rv:31.0) Gecko/20100101 Firefox/31.0"
93.220.64.21 - - [27/Jul/2014:17:27:40 +0200] "GET /templates/gk_penguinmail/favicon.ico HTTP/1.1" 404 1256 "-" "Mozilla/5.0 (Windows NT 6.1; WOW64; rv:31.0) Gecko/20100101 Firefox/31.0"
93.220.64.21 - - [27/Jul/2014:17:30:37 +0200] "GET /templates/gk_penguinmail/favicon.ico HTTP/1.1" 404 1256 "-" "Mozilla/5.0 (Windows NT 6.1; WOW64; rv:31.0) Gecko/20100101 Firefox/31.0"
93.220.64.21 - - [27/Jul/2014:17:31:32 +0200] "GET /templates/gk_penguinmail/favicon.ico HTTP/1.1" 404 1256 "-" "Mozilla/5.0 (Windows NT 6.1; WOW64; rv:31.0) Gecko/20100101 Firefox/31.0"
93.220.64.21 - - [27/Jul/2014:17:45:09 +0200] "GET /templates/gk_penguinmail/favicon.ico HTTP/1.1" 404 1256 "-" "Mozilla/5.0 (Windows NT 6.1; WOW64; rv:31.0) Gecko/20100101 Firefox/31.0"
93.220.64.21 - - [27/Jul/2014:17:56:14 +0200] "GET /templates/gk_penguinmail/favicon.ico HTTP/1.1" 404 1256 "-" "Mozilla/5.0 (Windows NT 6.1; WOW64; rv:31.0) Gecko/20100101 Firefox/31.0"
93.220.64.21 - - [27/Jul/2014:18:07:35 +0200] "GET /templates/gk_penguinmail/favicon.ico HTTP/1.1" 404 1256 "-" "Mozilla/5.0 (Windows NT 6.1; WOW64; rv:31.0) Gecko/20100101 Firefox/31.0"
93.220.64.21 - - [27/Jul/2014:18:43:29 +0200] "GET /templates/gk_penguinmail/favicon.ico HTTP/1.1" 404 1256 "-" "Mozilla/5.0 (Windows NT 6.1; WOW64; rv:31.0) Gecko/20100101 Firefox/31.0"
195.233.250.6 - - [27/Jul/2014:18:45:30 +0200] "GET /templates/gk_penguinmail/css/template.css HTTP/1.1" 404 1256 "-" "Mozilla/4.0 (compatible;)"
93.220.64.21 - - [27/Jul/2014:18:52:18 +0200] "GET /templates/gk_penguinmail/favicon.ico HTTP/1.1" 404 1256 "-" "Mozilla/5.0 (Windows NT 6.1; WOW64; rv:31.0) Gecko/20100101 Firefox/31.0"
93.220.64.21 - - [27/Jul/2014:18:53:42 +0200] "GET /templates/gk_penguinmail/favicon.ico HTTP/1.1" 404 1256 "-" "Mozilla/5.0 (Windows NT 6.1; WOW64; rv:31.0) Gecko/20100101 Firefox/31.0"
66.249.78.246 - - [27/Jul/2014:18:56:44 +0200] "GET /robots.txt HTTP/1.1" 200 192 "-" "Mozilla/5.0 (compatible; Googlebot/2.1; +http://www.google.com/bot.html)"
66.249.78.239 - - [27/Jul/2014:18:56:45 +0200] "GET / HTTP/1.1" 200 8535 "-" "Mozilla/5.0 (compatible; Googlebot/2.1; +http://www.google.com/bot.html)"
93.220.64.21 - - [27/Jul/2014:18:58:42 +0200] "GET /templates/gk_penguinmail/favicon.ico HTTP/1.1" 404 1256 "-" "Mozilla/5.0 (Windows NT 6.1; WOW64; rv:31.0) Gecko/20100101 Firefox/31.0"
93.220.64.21 - - [27/Jul/2014:18:58:42 +0200] "GET /templates/gk_penguinmail/favicon.ico HTTP/1.1" 404 1256 "-" "Mozilla/5.0 (Windows NT 6.1; WOW64; rv:31.0) Gecko/20100101 Firefox/31.0"
217.69.133.6 - - [27/Jul/2014:18:58:50 +0200] "GET /robots.txt HTTP/1.1" 200 192 "-" "Mozilla/5.0 (compatible; Linux x86_64; Mail.RU_Bot/2.0; +http://go.mail.ru/help/robots)"
217.69.133.194 - - [27/Jul/2014:18:58:51 +0200] "GET /component/content/article/58.html HTTP/1.1" 404 1256 "-" "Mozilla/5.0 (compatible; Linux x86_64; Mail.RU_Bot/2.0; +http://go.mail.ru/help/robots)"
66.249.78.239 - - [27/Jul/2014:18:59:06 +0200] "GET /component/content/article/34-garten-und-landschaftsbau/73-privatgartenpflege.html HTTP/1.1" 404 1256 "-" "Mozilla/5.0 (compatible; Googlebot/2.1; +http://www.google.com/bot.html)"
66.249.78.246 - - [27/Jul/2014:18:59:13 +0200] "GET /documents/Strassenreinigungssatzung_Schwaneneck.pdf HTTP/1.1" 200 108696 "-" "Mozilla/5.0 (compatible; Googlebot/2.1; +http://www.google.com/bot.html)"
208.115.113.87 - - [27/Jul/2014:19:27:53 +0200] "GET /servicebereiche/gruenanlagenpflege/gewerbegruenpflege.html HTTP/1.1" 404 1256 "-" "Mozilla/5.0 (compatible; DotBot/1.1; http://www.opensiteexplorer.org/dotbot, help@moz.com)"
93.220.64.21 - - [27/Jul/2014:19:38:30 +0200] "GET /templates/gk_penguinmail/favicon.ico HTTP/1.1" 404 1256 "-" "Mozilla/5.0 (Windows NT 6.1; WOW64; rv:31.0) Gecko/20100101 Firefox/31.0"
93.220.64.21 - - [27/Jul/2014:19:49:02 +0200] "GET /templates/gk_penguinmail/favicon.ico HTTP/1.1" 404 1256 "-" "Mozilla/5.0 (Windows NT 6.1; WOW64; rv:31.0) Gecko/20100101 Firefox/31.0"
93.220.64.21 - - [27/Jul/2014:19:49:03 +0200] "GET /templates/gk_penguinmail/favicon.ico HTTP/1.1" 404 1256 "-" "Mozilla/5.0 (Windows NT 6.1; WOW64; rv:31.0) Gecko/20100101 Firefox/31.0"
208.115.111.71 - - [27/Jul/2014:19:56:55 +0200] "GET /robots.txt HTTP/1.1" 200 192 "-" "Mozilla/5.0 (compatible; DotBot/1.1; http://www.opensiteexplorer.org/dotbot, help@moz.com)"
93.220.64.21 - - [27/Jul/2014:20:32:16 +0200] "GET /templates/gk_penguinmail/favicon.ico HTTP/1.1" 404 1256 "-" "Mozilla/5.0 (Windows NT 6.1; WOW64; rv:31.0) Gecko/20100101 Firefox/31.0"
93.220.64.21 - - [27/Jul/2014:20:32:16 +0200] "GET /templates/gk_penguinmail/favicon.ico HTTP/1.1" 404 1256 "-" "Mozilla/5.0 (Windows NT 6.1; WOW64; rv:31.0) Gecko/20100101 Firefox/31.0"
217.69.133.203 - - [27/Jul/2014:20:33:26 +0200] "GET /robots.txt HTTP/1.1" 200 192 "-" "Mozilla/5.0 (compatible; Linux x86_64; Mail.RU_Bot/2.0; +http://go.mail.ru/help/robots)"
217.69.133.3 - - [27/Jul/2014:20:33:27 +0200] "GET /component/content/46.html HTTP/1.1" 404 1256 "-" "Mozilla/5.0 (compatible; Linux x86_64; Mail.RU_Bot/2.0; +http://go.mail.ru/help/robots)"
62.210.215.100 - - [27/Jul/2014:20:41:08 +0200] "GET /index.php?format=feed&type=rss HTTP/1.1" 404 1256 "-" "Mozilla/5.0 (X11; Linux i686) AppleWebKit/537.36 (KHTML, like Gecko) Chrome/30.0.1599.66 Safari/537.36"
157.55.39.208 - - [27/Jul/2014:20:42:22 +0200] "GET / HTTP/1.1" 200 8535 "-" "Mozilla/5.0 (compatible; bingbot/2.0; +http://www.bing.com/bingbot.htm)"
208.115.113.87 - - [27/Jul/2014:21:02:35 +0200] "GET /robots.txt HTTP/1.1" 200 192 "-" "Mozilla/5.0 (compatible; DotBot/1.1; http://www.opensiteexplorer.org/dotbot, help@moz.com)"
66.249.78.239 - - [27/Jul/2014:21:14:43 +0200] "GET /documents/Strassenreinigungssatzung_Schwaneneck.pdf HTTP/1.1" 304 - "-" "Mozilla/5.0 (compatible; Googlebot/2.1; +http://www.google.com/bot.html)"
217.69.133.203 - - [27/Jul/2014:22:10:11 +0200] "GET /robots.txt HTTP/1.1" 200 192 "-" "Mozilla/5.0 (compatible; Linux x86_64; Mail.RU_Bot/2.0; +http://go.mail.ru/help/robots)"
217.69.133.5 - - [27/Jul/2014:22:10:12 +0200] "GET /servicebereiche/gruenanlagenpflege/privatgartenpflege.html HTTP/1.1" 404 1256 "-" "Mozilla/5.0 (compatible; Linux x86_64; Mail.RU_Bot/2.0; +http://go.mail.ru/help/robots)"
93.220.64.21 - - [27/Jul/2014:22:36:55 +0200] "GET /templates/gk_penguinmail/favicon.ico HTTP/1.1" 404 1256 "-" "Mozilla/5.0 (Windows NT 6.1; WOW64; rv:31.0) Gecko/20100101 Firefox/31.0"
93.220.64.21 - - [27/Jul/2014:22:36:55 +0200] "GET /templates/gk_penguinmail/favicon.ico HTTP/1.1" 404 1256 "-" "Mozilla/5.0 (Windows NT 6.1; WOW64; rv:31.0) Gecko/20100101 Firefox/31.0"
66.249.78.239 - - [27/Jul/2014:22:37:48 +0200] "GET /documents/Strassenreinigungssatzung_Bernau02_2005.pdf HTTP/1.1" 304 - "-" "Mozilla/5.0 (compatible; Googlebot/2.1; +http://www.google.com/bot.html)"
207.46.13.28 - - [27/Jul/2014:22:51:13 +0200] "GET /servicebereiche/uebersichtgebaeudemanagement.html HTTP/1.1" 404 1256 "-" "Mozilla/5.0 (compatible; bingbot/2.0; +http://www.bing.com/bingbot.htm)"
66.249.78.246 - - [27/Jul/2014:22:56:16 +0200] "GET / HTTP/1.1" 200 8535 "-" "Mozilla/5.0 (compatible; Googlebot/2.1; +http://www.google.com/bot.html)"
208.115.113.87 - - [27/Jul/2014:23:03:22 +0200] "GET /component/content/46.html HTTP/1.1" 404 1256 "-" "Mozilla/5.0 (compatible; DotBot/1.1; http://www.opensiteexplorer.org/dotbot, help@moz.com)"
208.115.113.87 - - [27/Jul/2014:23:03:24 +0200] "GET /servicebereiche/winterdienst/58.html HTTP/1.1" 404 1256 "-" "Mozilla/5.0 (compatible; DotBot/1.1; http://www.opensiteexplorer.org/dotbot, help@moz.com)"
85.10.234.26 - - [27/Jul/2014:23:22:38 +0200] "GET / HTTP/1.1" 200 8535 "-" "Mozilla/5.0 (Windows; U; Windows NT 5.1; en-US) AppleWebKit/525.13 (KHTML, like Gecko) Chrome/0.A.B.C Safari/525.13"
217.114.217.235 - - [27/Jul/2014:23:34:47 +0200] "HEAD /feed/ HTTP/1.1" 404 - "-" "Ruby"
217.114.217.235 - - [27/Jul/2014:23:34:47 +0200] "GET / HTTP/1.1" 200 8535 "-" "\"manhattan-tool\""
188.100.237.232 - - [27/Jul/2014:23:35:02 +0200] "GET /seiten/straman_impr.htm HTTP/1.1" 200 5731 "-" "Mozilla/5.0 (Windows NT 6.1; WOW64) AppleWebKit/537.36 (KHTML, like Gecko) Chrome/30.0.1599.101 Safari/537.36"
81.0.199.226 - - [27/Jul/2014:23:40:19 +0200] "GET / HTTP/1.1" 200 8535 "-" "Mozilla/5.0 (Macintosh; Intel Mac OS X 10.7; rv:22.0) Gecko/20100101 Firefox/22.0"
207.46.13.7 - - [27/Jul/2014:23:45:29 +0200] "GET /seiten/straman_gesetze.htm HTTP/1.1" 200 5637 "-" "Mozilla/5.0 (compatible; bingbot/2.0; +http://www.bing.com/bingbot.htm)"
66.249.78.232 - - [28/Jul/2014:00:00:54 +0200] "GET /seiten/winterdienst.htm HTTP/1.1" 304 - "-" "Mozilla/5.0 (compatible; Googlebot/2.1; +http://www.google.com/bot.html)"
66.249.78.239 - - [28/Jul/2014:00:04:43 +0200] "GET /index.php?option=com_forme&fid=2&Itemid=65 HTTP/1.1" 404 1256 "-" "Mozilla/5.0 (compatible; Googlebot/2.1; +http://www.google.com/bot.html)"
66.249.78.239 - - [28/Jul/2014:00:04:44 +0200] "GET /images/kontaktformular.jpg HTTP/1.1" 404 1256 "-" "Googlebot-Image/1.0"
66.249.78.232 - - [28/Jul/2014:00:05:42 +0200] "GET /images/header_index_980x185.png HTTP/1.1" 404 1256 "-" "Googlebot-Image/1.0"
66.249.78.232 - - [28/Jul/2014:00:06:53 +0200] "GET /images/stories/herbst%20klein.jpg HTTP/1.1" 404 1256 "-" "Googlebot-Image/1.0"
66.249.78.239 - - [28/Jul/2014:00:08:02 +0200] "GET /images/stories/winterdienst%20klein.jpg HTTP/1.1" 404 1256 "-" "Googlebot-Image/1.0"
66.249.78.246 - - [28/Jul/2014:00:09:23 +0200] "GET /images/stories/infrastrukturelles%20gebudemanagement%20.jpg HTTP/1.1" 404 1256 "-" "Googlebot-Image/1.0"
5.9.80.108 - - [28/Jul/2014:00:42:25 +0200] "GET / HTTP/1.1" 200 8535 "-" "Mozilla/5.0 (Windows; U; Windows NT 5.1; de; rv:1.9.0.6) Gecko/2009011913 Firefox/3.0.6"
66.249.78.246 - - [28/Jul/2014:01:10:08 +0200] "GET /documents/grundstueckseigentuemer.pdf HTTP/1.1" 304 - "-" "Mozilla/5.0 (compatible; Googlebot/2.1; +http://www.google.com/bot.html)"
66.249.78.239 - - [28/Jul/2014:02:28:37 +0200] "GET /seiten/gruenanlagenpflege.htm HTTP/1.1" 304 - "-" "Mozilla/5.0 (compatible; Googlebot/2.1; +http://www.google.com/bot.html)"
208.115.111.71 - - [28/Jul/2014:03:07:17 +0200] "GET /robots.txt HTTP/1.1" 200 192 "-" "Mozilla/5.0 (compatible; DotBot/1.1; http://www.opensiteexplorer.org/dotbot, help@moz.com)"
89.15.236.200 - - [28/Jul/2014:03:08:33 +0200] "GET / HTTP/1.1" 200 8535 "http://www.google.com/url?sa=t&rct=j&q=winterdienst%20in%20berlin%20referenzen&source=web&cd=14&ved=0CEkQFjADOAo&url=http%3A%2F%2Fwww.straman.de%2F&ei=H6DVU9yOA8ffOPvogIgP&usg=AFQjCNEpeUQQKOp_93iUUo8XSnpqrpjMzA" "Mozilla/5.0 (Windows NT 6.1; WOW64) AppleWebKit/537.36 (KHTML, like Gecko) Chrome/36.0.1985.125 Safari/537.36"
89.15.236.200 - - [28/Jul/2014:03:08:34 +0200] "GET /css/format.css HTTP/1.1" 200 8709 "http://www.straman.de/" "Mozilla/5.0 (Windows NT 6.1; WOW64) AppleWebKit/537.36 (KHTML, like Gecko) Chrome/36.0.1985.125 Safari/537.36"
89.15.236.200 - - [28/Jul/2014:03:08:34 +0200] "GET /scripte/stra_scr.js HTTP/1.1" 200 1580 "http://www.straman.de/" "Mozilla/5.0 (Windows NT 6.1; WOW64) AppleWebKit/537.36 (KHTML, like Gecko) Chrome/36.0.1985.125 Safari/537.36"
89.15.236.200 - - [28/Jul/2014:03:08:35 +0200] "GET /images/f_1-p.gif HTTP/1.1" 200 43 "http://www.straman.de/" "Mozilla/5.0 (Windows NT 6.1; WOW64) AppleWebKit/537.36 (KHTML, like Gecko) Chrome/36.0.1985.125 Safari/537.36"
89.15.236.200 - - [28/Jul/2014:03:08:35 +0200] "GET /images/start_1.jpg HTTP/1.1" 200 6732 "http://www.straman.de/" "Mozilla/5.0 (Windows NT 6.1; WOW64) AppleWebKit/537.36 (KHTML, like Gecko) Chrome/36.0.1985.125 Safari/537.36"
89.15.236.200 - - [28/Jul/2014:03:08:36 +0200] "GET /images/start_2.jpg HTTP/1.1" 200 8241 "http://www.straman.de/" "Mozilla/5.0 (Windows NT 6.1; WOW64) AppleWebKit/537.36 (KHTML, like Gecko) Chrome/36.0.1985.125 Safari/537.36"
89.15.236.200 - - [28/Jul/2014:03:08:36 +0200] "GET /images/footer1_neu.gif HTTP/1.1" 200 58 "http://www.straman.de/" "Mozilla/5.0 (Windows NT 6.1; WOW64) AppleWebKit/537.36 (KHTML, like Gecko) Chrome/36.0.1985.125 Safari/537.36"
89.15.236.200 - - [28/Jul/2014:03:08:35 +0200] "GET /images/logo_straman_neu.jpg HTTP/1.1" 200 19228 "http://www.straman.de/" "Mozilla/5.0 (Windows NT 6.1; WOW64) AppleWebKit/537.36 (KHTML, like Gecko) Chrome/36.0.1985.125 Safari/537.36"
89.15.236.200 - - [28/Jul/2014:03:08:38 +0200] "GET /images/favicon.ico HTTP/1.1" 200 3638 "-" "Mozilla/5.0 (Windows NT 6.1; WOW64) AppleWebKit/537.36 (KHTML, like Gecko) Chrome/36.0.1985.125 Safari/537.36"
66.249.78.239 - - [28/Jul/2014:03:28:38 +0200] "GET /seiten/straman_impr.htm HTTP/1.1" 304 - "-" "Mozilla/5.0 (compatible; Googlebot/2.1; +http://www.google.com/bot.html)"
66.249.78.232 - - [28/Jul/2014:04:19:25 +0200] "GET /seiten/strassenreinigung.htm HTTP/1.1" 304 - "-" "Mozilla/5.0 (compatible; Googlebot/2.1; +http://www.google.com/bot.html)"
188.226.157.250 - - [28/Jul/2014:04:24:56 +0200] "GET / HTTP/1.1" 200 8535 "-" "Scrapy/0.22.0 (+http://scrapy.org)"
188.226.157.250 - - [28/Jul/2014:04:25:00 +0200] "GET /seiten/straman_jobs.htm HTTP/1.1" 200 5214 "http://www.straman.de" "Scrapy/0.22.0 (+http://scrapy.org)"
188.226.157.250 - - [28/Jul/2014:04:25:03 +0200] "GET /seiten/straman_aktuell.htm HTTP/1.1" 200 5933 "http://www.straman.de" "Scrapy/0.22.0 (+http://scrapy.org)"
207.46.13.7 - - [28/Jul/2014:04:31:51 +0200] "GET /robots.txt HTTP/1.1" 200 192 "-" "Mozilla/5.0 (compatible; bingbot/2.0; +http://www.bing.com/bingbot.htm)"
207.46.13.7 - - [28/Jul/2014:04:32:13 +0200] "GET /component/mailto/?tmpl=component&link=e679d831187c11f0318e9424073619e799b49c7d HTTP/1.1" 404 1256 "-" "Mozilla/5.0 (compatible; bingbot/2.0; +http://www.bing.com/bingbot.htm)"
208.115.111.71 - - [28/Jul/2014:04:56:18 +0200] "GET /component/mailto/?tmpl=component&link=97f89dec8d3a90a06eaee75083ae45b303687cff HTTP/1.1" 404 1256 "-" "Mozilla/5.0 (compatible; DotBot/1.1; http://www.opensiteexplorer.org/dotbot, help@moz.com)"
64.246.165.210 - - [28/Jul/2014:05:24:59 +0200] "GET /robots.txt HTTP/1.0" 200 192 "-" "Mozilla/5.0 (Windows; U; Windows NT 5.1; en; rv:1.9.0.13) Gecko/2009073022 Firefox/3.5.2 (.NET CLR 3.5.30729) SurveyBot/2.3 (DomainTools)"
64.246.165.210 - - [28/Jul/2014:05:25:00 +0200] "GET / HTTP/1.1" 200 8535 "http://whois.domaintools.com/straman.de" "Mozilla/5.0 (Windows; U; Windows NT 5.1; en; rv:1.9.0.13) Gecko/2009073022 Firefox/3.5.2 (.NET CLR 3.5.30729) SurveyBot/2.3 (DomainTools)"
66.249.78.239 - - [28/Jul/2014:05:28:39 +0200] "GET /documents/Strassenreinigungssatzung_Schwaneneck.pdf HTTP/1.1" 304 - "-" "Mozilla/5.0 (compatible; Googlebot/2.1; +http://www.google.com/bot.html)"
207.46.13.7 - - [28/Jul/2014:06:10:47 +0200] "GET /robots.txt HTTP/1.1" 200 192 "-" "Mozilla/5.0 (compatible; bingbot/2.0; +http://www.bing.com/bingbot.htm)"
207.46.13.7 - - [28/Jul/2014:06:10:53 +0200] "GET /component/content/article/34-garten-und-landschaftsbau/74-gewerbegruenpflege.pdf HTTP/1.1" 404 1256 "-" "Mozilla/5.0 (compatible; bingbot/2.0; +http://www.bing.com/bingbot.htm)"
66.249.78.232 - - [28/Jul/2014:06:14:49 +0200] "GET / HTTP/1.1" 200 8535 "-" "Mozilla/5.0 (compatible; Googlebot/2.1; +http://www.google.com/bot.html)"
88.74.211.179 - - [28/Jul/2014:07:06:06 +0200] "GET /unternehmen/partner.html HTTP/1.0" 404 1256 "http://www.google.de/url?sa=t&rct=j&q=&esrc=s&source=web&cd=1&ved=0CDwQ0gIoATAA&url=http%3A%2F%2Fwww.straman.de%2Funternehmen%2Fpartner.html&ei=0NnVU6fpEofnygPj9YDQBA&usg=AFQjCNEqAI7V1jxUMcQdah0ROgTakR-20A&bvm=bv.71778758,d.bGQ" "Mozilla/5.0 (Windows NT 6.1; WOW64; Trident/7.0; MASBJS; rv:11.0) like Gecko"
88.74.211.179 - - [28/Jul/2014:07:06:47 +0200] "GET / HTTP/1.0" 200 8535 "http://www.google.de/url?sa=t&rct=j&q=&esrc=s&source=web&cd=1&ved=0CC8QFjAA&url=http%3A%2F%2Fwww.straman.de%2F&ei=0NnVU6fpEofnygPj9YDQBA&usg=AFQjCNEpeUQQKOp_93iUUo8XSnpqrpjMzA" "Mozilla/5.0 (Windows NT 6.1; WOW64; Trident/7.0; MASBJS; rv:11.0) like Gecko"
88.74.211.179 - - [28/Jul/2014:07:06:47 +0200] "GET /images/start_2.jpg HTTP/1.0" 200 8241 "http://www.straman.de/" "Mozilla/5.0 (Windows NT 6.1; WOW64; Trident/7.0; MASBJS; rv:11.0) like Gecko"
88.74.211.179 - - [28/Jul/2014:07:06:47 +0200] "GET /css/format.css HTTP/1.0" 200 8709 "http://www.straman.de/" "Mozilla/5.0 (Windows NT 6.1; WOW64; Trident/7.0; MASBJS; rv:11.0) like Gecko"
88.74.211.179 - - [28/Jul/2014:07:06:47 +0200] "GET /scripte/stra_scr.js HTTP/1.0" 200 1580 "http://www.straman.de/" "Mozilla/5.0 (Windows NT 6.1; WOW64; Trident/7.0; MASBJS; rv:11.0) like Gecko"
88.74.211.179 - - [28/Jul/2014:07:06:48 +0200] "GET /images/f_1-p.gif HTTP/1.0" 200 43 "http://www.straman.de/" "Mozilla/5.0 (Windows NT 6.1; WOW64; Trident/7.0; MASBJS; rv:11.0) like Gecko"
88.74.211.179 - - [28/Jul/2014:07:06:48 +0200] "GET /images/footer1_neu.gif HTTP/1.0" 200 58 "http://www.straman.de/" "Mozilla/5.0 (Windows NT 6.1; WOW64; Trident/7.0; MASBJS; rv:11.0) like Gecko"
88.74.211.179 - - [28/Jul/2014:07:06:48 +0200] "GET /images/logo_straman_neu.jpg HTTP/1.0" 200 19228 "http://www.straman.de/" "Mozilla/5.0 (Windows NT 6.1; WOW64; Trident/7.0; MASBJS; rv:11.0) like Gecko"
88.74.211.179 - - [28/Jul/2014:07:06:51 +0200] "GET /images/start_1.jpg HTTP/1.0" 200 6732 "http://www.straman.de/" "Mozilla/5.0 (Windows NT 6.1; WOW64; Trident/7.0; MASBJS; rv:11.0) like Gecko"
88.74.211.179 - - [28/Jul/2014:07:06:51 +0200] "GET /images/favicon.ico HTTP/1.0" 200 3638 "-" "Mozilla/5.0 (Windows NT 6.1; Win64; x64; Trident/7.0; MASBJS; rv:11.0) like Gecko"
66.249.78.239 - - [28/Jul/2014:08:00:59 +0200] "GET /documents/Strassenreinigungssatzung_Bernau02_2005.pdf HTTP/1.1" 304 - "-" "Mozilla/5.0 (compatible; Googlebot/2.1; +http://www.google.com/bot.html)"
207.46.13.15 - - [28/Jul/2014:08:38:04 +0200] "GET /robots.txt HTTP/1.1" 200 192 "-" "Mozilla/5.0 (compatible; bingbot/2.0; +http://www.bing.com/bingbot.htm)"
207.46.13.15 - - [28/Jul/2014:08:38:08 +0200] "GET / HTTP/1.1" 200 8535 "-" "Mozilla/5.0 (compatible; bingbot/2.0; +http://www.bing.com/bingbot.htm)"
66.249.78.239 - - [28/Jul/2014:09:01:00 +0200] "GET /seiten/winterdienst.htm HTTP/1.1" 304 - "-" "Mozilla/5.0 (compatible; Googlebot/2.1; +http://www.google.com/bot.html)"
62.210.215.100 - - [28/Jul/2014:09:16:49 +0200] "GET /news.feed?type=atom HTTP/1.1" 404 1256 "-" "Mozilla/5.0 (X11; Linux i686) AppleWebKit/537.36 (KHTML, like Gecko) Chrome/30.0.1599.66 Safari/537.36"
66.249.78.232 - - [28/Jul/2014:10:10:15 +0200] "GET /documents/grundstueckseigentuemer.pdf HTTP/1.1" 304 - "-" "Mozilla/5.0 (compatible; Googlebot/2.1; +http://www.google.com/bot.html)"
217.5.178.106 - - [28/Jul/2014:10:17:53 +0200] "GET / HTTP/1.1" 200 8535 "http://www.google.de/url?sa=t&rct=j&q=&esrc=s&source=web&cd=1&ved=0CCAQFjAA&url=http%3A%2F%2Fwww.straman.de%2F&ei=yQbWU76hAYn_4QSawoDwBA&usg=AFQjCNEpeUQQKOp_93iUUo8XSnpqrpjMzA" "Mozilla/5.0 (Windows NT 6.3; WOW64; Trident/7.0; rv:11.0) like Gecko"
217.5.178.106 - - [28/Jul/2014:10:17:53 +0200] "GET /css/format.css HTTP/1.1" 200 8709 "http://www.straman.de/" "Mozilla/5.0 (Windows NT 6.3; WOW64; Trident/7.0; rv:11.0) like Gecko"
217.5.178.106 - - [28/Jul/2014:10:17:53 +0200] "GET /scripte/stra_scr.js HTTP/1.1" 200 1580 "http://www.straman.de/" "Mozilla/5.0 (Windows NT 6.3; WOW64; Trident/7.0; rv:11.0) like Gecko"
217.5.178.106 - - [28/Jul/2014:10:17:53 +0200] "GET /images/f_1-p.gif HTTP/1.1" 200 43 "http://www.straman.de/" "Mozilla/5.0 (Windows NT 6.3; WOW64; Trident/7.0; rv:11.0) like Gecko"
217.5.178.106 - - [28/Jul/2014:10:17:53 +0200] "GET /images/logo_straman_neu.jpg HTTP/1.1" 200 19228 "http://www.straman.de/" "Mozilla/5.0 (Windows NT 6.3; WOW64; Trident/7.0; rv:11.0) like Gecko"
217.5.178.106 - - [28/Jul/2014:10:17:53 +0200] "GET /images/start_1.jpg HTTP/1.1" 200 6732 "http://www.straman.de/" "Mozilla/5.0 (Windows NT 6.3; WOW64; Trident/7.0; rv:11.0) like Gecko"
217.5.178.106 - - [28/Jul/2014:10:17:53 +0200] "GET /images/start_2.jpg HTTP/1.1" 200 8241 "http://www.straman.de/" "Mozilla/5.0 (Windows NT 6.3; WOW64; Trident/7.0; rv:11.0) like Gecko"
217.5.178.106 - - [28/Jul/2014:10:17:53 +0200] "GET /images/footer1_neu.gif HTTP/1.1" 200 58 "http://www.straman.de/" "Mozilla/5.0 (Windows NT 6.3; WOW64; Trident/7.0; rv:11.0) like Gecko"
217.5.178.106 - - [28/Jul/2014:10:17:54 +0200] "GET /images/favicon.ico HTTP/1.1" 200 3638 "-" "Mozilla/5.0 (Windows NT 6.3; Win64; x64; Trident/7.0; rv:11.0) like Gecko"
91.97.42.173 - - [28/Jul/2014:10:21:43 +0200] "GET / HTTP/1.1" 200 8535 "http://www.google.de/url?sa=t&rct=j&q=&esrc=s&frm=1&source=web&cd=10&ved=0CG8QFjAJ&url=http%3A%2F%2Fwww.straman.de%2F&ei=RgfWU_DkAs_R4QTC6oCoBQ&usg=AFQjCNEpeUQQKOp_93iUUo8XSnpqrpjMzA&sig2=fak8nfjxHHlXe-aLPxpAhw" "Mozilla/5.0 (compatible; MSIE 9.0; Windows NT 6.1; WOW64; Trident/5.0; BOIE9;DEDE)"
91.97.42.173 - - [28/Jul/2014:10:21:43 +0200] "GET /scripte/stra_scr.js HTTP/1.1" 200 1580 "http://www.straman.de/" "Mozilla/5.0 (compatible; MSIE 9.0; Windows NT 6.1; WOW64; Trident/5.0; BOIE9;DEDE)"
91.97.42.173 - - [28/Jul/2014:10:21:43 +0200] "GET /css/format.css HTTP/1.1" 200 8709 "http://www.straman.de/" "Mozilla/5.0 (compatible; MSIE 9.0; Windows NT 6.1; WOW64; Trident/5.0; BOIE9;DEDE)"
91.97.42.173 - - [28/Jul/2014:10:21:43 +0200] "GET /images/logo_straman_neu.jpg HTTP/1.1" 200 19228 "http://www.straman.de/" "Mozilla/5.0 (compatible; MSIE 9.0; Windows NT 6.1; WOW64; Trident/5.0; BOIE9;DEDE)"
91.97.42.173 - - [28/Jul/2014:10:21:43 +0200] "GET /images/f_1-p.gif HTTP/1.1" 200 43 "http://www.straman.de/" "Mozilla/5.0 (compatible; MSIE 9.0; Windows NT 6.1; WOW64; Trident/5.0; BOIE9;DEDE)"
91.97.42.173 - - [28/Jul/2014:10:21:43 +0200] "GET /images/start_1.jpg HTTP/1.1" 200 6732 "http://www.straman.de/" "Mozilla/5.0 (compatible; MSIE 9.0; Windows NT 6.1; WOW64; Trident/5.0; BOIE9;DEDE)"
91.97.42.173 - - [28/Jul/2014:10:21:43 +0200] "GET /images/footer1_neu.gif HTTP/1.1" 200 58 "http://www.straman.de/" "Mozilla/5.0 (compatible; MSIE 9.0; Windows NT 6.1; WOW64; Trident/5.0; BOIE9;DEDE)"
91.97.42.173 - - [28/Jul/2014:10:21:43 +0200] "GET /images/start_2.jpg HTTP/1.1" 200 8241 "http://www.straman.de/" "Mozilla/5.0 (compatible; MSIE 9.0; Windows NT 6.1; WOW64; Trident/5.0; BOIE9;DEDE)"
91.97.42.173 - - [28/Jul/2014:10:21:43 +0200] "GET /images/logo_straman_neu.jpg HTTP/1.1" 200 19228 "http://www.straman.de/" "Mozilla/5.0 (compatible; MSIE 9.0; Windows NT 6.1; WOW64; Trident/5.0; BOIE9;DEDE)"
91.97.42.173 - - [28/Jul/2014:10:21:43 +0200] "GET /css/format_ie.css HTTP/1.1" 200 6492 "http://www.straman.de/" "Mozilla/5.0 (compatible; MSIE 9.0; Windows NT 6.1; WOW64; Trident/5.0; BOIE9;DEDE)"
91.97.42.173 - - [28/Jul/2014:10:21:44 +0200] "GET /images/favicon.ico HTTP/1.1" 200 3638 "-" "Mozilla/5.0 (compatible; MSIE 9.0; Windows NT 6.1; WOW64; Trident/5.0; BOIE9;DEDE)"
91.97.42.173 - - [28/Jul/2014:10:21:58 +0200] "GET /seiten/strassenreinigung.htm HTTP/1.1" 200 7046 "http://www.straman.de/" "Mozilla/5.0 (compatible; MSIE 9.0; Windows NT 6.1; WOW64; Trident/5.0; BOIE9;DEDE)"
91.97.42.173 - - [28/Jul/2014:10:21:58 +0200] "GET /images/besch_logo.jpg HTTP/1.1" 200 22062 "http://www.straman.de/seiten/strassenreinigung.htm" "Mozilla/5.0 (compatible; MSIE 9.0; Windows NT 6.1; WOW64; Trident/5.0; BOIE9;DEDE)"
91.97.42.173 - - [28/Jul/2014:10:21:58 +0200] "GET /images/nav1_1.jpg HTTP/1.1" 200 9431 "http://www.straman.de/seiten/strassenreinigung.htm" "Mozilla/5.0 (compatible; MSIE 9.0; Windows NT 6.1; WOW64; Trident/5.0; BOIE9;DEDE)"
