148.251.69.136 - - [03/Jul/2014:15:10:13 +0200] "GET /unternehmen/impressum.html HTTP/1.1" 200 - "-" "Mozilla/5.0 (Windows NT 6.1; WOW64) AppleWebKit/537.31 (KHTML, like Gecko) Chrome/26.0.1410.64 Safari/537.31"
148.251.69.136 - - [03/Jul/2014:15:10:13 +0200] "GET /unternehmen/impressum.html HTTP/1.1" 200 - "-" "Mozilla/5.0 (X11; Ubuntu; Linux i686; rv:14.0) Gecko/20100101 Firefox/14.0.1"
148.251.69.136 - - [03/Jul/2014:15:10:13 +0200] "GET /unternehmen/impressum.html HTTP/1.1" 200 - "-" "Mozilla/5.0 (Macintosh; U; Intel Mac OS X 10_5_8; zh-cn) AppleWebKit/533.18.1 (KHTML, like Gecko) Version/5.0.2 Safari/533.18.5"
148.251.69.136 - - [03/Jul/2014:15:10:14 +0200] "GET /unternehmen/impressum.html HTTP/1.1" 200 - "-" "Mozilla/5.0 (Windows NT 6.1) AppleWebKit/537.22 (KHTML, like Gecko) Chrome/25.0.1364.172 Safari/537.22"
148.251.69.136 - - [03/Jul/2014:15:10:14 +0200] "GET /unternehmen/impressum.html HTTP/1.1" 200 - "-" "Mozilla/5.0 (Windows NT 6.1) AppleWebKit/537.36 (KHTML, like Gecko) Chrome/27.0.1453.90 Safari/537.36"
66.249.78.247 - - [03/Jul/2014:15:34:25 +0200] "GET / HTTP/1.1" 200 8922 "-" "Mozilla/5.0 (iPhone; CPU iPhone OS 6_0 like Mac OS X) AppleWebKit/536.26 (KHTML, like Gecko) Version/6.0 Mobile/10A5376e Safari/8536.25 (compatible; Googlebot/2.1; +http://www.google.com/bot.html)"
88.116.240.126 - - [03/Jul/2014:15:37:19 +0200] "GET / HTTP/1.1" 200 - "http://www.gelbeseiten.de/gebaeudereinigung/berlin/s20/relevanz/details-web-link" "Mozilla/5.0 (Windows NT 5.1) AppleWebKit/537.36 (KHTML, like Gecko) Chrome/35.0.1916.153 Safari/537.36"
88.116.240.126 - - [03/Jul/2014:15:37:19 +0200] "GET /favicon.ico HTTP/1.1" 404 2467 "-" "Mozilla/5.0 (Windows NT 5.1) AppleWebKit/537.36 (KHTML, like Gecko) Chrome/35.0.1916.153 Safari/537.36"
88.116.240.126 - - [03/Jul/2014:15:37:52 +0200] "GET / HTTP/1.1" 200 - "http://www.gelbeseiten.de/gebaeudereinigung/berlin/s20/relevanz/details-web-link" "Mozilla/5.0 (Windows NT 5.1) AppleWebKit/537.36 (KHTML, like Gecko) Chrome/35.0.1916.153 Safari/537.36"
88.116.240.126 - - [03/Jul/2014:15:38:11 +0200] "GET / HTTP/1.1" 200 - "http://www.gelbeseiten.de/gebaeudereinigung/berlin/s20/relevanz/details-web-link" "Mozilla/5.0 (Windows NT 5.1) AppleWebKit/537.36 (KHTML, like Gecko) Chrome/35.0.1916.153 Safari/537.36"
178.77.126.55 - - [03/Jul/2014:15:47:24 +0200] "GET /robots.txt HTTP/1.1" 200 304 "-" "Mozilla/5.0 (compatible; CareerBot/1.1; +http://www.career-x.de/bot.html)"
178.77.126.55 - - [03/Jul/2014:15:47:25 +0200] "GET / HTTP/1.1" 200 - "-" "Mozilla/5.0 (compatible; CareerBot/1.1; +http://www.career-x.de/bot.html)"
66.249.78.247 - - [03/Jul/2014:16:02:15 +0200] "GET /unternehmen/partner.html HTTP/1.1" 200 - "-" "Mozilla/5.0 (compatible; Googlebot/2.1; +http://www.google.com/bot.html)"
66.249.76.153 - - [03/Jul/2014:16:07:10 +0200] "GET /component/content/article/58.html HTTP/1.1" 200 - "-" "Mozilla/5.0 (compatible; Googlebot/2.1; +http://www.google.com/bot.html)"
66.249.78.247 - - [03/Jul/2014:16:28:53 +0200] "GET / HTTP/1.1" 200 - "-" "Mozilla/5.0 (compatible; Googlebot/2.1; +http://www.google.com/bot.html)"
178.19.209.242 - - [03/Jul/2014:16:30:50 +0200] "HEAD / HTTP/1.1" 200 - "-" "Microsoft Office Excel 2013"
178.19.209.242 - - [03/Jul/2014:16:30:51 +0200] "GET / HTTP/1.1" 200 - "-" "Mozilla/4.0 (compatible; MSIE 7.0; Windows NT 6.2; WOW64; Trident/6.0; .NET4.0E; .NET4.0C; .NET CLR 3.5.30729; .NET CLR 2.0.50727; .NET CLR 3.0.30729; ms-office)"
178.19.209.242 - - [03/Jul/2014:16:30:51 +0200] "GET / HTTP/1.1" 200 - "-" "Mozilla/5.0 (Windows NT 6.2; WOW64) AppleWebKit/537.36 (KHTML, like Gecko) Chrome/35.0.1916.153 Safari/537.36"
178.19.209.242 - - [03/Jul/2014:16:30:51 +0200] "GET /favicon.ico HTTP/1.1" 404 2467 "-" "Mozilla/5.0 (Windows NT 6.2; WOW64) AppleWebKit/537.36 (KHTML, like Gecko) Chrome/35.0.1916.153 Safari/537.36"
178.19.209.242 - - [03/Jul/2014:16:31:06 +0200] "HEAD / HTTP/1.1" 200 - "-" "Microsoft Office Excel 2013"
178.19.209.242 - - [03/Jul/2014:16:31:06 +0200] "GET / HTTP/1.1" 200 - "-" "Mozilla/4.0 (compatible; MSIE 7.0; Windows NT 6.2; WOW64; Trident/6.0; .NET4.0E; .NET4.0C; .NET CLR 3.5.30729; .NET CLR 2.0.50727; .NET CLR 3.0.30729; ms-office)"
178.19.209.242 - - [03/Jul/2014:16:31:07 +0200] "GET / HTTP/1.1" 200 - "-" "Mozilla/5.0 (Windows NT 6.2; WOW64) AppleWebKit/537.36 (KHTML, like Gecko) Chrome/35.0.1916.153 Safari/537.36"
178.19.209.242 - - [03/Jul/2014:16:38:02 +0200] "HEAD / HTTP/1.1" 200 - "-" "Microsoft Office Excel 2013"
178.19.209.242 - - [03/Jul/2014:16:38:03 +0200] "GET / HTTP/1.1" 200 - "-" "Mozilla/4.0 (compatible; MSIE 7.0; Windows NT 6.2; WOW64; Trident/6.0; .NET4.0E; .NET4.0C; .NET CLR 3.5.30729; .NET CLR 2.0.50727; .NET CLR 3.0.30729; ms-office)"
178.19.209.242 - - [03/Jul/2014:16:38:03 +0200] "GET / HTTP/1.1" 200 - "-" "Mozilla/5.0 (Windows NT 6.2; WOW64) AppleWebKit/537.36 (KHTML, like Gecko) Chrome/35.0.1916.153 Safari/537.36"
178.19.209.242 - - [03/Jul/2014:16:38:11 +0200] "GET / HTTP/1.1" 200 - "-" "Mozilla/5.0 (Windows NT 6.2; WOW64) AppleWebKit/537.36 (KHTML, like Gecko) Chrome/35.0.1916.153 Safari/537.36"
178.19.209.242 - - [03/Jul/2014:16:38:44 +0200] "GET / HTTP/1.1" 200 - "-" "Mozilla/5.0 (Windows NT 6.2; WOW64) AppleWebKit/537.36 (KHTML, like Gecko) Chrome/35.0.1916.153 Safari/537.36"
66.249.78.240 - - [03/Jul/2014:16:46:38 +0200] "GET /news.html HTTP/1.1" 200 - "-" "Mozilla/5.0 (compatible; Googlebot/2.1; +http://www.google.com/bot.html)"
208.115.111.71 - - [03/Jul/2014:17:00:29 +0200] "GET /downloadbereich/ HTTP/1.1" 200 - "-" "Mozilla/5.0 (compatible; DotBot/1.1; http://www.opensiteexplorer.org/dotbot, help@moz.com)"
66.249.78.240 - - [03/Jul/2014:18:10:28 +0200] "GET /referenzen.html HTTP/1.1" 200 - "-" "Mozilla/5.0 (compatible; Googlebot/2.1; +http://www.google.com/bot.html)"
64.233.172.67 - - [03/Jul/2014:18:46:31 +0200] "GET / HTTP/1.1" 200 5615 "http://www.google.de/url?sa=t&rct=j&q=&esrc=s&source=web&cd=1&ved=0CCwQFjAG&url=http%3A%2F%2Fwww.straman.de%2F&ei=54i1U4qvJIjNtAG6Ww&usg=AFQjCNEpeUQQKOp_93iUUo8XSnpqrpjMzA" "Mozilla/5.0 (Linux; Android 4.3; en-us; SAMSUNG SCH-I545 Build/JSS15J) AppleWebKit/537.36 (KHTML, like Gecko) Version/1.5 Chrome/28.0.1500.94 Mobile Safari/537.36"
66.249.83.67 - - [03/Jul/2014:18:46:32 +0200] "GET /templates/gk_penguinmail/css/template.css HTTP/1.1" 200 9192 "http://www.straman.de/" "Mozilla/5.0 (Linux; Android 4.3; en-us; SAMSUNG SCH-I545 Build/JSS15J) AppleWebKit/537.36 (KHTML, like Gecko) Version/1.5 Chrome/28.0.1500.94 Mobile Safari/537.36"
66.249.83.67 - - [03/Jul/2014:18:46:32 +0200] "GET /media/system/js/caption.js HTTP/1.1" 200 1963 "http://www.straman.de/" "Mozilla/5.0 (Linux; Android 4.3; en-us; SAMSUNG SCH-I545 Build/JSS15J) AppleWebKit/537.36 (KHTML, like Gecko) Version/1.5 Chrome/28.0.1500.94 Mobile Safari/537.36"
66.249.83.67 - - [03/Jul/2014:18:46:32 +0200] "GET /templates/gk_penguinmail/css/handheld/handheld.css HTTP/1.1" 200 3827 "http://www.straman.de/" "Mozilla/5.0 (Linux; Android 4.3; en-us; SAMSUNG SCH-I545 Build/JSS15J) AppleWebKit/537.36 (KHTML, like Gecko) Version/1.5 Chrome/28.0.1500.94 Mobile Safari/537.36"
66.249.83.67 - - [03/Jul/2014:18:46:32 +0200] "GET /media/system/js/mootools.js HTTP/1.1" 200 74434 "http://www.straman.de/" "Mozilla/5.0 (Linux; Android 4.3; en-us; SAMSUNG SCH-I545 Build/JSS15J) AppleWebKit/537.36 (KHTML, like Gecko) Version/1.5 Chrome/28.0.1500.94 Mobile Safari/537.36"
66.249.83.67 - - [03/Jul/2014:18:46:33 +0200] "GET /templates/gk_penguinmail/images/logo.png HTTP/1.1" 200 6608 "http://www.straman.de/" "Mozilla/5.0 (Linux; Android 4.3; en-us; SAMSUNG SCH-I545 Build/JSS15J) AppleWebKit/537.36 (KHTML, like Gecko) Version/1.5 Chrome/28.0.1500.94 Mobile Safari/537.36"
79.58.24.222 - - [03/Jul/2014:18:49:56 +0200] "GET / HTTP/1.1" 200 - "-" "Xenu Link Sleuth/1.3.8"
79.58.24.222 - - [03/Jul/2014:18:59:51 +0200] "GET / HTTP/1.1" 200 - "-" "Xenu Link Sleuth/1.3.8"
66.249.78.240 - - [03/Jul/2014:19:09:38 +0200] "GET /servicebereiche/gruenanlagenpflege/privatgartenpflege.html HTTP/1.1" 200 - "-" "Mozilla/5.0 (compatible; Googlebot/2.1; +http://www.google.com/bot.html)"
66.249.78.247 - - [03/Jul/2014:20:01:25 +0200] "GET /news/60-ihr-komplettdienstleister-rund-um-die-immobilie.html HTTP/1.1" 200 - "-" "Mozilla/5.0 (compatible; Googlebot/2.1; +http://www.google.com/bot.html)"
54.209.87.172 - - [03/Jul/2014:20:16:42 +0200] "GET / HTTP/1.1" 200 - "-" "Mozilla/5.0 (X11; Linux x86_64) AppleWebKit/537.21 (KHTML, like Gecko) webkit2png Safari/537.21"
157.55.39.119 - - [03/Jul/2014:20:17:05 +0200] "GET /robots.txt HTTP/1.1" 200 304 "-" "Mozilla/5.0 (compatible; bingbot/2.0; +http://www.bing.com/bingbot.htm)"
157.55.39.119 - - [03/Jul/2014:20:17:26 +0200] "GET /unternehmen/impressum.html HTTP/1.1" 200 - "-" "Mozilla/5.0 (compatible; bingbot/2.0; +http://www.bing.com/bingbot.htm)"
180.153.186.104 - - [03/Jul/2014:20:50:42 +0200] "GET / HTTP/1.1" 200 - "http://www.straman.de/" "Mozilla/5.0 (compatible; MSIE 9.0; Windows NT 6.1; Trident/5.0)"
182.118.54.80 - - [03/Jul/2014:20:50:44 +0200] "GET / HTTP/1.1" 200 - "-" "Mozilla/4.0 (compatible; MSIE 8.0; Windows NT 6.1; Trident/4.0; SLCC2; .NET CLR 2.0.50727; .NET CLR 3.5.30729; .NET CLR 3.0.30729; Media Center PC 6.0)"
141.8.147.12 - - [03/Jul/2014:21:00:47 +0200] "GET /robots.txt HTTP/1.1" 200 304 "-" "Mozilla/5.0 (compatible; YandexBot/3.0; +http://yandex.com/bots)"
157.55.39.206 - - [03/Jul/2014:21:02:45 +0200] "GET /servicebereiche/winterdienst/58.html HTTP/1.1" 200 - "-" "Mozilla/5.0 (compatible; bingbot/2.0; +http://www.bing.com/bingbot.htm)"
207.46.13.24 - - [03/Jul/2014:21:03:36 +0200] "GET /servicebereiche/strassenreinigung.html HTTP/1.1" 200 - "-" "Mozilla/5.0 (compatible; bingbot/2.0; +http://www.bing.com/bingbot.htm)"
66.249.78.240 - - [03/Jul/2014:21:07:00 +0200] "GET /servicebereiche/winterdienst.html HTTP/1.1" 200 11367 "-" "Mozilla/5.0 (iPhone; CPU iPhone OS 6_0 like Mac OS X) AppleWebKit/536.26 (KHTML, like Gecko) Version/6.0 Mobile/10A5376e Safari/8536.25 (compatible; Googlebot/2.1; +http://www.google.com/bot.html)"
141.8.147.12 - - [03/Jul/2014:21:08:26 +0200] "GET /component/mailto/?tmpl=component&link=cf9c2845d6bb97bcf0d80e210a65289a4d331e85 HTTP/1.1" 200 2700 "-" "Mozilla/5.0 (compatible; YandexBot/3.0; +http://yandex.com/bots)"
66.249.78.247 - - [03/Jul/2014:21:15:24 +0200] "GET /servicebereiche/uebersichtgebaeudemanagement/gebaeudemanagement.html HTTP/1.1" 200 - "-" "Mozilla/5.0 (compatible; Googlebot/2.1; +http://www.google.com/bot.html)"
66.249.89.35 - - [03/Jul/2014:21:40:43 +0200] "GET /index.php?option=com_forme&fid=2&Itemid=65 HTTP/1.1" 200 - "-" "AdsBot-Google (+http://www.google.com/adsbot.html)"
64.233.172.67 - - [03/Jul/2014:23:13:41 +0200] "GET /index.php?option=com_forme&fid=2&Itemid=65 HTTP/1.1" 200 - "http://www.google.de/url?sa=t&rct=j&q=&esrc=s&source=web&cd=1&ved=0CCAQFjAA&url=http%3A%2F%2Fwww.straman.de%2Findex.php%3Foption%3Dcom_forme%26fid%3D2%26amp%3BItemid%3D65&ei=Y8e1U92pFuH1oAOCTg&usg=AFQjCNH-uAIs0AnvWuLWYlXIe0-1B7sI5A" "Mozilla/4.0 (compatible; MSIE 8.0; Windows NT 5.1; Trident/4.0; .NET CLR 2.0.50727; .NET CLR 3.0.4506.2152; .NET CLR 3.5.30729)"
64.233.172.67 - - [03/Jul/2014:23:13:42 +0200] "GET /favicon.ico HTTP/1.1" 404 2467 "-" "Mozilla/4.0 (compatible; MSIE 8.0; Windows NT 5.1; Trident/4.0; .NET CLR 2.0.50727; .NET CLR 3.0.4506.2152; .NET CLR 3.5.30729)"
88.72.245.232 - - [04/Jul/2014:00:45:53 +0200] "GET / HTTP/1.1" 200 - "http://www.google.de/aclk?sa=L&ai=C_rJ3dtu1U9nzCue97gbLhoKwBemv--cFmdy5goMBqsDgBggDEAIg67H8DigDUPPkhIj7_____wFglfrwgYwHyAEBqQJUN85fBdW2PqoEJU_QkJw9tw55jj1iwu5uX9iWAuybHZj-Aw7b2zu91ziFS5qymsmABbP4_hjYBgSAB5mN80GQBwM&sig=AOD64_2j5vG97pdOCc9smqYZsSnvOyTwnQ&rct=j&q=&ved=0CFYQ0Qw&adurl=http://www.straman.de" "Mozilla/5.0 (iPad; CPU OS 7_1_1 like Mac OS X) AppleWebKit/537.51.2 (KHTML, like Gecko) Version/7.0 Mobile/11D201 Safari/9537.53"
217.69.133.6 - - [04/Jul/2014:00:56:27 +0200] "GET /robots.txt HTTP/1.1" 200 304 "-" "Mozilla/5.0 (compatible; Linux x86_64; Mail.RU_Bot/2.0; +http://go.mail.ru/help/robots)"
217.69.133.194 - - [04/Jul/2014:00:56:28 +0200] "GET /component/content/article/58.html HTTP/1.1" 200 - "-" "Mozilla/5.0 (compatible; Linux x86_64; Mail.RU_Bot/2.0; +http://go.mail.ru/help/robots)"
46.229.170.193 - - [04/Jul/2014:01:13:34 +0200] "GET / HTTP/1.1" 200 - "-" "Mozilla/5.0 (Windows NT 6.2; WOW64; rv:5.0) Gecko/20100101 Firefox/5.0"
157.55.39.131 - - [04/Jul/2014:01:45:30 +0200] "GET /servicebereiche/uebersichtgebaeudemanagement/gebaeudemanagement.pdf HTTP/1.1" 200 313786 "-" "Mozilla/5.0 (compatible; bingbot/2.0; +http://www.bing.com/bingbot.htm)"
157.55.39.119 - - [04/Jul/2014:02:20:06 +0200] "GET /servicebereiche/winterdienst/privatkunden.html HTTP/1.1" 200 - "-" "Mozilla/5.0 (compatible; bingbot/2.0; +http://www.bing.com/bingbot.htm)"
207.46.13.24 - - [04/Jul/2014:02:48:35 +0200] "GET / HTTP/1.1" 200 - "-" "Mozilla/5.0 (compatible; bingbot/2.0; +http://www.bing.com/bingbot.htm)"
207.46.13.24 - - [04/Jul/2014:04:02:35 +0200] "GET /referenzen.html HTTP/1.1" 200 - "-" "Mozilla/5.0 (compatible; bingbot/2.0; +http://www.bing.com/bingbot.htm)"
157.55.39.131 - - [04/Jul/2014:04:02:47 +0200] "GET /robots.txt HTTP/1.1" 200 304 "-" "Mozilla/5.0 (compatible; bingbot/2.0; +http://www.bing.com/bingbot.htm)"
157.55.39.131 - - [04/Jul/2014:04:02:47 +0200] "GET /robots.txt HTTP/1.1" 200 304 "-" "Mozilla/5.0 (compatible; bingbot/2.0; +http://www.bing.com/bingbot.htm)"
157.55.39.206 - - [04/Jul/2014:04:03:40 +0200] "GET /index.php HTTP/1.1" 200 - "-" "Mozilla/5.0 (compatible; bingbot/2.0; +http://www.bing.com/bingbot.htm)"
37.58.100.131 - - [04/Jul/2014:04:41:00 +0200] "GET /servicebereiche/uebersichtgebaeudemanagement/gebaeudemanagement/58.html HTTP/1.1" 200 - "-" "Mozilla/5.0 (compatible; AhrefsBot/5.0; +http://ahrefs.com/robot/)"
195.233.250.7 - - [04/Jul/2014:05:20:11 +0200] "GET /media/system/js/caption.js HTTP/1.1" 304 - "-" "Mozilla/4.0 (compatible;)"
195.233.250.7 - - [04/Jul/2014:06:00:35 +0200] "GET /templates/gk_penguinmail/js/domready_fix.js HTTP/1.1" 304 - "-" "Mozilla/4.0 (compatible;)"
66.249.89.40 - - [04/Jul/2014:06:09:08 +0200] "GET / HTTP/1.1" 200 - "-" "AdsBot-Google (+http://www.google.com/adsbot.html)"
66.249.89.35 - - [04/Jul/2014:06:09:08 +0200] "GET / HTTP/1.1" 200 8922 "-" "AdsBot-Google-Mobile (+http://www.google.com/mobile/adsbot.html) Mozilla (iPhone; U; CPU iPhone OS 3 0 like Mac OS X) AppleWebKit (KHTML, like Gecko) Mobile Safari"
66.249.89.30 - - [04/Jul/2014:06:09:18 +0200] "GET /templates/gk_penguinmail/css/template.css HTTP/1.1" 200 9192 "-" "AdsBot-Google-Mobile (+http://www.google.com/mobile/adsbot.html) Mozilla (iPhone; U; CPU iPhone OS 3 0 like Mac OS X) AppleWebKit (KHTML, like Gecko) Mobile Safari"
66.249.89.30 - - [04/Jul/2014:06:09:18 +0200] "GET /media/system/js/mootools.js HTTP/1.1" 200 74434 "-" "AdsBot-Google-Mobile (+http://www.google.com/mobile/adsbot.html) Mozilla (iPhone; U; CPU iPhone OS 3 0 like Mac OS X) AppleWebKit (KHTML, like Gecko) Mobile Safari"
66.249.89.30 - - [04/Jul/2014:06:09:18 +0200] "GET /templates/gk_penguinmail/css/handheld/iphone.css HTTP/1.1" 200 5360 "-" "AdsBot-Google-Mobile (+http://www.google.com/mobile/adsbot.html) Mozilla (iPhone; U; CPU iPhone OS 3 0 like Mac OS X) AppleWebKit (KHTML, like Gecko) Mobile Safari"
66.249.89.35 - - [04/Jul/2014:06:09:19 +0200] "GET /templates/gk_penguinmail/js/iphone.js HTTP/1.1" 200 5379 "-" "AdsBot-Google-Mobile (+http://www.google.com/mobile/adsbot.html) Mozilla (iPhone; U; CPU iPhone OS 3 0 like Mac OS X) AppleWebKit (KHTML, like Gecko) Mobile Safari"
66.249.89.30 - - [04/Jul/2014:06:09:20 +0200] "GET /media/system/js/caption.js HTTP/1.1" 200 1963 "-" "AdsBot-Google-Mobile (+http://www.google.com/mobile/adsbot.html) Mozilla (iPhone; U; CPU iPhone OS 3 0 like Mac OS X) AppleWebKit (KHTML, like Gecko) Mobile Safari"
66.249.78.240 - - [04/Jul/2014:06:13:15 +0200] "GET /index.php HTTP/1.1" 200 - "-" "Mozilla/5.0 (compatible; Googlebot/2.1; +http://www.google.com/bot.html)"
80.187.106.181 - - [04/Jul/2014:06:18:24 +0200] "GET / HTTP/1.1" 200 5615 "http://www.google.de/aclk?sa=L&ai=Ctdd_CSu2U8CzO-vHiwahyoGIB-mv--cFmdy5goMBhZTuDQgAEAEg2MPVF1Dz5ISI-_____8BYJWCgICwB8gBAakCVDfOXwXVtj6qBCNP0BdJ_Z2cDolLQPsqD8-wlzOS3JFgYIQFm_3sLsANdNMQUoAFl-C8C9gGAoAHmY3zQZAHAw&sig=AOD64_2drJxfclmswQ_jY7L7Xux8bLZvzw&rct=j&q=&ved=0CB0Q0Qw&adurl=http://www.straman.de" "Mozilla/5.0 (Linux; Android 4.4.2; de-de; SAMSUNG GT-I9505/I9505XXUFNDG Build/KOT49H) AppleWebKit/537.36 (KHTML, like Gecko) Version/1.5 Chrome/28.0.1500.94 Mobile Safari/537.36"
80.187.106.181 - - [04/Jul/2014:06:18:24 +0200] "GET /media/system/js/caption.js HTTP/1.1" 200 1963 "http://www.straman.de/" "Mozilla/5.0 (Linux; Android 4.4.2; de-de; SAMSUNG GT-I9505/I9505XXUFNDG Build/KOT49H) AppleWebKit/537.36 (KHTML, like Gecko) Version/1.5 Chrome/28.0.1500.94 Mobile Safari/537.36"
80.187.106.181 - - [04/Jul/2014:06:18:24 +0200] "GET /templates/gk_penguinmail/css/template.css HTTP/1.1" 200 9192 "http://www.straman.de/" "Mozilla/5.0 (Linux; Android 4.4.2; de-de; SAMSUNG GT-I9505/I9505XXUFNDG Build/KOT49H) AppleWebKit/537.36 (KHTML, like Gecko) Version/1.5 Chrome/28.0.1500.94 Mobile Safari/537.36"
80.187.106.181 - - [04/Jul/2014:06:18:24 +0200] "GET /templates/gk_penguinmail/css/handheld/handheld.css HTTP/1.1" 200 3827 "http://www.straman.de/" "Mozilla/5.0 (Linux; Android 4.4.2; de-de; SAMSUNG GT-I9505/I9505XXUFNDG Build/KOT49H) AppleWebKit/537.36 (KHTML, like Gecko) Version/1.5 Chrome/28.0.1500.94 Mobile Safari/537.36"
80.187.106.181 - - [04/Jul/2014:06:18:24 +0200] "GET /media/system/js/mootools.js HTTP/1.1" 200 74434 "http://www.straman.de/" "Mozilla/5.0 (Linux; Android 4.4.2; de-de; SAMSUNG GT-I9505/I9505XXUFNDG Build/KOT49H) AppleWebKit/537.36 (KHTML, like Gecko) Version/1.5 Chrome/28.0.1500.94 Mobile Safari/537.36"
80.187.106.181 - - [04/Jul/2014:06:18:24 +0200] "GET /templates/gk_penguinmail/images/logo.png HTTP/1.1" 200 6608 "http://www.straman.de/" "Mozilla/5.0 (Linux; Android 4.4.2; de-de; SAMSUNG GT-I9505/I9505XXUFNDG Build/KOT49H) AppleWebKit/537.36 (KHTML, like Gecko) Version/1.5 Chrome/28.0.1500.94 Mobile Safari/537.36"
80.187.106.181 - - [04/Jul/2014:06:18:24 +0200] "GET /templates/gk_penguinmail/favicon.ico HTTP/1.1" 200 5686 "-" "Mozilla/5.0 (Linux; Android 4.4.2; de-de; SAMSUNG GT-I9505/I9505XXUFNDG Build/KOT49H) AppleWebKit/537.36 (KHTML, like Gecko) Version/1.5 Chrome/28.0.1500.94 Mobile Safari/537.36"
94.135.150.95 - - [04/Jul/2014:06:51:15 +0200] "GET / HTTP/1.1" 200 - "http://www.google.de/aclk?sa=L&ai=CZuu3vzK2U-jcFMqcjAbEsID4Demv--cF8Ya5goMBsfSaCggAEAIoAlDz5ISI-_____8BYJX68IGMB8gBAakCNwFQhbvTtj6qBCRP0C3OFJnjy_Uymbe4ySgjQSn3JUdocQtJ5m7ALQCP6no_ZjSAB5mN80GQBwE&sig=AOD64_2_Nh7ADiny99ThFw_inmGcX_OwYA&rct=j&q=&ved=0CCgQ0Qw&adurl=http://www.straman.de" "Mozilla/5.0 (Macintosh; Intel Mac OS X 10_9_3) AppleWebKit/537.36 (KHTML, like Gecko) Chrome/35.0.1916.153 Safari/537.36"
94.135.150.95 - - [04/Jul/2014:06:51:16 +0200] "GET /favicon.ico HTTP/1.1" 404 2467 "-" "Mozilla/5.0 (Macintosh; Intel Mac OS X 10_9_3) AppleWebKit/537.36 (KHTML, like Gecko) Chrome/35.0.1916.153 Safari/537.36"
66.249.78.240 - - [04/Jul/2014:07:04:30 +0200] "GET /component/user/login.html HTTP/1.1" 200 - "-" "Mozilla/5.0 (compatible; Googlebot/2.1; +http://www.google.com/bot.html)"
66.249.78.240 - - [04/Jul/2014:07:16:01 +0200] "GET /servicebereiche/uebersichtgebaeudemanagement/infrastr-gebaeudemanagement.html HTTP/1.1" 200 - "-" "Mozilla/5.0 (compatible; Googlebot/2.1; +http://www.google.com/bot.html)"
81.0.199.226 - - [04/Jul/2014:07:30:54 +0200] "GET / HTTP/1.1" 200 - "-" "Mozilla/5.0 (Macintosh; Intel Mac OS X 10.7; rv:22.0) Gecko/20100101 Firefox/22.0"
66.249.78.240 - - [04/Jul/2014:08:14:55 +0200] "GET /kontakt.html HTTP/1.1" 200 - "-" "Mozilla/5.0 (compatible; Googlebot/2.1; +http://www.google.com/bot.html)"
54.209.54.70 - - [04/Jul/2014:08:43:27 +0200] "GET / HTTP/1.1" 200 - "-" "Mozilla/5.0 (X11; Linux x86_64) AppleWebKit/537.21 (KHTML, like Gecko) webkit2png Safari/537.21"
66.249.78.247 - - [04/Jul/2014:08:47:06 +0200] "GET /servicebereiche/winterdienst/gewerbliche-kunden.html HTTP/1.1" 200 - "-" "Mozilla/5.0 (compatible; Googlebot/2.1; +http://www.google.com/bot.html)"
66.249.78.233 - - [04/Jul/2014:08:49:09 +0200] "GET /news/61-wir-begruessen-sie-auf-den-seiten-von-straman-ihren-komplettdienstleister-rund-um-die-immobilie.html HTTP/1.1" 200 - "-" "Mozilla/5.0 (compatible; Googlebot/2.1; +http://www.google.com/bot.html)"
66.249.78.247 - - [04/Jul/2014:08:53:54 +0200] "GET /servicebereiche/uebersichtgebaeudemanagement.html HTTP/1.1" 200 - "-" "Mozilla/5.0 (compatible; Googlebot/2.1; +http://www.google.com/bot.html)"
194.29.240.16 - - [04/Jul/2014:09:06:32 +0200] "GET /unternehmen/standorte.html HTTP/1.1" 200 - "http://www.google.de/url?sa=t&rct=j&q=&esrc=s&source=web&cd=3&ved=0CCoQjBAwAg&url=http%3A%2F%2Fwww.straman.de%2Funternehmen%2Fstandorte.html&ei=TlK2U4TpGcS50QXImICoBg&usg=AFQjCNGXJAbKF6A2EcmiLI1GbaKx3Oab0A&bvm=bv.70138588,d.bGE" "Mozilla/5.0 (Windows NT 6.1; WOW64; Trident/7.0; rv:11.0) like Gecko"
194.29.240.16 - - [04/Jul/2014:09:06:32 +0200] "GET /favicon.ico HTTP/1.1" 404 2467 "-" "Mozilla/5.0 (Windows NT 6.1; Win64; x64; Trident/7.0; rv:11.0) like Gecko"
92.110.135.182 - - [04/Jul/2014:09:36:23 +0200] "GET / HTTP/1.1" 200 5615 "-" "Java/1.7.0_51"
92.110.135.182 - - [04/Jul/2014:09:36:24 +0200] "GET /. HTTP/1.1" 200 5617 "-" "Java/1.7.0_51"
92.110.135.182 - - [04/Jul/2014:09:36:24 +0200] "GET /downloadbereich.html HTTP/1.1" 200 7145 "-" "Java/1.7.0_51"
92.110.135.182 - - [04/Jul/2014:09:36:25 +0200] "GET /index.php HTTP/1.1" 200 5633 "-" "Java/1.7.0_51"
92.110.135.182 - - [04/Jul/2014:09:36:25 +0200] "GET /kontakt.html HTTP/1.1" 200 7773 "-" "Java/1.7.0_51"
92.110.135.182 - - [04/Jul/2014:09:36:26 +0200] "GET /news.html HTTP/1.1" 200 22530 "-" "Java/1.7.0_51"
92.110.135.182 - - [04/Jul/2014:09:36:27 +0200] "GET /referenzen.html HTTP/1.1" 200 364679 "-" "Java/1.7.0_51"
92.110.135.182 - - [04/Jul/2014:09:39:12 +0200] "GET /news.feed?type=atom HTTP/1.1" 200 30035 "-" "Java/1.7.0_51"
92.110.135.182 - - [04/Jul/2014:09:39:13 +0200] "GET /news.feed?type=rss HTTP/1.1" 200 14503 "-" "Java/1.7.0_51"
92.110.135.182 - - [04/Jul/2014:09:39:13 +0200] "GET /?ui=desktop HTTP/1.1" 200 5626 "-" "Java/1.7.0_51"
92.110.135.182 - - [04/Jul/2014:09:39:14 +0200] "GET /images/karte-standorte.png HTTP/1.1" 200 62546 "-" "Java/1.7.0_51"
92.110.135.182 - - [04/Jul/2014:09:39:14 +0200] "GET /news/60-ihr-komplettdienstleister-rund-um-die-immobilie.html HTTP/1.1" 200 9375 "-" "Java/1.7.0_51"
92.110.135.182 - - [04/Jul/2014:09:39:15 +0200] "GET /news/61-wir-begruessen-sie-auf-den-seiten-von-straman-ihren-komplettdienstleister-rund-um-die-immobilie.html?tmpl=component&print=1&layout=default&page= HTTP/1.1" 200 7669 "-" "Java/1.7.0_51"
92.110.135.182 - - [04/Jul/2014:09:39:16 +0200] "GET /news/62-alles-neu-macht-der-mai.html?tmpl=component&print=1&layout=default&page= HTTP/1.1" 200 4029 "-" "Java/1.7.0_51"
92.110.135.182 - - [04/Jul/2014:09:39:16 +0200] "GET /news/64-internetseite-relaunched.html?tmpl=component&print=1&layout=default&page= HTTP/1.1" 200 2927 "-" "Java/1.7.0_51"
92.110.135.182 - - [04/Jul/2014:09:39:16 +0200] "GET /news/67-video.html?tmpl=component&print=1&layout=default&page= HTTP/1.1" 200 2536 "-" "Java/1.7.0_51"
92.110.135.182 - - [04/Jul/2014:09:39:17 +0200] "GET /news/78-todt.html?tmpl=component&print=1&layout=default&page= HTTP/1.1" 200 3647 "-" "Java/1.7.0_51"
92.110.135.182 - - [04/Jul/2014:09:39:17 +0200] "GET //index.php HTTP/1.1" 200 5634 "-" "Java/1.7.0_51"
92.110.135.182 - - [04/Jul/2014:09:39:18 +0200] "GET /news/index.php HTTP/1.1" 200 22535 "-" "Java/1.7.0_51"
92.110.135.182 - - [04/Jul/2014:09:39:18 +0200] "GET /component/user/login.html HTTP/1.1" 200 9758 "-" "Java/1.7.0_51"
92.110.135.182 - - [04/Jul/2014:09:39:19 +0200] "GET /images/M_images/pdf_button.png HTTP/1.1" 200 582 "-" "Java/1.7.0_51"
92.110.135.182 - - [04/Jul/2014:09:39:19 +0200] "GET /component/user/index.php HTTP/1.1" 200 5199 "-" "Java/1.7.0_51"
92.110.135.182 - - [04/Jul/2014:09:39:20 +0200] "GET /component/user/register.html HTTP/1.1" 200 7154 "-" "Java/1.7.0_51"
92.110.135.182 - - [04/Jul/2014:09:39:20 +0200] "GET /component/user/reset.html HTTP/1.1" 200 6027 "-" "Java/1.7.0_51"
92.110.135.182 - - [04/Jul/2014:09:39:21 +0200] "GET /component/user HTTP/1.1" 200 5188 "-" "Java/1.7.0_51"
194.29.240.16 - - [04/Jul/2014:09:51:07 +0200] "GET / HTTP/1.1" 200 - "http://www.google.de/url?sa=t&rct=j&q=&esrc=s&source=web&cd=1&ved=0CCAQFjAA&url=http%3A%2F%2Fwww.straman.de%2F&ei=0ly2U_7aCIma0AW9rIG4Bw&usg=AFQjCNEpeUQQKOp_93iUUo8XSnpqrpjMzA&bvm=bv.70138588,d.bGE" "Mozilla/5.0 (Windows NT 6.1; WOW64; Trident/7.0; rv:11.0) like Gecko"
194.29.240.16 - - [04/Jul/2014:09:51:07 +0200] "GET /favicon.ico HTTP/1.1" 404 2467 "-" "Mozilla/5.0 (Windows NT 6.1; Win64; x64; Trident/7.0; rv:11.0) like Gecko"
65.55.215.39 - - [04/Jul/2014:09:53:05 +0200] "GET /robots.txt HTTP/1.1" 200 304 "-" "msnbot-media/1.1 (+http://search.msn.com/msnbot.htm)"
157.55.39.206 - - [04/Jul/2014:10:10:10 +0200] "GET /robots.txt HTTP/1.1" 200 304 "-" "Mozilla/5.0 (compatible; bingbot/2.0; +http://www.bing.com/bingbot.htm)"
157.55.39.206 - - [04/Jul/2014:10:10:29 +0200] "GET /servicebereiche/winterdienst/gewerbliche-kunden.html HTTP/1.1" 200 - "-" "Mozilla/5.0 (compatible; bingbot/2.0; +http://www.bing.com/bingbot.htm)"
64.246.165.160 - - [04/Jul/2014:10:13:22 +0200] "GET /robots.txt HTTP/1.0" 200 304 "-" "Mozilla/5.0 (Windows; U; Windows NT 5.1; en; rv:1.9.0.13) Gecko/2009073022 Firefox/3.5.2 (.NET CLR 3.5.30729) SurveyBot/2.3 (DomainTools)"
64.246.165.160 - - [04/Jul/2014:10:13:23 +0200] "GET / HTTP/1.1" 200 - "http://whois.domaintools.com/straman.de" "Mozilla/5.0 (Windows; U; Windows NT 5.1; en; rv:1.9.0.13) Gecko/2009073022 Firefox/3.5.2 (.NET CLR 3.5.30729) SurveyBot/2.3 (DomainTools)"
157.55.39.37 - - [04/Jul/2014:10:31:53 +0200] "GET /unternehmen/standorte/58.html HTTP/1.1" 200 - "-" "Mozilla/5.0 (compatible; bingbot/2.0; +http://www.bing.com/bingbot.htm)"
84.159.207.117 - - [04/Jul/2014:10:33:42 +0200] "GET / HTTP/1.1" 200 - "http://www.google.de/url?sa=t&rct=j&q=&esrc=s&source=web&cd=1&ved=0CCIQFjAA&url=http%3A%2F%2Fwww.straman.de%2F&ei=4ma2U4GdHKaR0AXbroGwBQ&usg=AFQjCNEpeUQQKOp_93iUUo8XSnpqrpjMzA&bvm=bv.70138588,d.d2k" "Mozilla/5.0 (Windows NT 6.3; WOW64; rv:30.0) Gecko/20100101 Firefox/30.0"
84.159.207.117 - - [04/Jul/2014:10:33:42 +0200] "GET /favicon.ico HTTP/1.1" 404 2467 "-" "Mozilla/5.0 (Windows NT 6.3; WOW64; rv:30.0) Gecko/20100101 Firefox/30.0"
84.159.207.117 - - [04/Jul/2014:10:33:42 +0200] "GET /favicon.ico HTTP/1.1" 404 2467 "-" "Mozilla/5.0 (Windows NT 6.3; WOW64; rv:30.0) Gecko/20100101 Firefox/30.0"
84.159.207.117 - - [04/Jul/2014:10:33:54 +0200] "GET /unternehmen/impressum.html HTTP/1.1" 200 - "http://www.google.de/url?sa=t&rct=j&q=&esrc=s&source=web&cd=2&ved=0CCgQjBAwAQ&url=http%3A%2F%2Fwww.straman.de%2Funternehmen%2Fimpressum.html&ei=4ma2U4GdHKaR0AXbroGwBQ&usg=AFQjCNEQ6WIfxQJaHcb8W97z5-S8mcbsPA&bvm=bv.70138588,d.d2k" "Mozilla/5.0 (Windows NT 6.3; WOW64; rv:30.0) Gecko/20100101 Firefox/30.0"
84.159.207.117 - - [04/Jul/2014:10:34:27 +0200] "GET / HTTP/1.1" 200 - "http://www.google.com/url?sa=t&rct=j&q=&esrc=s&source=web&cd=1&ved=0CC8QFjAA&url=http%3A%2F%2Fwww.straman.de%2F&ei=EGe2U96IC4WH0AWd5oCYCw&usg=AFQjCNEpeUQQKOp_93iUUo8XSnpqrpjMzA" "Mozilla/5.0 (Windows NT 6.3; WOW64; Trident/7.0; Touch; MASMJS; rv:11.0) like Gecko"
84.159.207.117 - - [04/Jul/2014:10:34:27 +0200] "GET /favicon.ico HTTP/1.1" 404 2467 "-" "Mozilla/5.0 (Windows NT 6.3; Win64; x64; Trident/7.0; Touch; MASMJS; rv:11.0) like Gecko"
162.210.196.130 - - [04/Jul/2014:11:08:43 +0200] "GET /robots.txt HTTP/1.0" 200 304 "-" "Mozilla/5.0 (compatible; MJ12bot/v1.4.5; http://www.majestic12.co.uk/bot.php?+)"
162.210.196.130 - - [04/Jul/2014:11:08:45 +0200] "GET / HTTP/1.0" 200 - "-" "Mozilla/5.0 (compatible; MJ12bot/v1.4.5; http://www.majestic12.co.uk/bot.php?+)"
84.128.172.94 - - [04/Jul/2014:11:17:30 +0200] "GET / HTTP/1.1" 200 - "-" "Mozilla/5.0 (Windows; U; Windows NT 6.0; de; rv:1.9.2.3) Gecko/20100401 Firefox/3.6.3 ( .NET CLR 3.5.30729)"
64.233.172.67 - - [04/Jul/2014:12:30:18 +0200] "GET / HTTP/1.1" 200 - "http://www.google.de/url?sa=t&rct=j&q=&esrc=s&source=web&cd=1&ved=0CEMQFjAA&url=http%3A%2F%2Fwww.straman.de%2F&ei=DIK2U5ARg6SnB6OCAQ&usg=AFQjCNEpeUQQKOp_93iUUo8XSnpqrpjMzA" "Mozilla/4.0 (compatible; MSIE 8.0; Windows NT 5.1; Trident/4.0; .NET CLR 1.1.4322; .NET CLR 2.0.50727; .NET CLR 3.0.4506.2152; .NET CLR 3.5.30729)"
64.233.172.67 - - [04/Jul/2014:12:30:19 +0200] "GET /favicon.ico HTTP/1.1" 404 2467 "-" "Mozilla/4.0 (compatible; MSIE 8.0; Windows NT 5.1; Trident/4.0; .NET CLR 1.1.4322; .NET CLR 2.0.50727; .NET CLR 3.0.4506.2152; .NET CLR 3.5.30729)"
195.233.250.7 - - [04/Jul/2014:12:40:12 +0200] "GET /templates/gk_penguinmail/images/printButton.png HTTP/1.1" 304 - "-" "Mozilla/4.0 (compatible;)"
144.76.163.48 - - [04/Jul/2014:12:44:40 +0200] "GET /unternehmen/historie.html HTTP/1.1" 200 - "-" "Mozilla/5.0 (Windows NT 6.1) AppleWebKit/537.36 (KHTML, like Gecko) Chrome/27.0.1453.93 Safari/537.36"
144.76.185.173 - - [04/Jul/2014:12:44:40 +0200] "GET /unternehmen/impressum.html HTTP/1.1" 200 - "-" "Mozilla/5.0 (Windows NT 6.1) AppleWebKit/537.22 (KHTML, like Gecko) Chrome/25.0.1364.172 Safari/537.22"
91.192.15.76 - - [04/Jul/2014:12:51:22 +0200] "GET / HTTP/1.1" 200 - "http://www.google.de/url?url=http://www.straman.de/&rct=j&frm=1&q=&esrc=s&sa=U&ei=IIe2U6mBOcmm4gShvIDQAw&ved=0CCEQFjAA&usg=AFQjCNFfas8CWl7-FNX1x1rp7ruU_t-2ZQ" "Mozilla/4.0 (compatible; MSIE 8.0; Windows NT 5.1; Trident/4.0; .NET CLR 1.1.4322; .NET CLR 2.0.50727; .NET CLR 3.0.4506.2152; .NET CLR 3.5.30729; .NET4.0C; .NET4.0E)"
91.192.15.76 - - [04/Jul/2014:12:51:22 +0200] "GET /favicon.ico HTTP/1.1" 404 2467 "-" "Mozilla/4.0 (compatible; MSIE 8.0; Windows NT 5.1; Trident/4.0; .NET CLR 1.1.4322; .NET CLR 2.0.50727; .NET CLR 3.0.4506.2152; .NET CLR 3.5.30729; .NET4.0C; .NET4.0E)"
91.192.15.76 - - [04/Jul/2014:12:52:17 +0200] "GET /referenzen.html HTTP/1.1" 200 - "http://www.google.de/url?url=http://www.straman.de/referenzen.html&rct=j&frm=1&q=&esrc=s&sa=U&ei=IIe2U6mBOcmm4gShvIDQAw&ved=0CC0QjBAwBA&usg=AFQjCNH_kpRle5h3xAKHNZZDp9lDjzeCCA" "Mozilla/4.0 (compatible; MSIE 8.0; Windows NT 5.1; Trident/4.0; .NET CLR 1.1.4322; .NET CLR 2.0.50727; .NET CLR 3.0.4506.2152; .NET CLR 3.5.30729; .NET4.0C; .NET4.0E)"
91.192.15.76 - - [04/Jul/2014:12:52:17 +0200] "GET /favicon.ico HTTP/1.1" 404 2467 "-" "Mozilla/4.0 (compatible; MSIE 8.0; Windows NT 5.1; Trident/4.0; .NET CLR 1.1.4322; .NET CLR 2.0.50727; .NET CLR 3.0.4506.2152; .NET CLR 3.5.30729; .NET4.0C; .NET4.0E)"
91.192.15.76 - - [04/Jul/2014:12:53:03 +0200] "GET /unternehmen/impressum.html HTTP/1.1" 200 - "http://www.google.de/url?url=http://www.straman.de/unternehmen/impressum.html&rct=j&frm=1&q=&esrc=s&sa=U&ei=IIe2U6mBOcmm4gShvIDQAw&ved=0CCcQjBAwAQ&usg=AFQjCNEQCg19uFsvQ8nbBbir0FxQsIkLVw" "Mozilla/4.0 (compatible; MSIE 8.0; Windows NT 5.1; Trident/4.0; .NET CLR 1.1.4322; .NET CLR 2.0.50727; .NET CLR 3.0.4506.2152; .NET CLR 3.5.30729; .NET4.0C; .NET4.0E)"
91.192.15.76 - - [04/Jul/2014:12:53:37 +0200] "GET / HTTP/1.1" 200 - "http://www.google.de/url?url=http://www.straman.de/&rct=j&frm=1&q=&esrc=s&sa=U&ei=qYe2U6XaKuH-4QTewIHACA&ved=0CBYQFjAA&usg=AFQjCNG_iGkvtWB1E-IyadiGECW1Z7pM7w" "Mozilla/4.0 (compatible; MSIE 8.0; Windows NT 5.1; Trident/4.0; .NET CLR 1.1.4322; .NET CLR 2.0.50727; .NET CLR 3.0.4506.2152; .NET CLR 3.5.30729; .NET4.0C; .NET4.0E)"
66.249.78.233 - - [04/Jul/2014:12:55:05 +0200] "GET / HTTP/1.1" 200 5615 "-" "SAMSUNG-SGH-E250/1.0 Profile/MIDP-2.0 Configuration/CLDC-1.1 UP.Browser/6.2.3.3.c.1.101 (GUI) MMP/2.0 (compatible; Googlebot-Mobile/2.1; +http://www.google.com/bot.html)"
208.115.113.87 - - [04/Jul/2014:13:01:08 +0200] "GET /robots.txt HTTP/1.1" 200 304 "-" "Mozilla/5.0 (compatible; DotBot/1.1; http://www.opensiteexplorer.org/dotbot, help@moz.com)"
62.210.215.100 - - [04/Jul/2014:13:38:55 +0200] "GET /index.php?format=feed&type=rss HTTP/1.1" 200 521 "-" "Mozilla/5.0 (X11; Linux i686) AppleWebKit/537.36 (KHTML, like Gecko) Chrome/30.0.1599.66 Safari/537.36"
157.55.39.37 - - [04/Jul/2014:13:41:15 +0200] "GET / HTTP/1.1" 200 - "-" "Mozilla/5.0 (compatible; bingbot/2.0; +http://www.bing.com/bingbot.htm)"
93.208.167.124 - - [04/Jul/2014:13:43:41 +0200] "GET / HTTP/1.1" 200 - "http://www.gelbeseiten.de/garten-und-landschaftsbau/berlin/s20" "Mozilla/5.0 (Windows NT 6.1; WOW64; rv:30.0) Gecko/20100101 Firefox/30.0"
93.208.167.124 - - [04/Jul/2014:13:43:42 +0200] "GET /favicon.ico HTTP/1.1" 404 2467 "-" "Mozilla/5.0 (Windows NT 6.1; WOW64; rv:30.0) Gecko/20100101 Firefox/30.0"
93.208.167.124 - - [04/Jul/2014:13:43:42 +0200] "GET /favicon.ico HTTP/1.1" 404 2467 "-" "Mozilla/5.0 (Windows NT 6.1; WOW64; rv:30.0) Gecko/20100101 Firefox/30.0"
198.20.66.122 - - [04/Jul/2014:13:52:19 +0200] "GET / HTTP/1.1" 200 - "-" "Mozilla/5.0 (compatible; BLEXBot/1.0; +http://webmeup-crawler.com/)"
93.208.167.124 - - [04/Jul/2014:13:56:34 +0200] "GET / HTTP/1.1" 200 - "http://www.gelbeseiten.de/garten-und-landschaftsbau/berlin/s24" "Mozilla/5.0 (Windows NT 6.1; WOW64; rv:30.0) Gecko/20100101 Firefox/30.0"
66.249.64.29 - - [04/Jul/2014:13:57:14 +0200] "GET /servicebereiche/winterdienst.html HTTP/1.1" 200 - "-" "Mozilla/5.0 (compatible; Googlebot/2.1; +http://www.google.com/bot.html)"
208.115.113.87 - - [04/Jul/2014:14:58:09 +0200] "GET /component/user/login.html HTTP/1.1" 200 - "-" "Mozilla/5.0 (compatible; DotBot/1.1; http://www.opensiteexplorer.org/dotbot, help@moz.com)"
208.115.113.87 - - [04/Jul/2014:14:58:12 +0200] "GET /unternehmen/impressum/58.html HTTP/1.1" 200 - "-" "Mozilla/5.0 (compatible; DotBot/1.1; http://www.opensiteexplorer.org/dotbot, help@moz.com)"
66.249.64.34 - - [04/Jul/2014:15:21:01 +0200] "GET /robots.txt HTTP/1.1" 200 304 "-" "Mozilla/5.0 (compatible; Googlebot/2.1; +http://www.google.com/bot.html)"
84.159.207.117 - - [04/Jul/2014:16:07:15 +0200] "GET / HTTP/1.1" 200 - "http://www.google.de/url?sa=t&rct=j&q=&esrc=s&source=web&cd=1&ved=0CCIQFjAA&url=http%3A%2F%2Fwww.straman.de%2F&ei=DrW2U9jDJuW6ygPCtoG4Bw&usg=AFQjCNEpeUQQKOp_93iUUo8XSnpqrpjMzA&sig2=6tS_IFdRtBBz4dLsHcatxw&bvm=bv.70138588,d.bGQ" "Mozilla/5.0 (Windows NT 5.1; rv:30.0) Gecko/20100101 Firefox/30.0"
84.159.207.117 - - [04/Jul/2014:16:07:15 +0200] "GET /favicon.ico HTTP/1.1" 404 2467 "-" "Mozilla/5.0 (Windows NT 5.1; rv:30.0) Gecko/20100101 Firefox/30.0"
84.159.207.117 - - [04/Jul/2014:16:07:15 +0200] "GET /favicon.ico HTTP/1.1" 404 2467 "-" "Mozilla/5.0 (Windows NT 5.1; rv:30.0) Gecko/20100101 Firefox/30.0"
84.159.207.117 - - [04/Jul/2014:16:07:24 +0200] "GET / HTTP/1.1" 200 - "-" "Mozilla/5.0 (Windows NT 5.1; rv:30.0) Gecko/20100101 Firefox/30.0"
84.159.207.117 - - [04/Jul/2014:16:07:31 +0200] "GET /unternehmen/impressum.html HTTP/1.1" 200 - "http://www.google.de/url?sa=t&rct=j&q=&esrc=s&source=web&cd=1&ved=0CC8Q0gIoADAA&url=http%3A%2F%2Fwww.straman.de%2Funternehmen%2Fimpressum.html&ei=DrW2U9jDJuW6ygPCtoG4Bw&usg=AFQjCNEQ6WIfxQJaHcb8W97z5-S8mcbsPA&sig2=UO4uUIN5LEDIe48FnN5fJw&bvm=bv.70138588,d.bGQ" "Mozilla/5.0 (Windows NT 5.1; rv:30.0) Gecko/20100101 Firefox/30.0"
84.159.207.117 - - [04/Jul/2014:16:07:47 +0200] "GET /unternehmen/impressum.html HTTP/1.1" 200 - "http://www.google.de/url?sa=t&rct=j&q=&esrc=s&source=web&cd=2&ved=0CDMQFjAB&url=http%3A%2F%2Fwww.straman.de%2Funternehmen%2Fimpressum.html&ei=DrW2U9jDJuW6ygPCtoG4Bw&usg=AFQjCNEQ6WIfxQJaHcb8W97z5-S8mcbsPA&sig2=UO4uUIN5LEDIe48FnN5fJw&bvm=bv.70138588,d.bGQ" "Mozilla/5.0 (Windows NT 5.1; rv:30.0) Gecko/20100101 Firefox/30.0"
157.55.39.131 - - [04/Jul/2014:16:18:55 +0200] "GET /servicebereiche/gruenanlagenpflege/gewerbegruenpflege.html HTTP/1.1" 200 - "-" "Mozilla/5.0 (compatible; bingbot/2.0; +http://www.bing.com/bingbot.htm)"
54.227.156.185 - - [04/Jul/2014:16:20:51 +0200] "GET / HTTP/1.1" 200 - "-" "User-Agent: Mozilla/5.0 (Windows NT 6.1; WOW64) AppleWebKit/537.31 (KHTML, like Gecko) Chrome/26.0.1410.64 Safari/537.31"
66.249.64.29 - - [04/Jul/2014:16:21:22 +0200] "GET /servicebereiche/gruenanlagenpflege.html HTTP/1.1" 200 - "-" "Mozilla/5.0 (compatible; Googlebot/2.1; +http://www.google.com/bot.html)"
66.249.64.29 - - [04/Jul/2014:16:22:41 +0200] "GET /servicebereiche/winterdienst.html HTTP/1.1" 200 - "-" "Mozilla/5.0 (compatible; Googlebot/2.1; +http://www.google.com/bot.html)"
66.249.89.40 - - [04/Jul/2014:16:24:01 +0200] "GET /index.php?option=com_forme&fid=2&Itemid=65 HTTP/1.1" 200 - "-" "AdsBot-Google (+http://www.google.com/adsbot.html)"
37.58.100.145 - - [04/Jul/2014:16:26:05 +0200] "GET /unternehmen/imagevideo-straman/58.html HTTP/1.1" 200 - "-" "Mozilla/5.0 (compatible; AhrefsBot/5.0; +http://ahrefs.com/robot/)"
31.3.233.120 - - [04/Jul/2014:16:34:35 +0200] "GET / HTTP/1.1" 200 656 "-" "-"
157.55.39.37 - - [04/Jul/2014:16:39:02 +0200] "GET /downloadbereich/58.html HTTP/1.1" 200 - "-" "Mozilla/5.0 (compatible; bingbot/2.0; +http://www.bing.com/bingbot.htm)"
78.54.20.120 - - [04/Jul/2014:17:41:35 +0200] "GET / HTTP/1.1" 200 - "-" "UserAgent: Apache-HttpClient/release (java 1.5)"
157.55.39.105 - - [04/Jul/2014:18:00:38 +0200] "GET /unternehmen/impressum/58.html HTTP/1.1" 200 - "-" "Mozilla/5.0 (compatible; bingbot/2.0; +http://www.bing.com/bingbot.htm)"
62.210.215.100 - - [04/Jul/2014:18:14:02 +0200] "GET /news.feed?type=rss HTTP/1.1" 200 14503 "-" "Mozilla/5.0 (X11; Linux i686) AppleWebKit/537.36 (KHTML, like Gecko) Chrome/30.0.1599.66 Safari/537.36"
66.249.84.90 - - [04/Jul/2014:18:37:48 +0200] "GET /index.php?option=com_forme&fid=2&Itemid=65 HTTP/1.1" 200 11204 "http://www.google.de/url?sa=t&rct=j&q=&esrc=s&source=web&cd=1&ved=0CCEQFjAD&url=http%3A%2F%2Fwww.straman.de%2Findex.php%3Foption%3Dcom_forme%26fid%3D2%26amp%3BItemid%3D65&ei=XNi2U72ZEY-NigKGnAE&usg=AFQjCNH-uAIs0AnvWuLWYlXIe0-1B7sI5A" "Mozilla/5.0 (Linux; U; Android 4.0.4; en-us; LG-MS770 Build/IMM76I) AppleWebKit/534.30 (KHTML, like Gecko) Version/4.0 Mobile Safari/534.30"
66.249.84.90 - - [04/Jul/2014:18:37:49 +0200] "GET /templates/gk_penguinmail/css/handheld/handheld.css HTTP/1.1" 200 3827 "http://www.straman.de/index.php?option=com_forme&fid=2&Itemid=65" "Mozilla/5.0 (Linux; U; Android 4.0.4; en-us; LG-MS770 Build/IMM76I) AppleWebKit/534.30 (KHTML, like Gecko) Version/4.0 Mobile Safari/534.30"
66.249.84.90 - - [04/Jul/2014:18:37:49 +0200] "GET /media/system/js/mootools.js HTTP/1.1" 200 74434 "http://www.straman.de/index.php?option=com_forme&fid=2&Itemid=65" "Mozilla/5.0 (Linux; U; Android 4.0.4; en-us; LG-MS770 Build/IMM76I) AppleWebKit/534.30 (KHTML, like Gecko) Version/4.0 Mobile Safari/534.30"
66.249.84.90 - - [04/Jul/2014:18:37:50 +0200] "GET /templates/gk_penguinmail/images/logo.png HTTP/1.1" 200 6608 "http://www.straman.de/index.php?option=com_forme&fid=2&Itemid=65" "Mozilla/5.0 (Linux; U; Android 4.0.4; en-us; LG-MS770 Build/IMM76I) AppleWebKit/534.30 (KHTML, like Gecko) Version/4.0 Mobile Safari/534.30"
66.249.84.90 - - [04/Jul/2014:18:37:50 +0200] "GET /index.php?option=com_forme&func=captcha HTTP/1.1" 200 1290 "http://www.straman.de/index.php?option=com_forme&fid=2&Itemid=65" "Mozilla/5.0 (Linux; U; Android 4.0.4; en-us; LG-MS770 Build/IMM76I) AppleWebKit/534.30 (KHTML, like Gecko) Version/4.0 Mobile Safari/534.30"
157.55.39.131 - - [04/Jul/2014:18:56:33 +0200] "GET /seiten/straman_aktuell.htm HTTP/1.1" 404 2467 "-" "Mozilla/5.0 (compatible; bingbot/2.0; +http://www.bing.com/bingbot.htm)"
62.210.215.100 - - [04/Jul/2014:19:38:33 +0200] "GET /index.php?format=feed&type=atom HTTP/1.1" 200 655 "-" "Mozilla/5.0 (X11; Linux i686) AppleWebKit/537.36 (KHTML, like Gecko) Chrome/30.0.1599.66 Safari/537.36"
157.55.39.170 - - [04/Jul/2014:19:47:43 +0200] "GET /servicebereiche/strassenreinigung.html HTTP/1.1" 200 - "-" "Mozilla/5.0 (compatible; bingbot/2.0; +http://www.bing.com/bingbot.htm)"
195.233.250.7 - - [04/Jul/2014:20:32:15 +0200] "GET /templates/gk_penguinmail/css/ie8.css HTTP/1.1" 304 - "-" "Mozilla/4.0 (compatible;)"
46.4.5.15 - - [04/Jul/2014:20:44:46 +0200] "GET / HTTP/1.1" 200 - "-" "Mozilla/5.0 (Windows NT 6.1; WOW64; rv:7.0.1) Gecko/20100101 Firefox/7.0.1"
208.43.251.181 - - [04/Jul/2014:21:49:01 +0200] "GET /robots.txt HTTP/1.1" 200 304 "-" "Mozilla/5.0 (compatible; MSIE 9.0; Windows NT 6.1; WOW64; Trident/5.0; chromeframe/19.0.1084.52)"
208.43.251.181 - - [04/Jul/2014:21:49:06 +0200] "GET / HTTP/1.1" 200 - "-" "Mozilla/5.0 (compatible; MSIE 9.0; Windows NT 6.1; WOW64; Trident/5.0; chromeframe/19.0.1084.52)"
37.58.100.175 - - [04/Jul/2014:22:43:25 +0200] "GET /servicebereiche/uebersichtgebaeudemanagement/gebaeudemanagement.html HTTP/1.1" 200 - "-" "Mozilla/5.0 (compatible; AhrefsBot/5.0; +http://ahrefs.com/robot/)"
217.69.133.5 - - [04/Jul/2014:22:55:51 +0200] "GET /robots.txt HTTP/1.1" 200 304 "-" "Mozilla/5.0 (compatible; Linux x86_64; Mail.RU_Bot/2.0; +http://go.mail.ru/help/robots)"
217.69.133.4 - - [04/Jul/2014:22:55:53 +0200] "GET /servicebereiche/gruenanlagenpflege/privatgartenpflege.html HTTP/1.1" 200 - "-" "Mozilla/5.0 (compatible; Linux x86_64; Mail.RU_Bot/2.0; +http://go.mail.ru/help/robots)"
81.0.199.226 - - [04/Jul/2014:23:10:39 +0200] "GET / HTTP/1.1" 200 - "-" "Mozilla/5.0 (Macintosh; Intel Mac OS X 10.7; rv:22.0) Gecko/20100101 Firefox/22.0"
207.46.13.131 - - [04/Jul/2014:23:27:11 +0200] "GET / HTTP/1.1" 200 - "-" "Mozilla/5.0 (compatible; bingbot/2.0; +http://www.bing.com/bingbot.htm)"
195.233.250.7 - - [04/Jul/2014:23:35:35 +0200] "GET /templates/gk_penguinmail/css/joomla.css HTTP/1.1" 304 - "-" "Mozilla/4.0 (compatible;)"
66.249.84.90 - - [05/Jul/2014:00:05:46 +0200] "GET /index.php?option=com_forme&fid=2&Itemid=65 HTTP/1.1" 200 - "http://www.google.de/url?sa=t&rct=j&q=&esrc=s&source=web&cd=1&ved=0CDAQFjAG&url=http%3A%2F%2Fwww.straman.de%2Findex.php%3Foption%3Dcom_forme%26fid%3D2%26amp%3BItemid%3D65&ei=FCW3U6faNtS42QOKYA&usg=AFQjCNH-uAIs0AnvWuLWYlXIe0-1B7sI5A" "Mozilla/4.0 (compatible; MSIE 8.0; Windows NT 6.1)"
66.249.84.90 - - [05/Jul/2014:00:05:47 +0200] "GET /favicon.ico HTTP/1.1" 404 2467 "-" "Mozilla/4.0 (compatible; MSIE 8.0; Windows NT 6.1)"
37.58.100.175 - - [05/Jul/2014:00:18:18 +0200] "GET /component/content/46.html HTTP/1.1" 500 2511 "-" "Mozilla/5.0 (compatible; AhrefsBot/5.0; +http://ahrefs.com/robot/)"
188.138.41.111 - - [05/Jul/2014:00:24:50 +0200] "GET /robots.txt HTTP/1.1" 200 304 "-" "Mozilla/5.0 (X11; U; Linux i686; de; rv:1.9.0.1; compatible; iCjobs Stellenangebote Jobs; http://www.icjobs.de) Gecko/20100401 iCjobs/3.2.3"
188.138.41.111 - - [05/Jul/2014:00:24:50 +0200] "GET / HTTP/1.1" 200 - "-" "Mozilla/5.0 (X11; U; Linux i686; de; rv:1.9.0.1; compatible; iCjobs Stellenangebote Jobs; http://www.icjobs.de) Gecko/20100401 iCjobs/3.2.3"
188.138.41.111 - - [05/Jul/2014:00:24:51 +0200] "GET / HTTP/1.1" 200 - "-" "Mozilla/5.0 (X11; U; Linux i686; de; rv:1.9.0.1; compatible; iCjobs Stellenangebote Jobs; http://www.icjobs.de) Gecko/20100401 iCjobs/3.2.3"
87.123.99.185 - - [05/Jul/2014:00:47:21 +0200] "GET / HTTP/1.1" 200 5615 "http://www.google.de/aclk?sa=L&ai=CggzrmC23U7a4NeLW7ga674CICumv--cFmdy5goMBqsDgBggAEAEg9PToGCgCUPPkhIj7_____wFglfrwgYwHyAEBqQIFWlg0uM22PqoEJE_Q61DuvS0LxCHaRzNB3GkINX6UHzFRew2DmpZuGRrdwlS-V4AFs_j-GNgGBIAHmY3zQZAHAQ&sig=AOD64_06HYAXJ58ff9i7O4-2wPeFeLBQhA&rct=j&q=&ved=0CB8Q0Qw&adurl=http://www.straman.de" "Mozilla/5.0 (Linux; U; Android 4.1.2; de-de; GT-N8000 Build/JZO54K) AppleWebKit/534.30 (KHTML, like Gecko) Version/4.0 Safari/534.30"
87.123.99.185 - - [05/Jul/2014:00:47:22 +0200] "GET /media/system/js/caption.js HTTP/1.1" 200 1963 "http://www.straman.de/" "Mozilla/5.0 (Linux; U; Android 4.1.2; de-de; GT-N8000 Build/JZO54K) AppleWebKit/534.30 (KHTML, like Gecko) Version/4.0 Safari/534.30"
87.123.99.185 - - [05/Jul/2014:00:47:22 +0200] "GET /templates/gk_penguinmail/css/handheld/handheld.css HTTP/1.1" 200 3827 "http://www.straman.de/" "Mozilla/5.0 (Linux; U; Android 4.1.2; de-de; GT-N8000 Build/JZO54K) AppleWebKit/534.30 (KHTML, like Gecko) Version/4.0 Safari/534.30"
87.123.99.185 - - [05/Jul/2014:00:47:22 +0200] "GET /templates/gk_penguinmail/css/template.css HTTP/1.1" 200 9192 "http://www.straman.de/" "Mozilla/5.0 (Linux; U; Android 4.1.2; de-de; GT-N8000 Build/JZO54K) AppleWebKit/534.30 (KHTML, like Gecko) Version/4.0 Safari/534.30"
87.123.99.185 - - [05/Jul/2014:00:47:22 +0200] "GET /media/system/js/mootools.js HTTP/1.1" 200 74434 "http://www.straman.de/" "Mozilla/5.0 (Linux; U; Android 4.1.2; de-de; GT-N8000 Build/JZO54K) AppleWebKit/534.30 (KHTML, like Gecko) Version/4.0 Safari/534.30"
87.123.99.185 - - [05/Jul/2014:00:47:22 +0200] "GET /templates/gk_penguinmail/images/logo.png HTTP/1.1" 200 6608 "http://www.straman.de/" "Mozilla/5.0 (Linux; U; Android 4.1.2; de-de; GT-N8000 Build/JZO54K) AppleWebKit/534.30 (KHTML, like Gecko) Version/4.0 Safari/534.30"
87.123.99.185 - - [05/Jul/2014:00:47:23 +0200] "GET /templates/gk_penguinmail/favicon.ico HTTP/1.1" 200 5686 "http://www.straman.de/" "Mozilla/5.0 (Linux; U; Android 4.1.2; de-de; GT-N8000 Build/JZO54K) AppleWebKit/534.30 (KHTML, like Gecko) Version/4.0 Safari/534.30"
87.123.99.185 - - [05/Jul/2014:01:03:19 +0200] "GET / HTTP/1.1" 200 5615 "http://www.google.de/aclk?sa=L&ai=CoPWBHTK3U4CVC4vE7QbtpYAw6a_75wWZ3LmCgwGqwOAGCAAQASCztIcYKANQ8-SEiPv_____AWCV-vCBjAfIAQGpAgVaWDS4zbY-qgQjT9AWf4yZnMS1khHskqSnL6zcsWAUcfuDxlPOSTFl21RpZZyABbP4_hjYBgSAB5mN80GQBwM&sig=AOD64_1h8yB31jqnmiQxFFYqWXz2vZ6igg&rct=j&q=&ved=0CB8Q0Qw&adurl=http://www.straman.de" "Mozilla/5.0 (Linux; U; Android 4.1.2; de-de; GT-N8000 Build/JZO54K) AppleWebKit/534.30 (KHTML, like Gecko) Version/4.0 Safari/534.30"
207.46.13.131 - - [05/Jul/2014:01:09:51 +0200] "GET / HTTP/1.1" 200 - "-" "Mozilla/5.0 (compatible; bingbot/2.0; +http://www.bing.com/bingbot.htm)"
84.128.172.94 - - [05/Jul/2014:01:44:42 +0200] "GET /component/mailto/?tmpl=component&link=97f89dec8d3a90a06eaee75083ae45b303687cff HTTP/1.1" 200 2700 "-" "Mozilla/5.0 (Windows; U; Windows NT 6.0; de; rv:1.9.2.3) Gecko/20100401 Firefox/3.6.3 ( .NET CLR 3.5.30729)"
24.134.25.111 - - [05/Jul/2014:02:08:04 +0200] "GET / HTTP/1.1" 200 - "http://www.google.de/aclk?sa=L&ai=CJqx3ZT-3U9CuN4G_7Qaq5ILQCumv--cFmdy5goMBtq3KBQgAEAIoA1Dz5ISI-_____8BYJX68IGMB8gBAakCBVpYNLjNtj6qBCJP0Oclu1BJZN8mpaD2HUfueTJ_hrxwrKs0UcfWCRKrj93UgAeZjfNBkAcD&sig=AOD64_1bNFmvMmA3K01ngJHHqplB5t9yyg&rct=j&q=&ved=0CC0Q0Qw&adurl=http://www.straman.de" "Mozilla/5.0 (Windows NT 5.1; rv:30.0) Gecko/20100101 Firefox/30.0"
24.134.25.111 - - [05/Jul/2014:02:08:04 +0200] "GET /favicon.ico HTTP/1.1" 404 2467 "-" "Mozilla/5.0 (Windows NT 5.1; rv:30.0) Gecko/20100101 Firefox/30.0"
24.134.25.111 - - [05/Jul/2014:02:08:04 +0200] "GET /favicon.ico HTTP/1.1" 404 2467 "-" "Mozilla/5.0 (Windows NT 5.1; rv:30.0) Gecko/20100101 Firefox/30.0"
24.134.25.111 - - [05/Jul/2014:02:08:22 +0200] "GET / HTTP/1.1" 200 - "-" "Mozilla/5.0 (Windows NT 5.1; rv:30.0) Gecko/20100101 Firefox/30.0"
62.210.215.100 - - [05/Jul/2014:02:15:02 +0200] "GET /news.feed?type=atom HTTP/1.1" 200 30035 "-" "Mozilla/5.0 (X11; Linux i686) AppleWebKit/537.36 (KHTML, like Gecko) Chrome/30.0.1599.66 Safari/537.36"
62.210.215.100 - - [05/Jul/2014:02:15:03 +0200] "GET /news.feed?type=atom HTTP/1.1" 200 30035 "-" "Mozilla/5.0 (X11; Linux i686) AppleWebKit/537.36 (KHTML, like Gecko) Chrome/30.0.1599.66 Safari/537.36"
94.242.222.44 - - [05/Jul/2014:03:16:01 +0200] "GET /unternehmen/historie.html HTTP/1.1" 200 - "-" "Mozilla/4.0 (compatible; MSIE 8.0; Windows NT 6.1; Trident/4.0)"
84.190.22.147 - - [05/Jul/2014:03:20:00 +0200] "GET / HTTP/1.1" 200 - "http://www.google.de/aclk?sa=L&ai=C3HkN_VG3U7W1BMnKiwbl1IDwAumv--cF8Ya5goMBrfXCCBAIILZUKAhQ8-SEiPv_____AWCV-vCBjAfIAQGpAgVaWDS4zbY-qgQmT9CYL0LNfzDbgG8f9lpSsO2qbVQdzNFJOEBTPqhhk8ai2VGtQXSABZBOgAeZjfNBkAcD&num=11&sig=AOD64_1zhpND6eJhcRxYwwPf-SE8FoiBmg&rct=j&q=&ved=0CKcBENEM&adurl=http://www.straman.de" "Mozilla/5.0 (Windows NT 6.1; WOW64; rv:30.0) Gecko/20100101 Firefox/30.0"
84.190.22.147 - - [05/Jul/2014:03:20:01 +0200] "GET /favicon.ico HTTP/1.1" 404 2467 "-" "Mozilla/5.0 (Windows NT 6.1; WOW64; rv:30.0) Gecko/20100101 Firefox/30.0"
84.190.22.147 - - [05/Jul/2014:03:20:01 +0200] "GET /favicon.ico HTTP/1.1" 404 2467 "-" "Mozilla/5.0 (Windows NT 6.1; WOW64; rv:30.0) Gecko/20100101 Firefox/30.0"
37.58.100.91 - - [05/Jul/2014:05:00:47 +0200] "GET /unternehmen/partner.html HTTP/1.1" 200 - "-" "Mozilla/5.0 (compatible; AhrefsBot/5.0; +http://ahrefs.com/robot/)"
95.91.241.174 - - [05/Jul/2014:05:56:15 +0200] "GET / HTTP/1.1" 200 - "http://www.google.de/aclk?sa=L&ai=CeU7bV3e3U8yJEqKU7ga20YCQD-mv--cFmdy5goMBqsDgBggAEAFQ8-SEiPv_____AWCV-vCBjAfIAQGpAgVaWDS4zbY-qgQlT9A50A-Qa4n3UYHPJvpFJxgDshxwMxi3FzMY1ixz7OpCzbKWD4AHmY3zQYgHAZAHAg&sig=AOD64_1FzkIt_BIyoIWduzGK6GHHSLYG4A&rct=j&q=&ved=0CCEQ0Qw&adurl=http://www.straman.de" "Mozilla/5.0 (Windows NT 6.3; WOW64) AppleWebKit/537.36 (KHTML, like Gecko) Chrome/35.0.1916.153 Safari/537.36"
95.91.241.174 - - [05/Jul/2014:05:56:16 +0200] "GET /favicon.ico HTTP/1.1" 404 2467 "-" "Mozilla/5.0 (Windows NT 6.3; WOW64) AppleWebKit/537.36 (KHTML, like Gecko) Chrome/35.0.1916.153 Safari/537.36"
95.91.241.174 - - [05/Jul/2014:05:56:21 +0200] "GET / HTTP/1.1" 200 - "http://www.google.de/aclk?sa=L&ai=CeU7bV3e3U8yJEqKU7ga20YCQD-mv--cFmdy5goMBqsDgBggAEAFQ8-SEiPv_____AWCV-vCBjAfIAQGpAgVaWDS4zbY-qgQlT9A50A-Qa4n3UYHPJvpFJxgDshxwMxi3FzMY1ixz7OpCzbKWD4AHmY3zQYgHAZAHAg&sig=AOD64_1FzkIt_BIyoIWduzGK6GHHSLYG4A&rct=j&q=&ved=0CCEQ0Qw&adurl=http://www.straman.de" "Mozilla/5.0 (Windows NT 6.3; WOW64) AppleWebKit/537.36 (KHTML, like Gecko) Chrome/35.0.1916.153 Safari/537.36"
37.58.100.232 - - [05/Jul/2014:06:34:40 +0200] "GET /robots.txt HTTP/1.1" 200 304 "-" "Mozilla/5.0 (compatible; AhrefsBot/5.0; +http://ahrefs.com/robot/)"
