82.94.179.38 - - [24/Jul/2014:21:50:44 +0200] "GET /seiten/winterdienst.htm HTTP/1.1" 200 17245 "http://www.straman.de/" "Mozilla/4.0 (compatible; Vagabondo/4.0/EU; http://www.wise-guys.nl/)"
82.94.179.38 - - [24/Jul/2014:21:50:54 +0200] "GET /seiten/gruenanlagenpflege.htm HTTP/1.1" 200 13533 "http://www.straman.de/" "Mozilla/4.0 (compatible; Vagabondo/4.0/EU; http://www.wise-guys.nl/)"
157.55.39.37 - - [24/Jul/2014:22:35:23 +0200] "GET /component/content/article/34-garten-und-landschaftsbau/74-gewerbegruenpflege.html HTTP/1.1" 404 1256 "-" "Mozilla/5.0 (compatible; bingbot/2.0; +http://www.bing.com/bingbot.htm)"
207.46.13.52 - - [24/Jul/2014:23:20:56 +0200] "GET /servicebereiche/uebersichtgebaeudemanagement/infrastr-gebaeudemanagement.html HTTP/1.1" 404 1256 "-" "Mozilla/5.0 (compatible; bingbot/2.0; +http://www.bing.com/bingbot.htm)"
66.249.78.239 - - [24/Jul/2014:23:59:12 +0200] "GET / HTTP/1.1" 200 8535 "-" "Mozilla/5.0 (compatible; Googlebot/2.1; +http://www.google.com/bot.html)"
66.249.78.239 - - [25/Jul/2014:01:32:21 +0200] "GET /documents/Strassenreinigungssatzung_Schwaneneck.pdf HTTP/1.1" 304 - "-" "Mozilla/5.0 (compatible; Googlebot/2.1; +http://www.google.com/bot.html)"
144.76.155.8 - - [25/Jul/2014:01:41:22 +0200] "GET /unternehmen/impressum.html HTTP/1.1" 404 1256 "-" "Mozilla/5.0 (compatible; Windows; U; Windows NT 6.2; WOW64; en-US; rv:12.0) Gecko/20120403211507 Firefox/12.0"
66.249.78.239 - - [25/Jul/2014:02:08:21 +0200] "GET /documents/Strassenreinigungssatzung_Bernau02_2005.pdf HTTP/1.1" 304 - "-" "Mozilla/5.0 (compatible; Googlebot/2.1; +http://www.google.com/bot.html)"
66.249.78.239 - - [25/Jul/2014:03:13:10 +0200] "GET /robots.txt HTTP/1.1" 200 192 "-" "Mozilla/5.0 (compatible; Googlebot/2.1; +http://www.google.com/bot.html)"
66.249.78.239 - - [25/Jul/2014:03:13:10 +0200] "GET /seiten/straman_impr.htm HTTP/1.1" 304 - "-" "Mozilla/5.0 (compatible; Googlebot/2.1; +http://www.google.com/bot.html)"
66.249.78.239 - - [25/Jul/2014:04:03:34 +0200] "GET /seiten/sitemap.htm HTTP/1.1" 304 - "-" "Mozilla/5.0 (compatible; Googlebot/2.1; +http://www.google.com/bot.html)"
66.249.78.232 - - [25/Jul/2014:05:08:23 +0200] "GET /documents/Berliner_Strassenreinigungsgesetz.pdf HTTP/1.1" 304 - "-" "Mozilla/5.0 (compatible; Googlebot/2.1; +http://www.google.com/bot.html)"
81.0.199.226 - - [25/Jul/2014:05:22:31 +0200] "GET / HTTP/1.1" 200 8535 "-" "Mozilla/5.0 (Macintosh; Intel Mac OS X 10.7; rv:22.0) Gecko/20100101 Firefox/22.0"
66.249.78.239 - - [25/Jul/2014:05:27:44 +0200] "GET /documents/Strassenreinigungssatzung_Zepernick.pdf HTTP/1.1" 200 111765 "-" "Mozilla/5.0 (compatible; Googlebot/2.1; +http://www.google.com/bot.html)"
66.249.78.239 - - [25/Jul/2014:05:58:08 +0200] "GET /seiten/gruenanlagenpflege.htm HTTP/1.1" 304 - "-" "Mozilla/5.0 (compatible; Googlebot/2.1; +http://www.google.com/bot.html)"
66.249.78.246 - - [25/Jul/2014:06:27:36 +0200] "GET /documents/grundstueckseigentuemer.pdf HTTP/1.1" 304 - "-" "Mozilla/5.0 (compatible; Googlebot/2.1; +http://www.google.com/bot.html)"
66.249.78.232 - - [25/Jul/2014:06:47:14 +0200] "GET / HTTP/1.1" 200 8535 "-" "Mozilla/5.0 (compatible; Googlebot/2.1; +http://www.google.com/bot.html)"
66.249.78.239 - - [25/Jul/2014:07:03:36 +0200] "GET /documents/Strassenreinigungssatzung_Schwaneneck.pdf HTTP/1.1" 304 - "-" "Mozilla/5.0 (compatible; Googlebot/2.1; +http://www.google.com/bot.html)"
157.55.39.37 - - [25/Jul/2014:07:21:18 +0200] "GET / HTTP/1.1" 200 8535 "-" "Mozilla/5.0 (compatible; bingbot/2.0; +http://www.bing.com/bingbot.htm)"
66.249.81.27 - - [25/Jul/2014:07:42:58 +0200] "GET / HTTP/1.1" 200 8535 "-" "Mozilla/5.0 (Windows NT 6.1; rv:6.0) Gecko/20110814 Firefox/6.0 Google favicon"
66.249.81.27 - - [25/Jul/2014:07:42:58 +0200] "GET /images/favicon.ico HTTP/1.1" 200 3638 "-" "Mozilla/5.0 (Windows NT 6.1; rv:6.0) Gecko/20110814 Firefox/6.0 Google favicon"
91.96.158.105 - - [25/Jul/2014:08:15:44 +0200] "GET / HTTP/1.1" 200 8535 "http://www.google.com/url?sa=D&q=http://www.straman.de/&usg=AFQjCNHASQskOmRXWf6pmTaRMRkh0At3lg" "Mozilla/5.0 (Windows NT 6.1; WOW64) AppleWebKit/537.36 (KHTML, like Gecko) Chrome/35.0.1916.153 Safari/537.36"
91.96.158.105 - - [25/Jul/2014:08:15:44 +0200] "GET /css/format.css HTTP/1.1" 200 8709 "http://www.straman.de/" "Mozilla/5.0 (Windows NT 6.1; WOW64) AppleWebKit/537.36 (KHTML, like Gecko) Chrome/35.0.1916.153 Safari/537.36"
91.96.158.105 - - [25/Jul/2014:08:15:44 +0200] "GET /scripte/stra_scr.js HTTP/1.1" 200 1580 "http://www.straman.de/" "Mozilla/5.0 (Windows NT 6.1; WOW64) AppleWebKit/537.36 (KHTML, like Gecko) Chrome/35.0.1916.153 Safari/537.36"
91.96.158.105 - - [25/Jul/2014:08:15:44 +0200] "GET /images/f_1-p.gif HTTP/1.1" 200 43 "http://www.straman.de/" "Mozilla/5.0 (Windows NT 6.1; WOW64) AppleWebKit/537.36 (KHTML, like Gecko) Chrome/35.0.1916.153 Safari/537.36"
91.96.158.105 - - [25/Jul/2014:08:15:44 +0200] "GET /images/logo_straman_neu.jpg HTTP/1.1" 200 19228 "http://www.straman.de/" "Mozilla/5.0 (Windows NT 6.1; WOW64) AppleWebKit/537.36 (KHTML, like Gecko) Chrome/35.0.1916.153 Safari/537.36"
91.96.158.105 - - [25/Jul/2014:08:15:44 +0200] "GET /images/start_1.jpg HTTP/1.1" 200 6732 "http://www.straman.de/" "Mozilla/5.0 (Windows NT 6.1; WOW64) AppleWebKit/537.36 (KHTML, like Gecko) Chrome/35.0.1916.153 Safari/537.36"
91.96.158.105 - - [25/Jul/2014:08:15:44 +0200] "GET /images/start_2.jpg HTTP/1.1" 200 8241 "http://www.straman.de/" "Mozilla/5.0 (Windows NT 6.1; WOW64) AppleWebKit/537.36 (KHTML, like Gecko) Chrome/35.0.1916.153 Safari/537.36"
91.96.158.105 - - [25/Jul/2014:08:15:44 +0200] "GET /images/footer1_neu.gif HTTP/1.1" 200 58 "http://www.straman.de/" "Mozilla/5.0 (Windows NT 6.1; WOW64) AppleWebKit/537.36 (KHTML, like Gecko) Chrome/35.0.1916.153 Safari/537.36"
91.96.158.105 - - [25/Jul/2014:08:15:44 +0200] "GET /images/favicon.ico HTTP/1.1" 200 3638 "-" "Mozilla/5.0 (Windows NT 6.1; WOW64) AppleWebKit/537.36 (KHTML, like Gecko) Chrome/35.0.1916.153 Safari/537.36"
216.107.155.114 - - [25/Jul/2014:08:17:19 +0200] "GET /robots.txt HTTP/1.0" 200 192 "-" "Mozilla/5.0 (compatible; MJ12bot/v1.4.5; http://www.majestic12.co.uk/bot.php?+)"
216.107.155.114 - - [25/Jul/2014:08:17:21 +0200] "GET / HTTP/1.0" 200 8535 "-" "Mozilla/5.0 (compatible; MJ12bot/v1.4.5; http://www.majestic12.co.uk/bot.php?+)"
208.115.113.87 - - [25/Jul/2014:08:58:11 +0200] "GET /robots.txt HTTP/1.1" 200 192 "-" "Mozilla/5.0 (compatible; DotBot/1.1; http://www.opensiteexplorer.org/dotbot, help@moz.com)"
92.229.76.20 - - [25/Jul/2014:09:53:09 +0200] "GET / HTTP/1.1" 200 8535 "http://www.google.de/url?sa=t&rct=j&q=&esrc=s&source=web&cd=1&sqi=2&ved=0CCkQFjAA&url=http%3A%2F%2Fwww.straman.de%2F&ei=pAzSU9HoC6mL4gTM64HwBA&usg=AFQjCNEpeUQQKOp_93iUUo8XSnpqrpjMzA&bvm=bv.71667212,d.bGE" "Mozilla/5.0 (Windows NT 6.1; WOW64; Trident/7.0; rv:11.0) like Gecko"
92.229.76.20 - - [25/Jul/2014:09:53:09 +0200] "GET /css/format.css HTTP/1.1" 200 8709 "http://www.straman.de/" "Mozilla/5.0 (Windows NT 6.1; WOW64; Trident/7.0; rv:11.0) like Gecko"
92.229.76.20 - - [25/Jul/2014:09:53:09 +0200] "GET /scripte/stra_scr.js HTTP/1.1" 200 1580 "http://www.straman.de/" "Mozilla/5.0 (Windows NT 6.1; WOW64; Trident/7.0; rv:11.0) like Gecko"
92.229.76.20 - - [25/Jul/2014:09:53:09 +0200] "GET /images/f_1-p.gif HTTP/1.1" 200 43 "http://www.straman.de/" "Mozilla/5.0 (Windows NT 6.1; WOW64; Trident/7.0; rv:11.0) like Gecko"
92.229.76.20 - - [25/Jul/2014:09:53:09 +0200] "GET /images/logo_straman_neu.jpg HTTP/1.1" 200 19228 "http://www.straman.de/" "Mozilla/5.0 (Windows NT 6.1; WOW64; Trident/7.0; rv:11.0) like Gecko"
92.229.76.20 - - [25/Jul/2014:09:53:09 +0200] "GET /images/start_1.jpg HTTP/1.1" 200 6732 "http://www.straman.de/" "Mozilla/5.0 (Windows NT 6.1; WOW64; Trident/7.0; rv:11.0) like Gecko"
92.229.76.20 - - [25/Jul/2014:09:53:09 +0200] "GET /images/start_2.jpg HTTP/1.1" 200 8241 "http://www.straman.de/" "Mozilla/5.0 (Windows NT 6.1; WOW64; Trident/7.0; rv:11.0) like Gecko"
92.229.76.20 - - [25/Jul/2014:09:53:09 +0200] "GET /images/footer1_neu.gif HTTP/1.1" 200 58 "http://www.straman.de/" "Mozilla/5.0 (Windows NT 6.1; WOW64; Trident/7.0; rv:11.0) like Gecko"
92.229.76.20 - - [25/Jul/2014:09:53:09 +0200] "GET /images/favicon.ico HTTP/1.1" 200 3638 "-" "Mozilla/5.0 (Windows NT 6.1; Win64; x64; Trident/7.0; rv:11.0) like Gecko"
92.229.76.20 - - [25/Jul/2014:09:53:46 +0200] "GET /seiten/straman_jobs.htm HTTP/1.1" 200 5214 "http://www.straman.de/" "Mozilla/5.0 (Windows NT 6.1; WOW64; Trident/7.0; rv:11.0) like Gecko"
92.229.76.20 - - [25/Jul/2014:09:53:46 +0200] "GET /images/nav6_1.jpg HTTP/1.1" 200 9481 "http://www.straman.de/seiten/straman_jobs.htm" "Mozilla/5.0 (Windows NT 6.1; WOW64; Trident/7.0; rv:11.0) like Gecko"
92.229.76.20 - - [25/Jul/2014:09:53:46 +0200] "GET /images/hacken.gif HTTP/1.1" 200 307 "http://www.straman.de/seiten/straman_jobs.htm" "Mozilla/5.0 (Windows NT 6.1; WOW64; Trident/7.0; rv:11.0) like Gecko"
92.229.76.20 - - [25/Jul/2014:09:54:33 +0200] "GET /seiten/straman_impr.htm HTTP/1.1" 200 5731 "http://www.straman.de/seiten/straman_jobs.htm" "Mozilla/5.0 (Windows NT 6.1; WOW64; Trident/7.0; rv:11.0) like Gecko"
92.229.76.20 - - [25/Jul/2014:09:54:33 +0200] "GET /images/nav8_1.jpg HTTP/1.1" 200 8241 "http://www.straman.de/seiten/straman_impr.htm" "Mozilla/5.0 (Windows NT 6.1; WOW64; Trident/7.0; rv:11.0) like Gecko"
92.229.76.20 - - [25/Jul/2014:09:54:33 +0200] "GET /images/nav8_2.jpg HTTP/1.1" 200 6210 "http://www.straman.de/seiten/straman_impr.htm" "Mozilla/5.0 (Windows NT 6.1; WOW64; Trident/7.0; rv:11.0) like Gecko"
92.229.76.20 - - [25/Jul/2014:09:54:59 +0200] "GET /seiten/strassenreinigung.htm HTTP/1.1" 200 7046 "http://www.straman.de/seiten/straman_impr.htm" "Mozilla/5.0 (Windows NT 6.1; WOW64; Trident/7.0; rv:11.0) like Gecko"
92.229.76.20 - - [25/Jul/2014:09:55:00 +0200] "GET /images/nav1_1a.jpg HTTP/1.1" 200 30034 "http://www.straman.de/seiten/strassenreinigung.htm" "Mozilla/5.0 (Windows NT 6.1; WOW64; Trident/7.0; rv:11.0) like Gecko"
92.229.76.20 - - [25/Jul/2014:09:55:00 +0200] "GET /images/besch_logo.jpg HTTP/1.1" 200 22062 "http://www.straman.de/seiten/strassenreinigung.htm" "Mozilla/5.0 (Windows NT 6.1; WOW64; Trident/7.0; rv:11.0) like Gecko"
92.229.76.20 - - [25/Jul/2014:09:55:00 +0200] "GET /images/nav1_2.jpg HTTP/1.1" 200 6717 "http://www.straman.de/seiten/strassenreinigung.htm" "Mozilla/5.0 (Windows NT 6.1; WOW64; Trident/7.0; rv:11.0) like Gecko"
92.229.76.20 - - [25/Jul/2014:09:55:00 +0200] "GET /images/nav1_1.jpg HTTP/1.1" 200 9431 "http://www.straman.de/seiten/strassenreinigung.htm" "Mozilla/5.0 (Windows NT 6.1; WOW64; Trident/7.0; rv:11.0) like Gecko"
92.229.76.20 - - [25/Jul/2014:09:55:00 +0200] "GET /images/winkel.gif HTTP/1.1" 200 314 "http://www.straman.de/seiten/strassenreinigung.htm" "Mozilla/5.0 (Windows NT 6.1; WOW64; Trident/7.0; rv:11.0) like Gecko"
92.229.76.20 - - [25/Jul/2014:09:55:20 +0200] "GET /seiten/straman_aktuell.htm HTTP/1.1" 200 5933 "http://www.straman.de/seiten/strassenreinigung.htm" "Mozilla/5.0 (Windows NT 6.1; WOW64; Trident/7.0; rv:11.0) like Gecko"
92.229.76.20 - - [25/Jul/2014:09:55:20 +0200] "GET /images/nav4_1.jpg HTTP/1.1" 200 6241 "http://www.straman.de/seiten/straman_aktuell.htm" "Mozilla/5.0 (Windows NT 6.1; WOW64; Trident/7.0; rv:11.0) like Gecko"
92.229.76.20 - - [25/Jul/2014:09:55:20 +0200] "GET /images/nav4_2.jpg HTTP/1.1" 200 7407 "http://www.straman.de/seiten/straman_aktuell.htm" "Mozilla/5.0 (Windows NT 6.1; WOW64; Trident/7.0; rv:11.0) like Gecko"
92.229.76.20 - - [25/Jul/2014:09:58:54 +0200] "GET /seiten/straman_kontakt.php HTTP/1.1" 200 9834 "http://www.straman.de/seiten/strassenreinigung.htm" "Mozilla/5.0 (Windows NT 6.1; WOW64; Trident/7.0; rv:11.0) like Gecko"
92.229.76.20 - - [25/Jul/2014:09:58:54 +0200] "GET /images/nav7_1.jpg HTTP/1.1" 200 7067 "http://www.straman.de/seiten/straman_kontakt.php" "Mozilla/5.0 (Windows NT 6.1; WOW64; Trident/7.0; rv:11.0) like Gecko"
92.229.76.20 - - [25/Jul/2014:09:58:54 +0200] "GET /images/nav7_2.jpg HTTP/1.1" 200 6481 "http://www.straman.de/seiten/straman_kontakt.php" "Mozilla/5.0 (Windows NT 6.1; WOW64; Trident/7.0; rv:11.0) like Gecko"
94.23.29.113 - - [25/Jul/2014:10:15:05 +0200] "POST /index.php?option=com_jce&task=plugin&plugin=imgmanager&file=imgmanager&method=form&cid=20&6bc427c8a7981f4fe1f5ac65c1246b5f=cf6dd3cf1923c950586d0dd595c8e20b HTTP/1.1" 404 1256 "-" "BOT/0.1 (BOT for JCE)"
94.23.29.113 - - [25/Jul/2014:10:15:21 +0200] "GET /component/content/article/58.html&sa=U&ei=rQjSU6PpKqj8ywOsoYKIBQ&ved=0CIwCEBYwLQ&usg=AFQjCNG3Aqr3mBC3Nql9vtanAm4TQ-xnHA//images/stories/fold.gif HTTP/1.1" 404 1256 "-" "Mozilla/5.0 (Windows; U; Windows NT 5.1; en-US; rv:1.9.2) Gecko/20100115 Firefox/3.6"
94.23.29.113 - - [25/Jul/2014:10:15:21 +0200] "POST /index.php?option=com_jce&task=plugin&plugin=imgmanager&file=imgmanager&method=form&cid=20&6bc427c8a7981f4fe1f5ac65c1246b5f=cf6dd3cf1923c950586d0dd595c8e20b HTTP/1.1" 404 1256 "-" "BOT/0.1 (BOT for JCE)"
94.23.29.113 - - [25/Jul/2014:10:15:37 +0200] "GET //images/stories/fold.gif HTTP/1.1" 404 1256 "-" "Mozilla/5.0 (Windows; U; Windows NT 5.1; en-US; rv:1.9.2) Gecko/20100115 Firefox/3.6"
94.23.29.113 - - [25/Jul/2014:10:15:37 +0200] "POST /index.php?option=com_jce&task=plugin&plugin=imgmanager&file=imgmanager&method=form&cid=20&6bc427c8a7981f4fe1f5ac65c1246b5f=cf6dd3cf1923c950586d0dd595c8e20b HTTP/1.1" 404 1256 "-" "BOT/0.1 (BOT for JCE)"
94.23.29.113 - - [25/Jul/2014:10:15:53 +0200] "GET /component/content/article//images/stories/fold.gif HTTP/1.1" 404 1256 "-" "Mozilla/5.0 (Windows; U; Windows NT 5.1; en-US; rv:1.9.2) Gecko/20100115 Firefox/3.6"
208.115.113.87 - - [25/Jul/2014:10:58:49 +0200] "GET /component/content/article/58.html HTTP/1.1" 404 1256 "-" "Mozilla/5.0 (compatible; DotBot/1.1; http://www.opensiteexplorer.org/dotbot, help@moz.com)"
157.55.39.37 - - [25/Jul/2014:11:22:32 +0200] "GET /servicebereiche/strassenreinigung.html HTTP/1.1" 404 1256 "-" "Mozilla/5.0 (compatible; bingbot/2.0; +http://www.bing.com/bingbot.htm)"
125.209.208.11 - - [25/Jul/2014:11:50:58 +0200] "GET /robots.txt HTTP/1.1" 200 192 "-" "Yeti/1.0 (NHN Corp.; http://help.naver.com/robots/)"
125.209.208.6 - - [25/Jul/2014:11:50:59 +0200] "GET / HTTP/1.1" 200 8535 "-" "Yeti/1.0 (NHN Corp.; http://help.naver.com/robots/)"
68.180.225.100 - - [25/Jul/2014:12:08:21 +0200] "GET /robots.txt HTTP/1.1" 304 - "-" "Mozilla/5.0 (compatible; Yahoo! Slurp; http://help.yahoo.com/help/us/ysearch/slurp)"
68.180.225.100 - - [25/Jul/2014:12:08:22 +0200] "GET /servicebereiche/uebersichtgebaeudemanagement.html HTTP/1.1" 404 1256 "-" "Mozilla/5.0 (compatible; Yahoo! Slurp; http://help.yahoo.com/help/us/ysearch/slurp)"
94.23.29.113 - - [25/Jul/2014:13:51:04 +0200] "POST /index.php?option=com_jce&task=plugin&plugin=imgmanager&file=imgmanager&method=form&cid=20&6bc427c8a7981f4fe1f5ac65c1246b5f=cf6dd3cf1923c950586d0dd595c8e20b HTTP/1.1" 404 1256 "-" "BOT/0.1 (BOT for JCE)"
94.23.29.113 - - [25/Jul/2014:13:51:20 +0200] "GET /component/content/article/58.html&sa=U&ei=rgjSU_OaDpLnsATatICYCg&ved=0CK4DEBYwUTjIAQ&usg=AFQjCNEWRd05Cg1z16ZSyYU9ucNK0IChgQ//images/stories/fold.gif HTTP/1.1" 404 1256 "-" "Mozilla/5.0 (Windows; U; Windows NT 5.1; en-US; rv:1.9.2) Gecko/20100115 Firefox/3.6"
94.23.29.113 - - [25/Jul/2014:13:51:21 +0200] "POST /index.php?option=com_jce&task=plugin&plugin=imgmanager&file=imgmanager&method=form&cid=20&6bc427c8a7981f4fe1f5ac65c1246b5f=cf6dd3cf1923c950586d0dd595c8e20b HTTP/1.1" 404 1256 "-" "BOT/0.1 (BOT for JCE)"
94.23.29.113 - - [25/Jul/2014:13:51:37 +0200] "GET //images/stories/fold.gif HTTP/1.1" 404 1256 "-" "Mozilla/5.0 (Windows; U; Windows NT 5.1; en-US; rv:1.9.2) Gecko/20100115 Firefox/3.6"
94.23.29.113 - - [25/Jul/2014:13:51:37 +0200] "POST /index.php?option=com_jce&task=plugin&plugin=imgmanager&file=imgmanager&method=form&cid=20&6bc427c8a7981f4fe1f5ac65c1246b5f=cf6dd3cf1923c950586d0dd595c8e20b HTTP/1.1" 404 1256 "-" "BOT/0.1 (BOT for JCE)"
94.23.29.113 - - [25/Jul/2014:13:51:53 +0200] "GET /component/content/article//images/stories/fold.gif HTTP/1.1" 404 1256 "-" "Mozilla/5.0 (Windows; U; Windows NT 5.1; en-US; rv:1.9.2) Gecko/20100115 Firefox/3.6"
148.251.69.136 - - [25/Jul/2014:14:29:01 +0200] "GET / HTTP/1.1" 200 8535 "-" "Mozilla/5.0 (Windows NT 6.1; WOW64) AppleWebKit/537.11 (KHTML, like Gecko) Chrome/23.0.1271.97 Safari/537.11"
148.251.69.136 - - [25/Jul/2014:14:29:04 +0200] "GET /seiten/straman_impr.htm HTTP/1.1" 200 5731 "-" "Mozilla/5.0 (Windows NT 5.1; rv:12.0) Gecko/20120403211507 Firefox/12.0"
148.251.69.136 - - [25/Jul/2014:14:29:04 +0200] "GET /seiten/straman_kontakt.php HTTP/1.1" 200 9834 "-" "Mozilla/5.0 (Windows NT 6.1; WOW64) AppleWebKit/537.31 (KHTML, like Gecko) Chrome/26.0.1410.64 Safari/537.31"
207.46.13.52 - - [25/Jul/2014:15:05:26 +0200] "GET /kontakt.html HTTP/1.1" 404 1256 "-" "Mozilla/5.0 (compatible; bingbot/2.0; +http://www.bing.com/bingbot.htm)"
87.106.226.151 - - [25/Jul/2014:16:54:56 +0200] "POST /index.php?option=com_jce&task=plugin&plugin=imgmanager&file=imgmanager&version=1576&cid=20 HTTP/1.1" 404 1256 "-" "BOT/0.1 (BOT for JCE)"
87.106.226.151 - - [25/Jul/2014:16:54:59 +0200] "POST /component/content/article/index.php?option=com_jce&task=plugin&plugin=imgmanager&file=imgmanager&version=1576&cid=20 HTTP/1.1" 404 1256 "-" "BOT/0.1 (BOT for JCE)"
87.106.226.151 - - [25/Jul/2014:16:54:56 +0200] "POST /index.php?option=com_jce&task=plugin&plugin=imgmanager&file=imgmanager&method=form&cid=20&6bc427c8a7981f4fe1f5ac65c1246b5f=cf6dd3cf1923c950586d0dd595c8e20b HTTP/1.1" 400 - "-" "BOT/0.1 (BOT for JCE)"
87.106.226.151 - - [25/Jul/2014:16:54:59 +0200] "POST /component/content/article/index.php?option=com_jce&task=plugin&plugin=imgmanager&file=imgmanager&method=form&cid=20&6bc427c8a7981f4fe1f5ac65c1246b5f=cf6dd3cf1923c950586d0dd595c8e20b HTTP/1.1" 400 - "-" "BOT/0.1 (BOT for JCE)"
87.106.226.151 - - [25/Jul/2014:17:10:58 +0200] "POST /index.php?option=com_jce&task=plugin&plugin=imgmanager&file=imgmanager&version=1576&cid=20 HTTP/1.1" 404 1256 "-" "BOT/0.1 (BOT for JCE)"
87.106.226.151 - - [25/Jul/2014:17:11:00 +0200] "POST /component/content/article/index.php?option=com_jce&task=plugin&plugin=imgmanager&file=imgmanager&version=1576&cid=20 HTTP/1.1" 404 1256 "-" "BOT/0.1 (BOT for JCE)"
87.106.226.151 - - [25/Jul/2014:17:10:58 +0200] "POST /index.php?option=com_jce&task=plugin&plugin=imgmanager&file=imgmanager&method=form&cid=20&6bc427c8a7981f4fe1f5ac65c1246b5f=cf6dd3cf1923c950586d0dd595c8e20b HTTP/1.1" 400 - "-" "BOT/0.1 (BOT for JCE)"
87.106.226.151 - - [25/Jul/2014:17:11:00 +0200] "POST /component/content/article/index.php?option=com_jce&task=plugin&plugin=imgmanager&file=imgmanager&method=form&cid=20&6bc427c8a7981f4fe1f5ac65c1246b5f=cf6dd3cf1923c950586d0dd595c8e20b HTTP/1.1" 400 - "-" "BOT/0.1 (BOT for JCE)"
87.106.226.151 - - [25/Jul/2014:17:26:56 +0200] "GET /images/stories/food.php?rf HTTP/1.1" 404 1256 "-" "Mozilla/5.0 (Windows; U; Windows NT 5.1; en-US; rv:1.9.2) Gecko/20100115 Firefox/3.6"
87.106.226.151 - - [25/Jul/2014:17:27:02 +0200] "GET /component/content/article/images/stories/food.php?rf HTTP/1.1" 404 1256 "-" "Mozilla/5.0 (Windows; U; Windows NT 5.1; en-US; rv:1.9.2) Gecko/20100115 Firefox/3.6"
66.249.78.232 - - [25/Jul/2014:18:16:53 +0200] "GET /news.html HTTP/1.1" 404 1256 "-" "Mozilla/5.0 (compatible; Googlebot/2.1; +http://www.google.com/bot.html)"
208.115.111.71 - - [25/Jul/2014:19:02:33 +0200] "GET /robots.txt HTTP/1.1" 200 192 "-" "Mozilla/5.0 (compatible; DotBot/1.1; http://www.opensiteexplorer.org/dotbot, help@moz.com)"
157.55.39.6 - - [25/Jul/2014:19:03:53 +0200] "GET /robots.txt HTTP/1.1" 200 192 "-" "Mozilla/5.0 (compatible; bingbot/2.0; +http://www.bing.com/bingbot.htm)"
157.55.39.7 - - [25/Jul/2014:19:04:34 +0200] "GET / HTTP/1.1" 200 8535 "-" "Mozilla/5.0 (compatible; bingbot/2.0; +http://www.bing.com/bingbot.htm)"
66.249.78.232 - - [25/Jul/2014:19:07:29 +0200] "GET /documents/Mustervertrag_WD_Leistg_Besch_GmbH_Straman.pdf HTTP/1.1" 200 47063 "-" "Mozilla/5.0 (compatible; Googlebot/2.1; +http://www.google.com/bot.html)"
180.153.236.170 - - [25/Jul/2014:19:11:43 +0200] "GET / HTTP/1.1" 200 8535 "http://www.straman.de/" "Mozilla/5.0 (compatible; MSIE 9.0; Windows NT 6.1; Trident/5.0); 360Spider"
87.142.120.70 - - [25/Jul/2014:19:12:07 +0200] "GET /seiten/straman_jobs.htm HTTP/1.1" 200 5214 "-" "Mozilla/5.0 (Windows NT 6.1; Win64; x64; rv:22.0) Gecko/20130328 Firefox/22.0"
208.115.111.71 - - [25/Jul/2014:19:24:35 +0200] "GET / HTTP/1.1" 200 8535 "-" "Mozilla/5.0 (compatible; DotBot/1.1; http://www.opensiteexplorer.org/dotbot, help@moz.com)"
91.56.126.71 - - [25/Jul/2014:19:24:40 +0200] "GET / HTTP/1.1" 200 8535 "-" "Mozilla/5.0 (Windows NT 6.1; WOW64; rv:31.0) Gecko/20100101 Firefox/31.0"
91.56.126.71 - - [25/Jul/2014:19:24:40 +0200] "GET /css/format.css HTTP/1.1" 200 8709 "http://www.straman.de/" "Mozilla/5.0 (Windows NT 6.1; WOW64; rv:31.0) Gecko/20100101 Firefox/31.0"
91.56.126.71 - - [25/Jul/2014:19:24:40 +0200] "GET /scripte/stra_scr.js HTTP/1.1" 200 1580 "http://www.straman.de/" "Mozilla/5.0 (Windows NT 6.1; WOW64; rv:31.0) Gecko/20100101 Firefox/31.0"
91.56.126.71 - - [25/Jul/2014:19:24:40 +0200] "GET /images/favicon.ico HTTP/1.1" 200 3638 "-" "Mozilla/5.0 (Windows NT 6.1; WOW64; rv:31.0) Gecko/20100101 Firefox/31.0"
91.56.126.71 - - [25/Jul/2014:19:24:40 +0200] "GET /images/f_1-p.gif HTTP/1.1" 200 43 "http://www.straman.de/" "Mozilla/5.0 (Windows NT 6.1; WOW64; rv:31.0) Gecko/20100101 Firefox/31.0"
91.56.126.71 - - [25/Jul/2014:19:24:40 +0200] "GET /images/logo_straman_neu.jpg HTTP/1.1" 200 19228 "http://www.straman.de/" "Mozilla/5.0 (Windows NT 6.1; WOW64; rv:31.0) Gecko/20100101 Firefox/31.0"
91.56.126.71 - - [25/Jul/2014:19:24:40 +0200] "GET /images/start_1.jpg HTTP/1.1" 200 6732 "http://www.straman.de/" "Mozilla/5.0 (Windows NT 6.1; WOW64; rv:31.0) Gecko/20100101 Firefox/31.0"
91.56.126.71 - - [25/Jul/2014:19:24:40 +0200] "GET /images/start_2.jpg HTTP/1.1" 200 8241 "http://www.straman.de/" "Mozilla/5.0 (Windows NT 6.1; WOW64; rv:31.0) Gecko/20100101 Firefox/31.0"
91.56.126.71 - - [25/Jul/2014:19:24:40 +0200] "GET /images/footer1_neu.gif HTTP/1.1" 200 58 "http://www.straman.de/css/format.css" "Mozilla/5.0 (Windows NT 6.1; WOW64; rv:31.0) Gecko/20100101 Firefox/31.0"
91.56.126.71 - - [25/Jul/2014:19:24:44 +0200] "GET /seiten/strassenreinigung.htm HTTP/1.1" 200 7046 "http://www.straman.de/" "Mozilla/5.0 (Windows NT 6.1; WOW64; rv:31.0) Gecko/20100101 Firefox/31.0"
91.56.126.71 - - [25/Jul/2014:19:24:44 +0200] "GET /images/nav1_1a.jpg HTTP/1.1" 200 30034 "http://www.straman.de/seiten/strassenreinigung.htm" "Mozilla/5.0 (Windows NT 6.1; WOW64; rv:31.0) Gecko/20100101 Firefox/31.0"
91.56.126.71 - - [25/Jul/2014:19:24:44 +0200] "GET /images/besch_logo.jpg HTTP/1.1" 200 22062 "http://www.straman.de/seiten/strassenreinigung.htm" "Mozilla/5.0 (Windows NT 6.1; WOW64; rv:31.0) Gecko/20100101 Firefox/31.0"
91.56.126.71 - - [25/Jul/2014:19:24:44 +0200] "GET /images/nav1_1.jpg HTTP/1.1" 200 9431 "http://www.straman.de/seiten/strassenreinigung.htm" "Mozilla/5.0 (Windows NT 6.1; WOW64; rv:31.0) Gecko/20100101 Firefox/31.0"
91.56.126.71 - - [25/Jul/2014:19:24:44 +0200] "GET /images/nav1_2.jpg HTTP/1.1" 200 6717 "http://www.straman.de/seiten/strassenreinigung.htm" "Mozilla/5.0 (Windows NT 6.1; WOW64; rv:31.0) Gecko/20100101 Firefox/31.0"
91.56.126.71 - - [25/Jul/2014:19:24:44 +0200] "GET /images/hacken.gif HTTP/1.1" 200 307 "http://www.straman.de/seiten/strassenreinigung.htm" "Mozilla/5.0 (Windows NT 6.1; WOW64; rv:31.0) Gecko/20100101 Firefox/31.0"
91.56.126.71 - - [25/Jul/2014:19:24:44 +0200] "GET /images/winkel.gif HTTP/1.1" 200 314 "http://www.straman.de/seiten/strassenreinigung.htm" "Mozilla/5.0 (Windows NT 6.1; WOW64; rv:31.0) Gecko/20100101 Firefox/31.0"
91.56.126.71 - - [25/Jul/2014:19:24:54 +0200] "GET /seiten/winterdienst.htm HTTP/1.1" 200 17245 "http://www.straman.de/seiten/strassenreinigung.htm" "Mozilla/5.0 (Windows NT 6.1; WOW64; rv:31.0) Gecko/20100101 Firefox/31.0"
91.56.126.71 - - [25/Jul/2014:19:24:54 +0200] "GET /images/nav2_1a.jpg HTTP/1.1" 200 33913 "http://www.straman.de/seiten/winterdienst.htm" "Mozilla/5.0 (Windows NT 6.1; WOW64; rv:31.0) Gecko/20100101 Firefox/31.0"
91.56.126.71 - - [25/Jul/2014:19:24:54 +0200] "GET /images/nav2_2a.jpg HTTP/1.1" 200 32913 "http://www.straman.de/seiten/winterdienst.htm" "Mozilla/5.0 (Windows NT 6.1; WOW64; rv:31.0) Gecko/20100101 Firefox/31.0"
91.56.126.71 - - [25/Jul/2014:19:24:54 +0200] "GET /images/nav2_1.jpg HTTP/1.1" 200 6962 "http://www.straman.de/seiten/winterdienst.htm" "Mozilla/5.0 (Windows NT 6.1; WOW64; rv:31.0) Gecko/20100101 Firefox/31.0"
91.56.126.71 - - [25/Jul/2014:19:24:54 +0200] "GET /images/nav2_2.jpg HTTP/1.1" 200 8057 "http://www.straman.de/seiten/winterdienst.htm" "Mozilla/5.0 (Windows NT 6.1; WOW64; rv:31.0) Gecko/20100101 Firefox/31.0"
91.56.126.71 - - [25/Jul/2014:19:24:54 +0200] "GET /images/pdf.gif HTTP/1.1" 200 214 "http://www.straman.de/seiten/winterdienst.htm" "Mozilla/5.0 (Windows NT 6.1; WOW64; rv:31.0) Gecko/20100101 Firefox/31.0"
91.56.126.71 - - [25/Jul/2014:19:24:56 +0200] "GET /seiten/gruenanlagenpflege.htm HTTP/1.1" 200 13533 "http://www.straman.de/seiten/winterdienst.htm" "Mozilla/5.0 (Windows NT 6.1; WOW64; rv:31.0) Gecko/20100101 Firefox/31.0"
91.56.126.71 - - [25/Jul/2014:19:24:56 +0200] "GET /images/nav3_1.jpg HTTP/1.1" 200 6891 "http://www.straman.de/seiten/gruenanlagenpflege.htm" "Mozilla/5.0 (Windows NT 6.1; WOW64; rv:31.0) Gecko/20100101 Firefox/31.0"
91.56.126.71 - - [25/Jul/2014:19:24:56 +0200] "GET /images/nav3_3.jpg HTTP/1.1" 200 24661 "http://www.straman.de/seiten/gruenanlagenpflege.htm" "Mozilla/5.0 (Windows NT 6.1; WOW64; rv:31.0) Gecko/20100101 Firefox/31.0"
91.56.126.71 - - [25/Jul/2014:19:24:56 +0200] "GET /images/nav3_4.jpg HTTP/1.1" 200 24093 "http://www.straman.de/seiten/gruenanlagenpflege.htm" "Mozilla/5.0 (Windows NT 6.1; WOW64; rv:31.0) Gecko/20100101 Firefox/31.0"
91.56.126.71 - - [25/Jul/2014:19:24:56 +0200] "GET /images/nav3_2.jpg HTTP/1.1" 200 7241 "http://www.straman.de/seiten/gruenanlagenpflege.htm" "Mozilla/5.0 (Windows NT 6.1; WOW64; rv:31.0) Gecko/20100101 Firefox/31.0"
91.56.126.71 - - [25/Jul/2014:19:24:58 +0200] "GET /seiten/straman_aktuell.htm HTTP/1.1" 200 5933 "http://www.straman.de/seiten/gruenanlagenpflege.htm" "Mozilla/5.0 (Windows NT 6.1; WOW64; rv:31.0) Gecko/20100101 Firefox/31.0"
91.56.126.71 - - [25/Jul/2014:19:24:58 +0200] "GET /images/nav4_1.jpg HTTP/1.1" 200 6241 "http://www.straman.de/seiten/straman_aktuell.htm" "Mozilla/5.0 (Windows NT 6.1; WOW64; rv:31.0) Gecko/20100101 Firefox/31.0"
91.56.126.71 - - [25/Jul/2014:19:24:58 +0200] "GET /images/nav4_2.jpg HTTP/1.1" 200 7407 "http://www.straman.de/seiten/straman_aktuell.htm" "Mozilla/5.0 (Windows NT 6.1; WOW64; rv:31.0) Gecko/20100101 Firefox/31.0"
91.56.126.71 - - [25/Jul/2014:19:25:06 +0200] "GET /seiten/straman_gesetze.htm HTTP/1.1" 200 5637 "http://www.straman.de/seiten/straman_aktuell.htm" "Mozilla/5.0 (Windows NT 6.1; WOW64; rv:31.0) Gecko/20100101 Firefox/31.0"
91.56.126.71 - - [25/Jul/2014:19:25:06 +0200] "GET /images/nav8_1.jpg HTTP/1.1" 200 8241 "http://www.straman.de/seiten/straman_gesetze.htm" "Mozilla/5.0 (Windows NT 6.1; WOW64; rv:31.0) Gecko/20100101 Firefox/31.0"
91.56.126.71 - - [25/Jul/2014:19:25:06 +0200] "GET /images/nav8_2.jpg HTTP/1.1" 200 6210 "http://www.straman.de/seiten/straman_gesetze.htm" "Mozilla/5.0 (Windows NT 6.1; WOW64; rv:31.0) Gecko/20100101 Firefox/31.0"
91.56.126.71 - - [25/Jul/2014:19:25:13 +0200] "GET /seiten/straman_jobs.htm HTTP/1.1" 200 5214 "http://www.straman.de/seiten/straman_gesetze.htm" "Mozilla/5.0 (Windows NT 6.1; WOW64; rv:31.0) Gecko/20100101 Firefox/31.0"
91.56.126.71 - - [25/Jul/2014:19:25:13 +0200] "GET /images/nav6_1.jpg HTTP/1.1" 200 9481 "http://www.straman.de/seiten/straman_jobs.htm" "Mozilla/5.0 (Windows NT 6.1; WOW64; rv:31.0) Gecko/20100101 Firefox/31.0"
91.56.126.71 - - [25/Jul/2014:19:25:35 +0200] "GET /seiten/straman_kontakt.php HTTP/1.1" 200 9834 "http://www.straman.de/seiten/straman_jobs.htm" "Mozilla/5.0 (Windows NT 6.1; WOW64; rv:31.0) Gecko/20100101 Firefox/31.0"
91.56.126.71 - - [25/Jul/2014:19:25:35 +0200] "GET /images/nav7_1.jpg HTTP/1.1" 200 7067 "http://www.straman.de/seiten/straman_kontakt.php" "Mozilla/5.0 (Windows NT 6.1; WOW64; rv:31.0) Gecko/20100101 Firefox/31.0"
91.56.126.71 - - [25/Jul/2014:19:25:35 +0200] "GET /images/nav7_2.jpg HTTP/1.1" 200 6481 "http://www.straman.de/seiten/straman_kontakt.php" "Mozilla/5.0 (Windows NT 6.1; WOW64; rv:31.0) Gecko/20100101 Firefox/31.0"
91.56.126.71 - - [25/Jul/2014:19:25:37 +0200] "GET /seiten/straman_impr.htm HTTP/1.1" 200 5731 "http://www.straman.de/seiten/straman_kontakt.php" "Mozilla/5.0 (Windows NT 6.1; WOW64; rv:31.0) Gecko/20100101 Firefox/31.0"
176.9.50.43 - - [25/Jul/2014:19:53:20 +0200] "GET / HTTP/1.1" 200 8535 "-" "Mozilla/4.0 (compatible; MSIE 6.0; Windows 98; Win 9x4.90)"
66.249.78.246 - - [25/Jul/2014:20:34:23 +0200] "GET / HTTP/1.1" 200 8535 "-" "Mozilla/5.0 (compatible; Googlebot/2.1; +http://www.google.com/bot.html)"
208.115.113.87 - - [25/Jul/2014:20:56:17 +0200] "GET /robots.txt HTTP/1.1" 200 192 "-" "Mozilla/5.0 (compatible; DotBot/1.1; http://www.opensiteexplorer.org/dotbot, help@moz.com)"
66.249.78.246 - - [25/Jul/2014:21:30:02 +0200] "GET /documents/Strassenreinigungssatzung_Schwaneneck.pdf HTTP/1.1" 304 - "-" "Mozilla/5.0 (compatible; Googlebot/2.1; +http://www.google.com/bot.html)"
81.0.199.226 - - [25/Jul/2014:21:36:34 +0200] "GET / HTTP/1.1" 200 8535 "-" "Mozilla/5.0 (Macintosh; Intel Mac OS X 10.7; rv:22.0) Gecko/20100101 Firefox/22.0"
157.55.39.6 - - [25/Jul/2014:21:54:06 +0200] "GET / HTTP/1.1" 200 8535 "-" "Mozilla/5.0 (compatible; bingbot/2.0; +http://www.bing.com/bingbot.htm)"
85.180.51.148 - - [25/Jul/2014:22:13:31 +0200] "GET / HTTP/1.1" 200 8535 "http://www.galabau-berlin-brandenburg.de/bb/FachbetriebSuche.aspx" "Mozilla/5.0 (Windows NT 6.1; WOW64; rv:30.0) Gecko/20100101 Firefox/30.0"
85.180.51.148 - - [25/Jul/2014:22:13:31 +0200] "GET /css/format.css HTTP/1.1" 200 8709 "http://www.straman.de/" "Mozilla/5.0 (Windows NT 6.1; WOW64; rv:30.0) Gecko/20100101 Firefox/30.0"
85.180.51.148 - - [25/Jul/2014:22:13:31 +0200] "GET /images/favicon.ico HTTP/1.1" 200 3638 "-" "Mozilla/5.0 (Windows NT 6.1; WOW64; rv:30.0) Gecko/20100101 Firefox/30.0"
85.180.51.148 - - [25/Jul/2014:22:13:31 +0200] "GET /scripte/stra_scr.js HTTP/1.1" 200 1580 "http://www.straman.de/" "Mozilla/5.0 (Windows NT 6.1; WOW64; rv:30.0) Gecko/20100101 Firefox/30.0"
85.180.51.148 - - [25/Jul/2014:22:13:31 +0200] "GET /images/f_1-p.gif HTTP/1.1" 200 43 "http://www.straman.de/" "Mozilla/5.0 (Windows NT 6.1; WOW64; rv:30.0) Gecko/20100101 Firefox/30.0"
85.180.51.148 - - [25/Jul/2014:22:13:31 +0200] "GET /images/logo_straman_neu.jpg HTTP/1.1" 200 19228 "http://www.straman.de/" "Mozilla/5.0 (Windows NT 6.1; WOW64; rv:30.0) Gecko/20100101 Firefox/30.0"
85.180.51.148 - - [25/Jul/2014:22:13:31 +0200] "GET /images/start_1.jpg HTTP/1.1" 200 6732 "http://www.straman.de/" "Mozilla/5.0 (Windows NT 6.1; WOW64; rv:30.0) Gecko/20100101 Firefox/30.0"
85.180.51.148 - - [25/Jul/2014:22:13:31 +0200] "GET /images/start_2.jpg HTTP/1.1" 200 8241 "http://www.straman.de/" "Mozilla/5.0 (Windows NT 6.1; WOW64; rv:30.0) Gecko/20100101 Firefox/30.0"
85.180.51.148 - - [25/Jul/2014:22:13:31 +0200] "GET /images/footer1_neu.gif HTTP/1.1" 200 58 "http://www.straman.de/css/format.css" "Mozilla/5.0 (Windows NT 6.1; WOW64; rv:30.0) Gecko/20100101 Firefox/30.0"
208.115.113.87 - - [25/Jul/2014:22:51:39 +0200] "GET /component/mailto/?tmpl=component&link=a0f90e3f2e376ffb85cf3950f8f5ab75a77cab80 HTTP/1.1" 404 1256 "-" "Mozilla/5.0 (compatible; DotBot/1.1; http://www.opensiteexplorer.org/dotbot, help@moz.com)"
66.249.78.232 - - [25/Jul/2014:23:21:19 +0200] "GET /seiten/straman_impr.htm HTTP/1.1" 304 - "-" "Mozilla/5.0 (compatible; Googlebot/2.1; +http://www.google.com/bot.html)"
157.55.39.38 - - [25/Jul/2014:23:27:08 +0200] "GET /component/content/article/34-garten-und-landschaftsbau/74-gewerbegruenpflege.html HTTP/1.1" 404 1256 "-" "Mozilla/5.0 (compatible; bingbot/2.0; +http://www.bing.com/bingbot.htm)"
157.55.39.38 - - [25/Jul/2014:23:27:09 +0200] "GET / HTTP/1.1" 304 - "-" "Mozilla/5.0 (compatible; bingbot/2.0; +http://www.bing.com/bingbot.htm)"
66.249.78.232 - - [25/Jul/2014:23:31:08 +0200] "GET /documents/Strassenreinigungssatzung_Bernau02_2005.pdf HTTP/1.1" 304 - "-" "Mozilla/5.0 (compatible; Googlebot/2.1; +http://www.google.com/bot.html)"
157.55.39.38 - - [25/Jul/2014:23:47:10 +0200] "GET / HTTP/1.1" 304 - "-" "Mozilla/5.0 (compatible; bingbot/2.0; +http://www.bing.com/bingbot.htm)"
207.46.13.7 - - [26/Jul/2014:00:12:26 +0200] "GET /servicebereiche/uebersichtgebaeudemanagement/infrastr-gebaeudemanagement.html HTTP/1.1" 404 1256 "-" "Mozilla/5.0 (compatible; bingbot/2.0; +http://www.bing.com/bingbot.htm)"
46.23.56.166 - - [26/Jul/2014:00:33:31 +0200] "GET / HTTP/1.1" 200 8535 "-" "Java/1.7.0_21"
46.23.56.166 - - [26/Jul/2014:00:33:31 +0200] "GET /robots.txt HTTP/1.1" 200 192 "-" "Java/1.7.0_21"
46.23.56.166 - - [26/Jul/2014:00:33:31 +0200] "GET /\" + gaJsHost + \"google-analytics.com/ga.js HTTP/1.1" 404 1256 "-" "Java/1.7.0_21"
46.23.56.166 - - [26/Jul/2014:00:33:31 +0200] "GET /scripte/stra_scr.js HTTP/1.1" 200 1580 "-" "Java/1.7.0_21"
46.23.56.166 - - [26/Jul/2014:00:33:31 +0200] "GET /seiten/gruenanlagenpflege.htm HTTP/1.1" 200 13533 "-" "Java/1.7.0_21"
46.23.56.166 - - [26/Jul/2014:00:33:31 +0200] "GET /seiten/sitemap.htm HTTP/1.1" 200 5431 "-" "Java/1.7.0_21"
46.23.56.166 - - [26/Jul/2014:00:33:31 +0200] "GET /seiten/straman_aktuell.htm HTTP/1.1" 200 5933 "-" "Java/1.7.0_21"
46.23.56.166 - - [26/Jul/2014:00:33:31 +0200] "GET /seiten/straman_gesetze.htm HTTP/1.1" 200 5637 "-" "Java/1.7.0_21"
46.23.56.166 - - [26/Jul/2014:00:33:31 +0200] "GET /seiten/straman_impr.htm HTTP/1.1" 200 5731 "-" "Java/1.7.0_21"
46.23.56.166 - - [26/Jul/2014:00:33:32 +0200] "GET /seiten/straman_jobs.htm HTTP/1.1" 200 5214 "-" "Java/1.7.0_21"
46.23.56.166 - - [26/Jul/2014:00:33:32 +0200] "GET /seiten/straman_kontakt.php HTTP/1.1" 200 9834 "-" "Java/1.7.0_21"
46.23.56.166 - - [26/Jul/2014:00:33:32 +0200] "GET /seiten/strassenreinigung.htm HTTP/1.1" 200 7046 "-" "Java/1.7.0_21"
46.23.56.166 - - [26/Jul/2014:00:33:32 +0200] "GET /seiten/winterdienst.htm HTTP/1.1" 200 17245 "-" "Java/1.7.0_21"
46.23.56.166 - - [26/Jul/2014:00:33:32 +0200] "GET /seiten/karte.htm HTTP/1.1" 200 2099 "-" "Java/1.7.0_21"
46.23.56.166 - - [26/Jul/2014:00:33:32 +0200] "GET /seiten/\" + gaJsHost + \"google-analytics.com/ga.js HTTP/1.1" 404 1256 "-" "Java/1.7.0_21"
208.115.113.87 - - [26/Jul/2014:00:55:14 +0200] "GET /robots.txt HTTP/1.1" 200 192 "-" "Mozilla/5.0 (compatible; DotBot/1.1; http://www.opensiteexplorer.org/dotbot, help@moz.com)"
66.249.78.246 - - [26/Jul/2014:00:56:15 +0200] "GET /seiten/gruenanlagenpflege.htm HTTP/1.1" 304 - "-" "Mozilla/5.0 (compatible; Googlebot/2.1; +http://www.google.com/bot.html)"
87.142.119.116 - - [26/Jul/2014:01:31:27 +0200] "GET /seiten/straman_jobs.htm HTTP/1.1" 200 5214 "-" "Mozilla/5.0 (Windows NT 6.1; Win64; x64; rv:22.0) Gecko/20130328 Firefox/22.0"
208.115.113.87 - - [26/Jul/2014:02:13:43 +0200] "GET /unternehmen/partner.html HTTP/1.1" 404 1256 "-" "Mozilla/5.0 (compatible; DotBot/1.1; http://www.opensiteexplorer.org/dotbot, help@moz.com)"
66.249.78.246 - - [26/Jul/2014:02:24:38 +0200] "GET /documents/grundstueckseigentuemer.pdf HTTP/1.1" 304 - "-" "Mozilla/5.0 (compatible; Googlebot/2.1; +http://www.google.com/bot.html)"
188.138.41.111 - - [26/Jul/2014:02:37:44 +0200] "GET /robots.txt HTTP/1.1" 200 192 "-" "Mozilla/5.0 (X11; U; Linux i686; de; rv:1.9.0.1; compatible; iCjobs Stellenangebote Jobs; http://www.icjobs.de) Gecko/20100401 iCjobs/3.2.3"
188.138.41.111 - - [26/Jul/2014:02:37:44 +0200] "GET / HTTP/1.1" 200 8535 "-" "Mozilla/5.0 (X11; U; Linux i686; de; rv:1.9.0.1; compatible; iCjobs Stellenangebote Jobs; http://www.icjobs.de) Gecko/20100401 iCjobs/3.2.3"
188.138.41.111 - - [26/Jul/2014:02:37:44 +0200] "GET / HTTP/1.1" 200 8535 "-" "Mozilla/5.0 (X11; U; Linux i686; de; rv:1.9.0.1; compatible; iCjobs Stellenangebote Jobs; http://www.icjobs.de) Gecko/20100401 iCjobs/3.2.3"
188.138.41.111 - - [26/Jul/2014:02:37:46 +0200] "GET /scripte/stra_scr.js HTTP/1.1" 200 1580 "-" "Mozilla/5.0 (X11; U; Linux i686; de; rv:1.9.0.1; compatible; iCjobs Stellenangebote Jobs; http://www.icjobs.de) Gecko/20100401 iCjobs/3.2.3"
188.138.41.111 - - [26/Jul/2014:02:37:56 +0200] "GET /seiten/straman_jobs.htm HTTP/1.1" 200 5214 "-" "Mozilla/5.0 (X11; U; Linux i686; de; rv:1.9.0.1; compatible; iCjobs Stellenangebote Jobs; http://www.icjobs.de) Gecko/20100401 iCjobs/3.2.3"
188.138.41.111 - - [26/Jul/2014:02:38:37 +0200] "GET /seiten/straman_kontakt.php HTTP/1.1" 200 9834 "-" "Mozilla/5.0 (X11; U; Linux i686; de; rv:1.9.0.1; compatible; iCjobs Stellenangebote Jobs; http://www.icjobs.de) Gecko/20100401 iCjobs/3.2.3"
188.138.41.111 - - [26/Jul/2014:02:38:50 +0200] "GET /seiten/sitemap.htm HTTP/1.1" 200 5431 "-" "Mozilla/5.0 (X11; U; Linux i686; de; rv:1.9.0.1; compatible; iCjobs Stellenangebote Jobs; http://www.icjobs.de) Gecko/20100401 iCjobs/3.2.3"
188.138.41.111 - - [26/Jul/2014:02:39:08 +0200] "GET /seiten/straman_aktuell.htm HTTP/1.1" 200 5933 "-" "Mozilla/5.0 (X11; U; Linux i686; de; rv:1.9.0.1; compatible; iCjobs Stellenangebote Jobs; http://www.icjobs.de) Gecko/20100401 iCjobs/3.2.3"
188.138.41.111 - - [26/Jul/2014:02:39:19 +0200] "GET /seiten/strassenreinigung.htm HTTP/1.1" 200 7046 "-" "Mozilla/5.0 (X11; U; Linux i686; de; rv:1.9.0.1; compatible; iCjobs Stellenangebote Jobs; http://www.icjobs.de) Gecko/20100401 iCjobs/3.2.3"
188.138.41.111 - - [26/Jul/2014:02:39:27 +0200] "GET /seiten/winterdienst.htm HTTP/1.1" 200 17245 "-" "Mozilla/5.0 (X11; U; Linux i686; de; rv:1.9.0.1; compatible; iCjobs Stellenangebote Jobs; http://www.icjobs.de) Gecko/20100401 iCjobs/3.2.3"
188.138.41.111 - - [26/Jul/2014:02:39:45 +0200] "GET /documents/Mustervertrag_WD_Leistg_Besch_GmbH_Straman.pdf HTTP/1.1" 200 47063 "-" "Mozilla/5.0 (X11; U; Linux i686; de; rv:1.9.0.1; compatible; iCjobs Stellenangebote Jobs; http://www.icjobs.de) Gecko/20100401 iCjobs/3.2.3"
188.138.41.111 - - [26/Jul/2014:02:39:46 +0200] "GET /documents/Mustervertrag_WD_Leistg_Besch_GmbH_Straman.pdf HTTP/1.1" 200 47063 "-" "Java/1.6.0_10-rc"
188.138.41.111 - - [26/Jul/2014:02:39:49 +0200] "GET /seiten/gruenanlagenpflege.htm HTTP/1.1" 200 13533 "-" "Mozilla/5.0 (X11; U; Linux i686; de; rv:1.9.0.1; compatible; iCjobs Stellenangebote Jobs; http://www.icjobs.de) Gecko/20100401 iCjobs/3.2.3"
188.138.41.111 - - [26/Jul/2014:02:39:53 +0200] "GET /seiten/straman_gesetze.htm HTTP/1.1" 200 5637 "-" "Mozilla/5.0 (X11; U; Linux i686; de; rv:1.9.0.1; compatible; iCjobs Stellenangebote Jobs; http://www.icjobs.de) Gecko/20100401 iCjobs/3.2.3"
188.138.41.111 - - [26/Jul/2014:02:40:00 +0200] "GET /seiten/karte.htm HTTP/1.1" 200 2099 "-" "Mozilla/5.0 (X11; U; Linux i686; de; rv:1.9.0.1; compatible; iCjobs Stellenangebote Jobs; http://www.icjobs.de) Gecko/20100401 iCjobs/3.2.3"
188.138.41.111 - - [26/Jul/2014:02:40:05 +0200] "GET /documents/grundstueckseigentuemer.pdf HTTP/1.1" 200 37437 "-" "Mozilla/5.0 (X11; U; Linux i686; de; rv:1.9.0.1; compatible; iCjobs Stellenangebote Jobs; http://www.icjobs.de) Gecko/20100401 iCjobs/3.2.3"
188.138.41.111 - - [26/Jul/2014:02:40:05 +0200] "GET /documents/grundstueckseigentuemer.pdf HTTP/1.1" 200 37437 "-" "Java/1.6.0_10-rc"
188.138.41.111 - - [26/Jul/2014:02:40:06 +0200] "GET /documents/Berliner_Strassenreinigungsgesetz.pdf HTTP/1.1" 200 49081 "-" "Mozilla/5.0 (X11; U; Linux i686; de; rv:1.9.0.1; compatible; iCjobs Stellenangebote Jobs; http://www.icjobs.de) Gecko/20100401 iCjobs/3.2.3"
188.138.41.111 - - [26/Jul/2014:02:40:06 +0200] "GET /documents/Berliner_Strassenreinigungsgesetz.pdf HTTP/1.1" 200 49081 "-" "Java/1.6.0_10-rc"
188.138.41.111 - - [26/Jul/2014:02:40:12 +0200] "GET /documents/Strassenreinigungssatzung_Bernau02_2005.pdf HTTP/1.1" 200 113264 "-" "Mozilla/5.0 (X11; U; Linux i686; de; rv:1.9.0.1; compatible; iCjobs Stellenangebote Jobs; http://www.icjobs.de) Gecko/20100401 iCjobs/3.2.3"
188.138.41.111 - - [26/Jul/2014:02:40:14 +0200] "GET /documents/Strassenreinigungssatzung_Bernau02_2005.pdf HTTP/1.1" 200 113264 "-" "Java/1.6.0_10-rc"
188.138.41.111 - - [26/Jul/2014:02:40:23 +0200] "GET /documents/Strassenreinigungssatzung_Schwaneneck.pdf HTTP/1.1" 200 108696 "-" "Mozilla/5.0 (X11; U; Linux i686; de; rv:1.9.0.1; compatible; iCjobs Stellenangebote Jobs; http://www.icjobs.de) Gecko/20100401 iCjobs/3.2.3"
188.138.41.111 - - [26/Jul/2014:02:40:24 +0200] "GET /documents/Strassenreinigungssatzung_Schwaneneck.pdf HTTP/1.1" 200 108696 "-" "Java/1.6.0_10-rc"
188.138.41.111 - - [26/Jul/2014:02:40:31 +0200] "GET /documents/Strassenreinigungssatzung_Zepernick.pdf HTTP/1.1" 200 111765 "-" "Mozilla/5.0 (X11; U; Linux i686; de; rv:1.9.0.1; compatible; iCjobs Stellenangebote Jobs; http://www.icjobs.de) Gecko/20100401 iCjobs/3.2.3"
188.138.41.111 - - [26/Jul/2014:02:40:31 +0200] "GET /documents/Strassenreinigungssatzung_Zepernick.pdf HTTP/1.1" 200 111765 "-" "Java/1.6.0_10-rc"
180.153.236.20 - - [26/Jul/2014:02:48:15 +0200] "GET / HTTP/1.1" 200 8535 "http://www.straman.de/" "Mozilla/5.0 (compatible; MSIE 9.0; Windows NT 6.1; Trident/5.0); 360Spider"
66.249.78.246 - - [26/Jul/2014:03:36:38 +0200] "GET /robots.txt HTTP/1.1" 200 192 "-" "Mozilla/5.0 (compatible; Googlebot/2.1; +http://www.google.com/bot.html)"
66.249.78.246 - - [26/Jul/2014:03:36:39 +0200] "GET / HTTP/1.1" 200 8535 "-" "Mozilla/5.0 (compatible; Googlebot/2.1; +http://www.google.com/bot.html)"
66.249.78.232 - - [26/Jul/2014:04:32:17 +0200] "GET /documents/Strassenreinigungssatzung_Schwaneneck.pdf HTTP/1.1" 304 - "-" "Mozilla/5.0 (compatible; Googlebot/2.1; +http://www.google.com/bot.html)"
66.249.78.232 - - [26/Jul/2014:05:31:12 +0200] "GET /documents/Berliner_Strassenreinigungsgesetz.pdf HTTP/1.1" 304 - "-" "Mozilla/5.0 (compatible; Googlebot/2.1; +http://www.google.com/bot.html)"
66.249.78.239 - - [26/Jul/2014:06:23:35 +0200] "GET /seiten/straman_aktuell.htm HTTP/1.1" 304 - "-" "Mozilla/5.0 (compatible; Googlebot/2.1; +http://www.google.com/bot.html)"
199.58.86.206 - - [26/Jul/2014:07:22:48 +0200] "GET /robots.txt HTTP/1.0" 200 192 "-" "Mozilla/5.0 (compatible; MJ12bot/v1.4.5; http://www.majestic12.co.uk/bot.php?+)"
199.58.86.206 - - [26/Jul/2014:07:22:49 +0200] "GET / HTTP/1.0" 200 8535 "-" "Mozilla/5.0 (compatible; MJ12bot/v1.4.5; http://www.majestic12.co.uk/bot.php?+)"
66.249.78.246 - - [26/Jul/2014:07:25:46 +0200] "GET /seiten/sitemap.htm HTTP/1.1" 304 - "-" "Mozilla/5.0 (compatible; Googlebot/2.1; +http://www.google.com/bot.html)"
217.69.133.9 - - [26/Jul/2014:07:34:47 +0200] "GET /robots.txt HTTP/1.1" 200 192 "-" "Mozilla/5.0 (compatible; Linux x86_64; Mail.RU_Bot/2.0; +http://go.mail.ru/help/robots)"
217.69.133.6 - - [26/Jul/2014:07:34:48 +0200] "GET /servicebereiche/strassenreinigung/58.html HTTP/1.1" 404 1256 "-" "Mozilla/5.0 (compatible; Linux x86_64; Mail.RU_Bot/2.0; +http://go.mail.ru/help/robots)"
66.249.78.239 - - [26/Jul/2014:07:44:11 +0200] "GET /seiten/straman_jobs.htm HTTP/1.1" 304 - "-" "Mozilla/5.0 (iPhone; CPU iPhone OS 6_0 like Mac OS X) AppleWebKit/536.26 (KHTML, like Gecko) Version/6.0 Mobile/10A5376e Safari/8536.25 (compatible; Googlebot/2.1; +http://www.google.com/bot.html)"
66.249.78.246 - - [26/Jul/2014:08:01:47 +0200] "GET /documents/Strassenreinigungssatzung_Bernau02_2005.pdf HTTP/1.1" 304 - "-" "Mozilla/5.0 (compatible; Googlebot/2.1; +http://www.google.com/bot.html)"
66.249.78.232 - - [26/Jul/2014:08:50:53 +0200] "GET /seiten/gruenanlagenpflege.htm HTTP/1.1" 304 - "-" "Mozilla/5.0 (compatible; Googlebot/2.1; +http://www.google.com/bot.html)"
208.115.113.87 - - [26/Jul/2014:08:56:56 +0200] "GET /robots.txt HTTP/1.1" 200 192 "-" "Mozilla/5.0 (compatible; DotBot/1.1; http://www.opensiteexplorer.org/dotbot, help@moz.com)"
141.8.147.12 - - [26/Jul/2014:09:37:38 +0200] "GET /robots.txt HTTP/1.1" 200 192 "-" "Mozilla/5.0 (compatible; YandexBot/3.0; +http://yandex.com/bots)"
207.46.13.12 - - [26/Jul/2014:09:37:41 +0200] "GET / HTTP/1.1" 200 8535 "-" "Mozilla/5.0 (compatible; bingbot/2.0; +http://www.bing.com/bingbot.htm)"
207.46.13.7 - - [26/Jul/2014:10:37:17 +0200] "GET /downloadbereich.html HTTP/1.1" 404 1256 "-" "Mozilla/5.0 (compatible; bingbot/2.0; +http://www.bing.com/bingbot.htm)"
217.69.133.6 - - [26/Jul/2014:10:40:31 +0200] "GET /robots.txt HTTP/1.1" 200 192 "-" "Mozilla/5.0 (compatible; Linux x86_64; Mail.RU_Bot/2.0; +http://go.mail.ru/help/robots)"
217.69.133.5 - - [26/Jul/2014:10:40:32 +0200] "GET /servicebereiche/gruenanlagenpflege/58.html HTTP/1.1" 404 1256 "-" "Mozilla/5.0 (compatible; Linux x86_64; Mail.RU_Bot/2.0; +http://go.mail.ru/help/robots)"
208.115.113.87 - - [26/Jul/2014:10:57:40 +0200] "GET /component/content/article/34-garten-und-landschaftsbau/74-gewerbegruenpflege.html HTTP/1.1" 404 1256 "-" "Mozilla/5.0 (compatible; DotBot/1.1; http://www.opensiteexplorer.org/dotbot, help@moz.com)"
208.115.113.87 - - [26/Jul/2014:10:57:43 +0200] "GET /unternehmen/imagevideo-straman.html HTTP/1.1" 404 1256 "-" "Mozilla/5.0 (compatible; DotBot/1.1; http://www.opensiteexplorer.org/dotbot, help@moz.com)"
157.55.39.38 - - [26/Jul/2014:12:59:03 +0200] "GET /seiten/straman_jobs.htm HTTP/1.1" 200 5214 "-" "Mozilla/5.0 (compatible; bingbot/2.0; +http://www.bing.com/bingbot.htm)"
141.8.147.12 - - [26/Jul/2014:13:18:55 +0200] "GET /component/mailto/?tmpl=component&link=e679d831187c11f0318e9424073619e799b49c7d HTTP/1.1" 404 1256 "-" "Mozilla/5.0 (compatible; YandexBot/3.0; +http://yandex.com/bots)"
93.219.185.65 - - [26/Jul/2014:13:27:26 +0200] "GET / HTTP/1.1" 200 8535 "-" "Mozilla/5.0 (Windows; U; Windows NT 6.0; de; rv:1.9.2.3) Gecko/20100401 Firefox/3.6.3 ( .NET CLR 3.5.30729)"
217.69.133.9 - - [26/Jul/2014:13:41:13 +0200] "GET /robots.txt HTTP/1.1" 200 192 "-" "Mozilla/5.0 (compatible; Linux x86_64; Mail.RU_Bot/2.0; +http://go.mail.ru/help/robots)"
217.69.133.5 - - [26/Jul/2014:13:41:14 +0200] "GET /news/61-wir-begruessen-sie-auf-den-seiten-von-straman-ihren-komplettdienstleister-rund-um-die-immobilie.html HTTP/1.1" 404 1256 "-" "Mozilla/5.0 (compatible; Linux x86_64; Mail.RU_Bot/2.0; +http://go.mail.ru/help/robots)"
82.94.179.38 - - [26/Jul/2014:14:07:29 +0200] "GET /robots.txt HTTP/1.0" 200 192 "-" "Mozilla/4.0 (compatible; Vagabondo/4.0/EU; http://webagent.wise-guys.nl/)"
82.94.179.38 - - [26/Jul/2014:14:07:29 +0200] "GET / HTTP/1.1" 200 8535 "-" "Mozilla/4.0 (compatible; Vagabondo/4.0/EU; http://www.wise-guys.nl/)"
195.233.250.7 - - [26/Jul/2014:14:32:45 +0200] "GET /images/stories/privatgartenpflege.jpg HTTP/1.1" 404 1256 "-" "Mozilla/4.0 (compatible;)"
81.0.199.226 - - [26/Jul/2014:14:51:12 +0200] "GET / HTTP/1.1" 200 8535 "-" "Mozilla/5.0 (Macintosh; Intel Mac OS X 10.7; rv:22.0) Gecko/20100101 Firefox/22.0"
192.99.8.227 - - [26/Jul/2014:16:11:43 +0200] "GET / HTTP/1.1" 200 8535 "http://www.straman.de" "Mozilla/5.0 (Windows NT 6.1; WOW64) AppleWebKit/537.36 (KHTML, like Gecko) Chrome/30.0.1599.101 Safari/537.36"
84.175.76.189 - - [26/Jul/2014:16:40:05 +0200] "GET /templates/gk_penguinmail/favicon.ico HTTP/1.1" 404 1256 "-" "Mozilla/5.0 (Windows NT 6.1; WOW64; rv:30.0) Gecko/20100101 Firefox/30.0"
84.175.76.189 - - [26/Jul/2014:16:54:22 +0200] "GET /templates/gk_penguinmail/favicon.ico HTTP/1.1" 404 1256 "-" "Mozilla/5.0 (Windows NT 6.1; WOW64; rv:30.0) Gecko/20100101 Firefox/30.0"
66.249.78.239 - - [26/Jul/2014:18:24:04 +0200] "GET / HTTP/1.1" 200 8535 "-" "Mozilla/5.0 (compatible; Googlebot/2.1; +http://www.google.com/bot.html)"
84.175.76.189 - - [26/Jul/2014:18:44:13 +0200] "GET /templates/gk_penguinmail/favicon.ico HTTP/1.1" 404 1256 "-" "Mozilla/5.0 (Windows NT 6.1; WOW64; rv:30.0) Gecko/20100101 Firefox/30.0"
84.175.76.189 - - [26/Jul/2014:18:44:13 +0200] "GET /templates/gk_penguinmail/favicon.ico HTTP/1.1" 404 1256 "-" "Mozilla/5.0 (Windows NT 6.1; WOW64; rv:30.0) Gecko/20100101 Firefox/30.0"
37.5.5.112 - - [26/Jul/2014:19:02:14 +0200] "GET / HTTP/1.1" 200 8535 "-" "Mozilla/5.0 (Macintosh; Intel Mac OS X 10_8_5) AppleWebKit/537.77.4 (KHTML, like Gecko) Version/6.1.5 Safari/537.77.4"
208.115.111.71 - - [26/Jul/2014:19:03:18 +0200] "GET /robots.txt HTTP/1.1" 200 192 "-" "Mozilla/5.0 (compatible; DotBot/1.1; http://www.opensiteexplorer.org/dotbot, help@moz.com)"
84.175.76.189 - - [26/Jul/2014:19:46:08 +0200] "GET /templates/gk_penguinmail/favicon.ico HTTP/1.1" 404 1256 "-" "Mozilla/5.0 (Windows NT 6.1; WOW64; rv:30.0) Gecko/20100101 Firefox/30.0"
66.249.78.246 - - [26/Jul/2014:20:05:57 +0200] "GET /documents/Strassenreinigungssatzung_Schwaneneck.pdf HTTP/1.1" 304 - "-" "Mozilla/5.0 (compatible; Googlebot/2.1; +http://www.google.com/bot.html)"
93.219.185.65 - - [26/Jul/2014:20:11:03 +0200] "GET /seiten/straman_impr.htm HTTP/1.1" 200 5731 "-" "Mozilla/5.0 (Windows; U; Windows NT 6.0; de; rv:1.9.2.3) Gecko/20100401 Firefox/3.6.3 ( .NET CLR 3.5.30729)"
84.175.76.189 - - [26/Jul/2014:20:42:38 +0200] "GET /templates/gk_penguinmail/favicon.ico HTTP/1.1" 404 1256 "-" "Mozilla/5.0 (Windows NT 6.1; WOW64; rv:30.0) Gecko/20100101 Firefox/30.0"
84.175.76.189 - - [26/Jul/2014:20:43:34 +0200] "GET /templates/gk_penguinmail/favicon.ico HTTP/1.1" 404 1256 "-" "Mozilla/5.0 (Windows NT 6.1; WOW64; rv:30.0) Gecko/20100101 Firefox/30.0"
66.249.78.232 - - [26/Jul/2014:20:50:03 +0200] "GET /seiten/gruenanlagenpflege.htm HTTP/1.1" 304 - "-" "Mozilla/5.0 (compatible; Googlebot/2.1; +http://www.google.com/bot.html)"
208.115.111.71 - - [26/Jul/2014:20:54:52 +0200] "GET /servicebereiche/winterdienst/gewerbliche-kunden/58.html HTTP/1.1" 404 1256 "-" "Mozilla/5.0 (compatible; DotBot/1.1; http://www.opensiteexplorer.org/dotbot, help@moz.com)"
84.175.76.189 - - [26/Jul/2014:21:04:07 +0200] "GET /templates/gk_penguinmail/favicon.ico HTTP/1.1" 404 1256 "-" "Mozilla/5.0 (Windows NT 6.1; WOW64; rv:30.0) Gecko/20100101 Firefox/30.0"
