121.204.46.148 - - [19/Jul/2014:08:18:40 +0200] "GET /WebAdmin/FCKeditor/editor/filemanager/browser/default/connectors/aspx/connector.aspx?Command=GetFoldersAndFiles&Type=Image&CurrentFolder=/ HTTP/1.1" 404 1256 "-" "-"
121.204.46.148 - - [19/Jul/2014:08:18:40 +0200] "GET /Admin/FCKeditor/editor/filemanager/browser/default/connectors/aspx/connector.aspx?Command=GetFoldersAndFiles&Type=Image&CurrentFolder=/ HTTP/1.1" 404 1256 "-" "-"
121.204.46.148 - - [19/Jul/2014:08:18:41 +0200] "GET /FCKeditor/editor/filemanager/browser/default/connectors/aspx/connector.aspx?Command=GetFoldersAndFiles&Type=Image&CurrentFolder=/ HTTP/1.1" 404 1256 "-" "-"
121.204.46.148 - - [19/Jul/2014:08:18:41 +0200] "GET /editor/editor/filemanager/upload/test.html HTTP/1.1" 404 1256 "-" "-"
121.204.46.148 - - [19/Jul/2014:08:18:42 +0200] "GET /admin/fckeditor/editor/filemanager/connectors/test.html HTTP/1.1" 404 1256 "-" "-"
121.204.46.148 - - [19/Jul/2014:08:18:42 +0200] "GET /editor/filemanager/connectors/uploadtest.html HTTP/1.1" 404 1256 "-" "-"
121.204.46.148 - - [19/Jul/2014:08:18:43 +0200] "GET /fckeditor/_samples/default.html HTTP/1.1" 404 1256 "-" "-"
121.204.46.148 - - [19/Jul/2014:08:18:43 +0200] "GET /fckeditor/editor/fckeditor.original.html HTTP/1.1" 404 1256 "-" "-"
121.204.46.148 - - [19/Jul/2014:08:18:44 +0200] "GET /admin/fckeditor/editor/filemanager/browser/default/browser.html HTTP/1.1" 404 1256 "-" "-"
121.204.46.148 - - [19/Jul/2014:08:18:45 +0200] "GET /manage/fckeditor/editor/filemanager/browser/default/connectors/test.html HTTP/1.1" 404 1256 "-" "-"
121.204.46.148 - - [19/Jul/2014:08:18:45 +0200] "GET /e/data/ecmseditor/images/blank.html HTTP/1.1" 404 1256 "-" "-"
84.19.168.218 - - [19/Jul/2014:08:23:27 +0200] "GET /Privatkunden HTTP/1.1" 404 1256 "-" "Mozilla/5.0 (compatible; UnisterBot; crawler@unister.de)"
84.19.168.218 - - [19/Jul/2014:08:31:07 +0200] "GET /servicebereiche/uebersichtgebaeudemanagement/infrastr-gebaeudemanagement/ HTTP/1.1" 404 1256 "-" "Mozilla/5.0 (compatible; UnisterBot; crawler@unister.de)"
84.19.168.218 - - [19/Jul/2014:08:38:27 +0200] "GET /servicebereiche/winterdienst/ HTTP/1.1" 404 1256 "-" "Mozilla/5.0 (compatible; UnisterBot; crawler@unister.de)"
84.19.168.218 - - [19/Jul/2014:08:47:36 +0200] "GET /servicebereiche/uebersichtgebaeudemanagement/gebaeudemanagement/ HTTP/1.1" 404 1256 "-" "Mozilla/5.0 (compatible; UnisterBot; crawler@unister.de)"
84.19.168.218 - - [19/Jul/2014:08:55:13 +0200] "GET /unternehmen/partner/58.html HTTP/1.1" 404 1256 "-" "Mozilla/5.0 (compatible; UnisterBot; crawler@unister.de)"
84.19.168.218 - - [19/Jul/2014:09:03:01 +0200] "GET /imagevideo-straman/58.html HTTP/1.1" 404 1256 "-" "Mozilla/5.0 (compatible; UnisterBot; crawler@unister.de)"
84.19.168.218 - - [19/Jul/2014:09:10:16 +0200] "GET /component/mailto/?link=e679d831187c11f0318e9424073619e799b49c7d&tmpl=component HTTP/1.1" 404 1256 "-" "Mozilla/5.0 (compatible; UnisterBot; crawler@unister.de)"
37.58.100.76 - - [19/Jul/2014:09:18:18 +0200] "GET /servicebereiche/gruenanlagenpflege/privatgartenpflege/58.html HTTP/1.1" 404 1256 "-" "Mozilla/5.0 (compatible; AhrefsBot/5.0; +http://ahrefs.com/robot/)"
84.19.168.218 - - [19/Jul/2014:09:19:28 +0200] "GET /component/mailto/?link=802c38c8dade244e9c14da84cbe12cb64c4e79eb&tmpl=component HTTP/1.1" 404 1256 "-" "Mozilla/5.0 (compatible; UnisterBot; crawler@unister.de)"
84.19.168.218 - - [19/Jul/2014:09:27:19 +0200] "GET /component/forme/?fid=2 HTTP/1.1" 404 1256 "-" "Mozilla/5.0 (compatible; UnisterBot; crawler@unister.de)"
84.19.168.218 - - [19/Jul/2014:09:34:42 +0200] "GET /unternehmen/imagevideo-straman.html HTTP/1.1" 404 1256 "-" "Mozilla/5.0 (compatible; UnisterBot; crawler@unister.de)"
84.19.168.218 - - [19/Jul/2014:09:43:37 +0200] "GET /servicebereiche/winterdienst.html HTTP/1.1" 404 1256 "-" "Mozilla/5.0 (compatible; UnisterBot; crawler@unister.de)"
84.19.168.218 - - [19/Jul/2014:09:51:32 +0200] "GET /servicebereiche/gruenanlagenpflege/gewerbegruenpflege/58.html HTTP/1.1" 404 1256 "-" "Mozilla/5.0 (compatible; UnisterBot; crawler@unister.de)"
66.249.79.254 - - [19/Jul/2014:09:55:02 +0200] "GET /documents/Strassenreinigungssatzung_Schwaneneck.pdf HTTP/1.1" 200 108696 "-" "Mozilla/5.0 (iPhone; CPU iPhone OS 6_0 like Mac OS X) AppleWebKit/536.26 (KHTML, like Gecko) Version/6.0 Mobile/10A5376e Safari/8536.25 (compatible; Googlebot/2.1; +http://www.google.com/bot.html)"
84.19.168.218 - - [19/Jul/2014:09:59:01 +0200] "GET /unternehmen/impressum.html HTTP/1.1" 404 1256 "-" "Mozilla/5.0 (compatible; UnisterBot; crawler@unister.de)"
84.19.168.218 - - [19/Jul/2014:10:06:24 +0200] "GET /servicebereiche/uebersichtgebaeudemanagement/infrastr-gebaeudemanagement/58.html HTTP/1.1" 404 1256 "-" "Mozilla/5.0 (compatible; UnisterBot; crawler@unister.de)"
84.19.168.218 - - [19/Jul/2014:10:15:22 +0200] "GET /component/content/article/58.html HTTP/1.1" 404 1256 "-" "Mozilla/5.0 (compatible; UnisterBot; crawler@unister.de)"
84.19.168.218 - - [19/Jul/2014:10:22:59 +0200] "GET /component/forme/ HTTP/1.1" 404 1256 "-" "Mozilla/5.0 (compatible; UnisterBot; crawler@unister.de)"
66.249.79.225 - - [19/Jul/2014:10:28:46 +0200] "GET /seiten/straman_jobs.htm HTTP/1.1" 200 5214 "-" "Mozilla/5.0 (iPhone; CPU iPhone OS 6_0 like Mac OS X) AppleWebKit/536.26 (KHTML, like Gecko) Version/6.0 Mobile/10A5376e Safari/8536.25 (compatible; Googlebot/2.1; +http://www.google.com/bot.html)"
84.19.168.218 - - [19/Jul/2014:10:30:19 +0200] "GET /servicebereiche/uebersichtgebaeudemanagement.html HTTP/1.1" 404 1256 "-" "Mozilla/5.0 (compatible; UnisterBot; crawler@unister.de)"
84.19.168.218 - - [19/Jul/2014:10:37:11 +0200] "GET /component/content/article/ HTTP/1.1" 404 1256 "-" "Mozilla/5.0 (compatible; UnisterBot; crawler@unister.de)"
141.8.147.12 - - [19/Jul/2014:11:44:12 +0200] "GET /unternehmen/imagevideo-straman/58.html HTTP/1.1" 404 1256 "-" "Mozilla/5.0 (compatible; YandexBot/3.0; +http://yandex.com/bots)"
66.249.79.225 - - [19/Jul/2014:11:49:42 +0200] "GET /servicebereiche/uebersichtgebaeudemanagement/infrastr-gebaeudemanagement/58.html HTTP/1.1" 404 1256 "-" "Mozilla/5.0 (compatible; Googlebot/2.1; +http://www.google.com/bot.html)"
162.210.196.130 - - [19/Jul/2014:12:28:32 +0200] "GET /robots.txt HTTP/1.0" 200 192 "-" "Mozilla/5.0 (compatible; MJ12bot/v1.4.5; http://www.majestic12.co.uk/bot.php?+)"
162.210.196.130 - - [19/Jul/2014:12:28:37 +0200] "GET / HTTP/1.0" 200 8535 "-" "Mozilla/5.0 (compatible; MJ12bot/v1.4.5; http://www.majestic12.co.uk/bot.php?+)"
92.110.135.182 - - [19/Jul/2014:12:53:25 +0200] "GET / HTTP/1.1" 200 8535 "-" "Java/1.7.0_51"
92.110.135.182 - - [19/Jul/2014:12:53:26 +0200] "GET /robots.txt HTTP/1.1" 200 192 "-" "Java/1.7.0_51"
92.110.135.182 - - [19/Jul/2014:12:53:26 +0200] "GET /\" + gaJsHost + \"google-analytics.com/ga.js HTTP/1.1" 404 1256 "-" "Java/1.7.0_51"
92.110.135.182 - - [19/Jul/2014:12:53:26 +0200] "GET /scripte/stra_scr.js HTTP/1.1" 200 1580 "-" "Java/1.7.0_51"
92.110.135.182 - - [19/Jul/2014:12:53:26 +0200] "GET /seiten/gruenanlagenpflege.htm HTTP/1.1" 200 13533 "-" "Java/1.7.0_51"
92.110.135.182 - - [19/Jul/2014:12:53:27 +0200] "GET /seiten/sitemap.htm HTTP/1.1" 200 5431 "-" "Java/1.7.0_51"
92.110.135.182 - - [19/Jul/2014:12:53:27 +0200] "GET /seiten/straman_aktuell.htm HTTP/1.1" 200 5933 "-" "Java/1.7.0_51"
92.110.135.182 - - [19/Jul/2014:12:53:27 +0200] "GET /seiten/straman_gesetze.htm HTTP/1.1" 200 5637 "-" "Java/1.7.0_51"
92.110.135.182 - - [19/Jul/2014:12:53:28 +0200] "GET /seiten/straman_impr.htm HTTP/1.1" 200 5731 "-" "Java/1.7.0_51"
92.110.135.182 - - [19/Jul/2014:12:53:28 +0200] "GET /seiten/straman_jobs.htm HTTP/1.1" 200 5214 "-" "Java/1.7.0_51"
92.110.135.182 - - [19/Jul/2014:12:53:28 +0200] "GET /seiten/straman_kontakt.php HTTP/1.1" 200 9834 "-" "Java/1.7.0_51"
92.110.135.182 - - [19/Jul/2014:12:53:29 +0200] "GET /seiten/strassenreinigung.htm HTTP/1.1" 200 7046 "-" "Java/1.7.0_51"
92.110.135.182 - - [19/Jul/2014:12:53:29 +0200] "GET /seiten/winterdienst.htm HTTP/1.1" 200 17245 "-" "Java/1.7.0_51"
92.110.135.182 - - [19/Jul/2014:12:53:29 +0200] "GET /seiten/karte.htm HTTP/1.1" 200 2099 "-" "Java/1.7.0_51"
92.110.135.182 - - [19/Jul/2014:12:53:30 +0200] "GET /seiten/\" + gaJsHost + \"google-analytics.com/ga.js HTTP/1.1" 404 1256 "-" "Java/1.7.0_51"
208.115.113.87 - - [19/Jul/2014:12:59:04 +0200] "GET /robots.txt HTTP/1.1" 200 192 "-" "Mozilla/5.0 (compatible; DotBot/1.1; http://www.opensiteexplorer.org/dotbot, help@moz.com)"
81.0.199.226 - - [19/Jul/2014:12:59:22 +0200] "GET / HTTP/1.1" 200 8535 "-" "Mozilla/5.0 (Macintosh; Intel Mac OS X 10.7; rv:22.0) Gecko/20100101 Firefox/22.0"
217.73.208.71 - - [19/Jul/2014:13:54:32 +0200] "GET /robots.txt HTTP/1.1" 200 192 "-" "Mozilla/5.0 (compatible; IstellaBot/1.18.81 +http://www.tiscali.it/)"
217.73.208.71 - - [19/Jul/2014:13:54:37 +0200] "GET / HTTP/1.1" 200 8535 "-" "Mozilla/5.0 (compatible; IstellaBot/1.18.81 +http://www.tiscali.it/)"
207.46.13.68 - - [19/Jul/2014:14:06:17 +0200] "GET /robots.txt HTTP/1.1" 200 192 "-" "Mozilla/5.0 (compatible; bingbot/2.0; +http://www.bing.com/bingbot.htm)"
207.46.13.68 - - [19/Jul/2014:14:06:26 +0200] "GET /component/content/article/58.html HTTP/1.1" 404 1256 "-" "Mozilla/5.0 (compatible; bingbot/2.0; +http://www.bing.com/bingbot.htm)"
79.252.224.95 - - [19/Jul/2014:14:23:05 +0200] "GET / HTTP/1.1" 200 8535 "-" "Mozilla/5.0 (iPhone; CPU iPhone OS 7_1_1 like Mac OS X) AppleWebKit/537.51.2 (KHTML, like Gecko) Version/7.0 Mobile/11D201 Safari/9537.53"
79.252.224.95 - - [19/Jul/2014:14:23:05 +0200] "GET /css/format.css HTTP/1.1" 200 8709 "http://www.straman.de/" "Mozilla/5.0 (iPhone; CPU iPhone OS 7_1_1 like Mac OS X) AppleWebKit/537.51.2 (KHTML, like Gecko) Version/7.0 Mobile/11D201 Safari/9537.53"
79.252.224.95 - - [19/Jul/2014:14:23:05 +0200] "GET /scripte/stra_scr.js HTTP/1.1" 200 1580 "http://www.straman.de/" "Mozilla/5.0 (iPhone; CPU iPhone OS 7_1_1 like Mac OS X) AppleWebKit/537.51.2 (KHTML, like Gecko) Version/7.0 Mobile/11D201 Safari/9537.53"
79.252.224.95 - - [19/Jul/2014:14:23:06 +0200] "GET /images/f_1-p.gif HTTP/1.1" 200 43 "http://www.straman.de/" "Mozilla/5.0 (iPhone; CPU iPhone OS 7_1_1 like Mac OS X) AppleWebKit/537.51.2 (KHTML, like Gecko) Version/7.0 Mobile/11D201 Safari/9537.53"
79.252.224.95 - - [19/Jul/2014:14:23:06 +0200] "GET /images/start_1.jpg HTTP/1.1" 200 6732 "http://www.straman.de/" "Mozilla/5.0 (iPhone; CPU iPhone OS 7_1_1 like Mac OS X) AppleWebKit/537.51.2 (KHTML, like Gecko) Version/7.0 Mobile/11D201 Safari/9537.53"
79.252.224.95 - - [19/Jul/2014:14:23:06 +0200] "GET /images/start_2.jpg HTTP/1.1" 200 8241 "http://www.straman.de/" "Mozilla/5.0 (iPhone; CPU iPhone OS 7_1_1 like Mac OS X) AppleWebKit/537.51.2 (KHTML, like Gecko) Version/7.0 Mobile/11D201 Safari/9537.53"
79.252.224.95 - - [19/Jul/2014:14:23:06 +0200] "GET /images/logo_straman_neu.jpg HTTP/1.1" 200 19228 "http://www.straman.de/" "Mozilla/5.0 (iPhone; CPU iPhone OS 7_1_1 like Mac OS X) AppleWebKit/537.51.2 (KHTML, like Gecko) Version/7.0 Mobile/11D201 Safari/9537.53"
79.252.224.95 - - [19/Jul/2014:14:23:06 +0200] "GET /images/footer1_neu.gif HTTP/1.1" 200 58 "http://www.straman.de/" "Mozilla/5.0 (iPhone; CPU iPhone OS 7_1_1 like Mac OS X) AppleWebKit/537.51.2 (KHTML, like Gecko) Version/7.0 Mobile/11D201 Safari/9537.53"
79.252.224.95 - - [19/Jul/2014:14:23:07 +0200] "GET /images/logo_straman_neu.jpg HTTP/1.1" 200 19228 "http://www.straman.de/" "Mozilla/5.0 (iPhone; CPU iPhone OS 7_1_1 like Mac OS X) AppleWebKit/537.51.2 (KHTML, like Gecko) Version/7.0 Mobile/11D201 Safari/9537.53"
79.252.224.95 - - [19/Jul/2014:14:23:07 +0200] "GET /images/start_2.jpg HTTP/1.1" 200 8241 "http://www.straman.de/" "Mozilla/5.0 (iPhone; CPU iPhone OS 7_1_1 like Mac OS X) AppleWebKit/537.51.2 (KHTML, like Gecko) Version/7.0 Mobile/11D201 Safari/9537.53"
79.252.224.95 - - [19/Jul/2014:14:23:07 +0200] "GET /images/footer1_neu.gif HTTP/1.1" 200 58 "http://www.straman.de/" "Mozilla/5.0 (iPhone; CPU iPhone OS 7_1_1 like Mac OS X) AppleWebKit/537.51.2 (KHTML, like Gecko) Version/7.0 Mobile/11D201 Safari/9537.53"
178.255.215.64 - - [19/Jul/2014:14:41:43 +0200] "GET /robots.txt HTTP/1.1" 200 192 "-" "Mozilla/5.0 (compatible; Exabot/3.0; +http://www.exabot.com/go/robot)"
178.255.215.64 - - [19/Jul/2014:14:41:43 +0200] "GET /servicebereiche/winterdienst.html HTTP/1.1" 404 1256 "-" "Mozilla/5.0 (compatible; Exabot/3.0; +http://www.exabot.com/go/robot)"
208.115.113.87 - - [19/Jul/2014:14:55:21 +0200] "GET /component/user/login.html HTTP/1.1" 404 1256 "-" "Mozilla/5.0 (compatible; DotBot/1.1; http://www.opensiteexplorer.org/dotbot, help@moz.com)"
208.115.113.87 - - [19/Jul/2014:14:55:23 +0200] "GET /unternehmen/impressum/58.html HTTP/1.1" 404 1256 "-" "Mozilla/5.0 (compatible; DotBot/1.1; http://www.opensiteexplorer.org/dotbot, help@moz.com)"
93.219.164.35 - - [19/Jul/2014:16:26:59 +0200] "GET / HTTP/1.1" 200 8535 "-" "Mozilla/5.0 (Windows; U; Windows NT 6.0; de; rv:1.9.2.3) Gecko/20100401 Firefox/3.6.3 ( .NET CLR 3.5.30729)"
93.219.164.35 - - [19/Jul/2014:16:27:13 +0200] "GET /seiten/straman_impr.htm HTTP/1.1" 200 5731 "-" "Mozilla/5.0 (Windows; U; Windows NT 6.0; de; rv:1.9.2.3) Gecko/20100401 Firefox/3.6.3 ( .NET CLR 3.5.30729)"
93.219.164.35 - - [19/Jul/2014:16:27:20 +0200] "GET /seiten/straman_jobs.htm HTTP/1.1" 200 5214 "-" "Mozilla/5.0 (Windows; U; Windows NT 6.0; de; rv:1.9.2.3) Gecko/20100401 Firefox/3.6.3 ( .NET CLR 3.5.30729)"
93.219.164.35 - - [19/Jul/2014:16:39:13 +0200] "GET /seiten/sitemap.htm HTTP/1.1" 200 5431 "-" "Mozilla/5.0 (Windows; U; Windows NT 6.0; de; rv:1.9.2.3) Gecko/20100401 Firefox/3.6.3 ( .NET CLR 3.5.30729)"
207.46.13.52 - - [19/Jul/2014:17:22:48 +0200] "GET /unternehmen/historie/58-sitemap.html?tmpl=component&print=1&page= HTTP/1.1" 404 1256 "-" "Mozilla/5.0 (compatible; bingbot/2.0; +http://www.bing.com/bingbot.htm)"
37.58.100.70 - - [19/Jul/2014:17:58:20 +0200] "GET /robots.txt HTTP/1.1" 200 192 "-" "Mozilla/5.0 (compatible; AhrefsBot/5.0; +http://ahrefs.com/robot/)"
85.176.40.175 - - [19/Jul/2014:17:59:29 +0200] "GET / HTTP/1.1" 200 8535 "-" "UserAgent: Apache-HttpClient/release (java 1.5)"
85.176.40.175 - - [19/Jul/2014:17:59:29 +0200] "GET /seiten/straman_impr.htm HTTP/1.1" 200 5731 "-" "UserAgent: Apache-HttpClient/release (java 1.5)"
93.219.164.35 - - [19/Jul/2014:18:01:01 +0200] "GET /seiten/strassenreinigung.htm HTTP/1.1" 200 7046 "-" "Mozilla/5.0 (Windows; U; Windows NT 6.0; de; rv:1.9.2.3) Gecko/20100401 Firefox/3.6.3 ( .NET CLR 3.5.30729)"
93.219.164.35 - - [19/Jul/2014:18:01:11 +0200] "GET /seiten/winterdienst.htm HTTP/1.1" 200 17245 "-" "Mozilla/5.0 (Windows; U; Windows NT 6.0; de; rv:1.9.2.3) Gecko/20100401 Firefox/3.6.3 ( .NET CLR 3.5.30729)"
93.219.164.35 - - [19/Jul/2014:18:01:18 +0200] "GET /seiten/gruenanlagenpflege.htm HTTP/1.1" 200 13533 "-" "Mozilla/5.0 (Windows; U; Windows NT 6.0; de; rv:1.9.2.3) Gecko/20100401 Firefox/3.6.3 ( .NET CLR 3.5.30729)"
93.219.164.35 - - [19/Jul/2014:18:01:28 +0200] "GET /seiten/straman_aktuell.htm HTTP/1.1" 200 5933 "-" "Mozilla/5.0 (Windows; U; Windows NT 6.0; de; rv:1.9.2.3) Gecko/20100401 Firefox/3.6.3 ( .NET CLR 3.5.30729)"
93.219.164.35 - - [19/Jul/2014:18:01:35 +0200] "GET /seiten/straman_gesetze.htm HTTP/1.1" 200 5637 "-" "Mozilla/5.0 (Windows; U; Windows NT 6.0; de; rv:1.9.2.3) Gecko/20100401 Firefox/3.6.3 ( .NET CLR 3.5.30729)"
93.219.164.35 - - [19/Jul/2014:18:01:42 +0200] "GET /seiten/straman_kontakt.php HTTP/1.1" 200 9834 "-" "Mozilla/5.0 (Windows; U; Windows NT 6.0; de; rv:1.9.2.3) Gecko/20100401 Firefox/3.6.3 ( .NET CLR 3.5.30729)"
78.47.103.86 - - [19/Jul/2014:19:18:35 +0200] "POST /index.php?option=com_jce&task=plugin&plugin=imgmanager&file=imgmanager&method=form&cid=20&6bc427c8a7981f4fe1f5ac65c1246b5f=cf6dd3cf1923c950586d0dd595c8e20b HTTP/1.1" 404 1256 "-" "BOT/0.1 (BOT for JCE)"
78.47.103.86 - - [19/Jul/2014:19:18:51 +0200] "GET //images/stories/explore.gif HTTP/1.1" 404 1256 "-" "Mozilla/5.0 (Windows; U; Windows NT 5.1; en-US; rv:1.9.2) Gecko/20100115 Firefox/3.6"
78.47.103.86 - - [19/Jul/2014:19:18:51 +0200] "POST /index.php?option=com_jce&task=plugin&plugin=imgmanager&file=imgmanager&method=form&cid=20&6bc427c8a7981f4fe1f5ac65c1246b5f=cf6dd3cf1923c950586d0dd595c8e20b HTTP/1.1" 404 1256 "-" "BOT/0.1 (BOT for JCE)"
78.47.103.86 - - [19/Jul/2014:19:19:07 +0200] "GET /component/content/article//images/stories/explore.gif HTTP/1.1" 404 1256 "-" "Mozilla/5.0 (Windows; U; Windows NT 5.1; en-US; rv:1.9.2) Gecko/20100115 Firefox/3.6"
157.55.39.123 - - [19/Jul/2014:19:40:32 +0200] "GET / HTTP/1.1" 304 - "-" "Mozilla/5.0 (compatible; bingbot/2.0; +http://www.bing.com/bingbot.htm)"
93.220.75.242 - - [19/Jul/2014:19:48:12 +0200] "GET /templates/gk_penguinmail/favicon.ico HTTP/1.1" 404 1256 "-" "Mozilla/5.0 (Windows NT 6.1; WOW64; rv:30.0) Gecko/20100101 Firefox/30.0"
189.90.240.40 - - [19/Jul/2014:20:00:44 +0200] "POST /index.php?option=com_jce&task=plugin&plugin=imgmanager&file=imgmanager&method=form&cid=20&6bc427c8a7981f4fe1f5ac65c1246b5f=cf6dd3cf1923c950586d0dd595c8e20b HTTP/1.1" 404 1256 "-" "BOT/0.1 (BOT for JCE)"
189.90.240.40 - - [19/Jul/2014:20:01:00 +0200] "GET /component/content/article/58.html&sa=U&ei=D6rKU5X2GZSlyASixoHoBw&ved=0CPUBEBYwKQ&usg=AFQjCNF6ZQxbm7qFneJ-Lqfoo0HNV4ndbA//images/stories/fold.gif HTTP/1.1" 404 1256 "-" "Mozilla/5.0 (Windows; U; Windows NT 5.1; en-US; rv:1.9.2) Gecko/20100115 Firefox/3.6"
189.90.240.40 - - [19/Jul/2014:20:01:01 +0200] "POST /index.php?option=com_jce&task=plugin&plugin=imgmanager&file=imgmanager&method=form&cid=20&6bc427c8a7981f4fe1f5ac65c1246b5f=cf6dd3cf1923c950586d0dd595c8e20b HTTP/1.1" 404 1256 "-" "BOT/0.1 (BOT for JCE)"
189.90.240.40 - - [19/Jul/2014:20:01:17 +0200] "GET //images/stories/fold.gif HTTP/1.1" 404 1256 "-" "Mozilla/5.0 (Windows; U; Windows NT 5.1; en-US; rv:1.9.2) Gecko/20100115 Firefox/3.6"
189.90.240.40 - - [19/Jul/2014:20:01:17 +0200] "POST /index.php?option=com_jce&task=plugin&plugin=imgmanager&file=imgmanager&method=form&cid=20&6bc427c8a7981f4fe1f5ac65c1246b5f=cf6dd3cf1923c950586d0dd595c8e20b HTTP/1.1" 404 1256 "-" "BOT/0.1 (BOT for JCE)"
189.90.240.40 - - [19/Jul/2014:20:01:34 +0200] "GET /component/content/article//images/stories/fold.gif HTTP/1.1" 404 1256 "-" "Mozilla/5.0 (Windows; U; Windows NT 5.1; en-US; rv:1.9.2) Gecko/20100115 Firefox/3.6"
188.40.45.13 - - [19/Jul/2014:20:01:47 +0200] "GET / HTTP/1.0" 200 8535 "-" "Snoopy v1.2.4"
188.40.45.13 - - [19/Jul/2014:20:01:47 +0200] "GET /seiten/strassenreinigung.htm HTTP/1.0" 200 7046 "-" "Snoopy v1.2.4"
188.40.45.13 - - [19/Jul/2014:20:01:47 +0200] "GET /seiten/winterdienst.htm HTTP/1.0" 200 17245 "-" "Snoopy v1.2.4"
188.40.45.13 - - [19/Jul/2014:20:01:47 +0200] "GET /seiten/gruenanlagenpflege.htm HTTP/1.0" 200 13533 "-" "Snoopy v1.2.4"
188.40.45.13 - - [19/Jul/2014:20:01:47 +0200] "GET /seiten/straman_aktuell.htm HTTP/1.0" 200 5933 "-" "Snoopy v1.2.4"
188.40.45.13 - - [19/Jul/2014:20:01:47 +0200] "GET /seiten/straman_gesetze.htm HTTP/1.0" 200 5637 "-" "Snoopy v1.2.4"
188.40.45.13 - - [19/Jul/2014:20:01:47 +0200] "GET /seiten/straman_jobs.htm HTTP/1.0" 200 5214 "-" "Snoopy v1.2.4"
188.40.45.13 - - [19/Jul/2014:20:01:47 +0200] "GET /seiten/straman_kontakt.php HTTP/1.0" 200 9834 "-" "Snoopy v1.2.4"
188.40.45.13 - - [19/Jul/2014:20:01:47 +0200] "GET /seiten/straman_impr.htm HTTP/1.0" 200 5731 "-" "Snoopy v1.2.4"
188.40.45.13 - - [19/Jul/2014:20:01:47 +0200] "GET /seiten/sitemap.htm HTTP/1.0" 200 5431 "-" "Snoopy v1.2.4"
188.40.45.13 - - [19/Jul/2014:20:01:47 +0200] "GET / HTTP/1.0" 200 8535 "-" "Snoopy v1.2.4"
157.55.39.123 - - [19/Jul/2014:20:27:07 +0200] "GET / HTTP/1.1" 200 8535 "-" "Mozilla/5.0 (compatible; bingbot/2.0; +http://www.bing.com/bingbot.htm)"
93.186.202.244 - - [19/Jul/2014:20:27:49 +0200] "GET /unternehmen/impressum.html HTTP/1.1" 404 1256 "-" "Mozilla/5.0 (Windows NT 5.1; rv:21.0) Gecko/20130401 Firefox/21.0"
66.249.74.171 - - [19/Jul/2014:21:04:05 +0200] "GET /robots.txt HTTP/1.1" 200 192 "-" "Mozilla/5.0 (compatible; Googlebot/2.1; +http://www.google.com/bot.html)"
66.249.74.171 - - [19/Jul/2014:21:04:06 +0200] "GET / HTTP/1.1" 200 8535 "-" "Mozilla/5.0 (compatible; Googlebot/2.1; +http://www.google.com/bot.html)"
77.75.77.36 - - [19/Jul/2014:21:24:13 +0200] "GET /robots.txt HTTP/1.1" 200 192 "-" "Mozilla/5.0 (compatible; SeznamBot/3.2; +http://fulltext.sblog.cz/)"
77.75.77.36 - - [19/Jul/2014:21:24:14 +0200] "GET / HTTP/1.1" 200 8535 "-" "Mozilla/5.0 (compatible; SeznamBot/3.2; +http://fulltext.sblog.cz/)"
66.249.74.171 - - [19/Jul/2014:21:44:06 +0200] "GET /documents/Strassenreinigungssatzung_Bernau02_2005.pdf HTTP/1.1" 304 - "-" "Mozilla/5.0 (compatible; Googlebot/2.1; +http://www.google.com/bot.html)"
208.43.225.85 - - [19/Jul/2014:21:50:47 +0200] "GET /robots.txt HTTP/1.1" 200 192 "-" "Mozilla/5.0 (compatible; MSIE 9.0; Windows NT 6.1; WOW64; Trident/5.0; chromeframe/19.0.1084.52)"
208.43.225.85 - - [19/Jul/2014:21:50:51 +0200] "GET /seiten/straman_jobs.htm HTTP/1.1" 200 5214 "-" "Mozilla/5.0 (compatible; MSIE 9.0; Windows NT 6.1; WOW64; Trident/5.0; chromeframe/19.0.1084.52)"
208.43.225.85 - - [19/Jul/2014:21:50:56 +0200] "GET /seiten/straman_gesetze.htm HTTP/1.1" 200 5637 "-" "Mozilla/5.0 (compatible; MSIE 9.0; Windows NT 6.1; WOW64; Trident/5.0; chromeframe/19.0.1084.52)"
208.43.225.85 - - [19/Jul/2014:21:51:01 +0200] "GET / HTTP/1.1" 200 8535 "-" "Mozilla/5.0 (compatible; MSIE 9.0; Windows NT 6.1; WOW64; Trident/5.0; chromeframe/19.0.1084.52)"
93.220.75.242 - - [19/Jul/2014:22:20:30 +0200] "GET /templates/gk_penguinmail/favicon.ico HTTP/1.1" 404 1256 "-" "Mozilla/5.0 (Windows NT 6.1; WOW64; rv:30.0) Gecko/20100101 Firefox/30.0"
157.55.39.123 - - [19/Jul/2014:22:26:44 +0200] "GET /component/mailto/?tmpl=component&link=a6b76f7c709102365fd51002240e448fe1c07c15 HTTP/1.1" 404 1256 "-" "Mozilla/5.0 (compatible; bingbot/2.0; +http://www.bing.com/bingbot.htm)"
66.249.74.171 - - [19/Jul/2014:22:52:41 +0200] "GET /documents/Strassenreinigungssatzung_Schwaneneck.pdf HTTP/1.1" 304 - "-" "Mozilla/5.0 (compatible; Googlebot/2.1; +http://www.google.com/bot.html)"
66.249.74.171 - - [19/Jul/2014:23:54:13 +0200] "GET /documents/Strassenreinigungssatzung_Schwaneneck.pdf HTTP/1.1" 304 - "-" "Mozilla/5.0 (compatible; Googlebot/2.1; +http://www.google.com/bot.html)"
93.220.75.242 - - [19/Jul/2014:23:55:50 +0200] "GET /templates/gk_penguinmail/favicon.ico HTTP/1.1" 404 1256 "-" "Mozilla/5.0 (Windows NT 6.1; WOW64; rv:30.0) Gecko/20100101 Firefox/30.0"
93.220.75.242 - - [19/Jul/2014:23:55:53 +0200] "GET /templates/gk_penguinmail/favicon.ico HTTP/1.1" 404 1256 "-" "Mozilla/5.0 (Windows NT 6.1; WOW64; rv:30.0) Gecko/20100101 Firefox/30.0"
93.220.75.242 - - [20/Jul/2014:00:01:10 +0200] "GET /templates/gk_penguinmail/favicon.ico HTTP/1.1" 404 1256 "-" "Mozilla/5.0 (Windows NT 6.1; WOW64; rv:30.0) Gecko/20100101 Firefox/30.0"
66.249.74.171 - - [20/Jul/2014:00:24:07 +0200] "GET /seiten/gruenanlagenpflege.htm HTTP/1.1" 304 - "-" "Mozilla/5.0 (compatible; Googlebot/2.1; +http://www.google.com/bot.html)"
93.220.75.242 - - [20/Jul/2014:00:29:33 +0200] "GET /templates/gk_penguinmail/favicon.ico HTTP/1.1" 404 1256 "-" "Mozilla/5.0 (Windows NT 6.1; WOW64; rv:30.0) Gecko/20100101 Firefox/30.0"
93.220.75.242 - - [20/Jul/2014:00:32:59 +0200] "GET /templates/gk_penguinmail/favicon.ico HTTP/1.1" 404 1256 "-" "Mozilla/5.0 (Windows NT 6.1; WOW64; rv:30.0) Gecko/20100101 Firefox/30.0"
93.220.75.242 - - [20/Jul/2014:00:33:02 +0200] "GET /templates/gk_penguinmail/favicon.ico HTTP/1.1" 404 1256 "-" "Mozilla/5.0 (Windows NT 6.1; WOW64; rv:30.0) Gecko/20100101 Firefox/30.0"
141.8.147.12 - - [20/Jul/2014:00:38:17 +0200] "GET /robots.txt HTTP/1.1" 200 192 "-" "Mozilla/5.0 (compatible; YandexBot/3.0; +http://yandex.com/bots)"
141.8.147.12 - - [20/Jul/2014:00:47:54 +0200] "GET /index.php?option=com_user&view=login HTTP/1.1" 404 1256 "-" "Mozilla/5.0 (compatible; YandexBot/3.0; +http://yandex.com/bots)"
141.8.147.12 - - [20/Jul/2014:00:59:43 +0200] "GET /component/user/reset.html HTTP/1.1" 404 1256 "-" "Mozilla/5.0 (compatible; YandexBot/3.0; +http://yandex.com/bots)"
66.249.74.171 - - [20/Jul/2014:01:09:51 +0200] "GET /seiten/straman_kontakt.php HTTP/1.1" 200 9834 "-" "Mozilla/5.0 (compatible; Googlebot/2.1; +http://www.google.com/bot.html)"
141.8.147.12 - - [20/Jul/2014:01:19:47 +0200] "GET /component/mailto/?tmpl=component&link=0d980a49ecc516c36b2d6fc67ea6eb75596bed49 HTTP/1.1" 404 1256 "-" "Mozilla/5.0 (compatible; YandexBot/3.0; +http://yandex.com/bots)"
66.249.74.171 - - [20/Jul/2014:02:41:17 +0200] "GET / HTTP/1.1" 200 8535 "-" "Mozilla/5.0 (compatible; Googlebot/2.1; +http://www.google.com/bot.html)"
66.249.74.171 - - [20/Jul/2014:02:52:43 +0200] "GET /documents/grundstueckseigentuemer.pdf HTTP/1.1" 200 37437 "-" "Mozilla/5.0 (compatible; Googlebot/2.1; +http://www.google.com/bot.html)"
157.55.39.149 - - [20/Jul/2014:03:06:56 +0200] "GET /seiten/straman_aktuell.htm HTTP/1.1" 200 5933 "-" "Mozilla/5.0 (compatible; bingbot/2.0; +http://www.bing.com/bingbot.htm)"
141.8.147.12 - - [20/Jul/2014:03:11:37 +0200] "GET /component/content/article/34-garten-und-landschaftsbau/73-privatgartenpflege.html HTTP/1.1" 404 1256 "-" "Mozilla/5.0 (compatible; YandexBot/3.0; +http://yandex.com/bots)"
141.8.147.12 - - [20/Jul/2014:03:41:37 +0200] "GET /imagevideo-straman.html HTTP/1.1" 404 1256 "-" "Mozilla/5.0 (compatible; YandexBot/3.0; +http://yandex.com/bots)"
66.249.74.171 - - [20/Jul/2014:04:07:01 +0200] "GET /servicebereiche/winterdienst/gewerbliche-kunden.html HTTP/1.1" 404 1256 "-" "Mozilla/5.0 (compatible; Googlebot/2.1; +http://www.google.com/bot.html)"
141.8.147.12 - - [20/Jul/2014:04:12:41 +0200] "GET /component/user/register.html HTTP/1.1" 404 1256 "-" "Mozilla/5.0 (compatible; YandexBot/3.0; +http://yandex.com/bots)"
66.249.74.171 - - [20/Jul/2014:04:12:44 +0200] "GET /documents/Strassenreinigungssatzung_Bernau02_2005.pdf HTTP/1.1" 304 - "-" "Mozilla/5.0 (compatible; Googlebot/2.1; +http://www.google.com/bot.html)"
207.46.13.68 - - [20/Jul/2014:05:06:48 +0200] "GET /servicebereiche/gruenanlagenpflege/privatgartenpflege.html HTTP/1.1" 404 1256 "-" "Mozilla/5.0 (compatible; bingbot/2.0; +http://www.bing.com/bingbot.htm)"
81.0.199.226 - - [20/Jul/2014:05:11:24 +0200] "GET / HTTP/1.1" 200 8535 "-" "Mozilla/5.0 (Macintosh; Intel Mac OS X 10.7; rv:22.0) Gecko/20100101 Firefox/22.0"
66.249.74.171 - - [20/Jul/2014:05:15:36 +0200] "GET /servicebereiche/uebersichtgebaeudemanagement/infrastr-gebaeudemanagement.html HTTP/1.1" 404 1256 "-" "Mozilla/5.0 (compatible; Googlebot/2.1; +http://www.google.com/bot.html)"
141.8.147.12 - - [20/Jul/2014:05:26:46 +0200] "GET /component/mailto/?tmpl=component&link=a6b76f7c709102365fd51002240e448fe1c07c15 HTTP/1.1" 404 1256 "-" "Mozilla/5.0 (compatible; YandexBot/3.0; +http://yandex.com/bots)"
66.249.74.171 - - [20/Jul/2014:05:27:02 +0200] "GET /documents/Strassenreinigungssatzung_Schwaneneck.pdf HTTP/1.1" 304 - "-" "Mozilla/5.0 (compatible; Googlebot/2.1; +http://www.google.com/bot.html)"
66.249.74.171 - - [20/Jul/2014:06:12:45 +0200] "GET /seiten/strassenreinigung.htm HTTP/1.1" 200 7046 "-" "Mozilla/5.0 (compatible; Googlebot/2.1; +http://www.google.com/bot.html)"
157.55.39.180 - - [20/Jul/2014:06:28:44 +0200] "GET / HTTP/1.1" 304 - "-" "Mozilla/5.0 (compatible; bingbot/2.0; +http://www.bing.com/bingbot.htm)"
141.8.147.12 - - [20/Jul/2014:06:37:39 +0200] "GET /component/mailto/?tmpl=component&link=ee82906b3774dfb3a06775e2271bd65e13367f06 HTTP/1.1" 404 1256 "-" "Mozilla/5.0 (compatible; YandexBot/3.0; +http://yandex.com/bots)"
66.249.74.171 - - [20/Jul/2014:06:41:20 +0200] "GET /seiten/sitemap.htm HTTP/1.1" 304 - "-" "Mozilla/5.0 (compatible; Googlebot/2.1; +http://www.google.com/bot.html)"
208.43.225.84 - - [20/Jul/2014:07:26:22 +0200] "GET /robots.txt HTTP/1.1" 200 192 "-" "Mozilla/5.0 (compatible; MSIE 9.0; Windows NT 6.1; WOW64; Trident/5.0; chromeframe/19.0.1084.52)"
208.43.225.84 - - [20/Jul/2014:07:26:26 +0200] "GET /seiten/straman_kontakt.php HTTP/1.1" 200 9834 "-" "Mozilla/5.0 (compatible; MSIE 9.0; Windows NT 6.1; WOW64; Trident/5.0; chromeframe/19.0.1084.52)"
66.249.74.171 - - [20/Jul/2014:07:27:03 +0200] "GET /servicebereiche/gruenanlagenpflege/gewerbegruenpflege/58.html HTTP/1.1" 404 1256 "-" "Mozilla/5.0 (compatible; Googlebot/2.1; +http://www.google.com/bot.html)"
66.249.74.171 - - [20/Jul/2014:07:32:46 +0200] "GET /seiten/straman_aktuell.htm HTTP/1.1" 304 - "-" "Mozilla/5.0 (compatible; Googlebot/2.1; +http://www.google.com/bot.html)"
141.8.147.12 - - [20/Jul/2014:07:39:07 +0200] "GET /component/content/article/34-garten-und-landschaftsbau/74-gewerbegruenpflege.html HTTP/1.1" 404 1256 "-" "Mozilla/5.0 (compatible; YandexBot/3.0; +http://yandex.com/bots)"
157.55.39.180 - - [20/Jul/2014:08:12:34 +0200] "GET / HTTP/1.1" 200 8535 "-" "Mozilla/5.0 (compatible; bingbot/2.0; +http://www.bing.com/bingbot.htm)"
141.8.147.12 - - [20/Jul/2014:08:25:45 +0200] "GET /component/mailto/?tmpl=component&link=702a1a6e422c5ba15e180a185e730b1aa464fd79 HTTP/1.1" 404 1256 "-" "Mozilla/5.0 (compatible; YandexBot/3.0; +http://yandex.com/bots)"
66.249.74.171 - - [20/Jul/2014:08:41:23 +0200] "GET / HTTP/1.1" 200 8535 "-" "Mozilla/5.0 (compatible; Googlebot/2.1; +http://www.google.com/bot.html)"
192.99.8.227 - - [20/Jul/2014:08:46:22 +0200] "GET / HTTP/1.1" 200 8535 "http://www.straman.de" "Mozilla/5.0 (Windows NT 6.1; WOW64) AppleWebKit/537.36 (KHTML, like Gecko) Chrome/30.0.1599.101 Safari/537.36"
216.107.155.114 - - [20/Jul/2014:08:51:29 +0200] "GET /robots.txt HTTP/1.0" 200 192 "-" "Mozilla/5.0 (compatible; MJ12bot/v1.4.5; http://www.majestic12.co.uk/bot.php?+)"
216.107.155.114 - - [20/Jul/2014:08:51:30 +0200] "GET / HTTP/1.0" 200 8535 "-" "Mozilla/5.0 (compatible; MJ12bot/v1.4.5; http://www.majestic12.co.uk/bot.php?+)"
141.8.147.12 - - [20/Jul/2014:09:01:08 +0200] "GET /component/mailto/?tmpl=component&link=97f89dec8d3a90a06eaee75083ae45b303687cff HTTP/1.1" 404 1256 "-" "Mozilla/5.0 (compatible; YandexBot/3.0; +http://yandex.com/bots)"
141.8.147.12 - - [20/Jul/2014:09:01:12 +0200] "GET /component/mailto/?tmpl=component&link=2343f1e43209db7cdb1141eecc20370554e33032 HTTP/1.1" 404 1256 "-" "Mozilla/5.0 (compatible; YandexBot/3.0; +http://yandex.com/bots)"
66.249.74.171 - - [20/Jul/2014:09:09:56 +0200] "GET /documents/Strassenreinigungssatzung_Bernau02_2005.pdf HTTP/1.1" 304 - "-" "Mozilla/5.0 (compatible; Googlebot/2.1; +http://www.google.com/bot.html)"
66.249.74.171 - - [20/Jul/2014:09:27:04 +0200] "GET /unternehmen/historie.html HTTP/1.1" 404 1256 "-" "Mozilla/5.0 (compatible; Googlebot/2.1; +http://www.google.com/bot.html)"
141.8.147.12 - - [20/Jul/2014:09:57:26 +0200] "GET /component/mailto/?tmpl=component&link=726895e5e7d17b7be67ff4e091e9066ade89a69f HTTP/1.1" 404 1256 "-" "Mozilla/5.0 (compatible; YandexBot/3.0; +http://yandex.com/bots)"
207.46.13.52 - - [20/Jul/2014:10:21:36 +0200] "GET /kontakt.html HTTP/1.1" 404 1256 "-" "Mozilla/5.0 (compatible; bingbot/2.0; +http://www.bing.com/bingbot.htm)"
37.58.100.76 - - [20/Jul/2014:10:34:14 +0200] "GET /unternehmen/imagevideo-straman.html HTTP/1.1" 404 1256 "-" "Mozilla/5.0 (compatible; AhrefsBot/5.0; +http://ahrefs.com/robot/)"
79.228.254.118 - - [20/Jul/2014:10:50:28 +0200] "GET / HTTP/1.1" 200 8535 "-" "Mozilla/5.0 (Windows NT 6.1; Win64; x64; rv:22.0) Gecko/20130328 Firefox/22.0"
79.228.254.118 - - [20/Jul/2014:10:50:31 +0200] "GET /seiten/straman_jobs.htm HTTP/1.1" 200 5214 "-" "Mozilla/5.0 (Windows NT 6.1; Win64; x64; rv:22.0) Gecko/20130328 Firefox/22.0"
141.8.147.12 - - [20/Jul/2014:10:52:48 +0200] "GET /component/mailto/?tmpl=component&link=2a87d82565abba294ed17a9b5faa7b8e009079f8 HTTP/1.1" 404 1256 "-" "Mozilla/5.0 (compatible; YandexBot/3.0; +http://yandex.com/bots)"
66.249.74.171 - - [20/Jul/2014:10:52:48 +0200] "GET /seiten/gruenanlagenpflege.htm HTTP/1.1" 304 - "-" "Mozilla/5.0 (compatible; Googlebot/2.1; +http://www.google.com/bot.html)"
141.8.147.12 - - [20/Jul/2014:10:56:47 +0200] "GET /component/mailto/?tmpl=component&link=f473ceede78ad8a0f437b3dde14ac133a8a41746 HTTP/1.1" 404 1256 "-" "Mozilla/5.0 (compatible; YandexBot/3.0; +http://yandex.com/bots)"
66.249.74.171 - - [20/Jul/2014:11:09:57 +0200] "GET /servicebereiche/gruenanlagenpflege/privatgartenpflege.html HTTP/1.1" 404 1256 "-" "Mozilla/5.0 (compatible; Googlebot/2.1; +http://www.google.com/bot.html)"
66.249.74.171 - - [20/Jul/2014:11:13:40 +0200] "GET /seiten/straman_gesetze.htm HTTP/1.1" 200 5637 "-" "Mozilla/5.0 (iPhone; CPU iPhone OS 6_0 like Mac OS X) AppleWebKit/536.26 (KHTML, like Gecko) Version/6.0 Mobile/10A5376e Safari/8536.25 (compatible; Googlebot/2.1; +http://www.google.com/bot.html)"
141.8.147.12 - - [20/Jul/2014:11:14:46 +0200] "GET /news/58.html HTTP/1.1" 404 1256 "-" "Mozilla/5.0 (compatible; YandexBot/3.0; +http://yandex.com/bots)"
62.210.215.100 - - [20/Jul/2014:11:40:01 +0200] "GET /index.php?format=feed&type=atom HTTP/1.1" 404 1256 "-" "Mozilla/5.0 (X11; Linux i686) AppleWebKit/537.36 (KHTML, like Gecko) Chrome/30.0.1599.66 Safari/537.36"
66.249.74.171 - - [20/Jul/2014:11:49:57 +0200] "GET /seiten/straman_kontakt.php HTTP/1.1" 200 9834 "-" "Mozilla/5.0 (compatible; Googlebot/2.1; +http://www.google.com/bot.html)"
66.249.74.171 - - [20/Jul/2014:12:43:03 +0200] "GET /seiten/straman_impr.htm HTTP/1.1" 304 - "-" "Mozilla/5.0 (compatible; Googlebot/2.1; +http://www.google.com/bot.html)"
66.249.74.171 - - [20/Jul/2014:13:15:47 +0200] "GET /servicebereiche/uebersichtgebaeudemanagement/58.html HTTP/1.1" 404 1256 "-" "Mozilla/5.0 (compatible; Googlebot/2.1; +http://www.google.com/bot.html)"
66.249.74.171 - - [20/Jul/2014:14:34:21 +0200] "GET /servicebereiche/uebersichtgebaeudemanagement/gebaeudemanagement/58.html HTTP/1.1" 404 1256 "-" "Mozilla/5.0 (compatible; Googlebot/2.1; +http://www.google.com/bot.html)"
37.58.100.133 - - [20/Jul/2014:14:50:59 +0200] "GET /component/content/article/34-garten-und-landschaftsbau/74-gewerbegruenpflege.html HTTP/1.1" 404 1256 "-" "Mozilla/5.0 (compatible; AhrefsBot/5.0; +http://ahrefs.com/robot/)"
217.69.133.194 - - [20/Jul/2014:14:55:48 +0200] "GET /robots.txt HTTP/1.1" 200 192 "-" "Mozilla/5.0 (compatible; Linux x86_64; Mail.RU_Bot/2.0; +http://go.mail.ru/help/robots)"
217.69.133.194 - - [20/Jul/2014:14:55:50 +0200] "GET /servicebereiche/gruenanlagenpflege.html HTTP/1.1" 404 1256 "-" "Mozilla/5.0 (compatible; Linux x86_64; Mail.RU_Bot/2.0; +http://go.mail.ru/help/robots)"
176.57.141.254 - - [20/Jul/2014:15:56:36 +0200] "GET / HTTP/1.1" 200 8535 "-" "Mozilla/5.0 (Macintosh; Intel Mac OS X 10.8; rv:21.0) Gecko/20100101 Firefox/21.0"
176.57.141.254 - - [20/Jul/2014:15:56:39 +0200] "GET /seiten/straman_impr.htm HTTP/1.1" 200 5731 "-" "Mozilla/5.0 (Macintosh; Intel Mac OS X 10_6_8) AppleWebKit/534.58.2 (KHTML, like Gecko) Version/5.1.8 Safari/534.58.2"
176.57.141.254 - - [20/Jul/2014:15:56:39 +0200] "GET /seiten/straman_kontakt.php HTTP/1.1" 200 9834 "-" "Mozilla/5.0 (Windows NT 6.1; rv:21.0) Gecko/20130328 Firefox/21.0"
91.6.76.96 - - [20/Jul/2014:15:58:21 +0200] "GET /seiten/gruenanlagenpflege.htm HTTP/1.1" 200 13533 "-" "Mozilla/5.0 (Windows NT 6.1; WOW64; rv:30.0) Gecko/20100101 Firefox/30.0"
91.6.76.96 - - [20/Jul/2014:15:58:21 +0200] "GET /css/format.css HTTP/1.1" 200 8709 "http://www.straman.de/seiten/gruenanlagenpflege.htm" "Mozilla/5.0 (Windows NT 6.1; WOW64; rv:30.0) Gecko/20100101 Firefox/30.0"
91.6.76.96 - - [20/Jul/2014:15:58:21 +0200] "GET /images/f_1-p.gif HTTP/1.1" 200 43 "http://www.straman.de/seiten/gruenanlagenpflege.htm" "Mozilla/5.0 (Windows NT 6.1; WOW64; rv:30.0) Gecko/20100101 Firefox/30.0"
91.6.76.96 - - [20/Jul/2014:15:58:21 +0200] "GET /images/logo_straman_neu.jpg HTTP/1.1" 200 19228 "http://www.straman.de/seiten/gruenanlagenpflege.htm" "Mozilla/5.0 (Windows NT 6.1; WOW64; rv:30.0) Gecko/20100101 Firefox/30.0"
91.6.76.96 - - [20/Jul/2014:15:58:21 +0200] "GET /images/nav3_4.jpg HTTP/1.1" 200 24093 "http://www.straman.de/seiten/gruenanlagenpflege.htm" "Mozilla/5.0 (Windows NT 6.1; WOW64; rv:30.0) Gecko/20100101 Firefox/30.0"
91.6.76.96 - - [20/Jul/2014:15:58:21 +0200] "GET /images/nav3_1.jpg HTTP/1.1" 200 6891 "http://www.straman.de/seiten/gruenanlagenpflege.htm" "Mozilla/5.0 (Windows NT 6.1; WOW64; rv:30.0) Gecko/20100101 Firefox/30.0"
91.6.76.96 - - [20/Jul/2014:15:58:21 +0200] "GET /images/nav3_3.jpg HTTP/1.1" 200 24661 "http://www.straman.de/seiten/gruenanlagenpflege.htm" "Mozilla/5.0 (Windows NT 6.1; WOW64; rv:30.0) Gecko/20100101 Firefox/30.0"
91.6.76.96 - - [20/Jul/2014:15:58:21 +0200] "GET /images/nav3_2.jpg HTTP/1.1" 200 7241 "http://www.straman.de/seiten/gruenanlagenpflege.htm" "Mozilla/5.0 (Windows NT 6.1; WOW64; rv:30.0) Gecko/20100101 Firefox/30.0"
91.6.76.96 - - [20/Jul/2014:15:58:21 +0200] "GET /images/favicon.ico HTTP/1.1" 200 3638 "-" "Mozilla/5.0 (Windows NT 6.1; WOW64; rv:30.0) Gecko/20100101 Firefox/30.0"
91.6.76.96 - - [20/Jul/2014:15:58:21 +0200] "GET /images/besch_logo.jpg HTTP/1.1" 200 22062 "http://www.straman.de/seiten/gruenanlagenpflege.htm" "Mozilla/5.0 (Windows NT 6.1; WOW64; rv:30.0) Gecko/20100101 Firefox/30.0"
91.6.76.96 - - [20/Jul/2014:15:58:21 +0200] "GET /images/hacken.gif HTTP/1.1" 200 307 "http://www.straman.de/css/format.css" "Mozilla/5.0 (Windows NT 6.1; WOW64; rv:30.0) Gecko/20100101 Firefox/30.0"
91.6.76.96 - - [20/Jul/2014:15:58:21 +0200] "GET /images/footer1_neu.gif HTTP/1.1" 200 58 "http://www.straman.de/css/format.css" "Mozilla/5.0 (Windows NT 6.1; WOW64; rv:30.0) Gecko/20100101 Firefox/30.0"
91.6.76.96 - - [20/Jul/2014:15:58:21 +0200] "GET /images/winkel.gif HTTP/1.1" 200 314 "http://www.straman.de/seiten/gruenanlagenpflege.htm" "Mozilla/5.0 (Windows NT 6.1; WOW64; rv:30.0) Gecko/20100101 Firefox/30.0"
213.220.158.3 - - [20/Jul/2014:16:12:59 +0200] "GET /documents/Strassenreinigungssatzung_Schwaneneck.pdf HTTP/1.1" 200 108696 "http://www.google.de/url?sa=t&rct=j&q=&esrc=s&source=web&cd=2&ved=0CCYQFjAB&url=http%3A%2F%2Fwww.straman.de%2Fdocuments%2FStrassenreinigungssatzung_Schwaneneck.pdf&ei=EM7LU7qGEpKP4gTur4FQ&usg=AFQjCNEqfaTcLdLA97Nd8Uk83h8b4KCYnw" "Mozilla/5.0 (Windows NT 6.1; Trident/7.0; MAMD; rv:11.0) like Gecko"
207.46.13.52 - - [20/Jul/2014:17:03:39 +0200] "GET /index.php HTTP/1.1" 404 1256 "-" "Mozilla/5.0 (compatible; bingbot/2.0; +http://www.bing.com/bingbot.htm)"
66.249.74.171 - - [20/Jul/2014:18:24:56 +0200] "GET / HTTP/1.1" 304 - "-" "SAMSUNG-SGH-E250/1.0 Profile/MIDP-2.0 Configuration/CLDC-1.1 UP.Browser/6.2.3.3.c.1.101 (GUI) MMP/2.0 (compatible; Googlebot-Mobile/2.1; +http://www.google.com/bot.html)"
68.180.224.174 - - [20/Jul/2014:18:31:51 +0200] "GET /robots.txt HTTP/1.1" 200 192 "-" "Mozilla/5.0 (compatible; Yahoo! Slurp; http://help.yahoo.com/help/us/ysearch/slurp)"
68.180.224.174 - - [20/Jul/2014:18:31:51 +0200] "GET /seiten/gruenanlagenpflege.htm HTTP/1.1" 200 13533 "-" "Mozilla/5.0 (compatible; Yahoo! Slurp; http://help.yahoo.com/help/us/ysearch/slurp)"
92.225.81.198 - - [20/Jul/2014:18:57:07 +0200] "GET /documents/Strassenreinigungssatzung_Zepernick.pdf HTTP/1.1" 200 111765 "http://www.google.de/url?sa=t&rct=j&q=&esrc=s&source=web&cd=3&ved=0CDEQFjAC&url=http%3A%2F%2Fwww.straman.de%2Fdocuments%2FStrassenreinigungssatzung_Zepernick.pdf&ei=bfTLU6mNHuWH4gTJnIGABQ&usg=AFQjCNFpcSljQlGXJp_SdJUq4bNFOrW0qA" "Mozilla/5.0 (Windows NT 6.0; WOW64; rv:30.0) Gecko/20100101 Firefox/30.0"
92.225.81.198 - - [20/Jul/2014:18:57:07 +0200] "GET /favicon.ico HTTP/1.1" 404 1256 "-" "Mozilla/5.0 (Windows NT 6.0; WOW64; rv:30.0) Gecko/20100101 Firefox/30.0"
92.225.81.198 - - [20/Jul/2014:18:57:07 +0200] "GET /favicon.ico HTTP/1.1" 404 1256 "-" "Mozilla/5.0 (Windows NT 6.0; WOW64; rv:30.0) Gecko/20100101 Firefox/30.0"
92.225.81.198 - - [20/Jul/2014:18:57:10 +0200] "GET /documents/Strassenreinigungssatzung_Zepernick.pdf HTTP/1.1" 200 111765 "http://www.straman.de/documents/Strassenreinigungssatzung_Zepernick.pdf" "Mozilla/5.0 (Windows NT 6.0; WOW64; rv:30.0) Gecko/20100101 Firefox/30.0"
217.69.133.203 - - [20/Jul/2014:19:31:21 +0200] "GET /robots.txt HTTP/1.1" 200 192 "-" "Mozilla/5.0 (compatible; Linux x86_64; Mail.RU_Bot/2.0; +http://go.mail.ru/help/robots)"
217.69.133.5 - - [20/Jul/2014:19:31:23 +0200] "GET /referenzen/58.html HTTP/1.1" 404 1256 "-" "Mozilla/5.0 (compatible; Linux x86_64; Mail.RU_Bot/2.0; +http://go.mail.ru/help/robots)"
87.162.40.106 - - [20/Jul/2014:19:43:41 +0200] "GET / HTTP/1.1" 200 8535 "-" "Mozilla/5.0 (Windows NT 6.3; WOW64; rv:30.0) Gecko/20100101 Firefox/30.0"
87.162.40.106 - - [20/Jul/2014:19:43:41 +0200] "GET /css/format.css HTTP/1.1" 200 8709 "http://www.straman.de/" "Mozilla/5.0 (Windows NT 6.3; WOW64; rv:30.0) Gecko/20100101 Firefox/30.0"
87.162.40.106 - - [20/Jul/2014:19:43:41 +0200] "GET /scripte/stra_scr.js HTTP/1.1" 200 1580 "http://www.straman.de/" "Mozilla/5.0 (Windows NT 6.3; WOW64; rv:30.0) Gecko/20100101 Firefox/30.0"
87.162.40.106 - - [20/Jul/2014:19:43:41 +0200] "GET /images/favicon.ico HTTP/1.1" 200 3638 "-" "Mozilla/5.0 (Windows NT 6.3; WOW64; rv:30.0) Gecko/20100101 Firefox/30.0"
87.162.40.106 - - [20/Jul/2014:19:43:41 +0200] "GET /images/f_1-p.gif HTTP/1.1" 200 43 "http://www.straman.de/" "Mozilla/5.0 (Windows NT 6.3; WOW64; rv:30.0) Gecko/20100101 Firefox/30.0"
87.162.40.106 - - [20/Jul/2014:19:43:41 +0200] "GET /images/start_1.jpg HTTP/1.1" 200 6732 "http://www.straman.de/" "Mozilla/5.0 (Windows NT 6.3; WOW64; rv:30.0) Gecko/20100101 Firefox/30.0"
87.162.40.106 - - [20/Jul/2014:19:43:41 +0200] "GET /images/start_2.jpg HTTP/1.1" 200 8241 "http://www.straman.de/" "Mozilla/5.0 (Windows NT 6.3; WOW64; rv:30.0) Gecko/20100101 Firefox/30.0"
87.162.40.106 - - [20/Jul/2014:19:43:41 +0200] "GET /images/footer1_neu.gif HTTP/1.1" 200 58 "http://www.straman.de/css/format.css" "Mozilla/5.0 (Windows NT 6.3; WOW64; rv:30.0) Gecko/20100101 Firefox/30.0"
87.162.40.106 - - [20/Jul/2014:19:43:41 +0200] "GET /images/logo_straman_neu.jpg HTTP/1.1" 200 19228 "http://www.straman.de/" "Mozilla/5.0 (Windows NT 6.3; WOW64; rv:30.0) Gecko/20100101 Firefox/30.0"
157.55.39.81 - - [20/Jul/2014:19:56:50 +0200] "GET / HTTP/1.1" 200 8535 "-" "Mozilla/5.0 (compatible; bingbot/2.0; +http://www.bing.com/bingbot.htm)"
81.0.199.226 - - [20/Jul/2014:20:39:01 +0200] "GET / HTTP/1.1" 200 8535 "-" "Mozilla/5.0 (Macintosh; Intel Mac OS X 10.7; rv:22.0) Gecko/20100101 Firefox/22.0"
188.100.79.15 - - [20/Jul/2014:20:52:16 +0200] "GET /seiten/gruenanlagenpflege.htm HTTP/1.1" 200 13533 "https://www.google.de/" "Mozilla/5.0 (iPhone; CPU iPhone OS 7_1_2 like Mac OS X) AppleWebKit/537.51.2 (KHTML, like Gecko) Version/7.0 Mobile/11D257 Safari/9537.53"
188.100.79.15 - - [20/Jul/2014:20:52:16 +0200] "GET /css/format.css HTTP/1.1" 200 8709 "http://www.straman.de/seiten/gruenanlagenpflege.htm" "Mozilla/5.0 (iPhone; CPU iPhone OS 7_1_2 like Mac OS X) AppleWebKit/537.51.2 (KHTML, like Gecko) Version/7.0 Mobile/11D257 Safari/9537.53"
188.100.79.15 - - [20/Jul/2014:20:52:16 +0200] "GET /images/f_1-p.gif HTTP/1.1" 200 43 "http://www.straman.de/seiten/gruenanlagenpflege.htm" "Mozilla/5.0 (iPhone; CPU iPhone OS 7_1_2 like Mac OS X) AppleWebKit/537.51.2 (KHTML, like Gecko) Version/7.0 Mobile/11D257 Safari/9537.53"
188.100.79.15 - - [20/Jul/2014:20:52:17 +0200] "GET /images/nav3_2.jpg HTTP/1.1" 200 7241 "http://www.straman.de/seiten/gruenanlagenpflege.htm" "Mozilla/5.0 (iPhone; CPU iPhone OS 7_1_2 like Mac OS X) AppleWebKit/537.51.2 (KHTML, like Gecko) Version/7.0 Mobile/11D257 Safari/9537.53"
188.100.79.15 - - [20/Jul/2014:20:52:17 +0200] "GET /images/hacken.gif HTTP/1.1" 200 307 "http://www.straman.de/seiten/gruenanlagenpflege.htm" "Mozilla/5.0 (iPhone; CPU iPhone OS 7_1_2 like Mac OS X) AppleWebKit/537.51.2 (KHTML, like Gecko) Version/7.0 Mobile/11D257 Safari/9537.53"
188.100.79.15 - - [20/Jul/2014:20:52:17 +0200] "GET /images/winkel.gif HTTP/1.1" 200 314 "http://www.straman.de/seiten/gruenanlagenpflege.htm" "Mozilla/5.0 (iPhone; CPU iPhone OS 7_1_2 like Mac OS X) AppleWebKit/537.51.2 (KHTML, like Gecko) Version/7.0 Mobile/11D257 Safari/9537.53"
188.100.79.15 - - [20/Jul/2014:20:52:17 +0200] "GET /images/nav3_1.jpg HTTP/1.1" 200 6891 "http://www.straman.de/seiten/gruenanlagenpflege.htm" "Mozilla/5.0 (iPhone; CPU iPhone OS 7_1_2 like Mac OS X) AppleWebKit/537.51.2 (KHTML, like Gecko) Version/7.0 Mobile/11D257 Safari/9537.53"
188.100.79.15 - - [20/Jul/2014:20:52:17 +0200] "GET /images/nav3_3.jpg HTTP/1.1" 200 24661 "http://www.straman.de/seiten/gruenanlagenpflege.htm" "Mozilla/5.0 (iPhone; CPU iPhone OS 7_1_2 like Mac OS X) AppleWebKit/537.51.2 (KHTML, like Gecko) Version/7.0 Mobile/11D257 Safari/9537.53"
188.100.79.15 - - [20/Jul/2014:20:52:17 +0200] "GET /images/logo_straman_neu.jpg HTTP/1.1" 200 19228 "http://www.straman.de/seiten/gruenanlagenpflege.htm" "Mozilla/5.0 (iPhone; CPU iPhone OS 7_1_2 like Mac OS X) AppleWebKit/537.51.2 (KHTML, like Gecko) Version/7.0 Mobile/11D257 Safari/9537.53"
188.100.79.15 - - [20/Jul/2014:20:52:17 +0200] "GET /images/footer1_neu.gif HTTP/1.1" 200 58 "http://www.straman.de/seiten/gruenanlagenpflege.htm" "Mozilla/5.0 (iPhone; CPU iPhone OS 7_1_2 like Mac OS X) AppleWebKit/537.51.2 (KHTML, like Gecko) Version/7.0 Mobile/11D257 Safari/9537.53"
188.100.79.15 - - [20/Jul/2014:20:52:17 +0200] "GET /images/besch_logo.jpg HTTP/1.1" 200 22062 "http://www.straman.de/seiten/gruenanlagenpflege.htm" "Mozilla/5.0 (iPhone; CPU iPhone OS 7_1_2 like Mac OS X) AppleWebKit/537.51.2 (KHTML, like Gecko) Version/7.0 Mobile/11D257 Safari/9537.53"
188.100.79.15 - - [20/Jul/2014:20:52:17 +0200] "GET /images/nav3_4.jpg HTTP/1.1" 200 24093 "http://www.straman.de/seiten/gruenanlagenpflege.htm" "Mozilla/5.0 (iPhone; CPU iPhone OS 7_1_2 like Mac OS X) AppleWebKit/537.51.2 (KHTML, like Gecko) Version/7.0 Mobile/11D257 Safari/9537.53"
178.77.126.55 - - [20/Jul/2014:22:11:55 +0200] "GET /robots.txt HTTP/1.1" 200 192 "-" "Mozilla/5.0 (compatible; CareerBot/1.1; +http://www.career-x.de/bot.html)"
178.77.126.55 - - [20/Jul/2014:22:11:55 +0200] "GET / HTTP/1.1" 200 8535 "-" "Mozilla/5.0 (compatible; CareerBot/1.1; +http://www.career-x.de/bot.html)"
207.46.13.52 - - [20/Jul/2014:22:23:18 +0200] "GET /servicebereiche/winterdienst/58.html HTTP/1.1" 404 1256 "-" "Mozilla/5.0 (compatible; bingbot/2.0; +http://www.bing.com/bingbot.htm)"
207.46.13.68 - - [20/Jul/2014:22:38:51 +0200] "GET /robots.txt HTTP/1.1" 200 192 "-" "Mozilla/5.0 (compatible; bingbot/2.0; +http://www.bing.com/bingbot.htm)"
66.249.81.27 - - [20/Jul/2014:22:55:50 +0200] "GET / HTTP/1.1" 200 8535 "-" "Mozilla/5.0 (Windows NT 6.1; rv:6.0) Gecko/20110814 Firefox/6.0 Google favicon"
66.249.81.27 - - [20/Jul/2014:22:55:50 +0200] "GET /images/favicon.ico HTTP/1.1" 200 3638 "-" "Mozilla/5.0 (Windows NT 6.1; rv:6.0) Gecko/20110814 Firefox/6.0 Google favicon"
207.46.13.68 - - [20/Jul/2014:23:14:13 +0200] "GET /unternehmen/imagevideo-straman/58-sitemap.html?tmpl=component&print=1&page= HTTP/1.1" 404 1256 "-" "Mozilla/5.0 (compatible; bingbot/2.0; +http://www.bing.com/bingbot.htm)"
157.55.39.52 - - [21/Jul/2014:00:26:09 +0200] "GET /index.php?format=feed&type=atom HTTP/1.1" 404 1256 "-" "Mozilla/5.0 (compatible; bingbot/2.0; +http://www.bing.com/bingbot.htm)"
141.8.147.12 - - [21/Jul/2014:02:28:02 +0200] "GET /robots.txt HTTP/1.1" 200 192 "-" "Mozilla/5.0 (compatible; YandexBot/3.0; +http://yandex.com/bots)"
188.138.41.137 - - [21/Jul/2014:02:41:18 +0200] "GET /robots.txt HTTP/1.1" 200 192 "-" "Mozilla/5.0 (X11; U; Linux i686; de; rv:1.9.0.1; compatible; iCjobs Stellenangebote Jobs; http://www.icjobs.de) Gecko/20100401 iCjobs/3.2.3"
188.138.41.137 - - [21/Jul/2014:02:41:18 +0200] "GET / HTTP/1.1" 200 8535 "-" "Mozilla/5.0 (X11; U; Linux i686; de; rv:1.9.0.1; compatible; iCjobs Stellenangebote Jobs; http://www.icjobs.de) Gecko/20100401 iCjobs/3.2.3"
188.138.41.137 - - [21/Jul/2014:02:41:18 +0200] "GET / HTTP/1.1" 200 8535 "-" "Mozilla/5.0 (X11; U; Linux i686; de; rv:1.9.0.1; compatible; iCjobs Stellenangebote Jobs; http://www.icjobs.de) Gecko/20100401 iCjobs/3.2.3"
188.138.41.137 - - [21/Jul/2014:02:41:19 +0200] "GET /scripte/stra_scr.js HTTP/1.1" 200 1580 "-" "Mozilla/5.0 (X11; U; Linux i686; de; rv:1.9.0.1; compatible; iCjobs Stellenangebote Jobs; http://www.icjobs.de) Gecko/20100401 iCjobs/3.2.3"
188.138.41.137 - - [21/Jul/2014:02:41:32 +0200] "GET /seiten/straman_jobs.htm HTTP/1.1" 200 5214 "-" "Mozilla/5.0 (X11; U; Linux i686; de; rv:1.9.0.1; compatible; iCjobs Stellenangebote Jobs; http://www.icjobs.de) Gecko/20100401 iCjobs/3.2.3"
188.138.41.137 - - [21/Jul/2014:02:42:33 +0200] "GET /seiten/straman_kontakt.php HTTP/1.1" 200 9834 "-" "Mozilla/5.0 (X11; U; Linux i686; de; rv:1.9.0.1; compatible; iCjobs Stellenangebote Jobs; http://www.icjobs.de) Gecko/20100401 iCjobs/3.2.3"
188.138.41.137 - - [21/Jul/2014:02:42:48 +0200] "GET /seiten/sitemap.htm HTTP/1.1" 200 5431 "-" "Mozilla/5.0 (X11; U; Linux i686; de; rv:1.9.0.1; compatible; iCjobs Stellenangebote Jobs; http://www.icjobs.de) Gecko/20100401 iCjobs/3.2.3"
188.138.41.137 - - [21/Jul/2014:02:43:09 +0200] "GET /seiten/straman_aktuell.htm HTTP/1.1" 200 5933 "-" "Mozilla/5.0 (X11; U; Linux i686; de; rv:1.9.0.1; compatible; iCjobs Stellenangebote Jobs; http://www.icjobs.de) Gecko/20100401 iCjobs/3.2.3"
188.138.41.137 - - [21/Jul/2014:02:43:28 +0200] "GET /seiten/strassenreinigung.htm HTTP/1.1" 200 7046 "-" "Mozilla/5.0 (X11; U; Linux i686; de; rv:1.9.0.1; compatible; iCjobs Stellenangebote Jobs; http://www.icjobs.de) Gecko/20100401 iCjobs/3.2.3"
188.138.41.137 - - [21/Jul/2014:02:43:36 +0200] "GET /seiten/winterdienst.htm HTTP/1.1" 200 17245 "-" "Mozilla/5.0 (X11; U; Linux i686; de; rv:1.9.0.1; compatible; iCjobs Stellenangebote Jobs; http://www.icjobs.de) Gecko/20100401 iCjobs/3.2.3"
188.138.41.137 - - [21/Jul/2014:02:44:01 +0200] "GET /documents/Mustervertrag_WD_Leistg_Besch_GmbH_Straman.pdf HTTP/1.1" 200 47063 "-" "Mozilla/5.0 (X11; U; Linux i686; de; rv:1.9.0.1; compatible; iCjobs Stellenangebote Jobs; http://www.icjobs.de) Gecko/20100401 iCjobs/3.2.3"
188.138.41.137 - - [21/Jul/2014:02:44:03 +0200] "GET /documents/Mustervertrag_WD_Leistg_Besch_GmbH_Straman.pdf HTTP/1.1" 200 47063 "-" "Java/1.6.0_10-rc"
