87.142.99.32 - - [19/Mar/2013:08:37:44 +0100] "GET /uns.html HTTP/1.1" 200 3735 "http://www.witerra-bau.de/impressum.html" "Mozilla/5.0 (Windows NT 5.1) AppleWebKit/537.22 (KHTML, like Gecko) Chrome/25.0.1364.172 Safari/537.22"
87.142.99.32 - - [19/Mar/2013:08:37:46 +0100] "GET /index.html HTTP/1.1" 200 4286 "http://www.witerra-bau.de/uns.html" "Mozilla/5.0 (Windows NT 5.1) AppleWebKit/537.22 (KHTML, like Gecko) Chrome/25.0.1364.172 Safari/537.22"
87.142.99.32 - - [19/Mar/2013:08:37:54 +0100] "GET /leistungen.html HTTP/1.1" 200 3736 "http://www.witerra-bau.de/index.html" "Mozilla/5.0 (Windows NT 5.1) AppleWebKit/537.22 (KHTML, like Gecko) Chrome/25.0.1364.172 Safari/537.22"
87.142.99.32 - - [19/Mar/2013:08:37:57 +0100] "GET /partner.html HTTP/1.1" 200 4178 "http://www.witerra-bau.de/leistungen.html" "Mozilla/5.0 (Windows NT 5.1) AppleWebKit/537.22 (KHTML, like Gecko) Chrome/25.0.1364.172 Safari/537.22"
157.55.35.46 - - [19/Mar/2013:09:43:53 +0100] "GET /robots.txt HTTP/1.1" 404 - "-" "Mozilla/5.0 (compatible; bingbot/2.0; +http://www.bing.com/bingbot.htm)"
157.55.35.46 - - [19/Mar/2013:09:45:52 +0100] "GET /impressum.html HTTP/1.1" 200 5433 "-" "Mozilla/5.0 (compatible; bingbot/2.0; +http://www.bing.com/bingbot.htm)"
157.55.33.47 - - [19/Mar/2013:09:47:22 +0100] "GET / HTTP/1.1" 200 4286 "-" "Mozilla/5.0 (compatible; bingbot/2.0; +http://www.bing.com/bingbot.htm)"
208.115.111.74 - - [19/Mar/2013:10:30:37 +0100] "GET /robots.txt HTTP/1.1" 404 - "-" "Mozilla/5.0 (compatible; Ezooms/1.0; ezooms.bot@gmail.com)"
208.115.111.74 - - [19/Mar/2013:12:24:33 +0100] "GET /uns.html HTTP/1.1" 200 3735 "-" "Mozilla/5.0 (compatible; Ezooms/1.0; ezooms.bot@gmail.com)"
157.55.33.47 - - [19/Mar/2013:17:14:08 +0100] "GET /robots.txt HTTP/1.1" 404 - "-" "Mozilla/5.0 (compatible; bingbot/2.0; +http://www.bing.com/bingbot.htm)"
157.55.33.47 - - [19/Mar/2013:17:15:28 +0100] "GET / HTTP/1.1" 200 4286 "-" "Mozilla/5.0 (compatible; bingbot/2.0; +http://www.bing.com/bingbot.htm)"
157.55.35.46 - - [19/Mar/2013:17:53:02 +0100] "GET /uns.html HTTP/1.1" 304 - "-" "Mozilla/5.0 (compatible; bingbot/2.0; +http://www.bing.com/bingbot.htm)"
66.249.76.232 - - [19/Mar/2013:21:22:14 +0100] "GET /robots.txt HTTP/1.1" 404 - "-" "Mozilla/5.0 (compatible; Googlebot/2.1; +http://www.google.com/bot.html)"
66.249.76.232 - - [19/Mar/2013:21:22:14 +0100] "GET / HTTP/1.1" 200 4286 "-" "Mozilla/5.0 (iPhone; U; CPU iPhone OS 4_1 like Mac OS X; en-us) AppleWebKit/532.9 (KHTML, like Gecko) Version/4.0.5 Mobile/8B117 Safari/6531.22.7 (compatible; Googlebot-Mobile/2.1; +http://www.google.com/bot.html)"
81.30.151.222 - - [20/Mar/2013:02:04:01 +0100] "GET /robots.txt HTTP/1.1" 404 - "-" "Mozilla/5.0 (compatible; Spiderlytics/1.0; +spider@spiderlytics.com)"
81.30.151.222 - - [20/Mar/2013:02:04:01 +0100] "GET / HTTP/1.1" 200 4286 "-" "Mozilla/5.0 (compatible; Spiderlytics/1.0; +spider@spiderlytics.com)"
66.249.76.232 - - [20/Mar/2013:03:13:56 +0100] "GET /robots.txt HTTP/1.1" 404 - "-" "Mozilla/5.0 (compatible; Googlebot/2.1; +http://www.google.com/bot.html)"
66.249.76.232 - - [20/Mar/2013:03:13:56 +0100] "GET /impressum.html HTTP/1.1" 304 - "-" "Mozilla/5.0 (compatible; Googlebot/2.1; +http://www.google.com/bot.html)"
66.249.76.232 - - [20/Mar/2013:03:47:58 +0100] "GET /leistungen.html HTTP/1.1" 304 - "-" "Mozilla/5.0 (compatible; Googlebot/2.1; +http://www.google.com/bot.html)"
157.56.93.214 - - [20/Mar/2013:05:14:56 +0100] "GET /robots.txt HTTP/1.1" 404 - "-" "Mozilla/5.0 (compatible; bingbot/2.0; +http://www.bing.com/bingbot.htm)"
157.56.93.214 - - [20/Mar/2013:05:17:13 +0100] "GET / HTTP/1.1" 200 4286 "-" "Mozilla/5.0 (compatible; bingbot/2.0; +http://www.bing.com/bingbot.htm)"
208.115.111.74 - - [20/Mar/2013:10:27:37 +0100] "GET /robots.txt HTTP/1.1" 404 - "-" "Mozilla/5.0 (compatible; Ezooms/1.0; ezooms.bot@gmail.com)"
208.115.111.74 - - [20/Mar/2013:12:25:41 +0100] "GET /kontakt.html HTTP/1.1" 200 5104 "-" "Mozilla/5.0 (compatible; Ezooms/1.0; ezooms.bot@gmail.com)"
157.55.36.45 - - [20/Mar/2013:12:45:31 +0100] "GET /robots.txt HTTP/1.1" 404 - "-" "Mozilla/5.0 (compatible; bingbot/2.0; +http://www.bing.com/bingbot.htm)"
157.55.36.45 - - [20/Mar/2013:12:47:15 +0100] "GET /partner.html HTTP/1.1" 304 - "-" "Mozilla/5.0 (compatible; bingbot/2.0; +http://www.bing.com/bingbot.htm)"
66.249.76.232 - - [20/Mar/2013:15:58:17 +0100] "GET /robots.txt HTTP/1.1" 404 - "-" "Mozilla/5.0 (compatible; Googlebot/2.1; +http://www.google.com/bot.html)"
66.249.76.232 - - [20/Mar/2013:15:58:18 +0100] "GET /uns.html HTTP/1.1" 304 - "-" "Mozilla/5.0 (compatible; Googlebot/2.1; +http://www.google.com/bot.html)"
157.55.35.46 - - [20/Mar/2013:17:13:41 +0100] "GET /robots.txt HTTP/1.1" 404 - "-" "Mozilla/5.0 (compatible; bingbot/2.0; +http://www.bing.com/bingbot.htm)"
157.56.93.214 - - [20/Mar/2013:17:15:46 +0100] "GET / HTTP/1.1" 200 4286 "-" "Mozilla/5.0 (compatible; bingbot/2.0; +http://www.bing.com/bingbot.htm)"
157.56.93.214 - - [20/Mar/2013:17:15:46 +0100] "GET / HTTP/1.1" 200 4286 "-" "Mozilla/5.0 (compatible; bingbot/2.0; +http://www.bing.com/bingbot.htm)"
157.55.35.46 - - [20/Mar/2013:17:17:23 +0100] "GET /uns.html HTTP/1.1" 200 3735 "-" "Mozilla/5.0 (compatible; bingbot/2.0; +http://www.bing.com/bingbot.htm)"
157.55.33.17 - - [20/Mar/2013:17:37:47 +0100] "GET /leistungen.html HTTP/1.1" 200 3736 "-" "Mozilla/5.0 (compatible; bingbot/2.0; +http://www.bing.com/bingbot.htm)"
157.55.36.45 - - [20/Mar/2013:17:41:46 +0100] "GET /kontakt.html HTTP/1.1" 200 5104 "-" "Mozilla/5.0 (compatible; bingbot/2.0; +http://www.bing.com/bingbot.htm)"
157.55.36.45 - - [20/Mar/2013:17:41:46 +0100] "GET /index.html HTTP/1.1" 200 4286 "-" "Mozilla/5.0 (compatible; bingbot/2.0; +http://www.bing.com/bingbot.htm)"
157.55.36.45 - - [20/Mar/2013:17:41:48 +0100] "GET /partner.html HTTP/1.1" 200 4178 "-" "Mozilla/5.0 (compatible; bingbot/2.0; +http://www.bing.com/bingbot.htm)"
80.187.106.113 - - [20/Mar/2013:18:04:59 +0100] "GET /impressum.html HTTP/1.1" 200 5433 "http://www.google.de/url?sa=t&rct=j&q=witerra%20gmbh&source=web&cd=2&sqi=2&ved=0CDcQFjAB&url=http%3A%2F%2Fwww.witerra-bau.de%2Fimpressum.html&ei=EuxJUa3fLsSQtQa5nYG4CQ&usg=AFQjCNE4aTIFvP6UqNbn2CeA0tG1IVDFeA&bvm=bv.44011176,d.Yms" "Mozilla/5.0 (compatible; MSIE 9.0; Windows NT 6.1; Win64; x64; Trident/5.0)"
80.187.106.113 - - [20/Mar/2013:18:04:59 +0100] "GET /css/style.css HTTP/1.1" 200 1702 "http://www.witerra-bau.de/impressum.html" "Mozilla/5.0 (compatible; MSIE 9.0; Windows NT 6.1; Win64; x64; Trident/5.0)"
80.187.106.113 - - [20/Mar/2013:18:04:59 +0100] "GET /js/libs/modernizr-2.5.3.min.js HTTP/1.1" 200 15274 "http://www.witerra-bau.de/impressum.html" "Mozilla/5.0 (compatible; MSIE 9.0; Windows NT 6.1; Win64; x64; Trident/5.0)"
80.187.106.113 - - [20/Mar/2013:18:05:00 +0100] "GET /js/plugins.js HTTP/1.1" 200 898 "http://www.witerra-bau.de/impressum.html" "Mozilla/5.0 (compatible; MSIE 9.0; Windows NT 6.1; Win64; x64; Trident/5.0)"
80.187.106.113 - - [20/Mar/2013:18:05:00 +0100] "GET /images/footer.png HTTP/1.1" 200 518 "http://www.witerra-bau.de/impressum.html" "Mozilla/5.0 (compatible; MSIE 9.0; Windows NT 6.1; Win64; x64; Trident/5.0)"
80.187.106.113 - - [20/Mar/2013:18:05:00 +0100] "GET /images/textfeld.png HTTP/1.1" 200 1758 "http://www.witerra-bau.de/impressum.html" "Mozilla/5.0 (compatible; MSIE 9.0; Windows NT 6.1; Win64; x64; Trident/5.0)"
80.187.106.113 - - [20/Mar/2013:18:05:00 +0100] "GET /images/header.png HTTP/1.1" 200 27758 "http://www.witerra-bau.de/impressum.html" "Mozilla/5.0 (compatible; MSIE 9.0; Windows NT 6.1; Win64; x64; Trident/5.0)"
80.187.106.113 - - [20/Mar/2013:18:05:00 +0100] "GET /favicon.ico HTTP/1.1" 200 539038 "-" "Mozilla/5.0 (compatible; MSIE 9.0; Windows NT 6.1; Win64; x64; Trident/5.0)"
80.187.106.113 - - [20/Mar/2013:18:05:35 +0100] "GET /referenzen.html HTTP/1.1" 200 3962 "http://www.witerra-bau.de/impressum.html" "Mozilla/5.0 (compatible; MSIE 9.0; Windows NT 6.1; Win64; x64; Trident/5.0)"
80.187.106.113 - - [20/Mar/2013:18:05:38 +0100] "GET /partner.html HTTP/1.1" 200 4178 "http://www.witerra-bau.de/referenzen.html" "Mozilla/5.0 (compatible; MSIE 9.0; Windows NT 6.1; Win64; x64; Trident/5.0)"
80.187.106.113 - - [20/Mar/2013:18:05:50 +0100] "GET /leistungen.html HTTP/1.1" 200 3736 "http://www.witerra-bau.de/partner.html" "Mozilla/5.0 (compatible; MSIE 9.0; Windows NT 6.1; Win64; x64; Trident/5.0)"
80.187.106.113 - - [20/Mar/2013:18:05:54 +0100] "GET /kontakt.html HTTP/1.1" 200 5104 "http://www.witerra-bau.de/leistungen.html" "Mozilla/5.0 (compatible; MSIE 9.0; Windows NT 6.1; Win64; x64; Trident/5.0)"
80.187.106.113 - - [20/Mar/2013:18:05:54 +0100] "GET /captcha/captcha.php HTTP/1.1" 200 4272 "http://www.witerra-bau.de/kontakt.html" "Mozilla/5.0 (compatible; MSIE 9.0; Windows NT 6.1; Win64; x64; Trident/5.0)"
80.187.106.113 - - [20/Mar/2013:18:06:00 +0100] "GET /uns.html HTTP/1.1" 200 3735 "http://www.witerra-bau.de/impressum.html" "Mozilla/5.0 (compatible; MSIE 9.0; Windows NT 6.1; Win64; x64; Trident/5.0)"
80.187.106.113 - - [20/Mar/2013:18:06:02 +0100] "GET /index.html HTTP/1.1" 200 4286 "http://www.witerra-bau.de/uns.html" "Mozilla/5.0 (compatible; MSIE 9.0; Windows NT 6.1; Win64; x64; Trident/5.0)"
80.187.106.113 - - [20/Mar/2013:18:06:03 +0100] "GET /images/bilder.png HTTP/1.1" 200 175856 "http://www.witerra-bau.de/index.html" "Mozilla/5.0 (compatible; MSIE 9.0; Windows NT 6.1; Win64; x64; Trident/5.0)"
80.187.106.113 - - [20/Mar/2013:18:06:28 +0100] "GET /captcha/captcha.php HTTP/1.1" 200 4391 "http://www.witerra-bau.de/kontakt.html" "Mozilla/5.0 (compatible; MSIE 9.0; Windows NT 6.1; Win64; x64; Trident/5.0)"
66.249.76.232 - - [20/Mar/2013:23:53:25 +0100] "GET /robots.txt HTTP/1.1" 404 - "-" "Mozilla/5.0 (compatible; Googlebot/2.1; +http://www.google.com/bot.html)"
66.249.76.232 - - [20/Mar/2013:23:53:25 +0100] "GET / HTTP/1.1" 304 - "-" "Mozilla/5.0 (compatible; Googlebot/2.1; +http://www.google.com/bot.html)"
81.30.151.222 - - [21/Mar/2013:03:51:58 +0100] "GET /robots.txt HTTP/1.1" 404 - "-" "Mozilla/5.0 (compatible; Spiderlytics/1.0; +spider@spiderlytics.com)"
157.56.93.214 - - [21/Mar/2013:05:30:19 +0100] "GET /robots.txt HTTP/1.1" 404 - "-" "Mozilla/5.0 (compatible; bingbot/2.0; +http://www.bing.com/bingbot.htm)"
157.56.93.214 - - [21/Mar/2013:05:32:31 +0100] "GET / HTTP/1.1" 200 4286 "-" "Mozilla/5.0 (compatible; bingbot/2.0; +http://www.bing.com/bingbot.htm)"
66.249.76.232 - - [21/Mar/2013:05:36:58 +0100] "GET /partner.html HTTP/1.1" 304 - "-" "Mozilla/5.0 (compatible; Googlebot/2.1; +http://www.google.com/bot.html)"
208.115.111.74 - - [21/Mar/2013:06:27:47 +0100] "GET /robots.txt HTTP/1.1" 404 - "-" "Mozilla/5.0 (compatible; Ezooms/1.0; ezooms.bot@gmail.com)"
66.249.76.232 - - [21/Mar/2013:07:52:37 +0100] "GET /impressum.html HTTP/1.1" 304 - "-" "Mozilla/5.0 (compatible; Googlebot/2.1; +http://www.google.com/bot.html)"
208.115.111.74 - - [21/Mar/2013:08:25:55 +0100] "GET /partner.html HTTP/1.1" 200 4178 "-" "Mozilla/5.0 (compatible; Ezooms/1.0; ezooms.bot@gmail.com)"
199.30.20.92 - - [21/Mar/2013:10:46:06 +0100] "GET /robots.txt HTTP/1.1" 404 - "-" "msnbot-media/1.1 (+http://search.msn.com/msnbot.htm)"
199.30.20.92 - - [21/Mar/2013:10:46:06 +0100] "GET /captcha/captcha.php HTTP/1.1" 200 4386 "-" "msnbot-media/1.1 (+http://search.msn.com/msnbot.htm)"
141.15.33.1 - - [21/Mar/2013:13:06:19 +0100] "GET /impressum.html HTTP/1.1" 200 5433 "http://www.google.de/url?sa=t&rct=j&q=witerra%20gmbh%20berlin&source=web&cd=1&ved=0CDAQFjAA&url=http%3A%2F%2Fwww.witerra-bau.de%2Fimpressum.html&ei=ifdKUbOYINDSsgaWhoG4Dg&usg=AFQjCNE4aTIFvP6UqNbn2CeA0tG1IVDFeA&bvm=bv.44158598,d.Yms" "Mozilla/4.0 (compatible; MSIE 8.0; Windows NT 5.2; Trident/4.0; .NET CLR 1.1.4322; .NET CLR 2.0.50727; .NET CLR 3.0.04506.30; InfoPath.1; .NET CLR 3.0.04506.648; .NET CLR 3.0.4506.2152; .NET CLR 3.5.30729; MS-RTC LM 8)"
141.15.33.1 - - [21/Mar/2013:13:06:19 +0100] "GET /js/libs/modernizr-2.5.3.min.js HTTP/1.1" 200 15274 "http://www.witerra-bau.de/impressum.html" "Mozilla/4.0 (compatible; MSIE 8.0; Windows NT 5.2; Trident/4.0; .NET CLR 1.1.4322; .NET CLR 2.0.50727; .NET CLR 3.0.04506.30; InfoPath.1; .NET CLR 3.0.04506.648; .NET CLR 3.0.4506.2152; .NET CLR 3.5.30729; MS-RTC LM 8)"
141.15.33.1 - - [21/Mar/2013:13:06:19 +0100] "GET /css/style.css HTTP/1.1" 200 1702 "http://www.witerra-bau.de/impressum.html" "Mozilla/4.0 (compatible; MSIE 8.0; Windows NT 5.2; Trident/4.0; .NET CLR 1.1.4322; .NET CLR 2.0.50727; .NET CLR 3.0.04506.30; InfoPath.1; .NET CLR 3.0.04506.648; .NET CLR 3.0.4506.2152; .NET CLR 3.5.30729; MS-RTC LM 8)"
141.15.33.1 - - [21/Mar/2013:13:06:19 +0100] "GET /images/textfeld.png HTTP/1.1" 200 1758 "http://www.witerra-bau.de/impressum.html" "Mozilla/4.0 (compatible; MSIE 8.0; Windows NT 5.2; Trident/4.0; .NET CLR 1.1.4322; .NET CLR 2.0.50727; .NET CLR 3.0.04506.30; InfoPath.1; .NET CLR 3.0.04506.648; .NET CLR 3.0.4506.2152; .NET CLR 3.5.30729; MS-RTC LM 8)"
141.15.33.1 - - [21/Mar/2013:13:06:19 +0100] "GET /images/header.png HTTP/1.1" 200 27758 "http://www.witerra-bau.de/impressum.html" "Mozilla/4.0 (compatible; MSIE 8.0; Windows NT 5.2; Trident/4.0; .NET CLR 1.1.4322; .NET CLR 2.0.50727; .NET CLR 3.0.04506.30; InfoPath.1; .NET CLR 3.0.04506.648; .NET CLR 3.0.4506.2152; .NET CLR 3.5.30729; MS-RTC LM 8)"
141.15.33.1 - - [21/Mar/2013:13:06:19 +0100] "GET /js/plugins.js HTTP/1.1" 200 898 "http://www.witerra-bau.de/impressum.html" "Mozilla/4.0 (compatible; MSIE 8.0; Windows NT 5.2; Trident/4.0; .NET CLR 1.1.4322; .NET CLR 2.0.50727; .NET CLR 3.0.04506.30; InfoPath.1; .NET CLR 3.0.04506.648; .NET CLR 3.0.4506.2152; .NET CLR 3.5.30729; MS-RTC LM 8)"
141.15.33.1 - - [21/Mar/2013:13:06:19 +0100] "GET /images/footer.png HTTP/1.1" 200 518 "http://www.witerra-bau.de/impressum.html" "Mozilla/4.0 (compatible; MSIE 8.0; Windows NT 5.2; Trident/4.0; .NET CLR 1.1.4322; .NET CLR 2.0.50727; .NET CLR 3.0.04506.30; InfoPath.1; .NET CLR 3.0.04506.648; .NET CLR 3.0.4506.2152; .NET CLR 3.5.30729; MS-RTC LM 8)"
141.15.33.1 - - [21/Mar/2013:13:06:19 +0100] "GET /favicon.ico HTTP/1.1" 200 539038 "-" "Mozilla/4.0 (compatible; MSIE 8.0; Windows NT 5.2; Trident/4.0; .NET CLR 1.1.4322; .NET CLR 2.0.50727; .NET CLR 3.0.04506.30; InfoPath.1; .NET CLR 3.0.04506.648; .NET CLR 3.0.4506.2152; .NET CLR 3.5.30729; MS-RTC LM 8)"
141.15.33.1 - - [21/Mar/2013:13:07:50 +0100] "GET /kontakt.html HTTP/1.1" 200 5104 "http://www.witerra-bau.de/impressum.html" "Mozilla/4.0 (compatible; MSIE 8.0; Windows NT 5.2; Trident/4.0; .NET CLR 1.1.4322; .NET CLR 2.0.50727; .NET CLR 3.0.04506.30; InfoPath.1; .NET CLR 3.0.04506.648; .NET CLR 3.0.4506.2152; .NET CLR 3.5.30729; MS-RTC LM 8)"
141.15.33.1 - - [21/Mar/2013:13:07:51 +0100] "GET /captcha/captcha.php HTTP/1.1" 200 4276 "http://www.witerra-bau.de/kontakt.html" "Mozilla/4.0 (compatible; MSIE 8.0; Windows NT 5.2; Trident/4.0; .NET CLR 1.1.4322; .NET CLR 2.0.50727; .NET CLR 3.0.04506.30; InfoPath.1; .NET CLR 3.0.04506.648; .NET CLR 3.0.4506.2152; .NET CLR 3.5.30729; MS-RTC LM 8)"
141.15.33.1 - - [21/Mar/2013:13:08:00 +0100] "GET /uns.html HTTP/1.1" 200 3735 "http://www.witerra-bau.de/impressum.html" "Mozilla/4.0 (compatible; MSIE 8.0; Windows NT 5.2; Trident/4.0; .NET CLR 1.1.4322; .NET CLR 2.0.50727; .NET CLR 3.0.04506.30; InfoPath.1; .NET CLR 3.0.04506.648; .NET CLR 3.0.4506.2152; .NET CLR 3.5.30729; MS-RTC LM 8)"
141.15.33.1 - - [21/Mar/2013:13:08:04 +0100] "GET /referenzen.html HTTP/1.1" 200 3962 "http://www.witerra-bau.de/uns.html" "Mozilla/4.0 (compatible; MSIE 8.0; Windows NT 5.2; Trident/4.0; .NET CLR 1.1.4322; .NET CLR 2.0.50727; .NET CLR 3.0.04506.30; InfoPath.1; .NET CLR 3.0.04506.648; .NET CLR 3.0.4506.2152; .NET CLR 3.5.30729; MS-RTC LM 8)"
141.15.33.1 - - [21/Mar/2013:13:08:08 +0100] "GET /partner.html HTTP/1.1" 200 4178 "http://www.witerra-bau.de/referenzen.html" "Mozilla/4.0 (compatible; MSIE 8.0; Windows NT 5.2; Trident/4.0; .NET CLR 1.1.4322; .NET CLR 2.0.50727; .NET CLR 3.0.04506.30; InfoPath.1; .NET CLR 3.0.04506.648; .NET CLR 3.0.4506.2152; .NET CLR 3.5.30729; MS-RTC LM 8)"
141.15.33.1 - - [21/Mar/2013:13:08:14 +0100] "GET /index.html HTTP/1.1" 200 4286 "http://www.witerra-bau.de/partner.html" "Mozilla/4.0 (compatible; MSIE 8.0; Windows NT 5.2; Trident/4.0; .NET CLR 1.1.4322; .NET CLR 2.0.50727; .NET CLR 3.0.04506.30; InfoPath.1; .NET CLR 3.0.04506.648; .NET CLR 3.0.4506.2152; .NET CLR 3.5.30729; MS-RTC LM 8)"
141.15.33.1 - - [21/Mar/2013:13:08:14 +0100] "GET /images/bilder.png HTTP/1.1" 200 175856 "http://www.witerra-bau.de/index.html" "Mozilla/4.0 (compatible; MSIE 8.0; Windows NT 5.2; Trident/4.0; .NET CLR 1.1.4322; .NET CLR 2.0.50727; .NET CLR 3.0.04506.30; InfoPath.1; .NET CLR 3.0.04506.648; .NET CLR 3.0.4506.2152; .NET CLR 3.5.30729; MS-RTC LM 8)"
81.30.151.222 - - [21/Mar/2013:13:29:25 +0100] "GET /robots.txt HTTP/1.1" 404 - "-" "Mozilla/5.0 (compatible; Spiderlytics/1.0; +spider@spiderlytics.com)"
81.30.151.222 - - [21/Mar/2013:13:29:25 +0100] "GET /impressum.html HTTP/1.1" 200 5433 "-" "Mozilla/5.0 (compatible; Spiderlytics/1.0; +spider@spiderlytics.com)"
66.249.73.233 - - [21/Mar/2013:15:41:07 +0100] "GET /robots.txt HTTP/1.1" 404 - "-" "Mozilla/5.0 (compatible; Googlebot/2.1; +http://www.google.com/bot.html)"
66.249.73.233 - - [21/Mar/2013:15:41:07 +0100] "GET / HTTP/1.1" 200 4286 "-" "Mozilla/5.0 (iPhone; U; CPU iPhone OS 4_1 like Mac OS X; en-us) AppleWebKit/532.9 (KHTML, like Gecko) Version/4.0.5 Mobile/8B117 Safari/6531.22.7 (compatible; Googlebot-Mobile/2.1; +http://www.google.com/bot.html)"
66.249.73.233 - - [21/Mar/2013:15:45:34 +0100] "GET /css/style.css HTTP/1.1" 200 1702 "-" "Mozilla/5.0 (compatible; Googlebot/2.1; +http://www.google.com/bot.html)"
157.56.93.214 - - [21/Mar/2013:17:35:31 +0100] "GET /robots.txt HTTP/1.1" 404 - "-" "Mozilla/5.0 (compatible; bingbot/2.0; +http://www.bing.com/bingbot.htm)"
157.56.93.214 - - [21/Mar/2013:17:38:07 +0100] "GET / HTTP/1.1" 200 4286 "-" "Mozilla/5.0 (compatible; bingbot/2.0; +http://www.bing.com/bingbot.htm)"
92.224.39.10 - - [21/Mar/2013:19:33:17 +0100] "GET / HTTP/1.1" 200 4286 "-" "UserAgent: Apache-HttpClient/release (java 1.5)"
92.224.39.10 - - [21/Mar/2013:19:33:17 +0100] "GET /impressum.html HTTP/1.1" 200 5433 "-" "UserAgent: Apache-HttpClient/release (java 1.5)"
81.30.151.222 - - [21/Mar/2013:21:00:41 +0100] "GET /robots.txt HTTP/1.1" 404 - "-" "Mozilla/5.0 (compatible; Spiderlytics/1.0; +spider@spiderlytics.com)"
81.30.151.222 - - [21/Mar/2013:21:00:41 +0100] "GET /partner.html HTTP/1.1" 200 4178 "-" "Mozilla/5.0 (compatible; Spiderlytics/1.0; +spider@spiderlytics.com)"
66.249.73.233 - - [21/Mar/2013:23:49:15 +0100] "GET /impressum.html HTTP/1.1" 304 - "-" "Mozilla/5.0 (iPhone; U; CPU iPhone OS 4_1 like Mac OS X; en-us) AppleWebKit/532.9 (KHTML, like Gecko) Version/4.0.5 Mobile/8B117 Safari/6531.22.7 (compatible; Googlebot-Mobile/2.1; +http://www.google.com/bot.html)"
81.30.151.222 - - [22/Mar/2013:05:23:33 +0100] "GET /robots.txt HTTP/1.1" 404 - "-" "Mozilla/5.0 (compatible; Spiderlytics/1.0; +spider@spiderlytics.com)"
81.30.151.222 - - [22/Mar/2013:05:23:33 +0100] "GET /uns.html HTTP/1.1" 200 3735 "-" "Mozilla/5.0 (compatible; Spiderlytics/1.0; +spider@spiderlytics.com)"
157.56.93.214 - - [22/Mar/2013:05:32:59 +0100] "GET /robots.txt HTTP/1.1" 404 - "-" "Mozilla/5.0 (compatible; bingbot/2.0; +http://www.bing.com/bingbot.htm)"
157.56.93.214 - - [22/Mar/2013:05:34:49 +0100] "GET / HTTP/1.1" 200 4286 "-" "Mozilla/5.0 (compatible; bingbot/2.0; +http://www.bing.com/bingbot.htm)"
81.30.151.222 - - [22/Mar/2013:12:29:56 +0100] "GET /robots.txt HTTP/1.1" 404 - "-" "Mozilla/5.0 (compatible; Spiderlytics/1.0; +spider@spiderlytics.com)"
81.30.151.222 - - [22/Mar/2013:12:29:56 +0100] "GET /referenzen.html HTTP/1.1" 200 3962 "-" "Mozilla/5.0 (compatible; Spiderlytics/1.0; +spider@spiderlytics.com)"
81.30.151.222 - - [22/Mar/2013:13:31:27 +0100] "GET /robots.txt HTTP/1.1" 404 - "-" "Mozilla/5.0 (compatible; Spiderlytics/1.0; +spider@spiderlytics.com)"
81.30.151.222 - - [22/Mar/2013:13:31:27 +0100] "GET /kontakt.html HTTP/1.1" 200 5104 "-" "Mozilla/5.0 (compatible; Spiderlytics/1.0; +spider@spiderlytics.com)"
81.30.151.222 - - [22/Mar/2013:13:50:37 +0100] "GET /robots.txt HTTP/1.1" 404 - "-" "Mozilla/5.0 (compatible; Spiderlytics/1.0; +spider@spiderlytics.com)"
81.30.151.222 - - [22/Mar/2013:13:50:37 +0100] "GET /leistungen.html HTTP/1.1" 200 3736 "-" "Mozilla/5.0 (compatible; Spiderlytics/1.0; +spider@spiderlytics.com)"
77.1.127.125 - - [22/Mar/2013:15:46:43 +0100] "GET / HTTP/1.1" 200 4286 "http://www.google.de/url?sa=t&rct=j&q=witerra&source=web&cd=3&ved=0CEMQFjAC&url=http%3A%2F%2Fwww.witerra-bau.de%2F&ei=kG5MUfyfPMvVPL7PgdgB&usg=AFQjCNHIAU9oPPEhzK1cDc9q0fIUfXtVlg&bvm=bv.44158598,d.ZWU" "Mozilla/5.0 (compatible; MSIE 9.0; Windows NT 6.1; WOW64; Trident/5.0)"
77.1.127.125 - - [22/Mar/2013:15:46:43 +0100] "GET /css/style.css HTTP/1.1" 200 1702 "http://www.witerra-bau.de/" "Mozilla/5.0 (compatible; MSIE 9.0; Windows NT 6.1; WOW64; Trident/5.0)"
77.1.127.125 - - [22/Mar/2013:15:46:43 +0100] "GET /js/plugins.js HTTP/1.1" 200 898 "http://www.witerra-bau.de/" "Mozilla/5.0 (compatible; MSIE 9.0; Windows NT 6.1; WOW64; Trident/5.0)"
77.1.127.125 - - [22/Mar/2013:15:46:43 +0100] "GET /js/libs/modernizr-2.5.3.min.js HTTP/1.1" 200 15274 "http://www.witerra-bau.de/" "Mozilla/5.0 (compatible; MSIE 9.0; Windows NT 6.1; WOW64; Trident/5.0)"
77.1.127.125 - - [22/Mar/2013:15:46:44 +0100] "GET /images/header.png HTTP/1.1" 200 27758 "http://www.witerra-bau.de/" "Mozilla/5.0 (compatible; MSIE 9.0; Windows NT 6.1; WOW64; Trident/5.0)"
77.1.127.125 - - [22/Mar/2013:15:46:44 +0100] "GET /images/textfeld.png HTTP/1.1" 200 1758 "http://www.witerra-bau.de/" "Mozilla/5.0 (compatible; MSIE 9.0; Windows NT 6.1; WOW64; Trident/5.0)"
77.1.127.125 - - [22/Mar/2013:15:46:44 +0100] "GET /images/footer.png HTTP/1.1" 200 518 "http://www.witerra-bau.de/" "Mozilla/5.0 (compatible; MSIE 9.0; Windows NT 6.1; WOW64; Trident/5.0)"
77.1.127.125 - - [22/Mar/2013:15:46:43 +0100] "GET /images/bilder.png HTTP/1.1" 200 175856 "http://www.witerra-bau.de/" "Mozilla/5.0 (compatible; MSIE 9.0; Windows NT 6.1; WOW64; Trident/5.0)"
77.1.127.125 - - [22/Mar/2013:15:46:46 +0100] "GET /favicon.ico HTTP/1.1" 200 539038 "-" "Mozilla/5.0 (compatible; MSIE 9.0; Windows NT 6.1; WOW64; Trident/5.0)"
77.1.127.125 - - [22/Mar/2013:15:46:48 +0100] "GET /impressum.html HTTP/1.1" 200 5433 "http://www.witerra-bau.de/" "Mozilla/5.0 (compatible; MSIE 9.0; Windows NT 6.1; WOW64; Trident/5.0)"
92.224.37.104 - - [22/Mar/2013:20:02:57 +0100] "GET / HTTP/1.1" 200 4286 "-" "UserAgent: Apache-HttpClient/release (java 1.5)"
92.224.37.104 - - [22/Mar/2013:20:02:57 +0100] "GET /impressum.html HTTP/1.1" 200 5433 "-" "UserAgent: Apache-HttpClient/release (java 1.5)"
208.115.113.90 - - [23/Mar/2013:00:34:42 +0100] "GET /robots.txt HTTP/1.1" 404 - "-" "Mozilla/5.0 (compatible; Ezooms/1.0; ezooms.bot@gmail.com)"
208.115.113.90 - - [23/Mar/2013:02:37:30 +0100] "GET /referenzen.html HTTP/1.1" 200 3962 "-" "Mozilla/5.0 (compatible; Ezooms/1.0; ezooms.bot@gmail.com)"
66.249.76.232 - - [24/Mar/2013:02:29:29 +0100] "GET /robots.txt HTTP/1.1" 404 - "-" "Mozilla/5.0 (compatible; Googlebot/2.1; +http://www.google.com/bot.html)"
66.249.76.232 - - [24/Mar/2013:02:29:29 +0100] "GET / HTTP/1.1" 200 4286 "-" "Mozilla/5.0 (iPhone; U; CPU iPhone OS 4_1 like Mac OS X; en-us) AppleWebKit/532.9 (KHTML, like Gecko) Version/4.0.5 Mobile/8B117 Safari/6531.22.7 (compatible; Googlebot-Mobile/2.1; +http://www.google.com/bot.html)"
66.249.76.232 - - [24/Mar/2013:02:38:38 +0100] "GET /css/style.css HTTP/1.1" 200 1702 "-" "Mozilla/5.0 (compatible; Googlebot/2.1; +http://www.google.com/bot.html)"
81.30.151.222 - - [24/Mar/2013:04:42:07 +0100] "GET /robots.txt HTTP/1.1" 404 - "-" "Mozilla/5.0 (compatible; Spiderlytics/1.0; +spider@spiderlytics.com)"
81.30.151.222 - - [24/Mar/2013:04:42:07 +0100] "GET /index.html HTTP/1.1" 200 4286 "-" "Mozilla/5.0 (compatible; Spiderlytics/1.0; +spider@spiderlytics.com)"
157.55.35.46 - - [24/Mar/2013:14:58:04 +0100] "GET /robots.txt HTTP/1.1" 404 - "-" "Mozilla/5.0 (compatible; bingbot/2.0; +http://www.bing.com/bingbot.htm)"
157.55.35.46 - - [24/Mar/2013:15:00:18 +0100] "GET /impressum.html HTTP/1.1" 200 5433 "-" "Mozilla/5.0 (compatible; bingbot/2.0; +http://www.bing.com/bingbot.htm)"
46.4.100.231 - - [24/Mar/2013:17:47:03 +0100] "GET /robots.txt HTTP/1.1" 404 - "-" "BacklinkCrawler (http://www.backlinktest.com/crawler.html)"
46.4.100.231 - - [24/Mar/2013:17:47:08 +0100] "GET /sitemap.xml HTTP/1.1" 404 - "-" "BacklinkCrawler (http://www.backlinktest.com/crawler.html)"
46.4.100.231 - - [24/Mar/2013:17:47:11 +0100] "GET / HTTP/1.1" 200 4286 "-" "BacklinkCrawler (http://www.backlinktest.com/crawler.html)"
46.4.100.231 - - [24/Mar/2013:17:47:18 +0100] "GET /impressum.html HTTP/1.1" 200 5433 "-" "BacklinkCrawler (http://www.backlinktest.com/crawler.html)"
46.4.100.231 - - [24/Mar/2013:17:47:18 +0100] "GET /kontakt.html HTTP/1.1" 200 5104 "-" "BacklinkCrawler (http://www.backlinktest.com/crawler.html)"
46.4.100.231 - - [24/Mar/2013:17:47:20 +0100] "GET /referenzen.html HTTP/1.1" 200 3962 "-" "BacklinkCrawler (http://www.backlinktest.com/crawler.html)"
46.4.100.231 - - [24/Mar/2013:17:47:22 +0100] "GET /leistungen.html HTTP/1.1" 200 3736 "-" "BacklinkCrawler (http://www.backlinktest.com/crawler.html)"
46.4.100.231 - - [24/Mar/2013:17:47:29 +0100] "GET /uns.html HTTP/1.1" 200 3735 "-" "BacklinkCrawler (http://www.backlinktest.com/crawler.html)"
46.4.100.231 - - [24/Mar/2013:17:47:29 +0100] "GET /index.html HTTP/1.1" 200 4286 "-" "BacklinkCrawler (http://www.backlinktest.com/crawler.html)"
46.4.100.231 - - [24/Mar/2013:17:47:30 +0100] "GET /partner.html HTTP/1.1" 200 4178 "-" "BacklinkCrawler (http://www.backlinktest.com/crawler.html)"
91.66.15.150 - - [24/Mar/2013:18:58:02 +0100] "GET /impressum.html HTTP/1.1" 200 5433 "http://www.google.de/url?sa=t&rct=j&q=&esrc=s&source=web&cd=2&sqi=2&ved=0CDcQFjAB&url=http%3A%2F%2Fwww.witerra-bau.de%2Fimpressum.html&ei=Nj5PUfyUBobPtAaHg4GYCg&usg=AFQjCNE4aTIFvP6UqNbn2CeA0tG1IVDFeA&bvm=bv.44158598,d.Yms" "Mozilla/5.0 (Macintosh; Intel Mac OS X 10_8_3) AppleWebKit/536.28.10 (KHTML, like Gecko) Version/6.0.3 Safari/536.28.10"
91.66.15.150 - - [24/Mar/2013:18:58:02 +0100] "GET /js/plugins.js HTTP/1.1" 200 898 "http://www.witerra-bau.de/impressum.html" "Mozilla/5.0 (Macintosh; Intel Mac OS X 10_8_3) AppleWebKit/536.28.10 (KHTML, like Gecko) Version/6.0.3 Safari/536.28.10"
91.66.15.150 - - [24/Mar/2013:18:58:02 +0100] "GET /css/style.css HTTP/1.1" 200 1702 "http://www.witerra-bau.de/impressum.html" "Mozilla/5.0 (Macintosh; Intel Mac OS X 10_8_3) AppleWebKit/536.28.10 (KHTML, like Gecko) Version/6.0.3 Safari/536.28.10"
91.66.15.150 - - [24/Mar/2013:18:58:02 +0100] "GET /js/libs/modernizr-2.5.3.min.js HTTP/1.1" 200 15274 "http://www.witerra-bau.de/impressum.html" "Mozilla/5.0 (Macintosh; Intel Mac OS X 10_8_3) AppleWebKit/536.28.10 (KHTML, like Gecko) Version/6.0.3 Safari/536.28.10"
91.66.15.150 - - [24/Mar/2013:18:58:02 +0100] "GET /images/textfeld.png HTTP/1.1" 200 1758 "http://www.witerra-bau.de/impressum.html" "Mozilla/5.0 (Macintosh; Intel Mac OS X 10_8_3) AppleWebKit/536.28.10 (KHTML, like Gecko) Version/6.0.3 Safari/536.28.10"
91.66.15.150 - - [24/Mar/2013:18:58:02 +0100] "GET /images/footer.png HTTP/1.1" 200 518 "http://www.witerra-bau.de/impressum.html" "Mozilla/5.0 (Macintosh; Intel Mac OS X 10_8_3) AppleWebKit/536.28.10 (KHTML, like Gecko) Version/6.0.3 Safari/536.28.10"
91.66.15.150 - - [24/Mar/2013:18:58:02 +0100] "GET /images/header.png HTTP/1.1" 200 27758 "http://www.witerra-bau.de/impressum.html" "Mozilla/5.0 (Macintosh; Intel Mac OS X 10_8_3) AppleWebKit/536.28.10 (KHTML, like Gecko) Version/6.0.3 Safari/536.28.10"
91.66.15.150 - - [24/Mar/2013:18:58:03 +0100] "GET /favicon.ico HTTP/1.1" 200 539038 "http://www.witerra-bau.de/impressum.html" "Mozilla/5.0 (Macintosh; Intel Mac OS X 10_8_3) AppleWebKit/536.28.10 (KHTML, like Gecko) Version/6.0.3 Safari/536.28.10"
91.66.15.150 - - [24/Mar/2013:19:00:16 +0100] "GET /kontakt.html HTTP/1.1" 200 5104 "http://www.witerra-bau.de/impressum.html" "Mozilla/5.0 (Macintosh; Intel Mac OS X 10_8_3) AppleWebKit/536.28.10 (KHTML, like Gecko) Version/6.0.3 Safari/536.28.10"
91.66.15.150 - - [24/Mar/2013:19:00:16 +0100] "GET /captcha/captcha.php HTTP/1.1" 200 4346 "http://www.witerra-bau.de/kontakt.html" "Mozilla/5.0 (Macintosh; Intel Mac OS X 10_8_3) AppleWebKit/536.28.10 (KHTML, like Gecko) Version/6.0.3 Safari/536.28.10"
91.66.15.150 - - [24/Mar/2013:19:00:22 +0100] "GET /uns.html HTTP/1.1" 200 3735 "http://www.witerra-bau.de/kontakt.html" "Mozilla/5.0 (Macintosh; Intel Mac OS X 10_8_3) AppleWebKit/536.28.10 (KHTML, like Gecko) Version/6.0.3 Safari/536.28.10"
91.66.15.150 - - [24/Mar/2013:19:00:46 +0100] "GET /captcha/captcha.php HTTP/1.1" 200 4147 "http://www.witerra-bau.de/kontakt.html" "Mozilla/5.0 (Macintosh; Intel Mac OS X 10_8_3) AppleWebKit/536.28.10 (KHTML, like Gecko) Version/6.0.3 Safari/536.28.10"
89.204.155.129 - - [25/Mar/2013:09:15:13 +0100] "GET /impressum.html HTTP/1.1" 200 5433 "-" "Mozilla/5.0 (iPhone; CPU iPhone OS 6_1_3 like Mac OS X) AppleWebKit/536.26 (KHTML, like Gecko) Version/6.0 Mobile/10B329 Safari/8536.25"
89.204.155.129 - - [25/Mar/2013:09:15:13 +0100] "GET /css/style.css HTTP/1.1" 200 1702 "http://www.witerra-bau.de/impressum.html" "Mozilla/5.0 (iPhone; CPU iPhone OS 6_1_3 like Mac OS X) AppleWebKit/536.26 (KHTML, like Gecko) Version/6.0 Mobile/10B329 Safari/8536.25"
89.204.155.129 - - [25/Mar/2013:09:15:18 +0100] "GET /js/libs/modernizr-2.5.3.min.js HTTP/1.1" 200 15274 "http://www.witerra-bau.de/impressum.html" "Mozilla/5.0 (iPhone; CPU iPhone OS 6_1_3 like Mac OS X) AppleWebKit/536.26 (KHTML, like Gecko) Version/6.0 Mobile/10B329 Safari/8536.25"
89.204.155.129 - - [25/Mar/2013:09:15:18 +0100] "GET /js/plugins.js HTTP/1.1" 200 898 "http://www.witerra-bau.de/impressum.html" "Mozilla/5.0 (iPhone; CPU iPhone OS 6_1_3 like Mac OS X) AppleWebKit/536.26 (KHTML, like Gecko) Version/6.0 Mobile/10B329 Safari/8536.25"
89.204.155.129 - - [25/Mar/2013:09:15:19 +0100] "GET /images/header.png HTTP/1.1" 200 27758 "http://www.witerra-bau.de/impressum.html" "Mozilla/5.0 (iPhone; CPU iPhone OS 6_1_3 like Mac OS X) AppleWebKit/536.26 (KHTML, like Gecko) Version/6.0 Mobile/10B329 Safari/8536.25"
89.204.155.129 - - [25/Mar/2013:09:15:19 +0100] "GET /images/textfeld.png HTTP/1.1" 200 1758 "http://www.witerra-bau.de/impressum.html" "Mozilla/5.0 (iPhone; CPU iPhone OS 6_1_3 like Mac OS X) AppleWebKit/536.26 (KHTML, like Gecko) Version/6.0 Mobile/10B329 Safari/8536.25"
89.204.155.129 - - [25/Mar/2013:09:15:20 +0100] "GET /images/footer.png HTTP/1.1" 200 518 "http://www.witerra-bau.de/impressum.html" "Mozilla/5.0 (iPhone; CPU iPhone OS 6_1_3 like Mac OS X) AppleWebKit/536.26 (KHTML, like Gecko) Version/6.0 Mobile/10B329 Safari/8536.25"
88.72.250.124 - - [25/Mar/2013:13:51:19 +0100] "GET /impressum.html HTTP/1.1" 200 5433 "http://www.google.de/url?sa=t&rct=j&q=witerra%20gmbh&source=web&cd=2&sqi=2&ved=0CDcQFjAB&url=http%3A%2F%2Fwww.witerra-bau.de%2Fimpressum.html&ei=y0dQUaDvMeaC4ATYjoH4BQ&usg=AFQjCNE4aTIFvP6UqNbn2CeA0tG1IVDFeA&bvm=bv.44158598,d.Yms" "Mozilla/5.0 (Windows NT 6.1; WOW64; rv:19.0) Gecko/20100101 Firefox/19.0"
88.72.250.124 - - [25/Mar/2013:13:51:19 +0100] "GET /css/style.css HTTP/1.1" 200 1702 "http://www.witerra-bau.de/impressum.html" "Mozilla/5.0 (Windows NT 6.1; WOW64; rv:19.0) Gecko/20100101 Firefox/19.0"
88.72.250.124 - - [25/Mar/2013:13:51:19 +0100] "GET /js/libs/modernizr-2.5.3.min.js HTTP/1.1" 200 15274 "http://www.witerra-bau.de/impressum.html" "Mozilla/5.0 (Windows NT 6.1; WOW64; rv:19.0) Gecko/20100101 Firefox/19.0"
88.72.250.124 - - [25/Mar/2013:13:51:19 +0100] "GET /js/plugins.js HTTP/1.1" 200 898 "http://www.witerra-bau.de/impressum.html" "Mozilla/5.0 (Windows NT 6.1; WOW64; rv:19.0) Gecko/20100101 Firefox/19.0"
88.72.250.124 - - [25/Mar/2013:13:51:20 +0100] "GET /images/header.png HTTP/1.1" 200 27758 "http://www.witerra-bau.de/css/style.css" "Mozilla/5.0 (Windows NT 6.1; WOW64; rv:19.0) Gecko/20100101 Firefox/19.0"
88.72.250.124 - - [25/Mar/2013:13:51:20 +0100] "GET /images/textfeld.png HTTP/1.1" 200 1758 "http://www.witerra-bau.de/css/style.css" "Mozilla/5.0 (Windows NT 6.1; WOW64; rv:19.0) Gecko/20100101 Firefox/19.0"
88.72.250.124 - - [25/Mar/2013:13:51:20 +0100] "GET /images/footer.png HTTP/1.1" 200 518 "http://www.witerra-bau.de/css/style.css" "Mozilla/5.0 (Windows NT 6.1; WOW64; rv:19.0) Gecko/20100101 Firefox/19.0"
88.72.250.124 - - [25/Mar/2013:13:51:20 +0100] "GET /favicon.ico HTTP/1.1" 200 539038 "-" "Mozilla/5.0 (Windows NT 6.1; WOW64; rv:19.0) Gecko/20100101 Firefox/19.0"
88.72.250.124 - - [25/Mar/2013:13:51:29 +0100] "GET /uns.html HTTP/1.1" 200 3735 "http://www.witerra-bau.de/impressum.html" "Mozilla/5.0 (Windows NT 6.1; WOW64; rv:19.0) Gecko/20100101 Firefox/19.0"
88.72.250.124 - - [25/Mar/2013:13:51:31 +0100] "GET /leistungen.html HTTP/1.1" 200 3736 "http://www.witerra-bau.de/uns.html" "Mozilla/5.0 (Windows NT 6.1; WOW64; rv:19.0) Gecko/20100101 Firefox/19.0"
88.72.250.124 - - [25/Mar/2013:13:51:33 +0100] "GET /referenzen.html HTTP/1.1" 200 3962 "http://www.witerra-bau.de/leistungen.html" "Mozilla/5.0 (Windows NT 6.1; WOW64; rv:19.0) Gecko/20100101 Firefox/19.0"
88.72.250.124 - - [25/Mar/2013:13:51:38 +0100] "GET /partner.html HTTP/1.1" 200 4178 "http://www.witerra-bau.de/referenzen.html" "Mozilla/5.0 (Windows NT 6.1; WOW64; rv:19.0) Gecko/20100101 Firefox/19.0"
66.249.76.232 - - [26/Mar/2013:01:00:59 +0100] "GET /robots.txt HTTP/1.1" 404 - "-" "Mozilla/5.0 (compatible; Googlebot/2.1; +http://www.google.com/bot.html)"
66.249.76.232 - - [26/Mar/2013:01:00:59 +0100] "GET / HTTP/1.1" 200 4286 "-" "Mozilla/5.0 (compatible; Googlebot/2.1; +http://www.google.com/bot.html)"
66.249.76.232 - - [26/Mar/2013:01:05:00 +0100] "GET /css/style.css HTTP/1.1" 200 1702 "-" "Mozilla/5.0 (compatible; Googlebot/2.1; +http://www.google.com/bot.html)"
79.247.146.185 - - [26/Mar/2013:10:04:34 +0100] "GET /impressum.html HTTP/1.1" 200 5433 "http://www.google.de/url?sa=t&rct=j&q=witerra%20gmbh&source=web&cd=2&ved=0CDcQFjAB&url=http%3A%2F%2Fwww.witerra-bau.de%2Fimpressum.html&ei=imRRUfqrMaOJ4ATFzoCgBQ&usg=AFQjCNE4aTIFvP6UqNbn2CeA0tG1IVDFeA" "Opera/9.80 (Windows NT 6.1; U; de) Presto/2.9.168 Version/11.52"
79.247.146.185 - - [26/Mar/2013:10:04:34 +0100] "GET /js/libs/modernizr-2.5.3.min.js HTTP/1.1" 200 15274 "http://www.witerra-bau.de/impressum.html" "Opera/9.80 (Windows NT 6.1; U; de) Presto/2.9.168 Version/11.52"
79.247.146.185 - - [26/Mar/2013:10:04:34 +0100] "GET /css/style.css HTTP/1.1" 200 1702 "http://www.witerra-bau.de/impressum.html" "Opera/9.80 (Windows NT 6.1; U; de) Presto/2.9.168 Version/11.52"
79.247.146.185 - - [26/Mar/2013:10:04:35 +0100] "GET /images/textfeld.png HTTP/1.1" 200 1758 "http://www.witerra-bau.de/impressum.html" "Opera/9.80 (Windows NT 6.1; U; de) Presto/2.9.168 Version/11.52"
79.247.146.185 - - [26/Mar/2013:10:04:35 +0100] "GET /images/header.png HTTP/1.1" 200 27758 "http://www.witerra-bau.de/impressum.html" "Opera/9.80 (Windows NT 6.1; U; de) Presto/2.9.168 Version/11.52"
79.247.146.185 - - [26/Mar/2013:10:04:35 +0100] "GET /images/footer.png HTTP/1.1" 200 518 "http://www.witerra-bau.de/impressum.html" "Opera/9.80 (Windows NT 6.1; U; de) Presto/2.9.168 Version/11.52"
79.247.146.185 - - [26/Mar/2013:10:04:35 +0100] "GET /js/plugins.js HTTP/1.1" 200 898 "http://www.witerra-bau.de/impressum.html" "Opera/9.80 (Windows NT 6.1; U; de) Presto/2.9.168 Version/11.52"
79.247.146.185 - - [26/Mar/2013:10:04:35 +0100] "GET /favicon.ico HTTP/1.1" 200 539038 "http://www.witerra-bau.de/impressum.html" "Opera/9.80 (Windows NT 6.1; U; de) Presto/2.9.168 Version/11.52"
79.247.146.185 - - [26/Mar/2013:10:04:45 +0100] "GET /uns.html HTTP/1.1" 200 3735 "http://www.witerra-bau.de/impressum.html" "Opera/9.80 (Windows NT 6.1; U; de) Presto/2.9.168 Version/11.52"
79.247.146.185 - - [26/Mar/2013:10:04:47 +0100] "GET /leistungen.html HTTP/1.1" 200 3736 "http://www.witerra-bau.de/uns.html" "Opera/9.80 (Windows NT 6.1; U; de) Presto/2.9.168 Version/11.52"
79.247.146.185 - - [26/Mar/2013:10:04:49 +0100] "GET /referenzen.html HTTP/1.1" 200 3962 "http://www.witerra-bau.de/leistungen.html" "Opera/9.80 (Windows NT 6.1; U; de) Presto/2.9.168 Version/11.52"
79.247.146.185 - - [26/Mar/2013:10:04:52 +0100] "GET /partner.html HTTP/1.1" 200 4178 "http://www.witerra-bau.de/referenzen.html" "Opera/9.80 (Windows NT 6.1; U; de) Presto/2.9.168 Version/11.52"
79.247.146.185 - - [26/Mar/2013:10:05:04 +0100] "GET /kontakt.html HTTP/1.1" 200 5104 "http://www.witerra-bau.de/partner.html" "Opera/9.80 (Windows NT 6.1; U; de) Presto/2.9.168 Version/11.52"
79.247.146.185 - - [26/Mar/2013:10:05:04 +0100] "GET /captcha/captcha.php HTTP/1.1" 200 4399 "http://www.witerra-bau.de/kontakt.html" "Opera/9.80 (Windows NT 6.1; U; de) Presto/2.9.168 Version/11.52"
66.249.76.232 - - [27/Mar/2013:01:58:18 +0100] "GET /robots.txt HTTP/1.1" 404 - "-" "Mozilla/5.0 (compatible; Googlebot/2.1; +http://www.google.com/bot.html)"
66.249.76.232 - - [27/Mar/2013:01:58:18 +0100] "GET / HTTP/1.1" 200 4286 "-" "Mozilla/5.0 (iPhone; U; CPU iPhone OS 4_1 like Mac OS X; en-us) AppleWebKit/532.9 (KHTML, like Gecko) Version/4.0.5 Mobile/8B117 Safari/6531.22.7 (compatible; Googlebot-Mobile/2.1; +http://www.google.com/bot.html)"
178.19.216.138 - - [27/Mar/2013:17:03:23 +0100] "GET /impressum.html HTTP/1.1" 200 5433 "http://www.google.de/url?sa=t&rct=j&q=witerra%20gmbh%20berlin&source=web&cd=1&ved=0CDMQFjAA&url=http%3A%2F%2Fwww.witerra-bau.de%2Fimpressum.html&ei=JRhTUbzjNsPnswaVtYHQAg&usg=AFQjCNE4aTIFvP6UqNbn2CeA0tG1IVDFeA&bvm=bv.44342787,d.Yms" "Mozilla/5.0 (Windows NT 5.1; rv:19.0) Gecko/20100101 Firefox/19.0"
178.19.216.138 - - [27/Mar/2013:17:03:23 +0100] "GET /impressum.html HTTP/1.1" 200 5433 "http://www.google.de/url?sa=t&rct=j&q=witerra%20gmbh%20berlin&source=web&cd=1&ved=0CDMQFjAA&url=http%3A%2F%2Fwww.witerra-bau.de%2Fimpressum.html&ei=JRhTUbzjNsPnswaVtYHQAg&usg=AFQjCNE4aTIFvP6UqNbn2CeA0tG1IVDFeA&bvm=bv.44342787,d.Yms" "Mozilla/5.0 (Windows NT 5.1; rv:19.0) Gecko/20100101 Firefox/19.0"
178.19.216.138 - - [27/Mar/2013:17:03:24 +0100] "GET /css/style.css HTTP/1.1" 200 1702 "http://www.witerra-bau.de/impressum.html" "Mozilla/5.0 (Windows NT 5.1; rv:19.0) Gecko/20100101 Firefox/19.0"
178.19.216.138 - - [27/Mar/2013:17:03:24 +0100] "GET /js/libs/modernizr-2.5.3.min.js HTTP/1.1" 200 15274 "http://www.witerra-bau.de/impressum.html" "Mozilla/5.0 (Windows NT 5.1; rv:19.0) Gecko/20100101 Firefox/19.0"
178.19.216.138 - - [27/Mar/2013:17:03:24 +0100] "GET /js/plugins.js HTTP/1.1" 200 898 "http://www.witerra-bau.de/impressum.html" "Mozilla/5.0 (Windows NT 5.1; rv:19.0) Gecko/20100101 Firefox/19.0"
178.19.216.138 - - [27/Mar/2013:17:03:25 +0100] "GET /images/footer.png HTTP/1.1" 200 518 "http://www.witerra-bau.de/css/style.css" "Mozilla/5.0 (Windows NT 5.1; rv:19.0) Gecko/20100101 Firefox/19.0"
178.19.216.138 - - [27/Mar/2013:17:03:25 +0100] "GET /images/textfeld.png HTTP/1.1" 200 1758 "http://www.witerra-bau.de/css/style.css" "Mozilla/5.0 (Windows NT 5.1; rv:19.0) Gecko/20100101 Firefox/19.0"
178.19.216.138 - - [27/Mar/2013:17:03:25 +0100] "GET /images/header.png HTTP/1.1" 200 27758 "http://www.witerra-bau.de/css/style.css" "Mozilla/5.0 (Windows NT 5.1; rv:19.0) Gecko/20100101 Firefox/19.0"
178.19.216.138 - - [27/Mar/2013:17:03:25 +0100] "GET /favicon.ico HTTP/1.1" 200 539038 "-" "Mozilla/5.0 (Windows NT 5.1; rv:19.0) Gecko/20100101 Firefox/19.0"
217.231.230.225 - - [28/Mar/2013:00:03:15 +0100] "GET /impressum.html HTTP/1.1" 200 5433 "http://www.google.de/url?sa=t&rct=j&q=&esrc=s&source=web&cd=2&cad=rja&ved=0CDwQFjAB&url=http%3A%2F%2Fwww.witerra-bau.de%2Fimpressum.html&ei=kXpTUZjrGYreswa9roHACQ&usg=AFQjCNE4aTIFvP6UqNbn2CeA0tG1IVDFeA&bvm=bv.44342787,d.Yms" "Opera/9.80 (Windows NT 6.1) Presto/2.12.388 Version/12.14"
217.231.230.225 - - [28/Mar/2013:00:03:16 +0100] "GET /css/style.css HTTP/1.1" 200 1702 "http://www.witerra-bau.de/impressum.html" "Opera/9.80 (Windows NT 6.1) Presto/2.12.388 Version/12.14"
217.231.230.225 - - [28/Mar/2013:00:03:16 +0100] "GET /js/libs/modernizr-2.5.3.min.js HTTP/1.1" 200 15274 "http://www.witerra-bau.de/impressum.html" "Opera/9.80 (Windows NT 6.1) Presto/2.12.388 Version/12.14"
217.231.230.225 - - [28/Mar/2013:00:03:16 +0100] "GET /js/plugins.js HTTP/1.1" 200 898 "http://www.witerra-bau.de/impressum.html" "Opera/9.80 (Windows NT 6.1) Presto/2.12.388 Version/12.14"
217.231.230.225 - - [28/Mar/2013:00:03:16 +0100] "GET /images/textfeld.png HTTP/1.1" 200 1758 "http://www.witerra-bau.de/impressum.html" "Opera/9.80 (Windows NT 6.1) Presto/2.12.388 Version/12.14"
217.231.230.225 - - [28/Mar/2013:00:03:16 +0100] "GET /images/header.png HTTP/1.1" 200 27758 "http://www.witerra-bau.de/impressum.html" "Opera/9.80 (Windows NT 6.1) Presto/2.12.388 Version/12.14"
217.231.230.225 - - [28/Mar/2013:00:03:16 +0100] "GET /images/footer.png HTTP/1.1" 200 518 "http://www.witerra-bau.de/impressum.html" "Opera/9.80 (Windows NT 6.1) Presto/2.12.388 Version/12.14"
217.231.230.225 - - [28/Mar/2013:00:03:16 +0100] "GET /favicon.ico HTTP/1.1" 200 539038 "http://www.witerra-bau.de/impressum.html" "Opera/9.80 (Windows NT 6.1) Presto/2.12.388 Version/12.14"
217.231.230.225 - - [28/Mar/2013:00:03:25 +0100] "GET /impressum.html HTTP/1.1" 304 - "http://www.witerra-bau.de/impressum.html" "Opera/9.80 (Windows NT 6.1) Presto/2.12.388 Version/12.14"
217.231.230.225 - - [28/Mar/2013:00:03:26 +0100] "GET /kontakt.html HTTP/1.1" 200 5104 "http://www.witerra-bau.de/impressum.html" "Opera/9.80 (Windows NT 6.1) Presto/2.12.388 Version/12.14"
217.231.230.225 - - [28/Mar/2013:00:03:26 +0100] "GET /captcha/captcha.php HTTP/1.1" 200 4318 "http://www.witerra-bau.de/kontakt.html" "Opera/9.80 (Windows NT 6.1) Presto/2.12.388 Version/12.14"
217.231.230.225 - - [28/Mar/2013:00:03:28 +0100] "GET /partner.html HTTP/1.1" 200 4178 "http://www.witerra-bau.de/kontakt.html" "Opera/9.80 (Windows NT 6.1) Presto/2.12.388 Version/12.14"
217.231.230.225 - - [28/Mar/2013:00:03:33 +0100] "GET /referenzen.html HTTP/1.1" 200 3962 "http://www.witerra-bau.de/partner.html" "Opera/9.80 (Windows NT 6.1) Presto/2.12.388 Version/12.14"
217.231.230.225 - - [28/Mar/2013:00:03:35 +0100] "GET /leistungen.html HTTP/1.1" 200 3736 "http://www.witerra-bau.de/referenzen.html" "Opera/9.80 (Windows NT 6.1) Presto/2.12.388 Version/12.14"
217.231.230.225 - - [28/Mar/2013:00:03:37 +0100] "GET /uns.html HTTP/1.1" 200 3735 "http://www.witerra-bau.de/leistungen.html" "Opera/9.80 (Windows NT 6.1) Presto/2.12.388 Version/12.14"
217.231.230.225 - - [28/Mar/2013:00:03:38 +0100] "GET /index.html HTTP/1.1" 200 4286 "http://www.witerra-bau.de/uns.html" "Opera/9.80 (Windows NT 6.1) Presto/2.12.388 Version/12.14"
217.231.230.225 - - [28/Mar/2013:00:03:38 +0100] "GET /images/bilder.png HTTP/1.1" 200 175856 "http://www.witerra-bau.de/index.html" "Opera/9.80 (Windows NT 6.1) Presto/2.12.388 Version/12.14"
217.231.230.225 - - [28/Mar/2013:00:06:32 +0100] "GET / HTTP/1.1" 200 4286 "http://www.google.de/url?sa=t&rct=j&q=&esrc=s&source=web&cd=17&ved=0CF4QFjAGOAo&url=http%3A%2F%2Fwww.witerra-bau.de%2F&ei=R3tTUebyJMzJswaCrYCoBA&usg=AFQjCNHIAU9oPPEhzK1cDc9q0fIUfXtVlg&bvm=bv.44342787,d.Yms" "Opera/9.80 (Windows NT 6.1) Presto/2.12.388 Version/12.14"
217.231.230.225 - - [28/Mar/2013:00:06:35 +0100] "GET /impressum.html HTTP/1.1" 304 - "http://www.witerra-bau.de/" "Opera/9.80 (Windows NT 6.1) Presto/2.12.388 Version/12.14"
157.55.33.110 - - [28/Mar/2013:05:23:17 +0100] "GET /robots.txt HTTP/1.1" 404 - "-" "Mozilla/5.0 (compatible; bingbot/2.0; +http://www.bing.com/bingbot.htm)"
157.56.93.103 - - [28/Mar/2013:05:27:33 +0100] "GET /leistungen.html HTTP/1.1" 200 3736 "-" "Mozilla/5.0 (compatible; bingbot/2.0; +http://www.bing.com/bingbot.htm)"
157.55.33.110 - - [28/Mar/2013:05:28:07 +0100] "GET /uns.html HTTP/1.1" 200 3735 "-" "Mozilla/5.0 (compatible; bingbot/2.0; +http://www.bing.com/bingbot.htm)"
157.56.93.214 - - [28/Mar/2013:05:35:36 +0100] "GET / HTTP/1.1" 200 4286 "-" "Mozilla/5.0 (compatible; bingbot/2.0; +http://www.bing.com/bingbot.htm)"
157.55.36.45 - - [28/Mar/2013:05:48:33 +0100] "GET /index.html HTTP/1.1" 200 4286 "-" "Mozilla/5.0 (compatible; bingbot/2.0; +http://www.bing.com/bingbot.htm)"
157.55.36.45 - - [28/Mar/2013:05:48:33 +0100] "GET /kontakt.html HTTP/1.1" 200 5104 "-" "Mozilla/5.0 (compatible; bingbot/2.0; +http://www.bing.com/bingbot.htm)"
157.55.36.45 - - [28/Mar/2013:05:48:40 +0100] "GET /partner.html HTTP/1.1" 200 4178 "-" "Mozilla/5.0 (compatible; bingbot/2.0; +http://www.bing.com/bingbot.htm)"
66.249.76.232 - - [28/Mar/2013:07:09:38 +0100] "GET /robots.txt HTTP/1.1" 404 - "-" "Mozilla/5.0 (compatible; Googlebot/2.1; +http://www.google.com/bot.html)"
66.249.76.232 - - [28/Mar/2013:07:09:38 +0100] "GET /impressum.html HTTP/1.1" 304 - "-" "Mozilla/5.0 (compatible; Googlebot/2.1; +http://www.google.com/bot.html)"
217.91.97.116 - - [28/Mar/2013:08:15:12 +0100] "GET /impressum.html HTTP/1.1" 200 5433 "http://www.google.de/url?sa=t&rct=j&q=witerra%20gmbh%20berlin&source=web&cd=1&cad=rja&ved=0CDAQFjAA&url=http%3A%2F%2Fwww.witerra-bau.de%2Fimpressum.html&ei=1O1TUcfGKseJOMqSgOgL&usg=AFQjCNE4aTIFvP6UqNbn2CeA0tG1IVDFeA&bvm=bv.44342787,d.ZWU" "Mozilla/5.0 (compatible; MSIE 9.0; Windows NT 6.1; Trident/5.0; MALC)"
217.91.97.116 - - [28/Mar/2013:08:15:13 +0100] "GET /js/libs/modernizr-2.5.3.min.js HTTP/1.1" 200 15274 "http://www.witerra-bau.de/impressum.html" "Mozilla/5.0 (compatible; MSIE 9.0; Windows NT 6.1; Trident/5.0; MALC)"
217.91.97.116 - - [28/Mar/2013:08:15:13 +0100] "GET /css/style.css HTTP/1.1" 200 1702 "http://www.witerra-bau.de/impressum.html" "Mozilla/5.0 (compatible; MSIE 9.0; Windows NT 6.1; Trident/5.0; MALC)"
217.91.97.116 - - [28/Mar/2013:08:15:13 +0100] "GET /js/plugins.js HTTP/1.1" 200 898 "http://www.witerra-bau.de/impressum.html" "Mozilla/5.0 (compatible; MSIE 9.0; Windows NT 6.1; Trident/5.0; MALC)"
217.91.97.116 - - [28/Mar/2013:08:15:13 +0100] "GET /images/footer.png HTTP/1.1" 200 518 "http://www.witerra-bau.de/impressum.html" "Mozilla/5.0 (compatible; MSIE 9.0; Windows NT 6.1; Trident/5.0; MALC)"
217.91.97.116 - - [28/Mar/2013:08:15:13 +0100] "GET /images/textfeld.png HTTP/1.1" 200 1758 "http://www.witerra-bau.de/impressum.html" "Mozilla/5.0 (compatible; MSIE 9.0; Windows NT 6.1; Trident/5.0; MALC)"
217.91.97.116 - - [28/Mar/2013:08:15:13 +0100] "GET /images/header.png HTTP/1.1" 200 27758 "http://www.witerra-bau.de/impressum.html" "Mozilla/5.0 (compatible; MSIE 9.0; Windows NT 6.1; Trident/5.0; MALC)"
217.91.97.116 - - [28/Mar/2013:08:15:24 +0100] "GET /uns.html HTTP/1.1" 200 3735 "http://www.witerra-bau.de/impressum.html" "Mozilla/5.0 (compatible; MSIE 9.0; Windows NT 6.1; Trident/5.0; MALC)"
217.91.97.116 - - [28/Mar/2013:08:15:28 +0100] "GET /partner.html HTTP/1.1" 200 4178 "http://www.witerra-bau.de/uns.html" "Mozilla/5.0 (compatible; MSIE 9.0; Windows NT 6.1; Trident/5.0; MALC)"
217.91.97.116 - - [28/Mar/2013:08:15:35 +0100] "GET /index.html HTTP/1.1" 200 4286 "http://www.witerra-bau.de/partner.html" "Mozilla/5.0 (compatible; MSIE 9.0; Windows NT 6.1; Trident/5.0; MALC)"
217.91.97.116 - - [28/Mar/2013:08:15:36 +0100] "GET /images/bilder.png HTTP/1.1" 200 175856 "http://www.witerra-bau.de/index.html" "Mozilla/5.0 (compatible; MSIE 9.0; Windows NT 6.1; Trident/5.0; MALC)"
217.91.97.116 - - [28/Mar/2013:08:17:03 +0100] "GET /kontakt.html HTTP/1.1" 200 5104 "http://www.witerra-bau.de/partner.html" "Mozilla/5.0 (compatible; MSIE 9.0; Windows NT 6.1; Trident/5.0; MALC)"
217.91.97.116 - - [28/Mar/2013:08:17:04 +0100] "GET /captcha/captcha.php HTTP/1.1" 200 4235 "http://www.witerra-bau.de/kontakt.html" "Mozilla/5.0 (compatible; MSIE 9.0; Windows NT 6.1; Trident/5.0; MALC)"
66.249.76.232 - - [28/Mar/2013:09:18:50 +0100] "GET /css/style.css HTTP/1.1" 200 1702 "-" "Mozilla/5.0 (compatible; Googlebot/2.1; +http://www.google.com/bot.html)"
66.249.76.232 - - [28/Mar/2013:11:11:07 +0100] "GET /kontakt.html HTTP/1.1" 304 - "-" "Mozilla/5.0 (compatible; Googlebot/2.1; +http://www.google.com/bot.html)"
66.249.76.232 - - [28/Mar/2013:17:13:08 +0100] "GET / HTTP/1.1" 200 4286 "-" "Mozilla/5.0 (iPhone; U; CPU iPhone OS 4_1 like Mac OS X; en-us) AppleWebKit/532.9 (KHTML, like Gecko) Version/4.0.5 Mobile/8B117 Safari/6531.22.7 (compatible; Googlebot-Mobile/2.1; +http://www.google.com/bot.html)"
157.56.93.214 - - [29/Mar/2013:06:36:34 +0100] "GET /robots.txt HTTP/1.1" 404 - "-" "Mozilla/5.0 (compatible; bingbot/2.0; +http://www.bing.com/bingbot.htm)"
157.56.93.214 - - [29/Mar/2013:06:39:18 +0100] "GET / HTTP/1.1" 200 4286 "-" "Mozilla/5.0 (compatible; bingbot/2.0; +http://www.bing.com/bingbot.htm)"
65.55.215.75 - - [29/Mar/2013:07:04:18 +0100] "GET /robots.txt HTTP/1.1" 404 - "-" "msnbot-media/1.1 (+http://search.msn.com/msnbot.htm)"
65.55.215.75 - - [29/Mar/2013:07:04:19 +0100] "GET /images/bilder.png HTTP/1.1" 200 175856 "-" "msnbot-media/1.1 (+http://search.msn.com/msnbot.htm)"
208.115.111.74 - - [29/Mar/2013:18:30:32 +0100] "GET /robots.txt HTTP/1.1" 404 - "-" "Mozilla/5.0 (compatible; Ezooms/1.0; ezooms.bot@gmail.com)"
64.246.165.160 - - [29/Mar/2013:20:15:49 +0100] "GET /robots.txt HTTP/1.0" 404 - "-" "Mozilla/5.0 (Windows; U; Windows NT 5.1; en; rv:1.9.0.13) Gecko/2009073022 Firefox/3.5.2 (.NET CLR 3.5.30729) SurveyBot/2.3 (DomainTools)"
64.246.165.160 - - [29/Mar/2013:20:15:50 +0100] "GET / HTTP/1.1" 200 4286 "http://whois.domaintools.com/witerra-bau.de" "Mozilla/5.0 (Windows; U; Windows NT 5.1; en; rv:1.9.0.13) Gecko/2009073022 Firefox/3.5.2 (.NET CLR 3.5.30729) SurveyBot/2.3 (DomainTools)"
208.115.111.74 - - [29/Mar/2013:20:38:27 +0100] "GET /impressum.html HTTP/1.1" 200 5433 "-" "Mozilla/5.0 (compatible; Ezooms/1.0; ezooms.bot@gmail.com)"
66.249.76.232 - - [30/Mar/2013:18:33:11 +0100] "GET /robots.txt HTTP/1.1" 404 - "-" "Mozilla/5.0 (compatible; Googlebot/2.1; +http://www.google.com/bot.html)"
