208.115.111.74 - - [01/Nov/2013:02:32:17 +0100] "GET /robots.txt HTTP/1.1" 404 - "-" "Mozilla/5.0 (compatible; Ezooms/1.0; ezooms.bot@gmail.com)"
208.115.111.74 - - [01/Nov/2013:04:18:02 +0100] "GET /partner.html HTTP/1.1" 200 4178 "-" "Mozilla/5.0 (compatible; Ezooms/1.0; ezooms.bot@gmail.com)"
64.246.165.180 - - [01/Nov/2013:04:37:11 +0100] "GET /robots.txt HTTP/1.0" 404 - "-" "Mozilla/5.0 (Windows; U; Windows NT 5.1; en; rv:1.9.0.13) Gecko/2009073022 Firefox/3.5.2 (.NET CLR 3.5.30729) SurveyBot/2.3 (DomainTools)"
64.246.165.180 - - [01/Nov/2013:04:37:11 +0100] "GET / HTTP/1.1" 200 4286 "http://whois.domaintools.com/witerra-bau.de" "Mozilla/5.0 (Windows; U; Windows NT 5.1; en; rv:1.9.0.13) Gecko/2009073022 Firefox/3.5.2 (.NET CLR 3.5.30729) SurveyBot/2.3 (DomainTools)"
66.249.78.146 - - [01/Nov/2013:09:00:36 +0100] "GET /robots.txt HTTP/1.1" 404 - "-" "Mozilla/5.0 (compatible; Googlebot/2.1; +http://www.google.com/bot.html)"
66.249.78.146 - - [01/Nov/2013:09:00:36 +0100] "GET /referenzen.html HTTP/1.1" 304 - "-" "Mozilla/5.0 (iPhone; CPU iPhone OS 6_0 like Mac OS X) AppleWebKit/536.26 (KHTML, like Gecko) Version/6.0 Mobile/10A5376e Safari/8536.25 (compatible; Googlebot-Mobile/2.1; +http://www.google.com/bot.html)"
66.249.78.146 - - [01/Nov/2013:10:51:06 +0100] "GET / HTTP/1.1" 200 4286 "-" "Mozilla/5.0 (compatible; Googlebot/2.1; +http://www.google.com/bot.html)"
66.249.78.146 - - [01/Nov/2013:21:08:08 +0100] "GET /robots.txt HTTP/1.1" 404 - "-" "Mozilla/5.0 (compatible; Googlebot/2.1; +http://www.google.com/bot.html)"
66.249.78.146 - - [01/Nov/2013:21:08:08 +0100] "GET / HTTP/1.1" 200 4286 "-" "Mozilla/5.0 (iPhone; CPU iPhone OS 6_0 like Mac OS X) AppleWebKit/536.26 (KHTML, like Gecko) Version/6.0 Mobile/10A5376e Safari/8536.25 (compatible; Googlebot-Mobile/2.1; +http://www.google.com/bot.html)"
66.249.78.146 - - [01/Nov/2013:21:23:12 +0100] "GET /css/style.css HTTP/1.1" 200 1702 "-" "Mozilla/5.0 (compatible; Googlebot/2.1; +http://www.google.com/bot.html)"
46.4.100.231 - - [01/Nov/2013:21:31:35 +0100] "GET /robots.txt HTTP/1.1" 404 - "-" "BacklinkCrawler (http://www.backlinktest.com/crawler.html)"
46.4.100.231 - - [01/Nov/2013:21:31:35 +0100] "GET /sitemap.xml HTTP/1.1" 404 - "-" "BacklinkCrawler (http://www.backlinktest.com/crawler.html)"
46.4.100.231 - - [01/Nov/2013:21:31:37 +0100] "GET / HTTP/1.1" 200 4286 "-" "BacklinkCrawler (http://www.backlinktest.com/crawler.html)"
46.4.100.231 - - [01/Nov/2013:21:31:39 +0100] "GET /impressum.html HTTP/1.1" 200 5433 "-" "BacklinkCrawler (http://www.backlinktest.com/crawler.html)"
46.4.100.231 - - [01/Nov/2013:21:31:42 +0100] "GET /kontakt.html HTTP/1.1" 200 5104 "-" "BacklinkCrawler (http://www.backlinktest.com/crawler.html)"
46.4.100.231 - - [01/Nov/2013:21:31:44 +0100] "GET /referenzen.html HTTP/1.1" 200 3962 "-" "BacklinkCrawler (http://www.backlinktest.com/crawler.html)"
46.4.100.231 - - [01/Nov/2013:21:31:46 +0100] "GET /leistungen.html HTTP/1.1" 200 3736 "-" "BacklinkCrawler (http://www.backlinktest.com/crawler.html)"
46.4.100.231 - - [01/Nov/2013:21:31:48 +0100] "GET /uns.html HTTP/1.1" 200 3735 "-" "BacklinkCrawler (http://www.backlinktest.com/crawler.html)"
46.4.100.231 - - [01/Nov/2013:21:31:50 +0100] "GET /index.html HTTP/1.1" 200 4286 "-" "BacklinkCrawler (http://www.backlinktest.com/crawler.html)"
46.4.100.231 - - [01/Nov/2013:21:31:52 +0100] "GET /partner.html HTTP/1.1" 200 4178 "-" "BacklinkCrawler (http://www.backlinktest.com/crawler.html)"
66.249.78.146 - - [02/Nov/2013:00:14:47 +0100] "GET /robots.txt HTTP/1.1" 404 - "-" "Mozilla/5.0 (compatible; Googlebot/2.1; +http://www.google.com/bot.html)"
66.249.78.146 - - [02/Nov/2013:00:14:47 +0100] "GET /impressum.html HTTP/1.1" 304 - "-" "Mozilla/5.0 (iPhone; CPU iPhone OS 6_0 like Mac OS X) AppleWebKit/536.26 (KHTML, like Gecko) Version/6.0 Mobile/10A5376e Safari/8536.25 (compatible; Googlebot-Mobile/2.1; +http://www.google.com/bot.html)"
66.249.78.146 - - [02/Nov/2013:21:28:06 +0100] "GET /robots.txt HTTP/1.1" 404 - "-" "Mozilla/5.0 (compatible; Googlebot/2.1; +http://www.google.com/bot.html)"
66.249.78.146 - - [02/Nov/2013:21:28:06 +0100] "GET /leistungen.html HTTP/1.1" 304 - "-" "Mozilla/5.0 (iPhone; CPU iPhone OS 6_0 like Mac OS X) AppleWebKit/536.26 (KHTML, like Gecko) Version/6.0 Mobile/10A5376e Safari/8536.25 (compatible; Googlebot-Mobile/2.1; +http://www.google.com/bot.html)"
66.249.78.146 - - [03/Nov/2013:09:36:20 +0100] "GET /robots.txt HTTP/1.1" 404 - "-" "Mozilla/5.0 (compatible; Googlebot/2.1; +http://www.google.com/bot.html)"
66.249.78.146 - - [03/Nov/2013:09:36:20 +0100] "GET / HTTP/1.1" 200 4286 "-" "Mozilla/5.0 (iPhone; CPU iPhone OS 6_0 like Mac OS X) AppleWebKit/536.26 (KHTML, like Gecko) Version/6.0 Mobile/10A5376e Safari/8536.25 (compatible; Googlebot-Mobile/2.1; +http://www.google.com/bot.html)"
66.249.78.146 - - [03/Nov/2013:09:48:29 +0100] "GET /css/style.css HTTP/1.1" 200 1702 "-" "Mozilla/5.0 (compatible; Googlebot/2.1; +http://www.google.com/bot.html)"
66.249.78.146 - - [03/Nov/2013:11:45:15 +0100] "GET /partner.html HTTP/1.1" 304 - "-" "Mozilla/5.0 (iPhone; CPU iPhone OS 6_0 like Mac OS X) AppleWebKit/536.26 (KHTML, like Gecko) Version/6.0 Mobile/10A5376e Safari/8536.25 (compatible; Googlebot-Mobile/2.1; +http://www.google.com/bot.html)"
217.92.139.79 - - [04/Nov/2013:15:06:20 +0100] "GET /impressum.html HTTP/1.1" 200 5433 "http://www.google.de/url?sa=t&rct=j&q=&esrc=s&frm=1&source=web&cd=1&ved=0CC4QFjAA&url=http%3A%2F%2Fwww.witerra-bau.de%2Fimpressum.html&ei=zal3UsTZHYTCswaWyIGABg&usg=AFQjCNE4aTIFvP6UqNbn2CeA0tG1IVDFeA&bvm=bv.55819444,d.Yms" "Mozilla/5.0 (compatible; MSIE 10.0; Windows NT 6.1; WOW64; Trident/6.0)"
217.92.139.79 - - [04/Nov/2013:15:06:20 +0100] "GET /css/style.css HTTP/1.1" 200 1702 "http://www.witerra-bau.de/impressum.html" "Mozilla/5.0 (compatible; MSIE 10.0; Windows NT 6.1; WOW64; Trident/6.0)"
217.92.139.79 - - [04/Nov/2013:15:06:20 +0100] "GET /js/libs/modernizr-2.5.3.min.js HTTP/1.1" 200 15274 "http://www.witerra-bau.de/impressum.html" "Mozilla/5.0 (compatible; MSIE 10.0; Windows NT 6.1; WOW64; Trident/6.0)"
217.92.139.79 - - [04/Nov/2013:15:06:20 +0100] "GET /js/plugins.js HTTP/1.1" 200 898 "http://www.witerra-bau.de/impressum.html" "Mozilla/5.0 (compatible; MSIE 10.0; Windows NT 6.1; WOW64; Trident/6.0)"
217.92.139.79 - - [04/Nov/2013:15:06:20 +0100] "GET /images/textfeld.png HTTP/1.1" 200 1758 "http://www.witerra-bau.de/impressum.html" "Mozilla/5.0 (compatible; MSIE 10.0; Windows NT 6.1; WOW64; Trident/6.0)"
217.92.139.79 - - [04/Nov/2013:15:06:20 +0100] "GET /images/footer.png HTTP/1.1" 200 518 "http://www.witerra-bau.de/impressum.html" "Mozilla/5.0 (compatible; MSIE 10.0; Windows NT 6.1; WOW64; Trident/6.0)"
217.92.139.79 - - [04/Nov/2013:15:06:20 +0100] "GET /images/header.png HTTP/1.1" 200 27758 "http://www.witerra-bau.de/impressum.html" "Mozilla/5.0 (compatible; MSIE 10.0; Windows NT 6.1; WOW64; Trident/6.0)"
217.92.139.79 - - [04/Nov/2013:15:06:20 +0100] "GET /favicon.ico HTTP/1.1" 200 539038 "-" "Mozilla/5.0 (compatible; MSIE 10.0; Windows NT 6.1; Win64; x64; Trident/6.0)"
217.92.139.79 - - [04/Nov/2013:15:06:29 +0100] "GET /index.html HTTP/1.1" 200 4286 "http://www.witerra-bau.de/impressum.html" "Mozilla/5.0 (compatible; MSIE 10.0; Windows NT 6.1; WOW64; Trident/6.0)"
217.92.139.79 - - [04/Nov/2013:15:06:29 +0100] "GET /images/bilder.png HTTP/1.1" 200 175856 "http://www.witerra-bau.de/index.html" "Mozilla/5.0 (compatible; MSIE 10.0; Windows NT 6.1; WOW64; Trident/6.0)"
217.92.139.79 - - [04/Nov/2013:15:06:32 +0100] "GET /uns.html HTTP/1.1" 200 3735 "http://www.witerra-bau.de/index.html" "Mozilla/5.0 (compatible; MSIE 10.0; Windows NT 6.1; WOW64; Trident/6.0)"
217.92.139.79 - - [04/Nov/2013:15:06:34 +0100] "GET /leistungen.html HTTP/1.1" 200 3736 "http://www.witerra-bau.de/uns.html" "Mozilla/5.0 (compatible; MSIE 10.0; Windows NT 6.1; WOW64; Trident/6.0)"
217.92.139.79 - - [04/Nov/2013:15:06:35 +0100] "GET /referenzen.html HTTP/1.1" 200 3962 "http://www.witerra-bau.de/leistungen.html" "Mozilla/5.0 (compatible; MSIE 10.0; Windows NT 6.1; WOW64; Trident/6.0)"
217.92.139.79 - - [04/Nov/2013:15:06:37 +0100] "GET /partner.html HTTP/1.1" 200 4178 "http://www.witerra-bau.de/referenzen.html" "Mozilla/5.0 (compatible; MSIE 10.0; Windows NT 6.1; WOW64; Trident/6.0)"
217.92.139.79 - - [04/Nov/2013:15:06:38 +0100] "GET /kontakt.html HTTP/1.1" 200 5104 "http://www.witerra-bau.de/partner.html" "Mozilla/5.0 (compatible; MSIE 10.0; Windows NT 6.1; WOW64; Trident/6.0)"
217.92.139.79 - - [04/Nov/2013:15:06:38 +0100] "GET /captcha/captcha.php HTTP/1.1" 200 4307 "http://www.witerra-bau.de/kontakt.html" "Mozilla/5.0 (compatible; MSIE 10.0; Windows NT 6.1; WOW64; Trident/6.0)"
217.92.139.79 - - [04/Nov/2013:15:06:42 +0100] "GET /captcha/captcha.php HTTP/1.1" 200 4326 "http://www.witerra-bau.de/kontakt.html" "Mozilla/5.0 (compatible; MSIE 10.0; Windows NT 6.1; WOW64; Trident/6.0)"
66.249.78.146 - - [04/Nov/2013:17:30:38 +0100] "GET /robots.txt HTTP/1.1" 404 - "-" "Mozilla/5.0 (compatible; Googlebot/2.1; +http://www.google.com/bot.html)"
66.249.78.146 - - [04/Nov/2013:17:30:38 +0100] "GET / HTTP/1.1" 200 4286 "-" "Mozilla/5.0 (iPhone; CPU iPhone OS 6_0 like Mac OS X) AppleWebKit/536.26 (KHTML, like Gecko) Version/6.0 Mobile/10A5376e Safari/8536.25 (compatible; Googlebot-Mobile/2.1; +http://www.google.com/bot.html)"
66.249.78.146 - - [04/Nov/2013:17:36:09 +0100] "GET /css/style.css HTTP/1.1" 200 1702 "-" "Mozilla/5.0 (compatible; Googlebot/2.1; +http://www.google.com/bot.html)"
66.249.78.146 - - [04/Nov/2013:20:41:15 +0100] "GET /uns.html HTTP/1.1" 304 - "-" "Mozilla/5.0 (iPhone; CPU iPhone OS 6_0 like Mac OS X) AppleWebKit/536.26 (KHTML, like Gecko) Version/6.0 Mobile/10A5376e Safari/8536.25 (compatible; Googlebot-Mobile/2.1; +http://www.google.com/bot.html)"
66.249.78.146 - - [05/Nov/2013:06:24:24 +0100] "GET /robots.txt HTTP/1.1" 404 - "-" "Mozilla/5.0 (compatible; Googlebot/2.1; +http://www.google.com/bot.html)"
66.249.78.146 - - [05/Nov/2013:06:24:24 +0100] "GET /kontakt.html HTTP/1.1" 304 - "-" "Mozilla/5.0 (iPhone; CPU iPhone OS 6_0 like Mac OS X) AppleWebKit/536.26 (KHTML, like Gecko) Version/6.0 Mobile/10A5376e Safari/8536.25 (compatible; Googlebot-Mobile/2.1; +http://www.google.com/bot.html)"
66.249.78.146 - - [05/Nov/2013:10:51:10 +0100] "GET /robots.txt HTTP/1.1" 404 - "-" "Mozilla/5.0 (compatible; Googlebot/2.1; +http://www.google.com/bot.html)"
66.249.78.146 - - [05/Nov/2013:10:51:10 +0100] "GET / HTTP/1.1" 200 4286 "-" "Mozilla/5.0 (compatible; Googlebot/2.1; +http://www.google.com/bot.html)"
141.15.33.1 - - [05/Nov/2013:13:06:13 +0100] "GET /impressum.html HTTP/1.1" 200 5433 "http://www.google.de/url?sa=t&rct=j&q=&esrc=s&source=web&cd=1&ved=0CDAQFjAA&url=http%3A%2F%2Fwww.witerra-bau.de%2Fimpressum.html&ei=Id94UqXWEMOK4ASj84C4DA&usg=AFQjCNE4aTIFvP6UqNbn2CeA0tG1IVDFeA&bvm=bv.55980276,d.bGE" "Mozilla/5.0 (Windows NT 5.1; rv:24.0) Gecko/20100101 Firefox/24.0"
141.15.33.1 - - [05/Nov/2013:13:06:13 +0100] "GET /css/style.css HTTP/1.1" 200 1702 "http://www.witerra-bau.de/impressum.html" "Mozilla/5.0 (Windows NT 5.1; rv:24.0) Gecko/20100101 Firefox/24.0"
141.15.33.1 - - [05/Nov/2013:13:06:13 +0100] "GET /js/libs/modernizr-2.5.3.min.js HTTP/1.1" 200 15274 "http://www.witerra-bau.de/impressum.html" "Mozilla/5.0 (Windows NT 5.1; rv:24.0) Gecko/20100101 Firefox/24.0"
141.15.33.1 - - [05/Nov/2013:13:06:13 +0100] "GET /js/plugins.js HTTP/1.1" 200 898 "http://www.witerra-bau.de/impressum.html" "Mozilla/5.0 (Windows NT 5.1; rv:24.0) Gecko/20100101 Firefox/24.0"
141.15.33.1 - - [05/Nov/2013:13:06:14 +0100] "GET /images/footer.png HTTP/1.1" 200 518 "http://www.witerra-bau.de/css/style.css" "Mozilla/5.0 (Windows NT 5.1; rv:24.0) Gecko/20100101 Firefox/24.0"
141.15.33.1 - - [05/Nov/2013:13:06:14 +0100] "GET /images/textfeld.png HTTP/1.1" 200 1758 "http://www.witerra-bau.de/css/style.css" "Mozilla/5.0 (Windows NT 5.1; rv:24.0) Gecko/20100101 Firefox/24.0"
141.15.33.1 - - [05/Nov/2013:13:06:14 +0100] "GET /images/header.png HTTP/1.1" 200 27758 "http://www.witerra-bau.de/css/style.css" "Mozilla/5.0 (Windows NT 5.1; rv:24.0) Gecko/20100101 Firefox/24.0"
141.15.33.1 - - [05/Nov/2013:13:06:14 +0100] "GET /favicon.ico HTTP/1.1" 200 539038 "-" "Mozilla/5.0 (Windows NT 5.1; rv:24.0) Gecko/20100101 Firefox/24.0"
141.15.33.1 - - [05/Nov/2013:13:06:26 +0100] "GET /kontakt.html HTTP/1.1" 200 5104 "http://www.witerra-bau.de/impressum.html" "Mozilla/5.0 (Windows NT 5.1; rv:24.0) Gecko/20100101 Firefox/24.0"
141.15.33.1 - - [05/Nov/2013:13:06:27 +0100] "GET /captcha/captcha.php HTTP/1.1" 200 4547 "http://www.witerra-bau.de/kontakt.html" "Mozilla/5.0 (Windows NT 5.1; rv:24.0) Gecko/20100101 Firefox/24.0"
141.15.33.1 - - [05/Nov/2013:13:06:56 +0100] "GET /index.html HTTP/1.1" 200 4286 "http://www.witerra-bau.de/kontakt.html" "Mozilla/5.0 (Windows NT 5.1; rv:24.0) Gecko/20100101 Firefox/24.0"
141.15.33.1 - - [05/Nov/2013:13:06:56 +0100] "GET /images/bilder.png HTTP/1.1" 200 175856 "http://www.witerra-bau.de/index.html" "Mozilla/5.0 (Windows NT 5.1; rv:24.0) Gecko/20100101 Firefox/24.0"
141.15.33.1 - - [05/Nov/2013:13:07:46 +0100] "GET /uns.html HTTP/1.1" 200 3735 "http://www.witerra-bau.de/index.html" "Mozilla/5.0 (Windows NT 5.1; rv:24.0) Gecko/20100101 Firefox/24.0"
141.15.33.1 - - [05/Nov/2013:13:07:48 +0100] "GET /leistungen.html HTTP/1.1" 200 3736 "http://www.witerra-bau.de/uns.html" "Mozilla/5.0 (Windows NT 5.1; rv:24.0) Gecko/20100101 Firefox/24.0"
80.153.221.39 - - [05/Nov/2013:16:14:20 +0100] "GET /impressum.html HTTP/1.1" 200 5433 "http://www.google.de/url?sa=t&rct=j&q=&esrc=s&source=web&cd=1&ved=0CC4QFjAA&url=http%3A%2F%2Fwww.witerra-bau.de%2Fimpressum.html&ei=Pwt5UsC4KsfLswaJkYDICQ&usg=AFQjCNE4aTIFvP6UqNbn2CeA0tG1IVDFeA&bvm=bv.55980276,d.Yms" "Mozilla/5.0 (Windows NT 5.1; rv:22.0) Gecko/20100101 Firefox/22.0"
80.153.221.39 - - [05/Nov/2013:16:14:20 +0100] "GET /css/style.css HTTP/1.1" 200 1702 "http://www.witerra-bau.de/impressum.html" "Mozilla/5.0 (Windows NT 5.1; rv:22.0) Gecko/20100101 Firefox/22.0"
80.153.221.39 - - [05/Nov/2013:16:14:20 +0100] "GET /js/libs/modernizr-2.5.3.min.js HTTP/1.1" 200 15274 "http://www.witerra-bau.de/impressum.html" "Mozilla/5.0 (Windows NT 5.1; rv:22.0) Gecko/20100101 Firefox/22.0"
80.153.221.39 - - [05/Nov/2013:16:14:21 +0100] "GET /js/plugins.js HTTP/1.1" 200 898 "http://www.witerra-bau.de/impressum.html" "Mozilla/5.0 (Windows NT 5.1; rv:22.0) Gecko/20100101 Firefox/22.0"
80.153.221.39 - - [05/Nov/2013:16:14:21 +0100] "GET /images/header.png HTTP/1.1" 200 27758 "http://www.witerra-bau.de/css/style.css" "Mozilla/5.0 (Windows NT 5.1; rv:22.0) Gecko/20100101 Firefox/22.0"
80.153.221.39 - - [05/Nov/2013:16:14:21 +0100] "GET /images/textfeld.png HTTP/1.1" 200 1758 "http://www.witerra-bau.de/css/style.css" "Mozilla/5.0 (Windows NT 5.1; rv:22.0) Gecko/20100101 Firefox/22.0"
80.153.221.39 - - [05/Nov/2013:16:14:21 +0100] "GET /images/footer.png HTTP/1.1" 200 518 "http://www.witerra-bau.de/css/style.css" "Mozilla/5.0 (Windows NT 5.1; rv:22.0) Gecko/20100101 Firefox/22.0"
80.153.221.39 - - [05/Nov/2013:16:14:22 +0100] "GET /favicon.ico HTTP/1.1" 200 539038 "-" "Mozilla/5.0 (Windows NT 5.1; rv:22.0) Gecko/20100101 Firefox/22.0"
80.153.221.39 - - [05/Nov/2013:16:14:23 +0100] "GET /index.html HTTP/1.1" 200 4286 "http://www.witerra-bau.de/impressum.html" "Mozilla/5.0 (Windows NT 5.1; rv:22.0) Gecko/20100101 Firefox/22.0"
80.153.221.39 - - [05/Nov/2013:16:14:24 +0100] "GET /images/bilder.png HTTP/1.1" 200 175856 "http://www.witerra-bau.de/index.html" "Mozilla/5.0 (Windows NT 5.1; rv:22.0) Gecko/20100101 Firefox/22.0"
80.153.221.39 - - [05/Nov/2013:16:14:26 +0100] "GET /leistungen.html HTTP/1.1" 200 3736 "http://www.witerra-bau.de/index.html" "Mozilla/5.0 (Windows NT 5.1; rv:22.0) Gecko/20100101 Firefox/22.0"
80.153.221.39 - - [05/Nov/2013:16:14:30 +0100] "GET /referenzen.html HTTP/1.1" 200 3962 "http://www.witerra-bau.de/leistungen.html" "Mozilla/5.0 (Windows NT 5.1; rv:22.0) Gecko/20100101 Firefox/22.0"
80.153.221.39 - - [05/Nov/2013:16:14:33 +0100] "GET /partner.html HTTP/1.1" 200 4178 "http://www.witerra-bau.de/referenzen.html" "Mozilla/5.0 (Windows NT 5.1; rv:22.0) Gecko/20100101 Firefox/22.0"
80.153.221.39 - - [05/Nov/2013:16:14:47 +0100] "GET /uns.html HTTP/1.1" 200 3735 "http://www.witerra-bau.de/index.html" "Mozilla/5.0 (Windows NT 5.1; rv:22.0) Gecko/20100101 Firefox/22.0"
92.224.35.184 - - [05/Nov/2013:20:10:18 +0100] "GET / HTTP/1.1" 200 4286 "-" "UserAgent: Apache-HttpClient/release (java 1.5)"
92.224.35.184 - - [05/Nov/2013:20:10:18 +0100] "GET /impressum.html HTTP/1.1" 200 5433 "-" "UserAgent: Apache-HttpClient/release (java 1.5)"
66.249.78.146 - - [05/Nov/2013:23:35:22 +0100] "GET /robots.txt HTTP/1.1" 404 - "-" "Mozilla/5.0 (compatible; Googlebot/2.1; +http://www.google.com/bot.html)"
66.249.78.146 - - [05/Nov/2013:23:35:22 +0100] "GET / HTTP/1.1" 200 4286 "-" "Mozilla/5.0 (iPhone; CPU iPhone OS 6_0 like Mac OS X) AppleWebKit/536.26 (KHTML, like Gecko) Version/6.0 Mobile/10A5376e Safari/8536.25 (compatible; Googlebot-Mobile/2.1; +http://www.google.com/bot.html)"
66.249.78.146 - - [06/Nov/2013:00:01:28 +0100] "GET /impressum.html HTTP/1.1" 304 - "-" "Mozilla/5.0 (iPhone; CPU iPhone OS 6_0 like Mac OS X) AppleWebKit/536.26 (KHTML, like Gecko) Version/6.0 Mobile/10A5376e Safari/8536.25 (compatible; Googlebot-Mobile/2.1; +http://www.google.com/bot.html)"
66.249.78.146 - - [06/Nov/2013:01:50:17 +0100] "GET /robots.txt HTTP/1.1" 404 - "-" "Mozilla/5.0 (compatible; Googlebot/2.1; +http://www.google.com/bot.html)"
208.115.113.90 - - [06/Nov/2013:04:36:04 +0100] "GET /robots.txt HTTP/1.1" 404 - "-" "Mozilla/5.0 (compatible; Ezooms/1.0; ezooms.bot@gmail.com)"
46.4.48.68 - - [06/Nov/2013:04:50:54 +0100] "GET / HTTP/1.1" 200 4286 "-" "Mozilla/5.0 (Windows; U; Windows NT 5.1; en-US; rv:1.9.2.12) Gecko/20101026 Firefox/3.6.12"
208.115.113.90 - - [06/Nov/2013:06:21:34 +0100] "GET /referenzen.html HTTP/1.1" 200 3962 "-" "Mozilla/5.0 (compatible; Ezooms/1.0; ezooms.bot@gmail.com)"
199.19.249.196 - - [06/Nov/2013:16:35:22 +0100] "GET /impressum.html HTTP/1.1" 200 5433 "-" "Mozilla/4.0 (compatible; MSIE 7.0; Windows NT 5.1; InfoPath.1; .NET CLR 2.0.50727; .NET CLR 1.1.4322; MS-RTC LM 8; .NET CLR 3.0.4506.2152; .NET CLR 3.5.30729)"
193.105.52.35 - - [06/Nov/2013:16:35:22 +0100] "GET /impressum.html HTTP/1.1" 200 5433 "http://www.google.de/url?sa=t&rct=j&q=&esrc=s&frm=1&source=web&cd=1&cad=rja&ved=0CC4QFjAA&url=http%3A%2F%2Fwww.witerra-bau.de%2Fimpressum.html&ei=lWF6UqbbCsTHtQbHloDoCg&usg=AFQjCNE4aTIFvP6UqNbn2CeA0tG1IVDFeA&bvm=bv.55980276,d.Yms" "Mozilla/5.0 (compatible; MSIE 10.0; Windows NT 6.1; WOW64; Trident/6.0)"
193.105.52.35 - - [06/Nov/2013:16:35:22 +0100] "GET /css/style.css HTTP/1.1" 200 1702 "http://www.witerra-bau.de/impressum.html" "Mozilla/5.0 (compatible; MSIE 10.0; Windows NT 6.1; WOW64; Trident/6.0)"
193.105.52.35 - - [06/Nov/2013:16:35:22 +0100] "GET /js/libs/modernizr-2.5.3.min.js HTTP/1.1" 200 15274 "http://www.witerra-bau.de/impressum.html" "Mozilla/5.0 (compatible; MSIE 10.0; Windows NT 6.1; WOW64; Trident/6.0)"
193.105.52.35 - - [06/Nov/2013:16:35:22 +0100] "GET /js/plugins.js HTTP/1.1" 200 898 "http://www.witerra-bau.de/impressum.html" "Mozilla/5.0 (compatible; MSIE 10.0; Windows NT 6.1; WOW64; Trident/6.0)"
193.105.52.35 - - [06/Nov/2013:16:35:22 +0100] "GET /images/textfeld.png HTTP/1.1" 200 1758 "http://www.witerra-bau.de/impressum.html" "Mozilla/5.0 (compatible; MSIE 10.0; Windows NT 6.1; WOW64; Trident/6.0)"
193.105.52.35 - - [06/Nov/2013:16:35:22 +0100] "GET /images/header.png HTTP/1.1" 200 27758 "http://www.witerra-bau.de/impressum.html" "Mozilla/5.0 (compatible; MSIE 10.0; Windows NT 6.1; WOW64; Trident/6.0)"
193.105.52.35 - - [06/Nov/2013:16:35:23 +0100] "GET /images/footer.png HTTP/1.1" 200 518 "http://www.witerra-bau.de/impressum.html" "Mozilla/5.0 (compatible; MSIE 10.0; Windows NT 6.1; WOW64; Trident/6.0)"
193.105.52.35 - - [06/Nov/2013:16:35:23 +0100] "GET /favicon.ico HTTP/1.1" 200 539038 "-" "Mozilla/5.0 (compatible; MSIE 10.0; Windows NT 6.1; Win64; x64; Trident/6.0)"
199.19.249.196 - - [06/Nov/2013:16:35:27 +0100] "GET /leistungen.html HTTP/1.1" 200 3736 "-" "Mozilla/4.0 (compatible; MSIE 7.0; Windows NT 5.1; InfoPath.1; .NET CLR 2.0.50727; .NET CLR 1.1.4322; MS-RTC LM 8; .NET CLR 3.0.4506.2152; .NET CLR 3.5.30729)"
193.105.52.35 - - [06/Nov/2013:16:35:27 +0100] "GET /leistungen.html HTTP/1.1" 200 3736 "http://www.witerra-bau.de/impressum.html" "Mozilla/5.0 (compatible; MSIE 10.0; Windows NT 6.1; WOW64; Trident/6.0)"
199.19.249.196 - - [06/Nov/2013:16:35:31 +0100] "GET /uns.html HTTP/1.1" 200 3735 "-" "Mozilla/4.0 (compatible; MSIE 7.0; Windows NT 5.1; InfoPath.1; .NET CLR 2.0.50727; .NET CLR 1.1.4322; MS-RTC LM 8; .NET CLR 3.0.4506.2152; .NET CLR 3.5.30729)"
193.105.52.35 - - [06/Nov/2013:16:35:32 +0100] "GET /uns.html HTTP/1.1" 200 3735 "http://www.witerra-bau.de/leistungen.html" "Mozilla/5.0 (compatible; MSIE 10.0; Windows NT 6.1; WOW64; Trident/6.0)"
199.19.249.196 - - [06/Nov/2013:16:35:33 +0100] "GET /index.html HTTP/1.1" 200 4286 "-" "Mozilla/4.0 (compatible; MSIE 7.0; Windows NT 5.1; InfoPath.1; .NET CLR 2.0.50727; .NET CLR 1.1.4322; MS-RTC LM 8; .NET CLR 3.0.4506.2152; .NET CLR 3.5.30729)"
193.105.52.35 - - [06/Nov/2013:16:35:33 +0100] "GET /index.html HTTP/1.1" 200 4286 "http://www.witerra-bau.de/uns.html" "Mozilla/5.0 (compatible; MSIE 10.0; Windows NT 6.1; WOW64; Trident/6.0)"
193.105.52.35 - - [06/Nov/2013:16:35:33 +0100] "GET /images/bilder.png HTTP/1.1" 200 175856 "http://www.witerra-bau.de/index.html" "Mozilla/5.0 (compatible; MSIE 10.0; Windows NT 6.1; WOW64; Trident/6.0)"
199.19.249.196 - - [06/Nov/2013:16:35:41 +0100] "GET /referenzen.html HTTP/1.1" 200 3962 "-" "Mozilla/4.0 (compatible; MSIE 7.0; Windows NT 5.1; InfoPath.1; .NET CLR 2.0.50727; .NET CLR 1.1.4322; MS-RTC LM 8; .NET CLR 3.0.4506.2152; .NET CLR 3.5.30729)"
193.105.52.35 - - [06/Nov/2013:16:35:41 +0100] "GET /referenzen.html HTTP/1.1" 200 3962 "http://www.witerra-bau.de/index.html" "Mozilla/5.0 (compatible; MSIE 10.0; Windows NT 6.1; WOW64; Trident/6.0)"
199.19.249.196 - - [06/Nov/2013:16:35:44 +0100] "GET /partner.html HTTP/1.1" 200 4178 "-" "Mozilla/4.0 (compatible; MSIE 7.0; Windows NT 5.1; InfoPath.1; .NET CLR 2.0.50727; .NET CLR 1.1.4322; MS-RTC LM 8; .NET CLR 3.0.4506.2152; .NET CLR 3.5.30729)"
193.105.52.35 - - [06/Nov/2013:16:35:44 +0100] "GET /partner.html HTTP/1.1" 200 4178 "http://www.witerra-bau.de/referenzen.html" "Mozilla/5.0 (compatible; MSIE 10.0; Windows NT 6.1; WOW64; Trident/6.0)"
84.118.83.105 - - [06/Nov/2013:16:49:46 +0100] "GET /images/bilder.png HTTP/1.1" 200 175856 "http://www.brandigg.de/unternehmen/Witerra-GmbH" "Mozilla/5.0 (Windows NT 6.1) AppleWebKit/537.36 (KHTML, like Gecko) Chrome/30.0.1599.101 Safari/537.36"
84.118.83.105 - - [06/Nov/2013:16:49:49 +0100] "GET /captcha/captcha.php HTTP/1.1" 200 4144 "http://www.brandigg.de/unternehmen/Witerra-GmbH" "Mozilla/5.0 (Windows NT 6.1) AppleWebKit/537.36 (KHTML, like Gecko) Chrome/30.0.1599.101 Safari/537.36"
66.249.78.146 - - [06/Nov/2013:17:44:42 +0100] "GET /robots.txt HTTP/1.1" 404 - "-" "Mozilla/5.0 (compatible; Googlebot/2.1; +http://www.google.com/bot.html)"
66.249.78.146 - - [06/Nov/2013:17:44:42 +0100] "GET /referenzen.html HTTP/1.1" 304 - "-" "Mozilla/5.0 (iPhone; CPU iPhone OS 6_0 like Mac OS X) AppleWebKit/536.26 (KHTML, like Gecko) Version/6.0 Mobile/10A5376e Safari/8536.25 (compatible; Googlebot-Mobile/2.1; +http://www.google.com/bot.html)"
66.249.78.146 - - [06/Nov/2013:18:56:13 +0100] "GET /impressum.html HTTP/1.1" 304 - "-" "Mozilla/5.0 (compatible; Googlebot/2.1; +http://www.google.com/bot.html)"
66.249.78.146 - - [06/Nov/2013:20:16:25 +0100] "GET /partner.html HTTP/1.1" 304 - "-" "Mozilla/5.0 (compatible; Googlebot/2.1; +http://www.google.com/bot.html)"
66.249.78.146 - - [06/Nov/2013:21:31:31 +0100] "GET /uns.html HTTP/1.1" 304 - "-" "Mozilla/5.0 (compatible; Googlebot/2.1; +http://www.google.com/bot.html)"
66.249.78.146 - - [06/Nov/2013:21:36:38 +0100] "GET /kontakt.html HTTP/1.1" 304 - "-" "Mozilla/5.0 (compatible; Googlebot/2.1; +http://www.google.com/bot.html)"
66.249.78.146 - - [06/Nov/2013:23:14:10 +0100] "GET /referenzen.html HTTP/1.1" 200 3962 "-" "Mozilla/5.0 (compatible; Googlebot/2.1; +http://www.google.com/bot.html)"
66.249.78.146 - - [06/Nov/2013:23:16:22 +0100] "GET /css/style.css HTTP/1.1" 200 1702 "-" "Mozilla/5.0 (compatible; Googlebot/2.1; +http://www.google.com/bot.html)"
66.249.78.146 - - [06/Nov/2013:23:23:21 +0100] "GET /leistungen.html HTTP/1.1" 200 3736 "-" "Mozilla/5.0 (compatible; Googlebot/2.1; +http://www.google.com/bot.html)"
66.249.78.146 - - [07/Nov/2013:03:47:18 +0100] "GET /robots.txt HTTP/1.1" 404 - "-" "Mozilla/5.0 (compatible; Googlebot/2.1; +http://www.google.com/bot.html)"
66.249.78.146 - - [07/Nov/2013:03:47:18 +0100] "GET /impressum.html HTTP/1.1" 304 - "-" "Mozilla/5.0 (compatible; Googlebot/2.1; +http://www.google.com/bot.html)"
66.249.78.146 - - [07/Nov/2013:03:49:35 +0100] "GET /partner.html HTTP/1.1" 304 - "-" "Mozilla/5.0 (compatible; Googlebot/2.1; +http://www.google.com/bot.html)"
66.249.78.146 - - [07/Nov/2013:06:46:59 +0100] "GET / HTTP/1.1" 200 4286 "-" "Mozilla/5.0 (iPhone; CPU iPhone OS 6_0 like Mac OS X) AppleWebKit/536.26 (KHTML, like Gecko) Version/6.0 Mobile/10A5376e Safari/8536.25 (compatible; Googlebot-Mobile/2.1; +http://www.google.com/bot.html)"
66.249.78.146 - - [07/Nov/2013:12:37:02 +0100] "GET /leistungen.html HTTP/1.1" 304 - "-" "Mozilla/5.0 (iPhone; CPU iPhone OS 6_0 like Mac OS X) AppleWebKit/536.26 (KHTML, like Gecko) Version/6.0 Mobile/10A5376e Safari/8536.25 (compatible; Googlebot-Mobile/2.1; +http://www.google.com/bot.html)"
95.128.200.200 - - [07/Nov/2013:13:19:57 +0100] "GET / HTTP/1.1" 200 4286 "-" "Mozilla/5.0 (Windows; U; MSIE 9.0; Windows NT 9.0; de-DE))"
95.128.200.200 - - [07/Nov/2013:13:19:57 +0100] "GET / HTTP/1.1" 200 4286 "-" "Mozilla/5.0 (compatible; MSIE 10.0; Windows NT 6.1; WOW64; Trident/6.0)"
95.128.200.200 - - [07/Nov/2013:13:19:57 +0100] "GET / HTTP/1.1" 200 4286 "-" "Mozilla/5.0 (Windows; U; MSIE 9.0; Windows NT 9.0; de-DE))"
95.128.200.200 - - [07/Nov/2013:13:19:57 +0100] "GET / HTTP/1.1" 200 4286 "-" "Mozilla/5.0 (compatible; MSIE 10.0; Windows NT 6.1; WOW64; Trident/6.0)"
95.128.200.200 - - [07/Nov/2013:13:19:57 +0100] "GET /impressum.html HTTP/1.1" 200 5433 "-" "Mozilla/5.0 (Windows NT 6.1; Win64; x64; rv:14.0) Gecko/20120405 Firefox/14.0a1"
95.128.200.200 - - [07/Nov/2013:13:19:57 +0100] "GET /impressum.html HTTP/1.1" 200 5433 "-" "Mozilla/5.0 (Windows; U; MSIE 9.0; Windows NT 9.0; de-DE))"
95.128.200.200 - - [07/Nov/2013:13:19:57 +0100] "GET /impressum.html HTTP/1.1" 200 5433 "-" "Mozilla/5.0 (Windows NT 6.1; rv:12.0) Gecko/20120403211507 Firefox/12.0"
95.128.200.200 - - [07/Nov/2013:13:19:57 +0100] "GET /impressum.html HTTP/1.1" 200 5433 "-" "Mozilla/5.0 (Windows NT 6.1; rv:12.0) Gecko/20120403211507 Firefox/12.0"
95.128.200.200 - - [07/Nov/2013:13:19:57 +0100] "GET / HTTP/1.1" 200 4286 "-" "Mozilla/5.0 (Windows; U; MSIE 9.0; Windows NT 9.0; de-DE))"
95.128.200.200 - - [07/Nov/2013:13:19:57 +0100] "GET /impressum.html HTTP/1.1" 200 5433 "-" "Mozilla/5.0 (Windows NT 6.1; rv:12.0) Gecko/20120403211507 Firefox/12.0"
157.55.35.53 - - [07/Nov/2013:15:15:20 +0100] "GET /robots.txt HTTP/1.1" 404 - "-" "Mozilla/5.0 (compatible; bingbot/2.0; +http://www.bing.com/bingbot.htm)"
157.55.35.53 - - [07/Nov/2013:15:16:50 +0100] "GET /leistungen.html HTTP/1.1" 200 3736 "-" "Mozilla/5.0 (compatible; bingbot/2.0; +http://www.bing.com/bingbot.htm)"
66.249.78.146 - - [07/Nov/2013:17:00:54 +0100] "GET /robots.txt HTTP/1.1" 404 - "-" "Mozilla/5.0 (compatible; Googlebot/2.1; +http://www.google.com/bot.html)"
66.249.78.146 - - [07/Nov/2013:17:00:54 +0100] "GET /partner.html HTTP/1.1" 304 - "-" "Mozilla/5.0 (iPhone; CPU iPhone OS 6_0 like Mac OS X) AppleWebKit/536.26 (KHTML, like Gecko) Version/6.0 Mobile/10A5376e Safari/8536.25 (compatible; Googlebot-Mobile/2.1; +http://www.google.com/bot.html)"
66.249.78.146 - - [08/Nov/2013:05:50:27 +0100] "GET /robots.txt HTTP/1.1" 404 - "-" "Mozilla/5.0 (compatible; Googlebot/2.1; +http://www.google.com/bot.html)"
66.249.78.146 - - [08/Nov/2013:05:50:27 +0100] "GET /uns.html HTTP/1.1" 304 - "-" "Mozilla/5.0 (iPhone; CPU iPhone OS 6_0 like Mac OS X) AppleWebKit/536.26 (KHTML, like Gecko) Version/6.0 Mobile/10A5376e Safari/8536.25 (compatible; Googlebot-Mobile/2.1; +http://www.google.com/bot.html)"
188.138.109.147 - - [08/Nov/2013:11:30:40 +0100] "GET / HTTP/1.0" 200 4286 "-" "Lynx/2.8.8dev.5 libwww-FM/2.14 SSL-MM/1.4.1 GNUTLS/2.8.6"
66.249.78.146 - - [08/Nov/2013:18:04:28 +0100] "GET /robots.txt HTTP/1.1" 404 - "-" "Mozilla/5.0 (compatible; Googlebot/2.1; +http://www.google.com/bot.html)"
66.249.78.146 - - [08/Nov/2013:18:04:28 +0100] "GET / HTTP/1.1" 200 4286 "-" "Mozilla/5.0 (iPhone; CPU iPhone OS 6_0 like Mac OS X) AppleWebKit/536.26 (KHTML, like Gecko) Version/6.0 Mobile/10A5376e Safari/8536.25 (compatible; Googlebot-Mobile/2.1; +http://www.google.com/bot.html)"
66.249.78.146 - - [08/Nov/2013:18:06:35 +0100] "GET /css/style.css HTTP/1.1" 200 1702 "-" "Mozilla/5.0 (compatible; Googlebot/2.1; +http://www.google.com/bot.html)"
188.40.124.134 - - [08/Nov/2013:19:03:15 +0100] "GET /robots.txt HTTP/1.1" 404 - "-" "Mozilla/4.0 (compatible; MSIE 6.0; Windows NT 5.1; SV1; .NET CLR 1.1.4322)"
188.40.124.134 - - [08/Nov/2013:19:03:15 +0100] "GET / HTTP/1.1" 200 4286 "-" "Mozilla/4.0 (compatible; MSIE 6.0; Windows NT 5.1; SV1; .NET CLR 1.1.4322)"
188.40.124.134 - - [08/Nov/2013:19:03:15 +0100] "GET /index.html HTTP/1.1" 200 4286 "http://www.witerra-bau.de/" "Mozilla/4.0 (compatible; MSIE 6.0; Windows NT 5.1; SV1; .NET CLR 1.1.4322)"
188.40.124.134 - - [08/Nov/2013:19:03:16 +0100] "GET /impressum.html HTTP/1.1" 200 5433 "http://www.witerra-bau.de/" "Mozilla/4.0 (compatible; MSIE 6.0; Windows NT 5.1; SV1; .NET CLR 1.1.4322)"
188.40.124.134 - - [08/Nov/2013:19:03:16 +0100] "GET /kontakt.html HTTP/1.1" 200 5104 "http://www.witerra-bau.de/" "Mozilla/4.0 (compatible; MSIE 6.0; Windows NT 5.1; SV1; .NET CLR 1.1.4322)"
188.40.124.134 - - [08/Nov/2013:19:03:16 +0100] "GET /partner.html HTTP/1.1" 200 4178 "http://www.witerra-bau.de/" "Mozilla/4.0 (compatible; MSIE 6.0; Windows NT 5.1; SV1; .NET CLR 1.1.4322)"
188.40.124.134 - - [08/Nov/2013:19:03:16 +0100] "GET /referenzen.html HTTP/1.1" 200 3962 "http://www.witerra-bau.de/" "Mozilla/4.0 (compatible; MSIE 6.0; Windows NT 5.1; SV1; .NET CLR 1.1.4322)"
188.40.124.134 - - [08/Nov/2013:19:03:16 +0100] "GET /leistungen.html HTTP/1.1" 200 3736 "http://www.witerra-bau.de/" "Mozilla/4.0 (compatible; MSIE 6.0; Windows NT 5.1; SV1; .NET CLR 1.1.4322)"
188.40.124.134 - - [08/Nov/2013:19:03:16 +0100] "GET /uns.html HTTP/1.1" 200 3735 "http://www.witerra-bau.de/" "Mozilla/4.0 (compatible; MSIE 6.0; Windows NT 5.1; SV1; .NET CLR 1.1.4322)"
66.249.78.146 - - [08/Nov/2013:21:26:25 +0100] "GET /impressum.html HTTP/1.1" 304 - "-" "Mozilla/5.0 (iPhone; CPU iPhone OS 6_0 like Mac OS X) AppleWebKit/536.26 (KHTML, like Gecko) Version/6.0 Mobile/10A5376e Safari/8536.25 (compatible; Googlebot-Mobile/2.1; +http://www.google.com/bot.html)"
157.55.35.82 - - [09/Nov/2013:05:34:33 +0100] "GET /robots.txt HTTP/1.1" 404 - "-" "Mozilla/5.0 (compatible; bingbot/2.0; +http://www.bing.com/bingbot.htm)"
157.55.35.82 - - [09/Nov/2013:05:42:21 +0100] "GET /uns.html HTTP/1.1" 304 - "-" "Mozilla/5.0 (compatible; bingbot/2.0; +http://www.bing.com/bingbot.htm)"
66.249.78.146 - - [09/Nov/2013:14:33:44 +0100] "GET /robots.txt HTTP/1.1" 404 - "-" "Mozilla/5.0 (compatible; Googlebot/2.1; +http://www.google.com/bot.html)"
66.249.78.146 - - [09/Nov/2013:14:33:44 +0100] "GET / HTTP/1.1" 200 4286 "-" "Mozilla/5.0 (compatible; Googlebot/2.1; +http://www.google.com/bot.html)"
208.115.111.74 - - [09/Nov/2013:14:36:47 +0100] "GET /robots.txt HTTP/1.1" 404 - "-" "Mozilla/5.0 (compatible; Ezooms/1.0; ezooms.bot@gmail.com)"
208.115.111.74 - - [09/Nov/2013:16:23:31 +0100] "GET /impressum.html HTTP/1.1" 200 5433 "-" "Mozilla/5.0 (compatible; Ezooms/1.0; ezooms.bot@gmail.com)"
66.249.73.236 - - [09/Nov/2013:18:01:39 +0100] "GET /robots.txt HTTP/1.1" 404 - "-" "Mozilla/5.0 (compatible; Googlebot/2.1; +http://www.google.com/bot.html)"
66.249.73.236 - - [09/Nov/2013:18:01:39 +0100] "GET /kontakt.html HTTP/1.1" 304 - "-" "Mozilla/5.0 (iPhone; CPU iPhone OS 6_0 like Mac OS X) AppleWebKit/536.26 (KHTML, like Gecko) Version/6.0 Mobile/10A5376e Safari/8536.25 (compatible; Googlebot-Mobile/2.1; +http://www.google.com/bot.html)"
66.249.64.6 - - [10/Nov/2013:02:18:42 +0100] "GET / HTTP/1.1" 200 4286 "-" "Mozilla/5.0 (compatible; Googlebot/2.1; +http://www.google.com/bot.html)"
66.249.73.236 - - [10/Nov/2013:08:01:14 +0100] "GET /robots.txt HTTP/1.1" 404 - "-" "Mozilla/5.0 (compatible; Googlebot/2.1; +http://www.google.com/bot.html)"
66.249.73.236 - - [10/Nov/2013:08:01:15 +0100] "GET / HTTP/1.1" 200 4286 "-" "Mozilla/5.0 (iPhone; CPU iPhone OS 6_0 like Mac OS X) AppleWebKit/536.26 (KHTML, like Gecko) Version/6.0 Mobile/10A5376e Safari/8536.25 (compatible; Googlebot-Mobile/2.1; +http://www.google.com/bot.html)"
66.249.73.236 - - [10/Nov/2013:08:21:27 +0100] "GET /css/style.css HTTP/1.1" 200 1702 "-" "Mozilla/5.0 (compatible; Googlebot/2.1; +http://www.google.com/bot.html)"
66.249.73.236 - - [10/Nov/2013:09:09:23 +0100] "GET /referenzen.html HTTP/1.1" 304 - "-" "Mozilla/5.0 (iPhone; CPU iPhone OS 6_0 like Mac OS X) AppleWebKit/536.26 (KHTML, like Gecko) Version/6.0 Mobile/10A5376e Safari/8536.25 (compatible; Googlebot-Mobile/2.1; +http://www.google.com/bot.html)"
66.249.78.146 - - [10/Nov/2013:16:14:20 +0100] "GET /robots.txt HTTP/1.1" 404 - "-" "Mozilla/5.0 (compatible; Googlebot/2.1; +http://www.google.com/bot.html)"
66.249.78.146 - - [10/Nov/2013:16:14:20 +0100] "GET /partner.html HTTP/1.1" 304 - "-" "Mozilla/5.0 (iPhone; CPU iPhone OS 6_0 like Mac OS X) AppleWebKit/536.26 (KHTML, like Gecko) Version/6.0 Mobile/10A5376e Safari/8536.25 (compatible; Googlebot-Mobile/2.1; +http://www.google.com/bot.html)"
107.21.190.25 - - [10/Nov/2013:21:57:12 +0100] "GET / HTTP/1.0" 200 4286 "-" "Mozilla/5.0 (compatible; NetcraftSurveyAgent/1.0; +info@netcraft.com)"
81.169.188.167 - - [11/Nov/2013:07:32:05 +0100] "GET / HTTP/1.1" 200 4286 "-" "Mozilla/4.0 (compatible; MSIE 8.0; Windows NT 6.0; Trident/4.0; Mozilla/4.0 (compatible; MSIE 6.0; Windows NT 5.1; SV1) )"
81.169.188.167 - - [11/Nov/2013:07:32:05 +0100] "GET / HTTP/1.1" 200 4286 "-" "Mozilla/4.0 (compatible; MSIE 8.0; Windows NT 5.2; WOW64; Trident/4.0; .NET CLR 2.0.50727; InfoPath.1; .NET CLR 3.0.04506.30)"
81.169.188.167 - - [11/Nov/2013:07:33:47 +0100] "GET / HTTP/1.1" 200 4286 "-" "Mozilla/4.0 (compatible; MSIE 8.0; Windows NT 5.1; Trident/4.0; GTB7.3; .NET CLR 1.0.3705; InfoPath.1; AskTbORJ/5.15.1.22229)"
81.169.188.167 - - [11/Nov/2013:07:33:51 +0100] "GET /impressum.html HTTP/1.1" 200 5433 "-" "Mozilla/4.0 (compatible; MSIE 8.0; Windows NT 5.1; Trident/4.0; iCafeMedia; GTB6.5; .NET CLR 2.0.50727)"
81.169.188.167 - - [11/Nov/2013:07:33:51 +0100] "GET /kontakt.html HTTP/1.1" 200 5104 "-" "Mozilla/5.0 (compatible; MSIE 10.0; Windows NT 6.1; Trident/4.0; InfoPath.2; SV1; .NET CLR 2.0.50727; WOW64)"
81.169.188.167 - - [11/Nov/2013:07:33:51 +0100] "GET /uns.html HTTP/1.1" 200 3735 "-" "Mozilla/5.0 (Windows NT 6.2) AppleWebKit/536.3 (KHTML, like Gecko) Chrome/19.0.1062.0 Safari/536.3"
81.169.188.167 - - [11/Nov/2013:07:33:51 +0100] "GET /leistungen.html HTTP/1.1" 200 3736 "-" "Mozilla/5.0 (Windows NT 6.0; rv:14.0) Gecko/20100101 Firefox/14.0.1"
66.249.78.146 - - [11/Nov/2013:09:05:48 +0100] "GET /robots.txt HTTP/1.1" 404 - "-" "Mozilla/5.0 (compatible; Googlebot/2.1; +http://www.google.com/bot.html)"
66.249.78.146 - - [11/Nov/2013:09:05:48 +0100] "GET /leistungen.html HTTP/1.1" 304 - "-" "Mozilla/5.0 (iPhone; CPU iPhone OS 6_0 like Mac OS X) AppleWebKit/536.26 (KHTML, like Gecko) Version/6.0 Mobile/10A5376e Safari/8536.25 (compatible; Googlebot-Mobile/2.1; +http://www.google.com/bot.html)"
84.189.131.50 - - [11/Nov/2013:09:46:23 +0100] "GET /impressum.html HTTP/1.1" 200 5433 "http://www.google.de/url?sa=t&rct=j&q=&esrc=s&frm=1&source=web&cd=1&ved=0CDAQFjAA&url=http%3A%2F%2Fwww.witerra-bau.de%2Fimpressum.html&ei=15iAUvryI4nKtAbmnIHYAQ&usg=AFQjCNE4aTIFvP6UqNbn2CeA0tG1IVDFeA&sig2=RUH0BvWtXGGJANe7hO5-9w&bvm=bv.56146854,d.Yms" "Mozilla/5.0 (compatible; MSIE 10.0; Windows NT 6.1; WOW64; Trident/6.0)"
84.189.131.50 - - [11/Nov/2013:09:46:23 +0100] "GET /css/style.css HTTP/1.1" 200 1702 "http://www.witerra-bau.de/impressum.html" "Mozilla/5.0 (compatible; MSIE 10.0; Windows NT 6.1; WOW64; Trident/6.0)"
84.189.131.50 - - [11/Nov/2013:09:46:23 +0100] "GET /js/libs/modernizr-2.5.3.min.js HTTP/1.1" 200 15274 "http://www.witerra-bau.de/impressum.html" "Mozilla/5.0 (compatible; MSIE 10.0; Windows NT 6.1; WOW64; Trident/6.0)"
84.189.131.50 - - [11/Nov/2013:09:46:23 +0100] "GET /js/plugins.js HTTP/1.1" 200 898 "http://www.witerra-bau.de/impressum.html" "Mozilla/5.0 (compatible; MSIE 10.0; Windows NT 6.1; WOW64; Trident/6.0)"
84.189.131.50 - - [11/Nov/2013:09:46:23 +0100] "GET /images/footer.png HTTP/1.1" 200 518 "http://www.witerra-bau.de/impressum.html" "Mozilla/5.0 (compatible; MSIE 10.0; Windows NT 6.1; WOW64; Trident/6.0)"
84.189.131.50 - - [11/Nov/2013:09:46:23 +0100] "GET /images/textfeld.png HTTP/1.1" 200 1758 "http://www.witerra-bau.de/impressum.html" "Mozilla/5.0 (compatible; MSIE 10.0; Windows NT 6.1; WOW64; Trident/6.0)"
84.189.131.50 - - [11/Nov/2013:09:46:23 +0100] "GET /images/header.png HTTP/1.1" 200 27758 "http://www.witerra-bau.de/impressum.html" "Mozilla/5.0 (compatible; MSIE 10.0; Windows NT 6.1; WOW64; Trident/6.0)"
84.189.131.50 - - [11/Nov/2013:09:46:23 +0100] "GET /favicon.ico HTTP/1.1" 200 539038 "-" "Mozilla/5.0 (compatible; MSIE 10.0; Windows NT 6.1; WOW64; Trident/6.0)"
84.189.131.50 - - [11/Nov/2013:09:46:54 +0100] "GET /uns.html HTTP/1.1" 200 3735 "http://www.witerra-bau.de/impressum.html" "Mozilla/5.0 (compatible; MSIE 10.0; Windows NT 6.1; WOW64; Trident/6.0)"
84.189.131.50 - - [11/Nov/2013:09:47:02 +0100] "GET /kontakt.html HTTP/1.1" 200 5104 "http://www.witerra-bau.de/impressum.html" "Mozilla/5.0 (compatible; MSIE 10.0; Windows NT 6.1; WOW64; Trident/6.0)"
84.189.131.50 - - [11/Nov/2013:09:47:03 +0100] "GET /captcha/captcha.php HTTP/1.1" 200 4633 "http://www.witerra-bau.de/kontakt.html" "Mozilla/5.0 (compatible; MSIE 10.0; Windows NT 6.1; WOW64; Trident/6.0)"
84.189.131.50 - - [11/Nov/2013:09:47:04 +0100] "GET /partner.html HTTP/1.1" 200 4178 "http://www.witerra-bau.de/kontakt.html" "Mozilla/5.0 (compatible; MSIE 10.0; Windows NT 6.1; WOW64; Trident/6.0)"
84.189.131.50 - - [11/Nov/2013:09:47:11 +0100] "GET /referenzen.html HTTP/1.1" 200 3962 "http://www.witerra-bau.de/partner.html" "Mozilla/5.0 (compatible; MSIE 10.0; Windows NT 6.1; WOW64; Trident/6.0)"
84.189.131.50 - - [11/Nov/2013:09:47:14 +0100] "GET /leistungen.html HTTP/1.1" 200 3736 "http://www.witerra-bau.de/referenzen.html" "Mozilla/5.0 (compatible; MSIE 10.0; Windows NT 6.1; WOW64; Trident/6.0)"
84.189.131.50 - - [11/Nov/2013:09:47:16 +0100] "GET /index.html HTTP/1.1" 200 4286 "http://www.witerra-bau.de/leistungen.html" "Mozilla/5.0 (compatible; MSIE 10.0; Windows NT 6.1; WOW64; Trident/6.0)"
84.189.131.50 - - [11/Nov/2013:09:47:16 +0100] "GET /images/bilder.png HTTP/1.1" 200 175856 "http://www.witerra-bau.de/index.html" "Mozilla/5.0 (compatible; MSIE 10.0; Windows NT 6.1; WOW64; Trident/6.0)"
157.55.33.248 - - [11/Nov/2013:09:47:40 +0100] "GET /robots.txt HTTP/1.1" 404 - "-" "Mozilla/5.0 (compatible; bingbot/2.0; +http://www.bing.com/bingbot.htm)"
157.55.33.248 - - [11/Nov/2013:11:56:03 +0100] "GET /impressum.html HTTP/1.1" 304 - "-" "Mozilla/5.0 (compatible; bingbot/2.0; +http://www.bing.com/bingbot.htm)"
62.89.187.77 - - [11/Nov/2013:14:46:42 +0100] "GET /impressum.html HTTP/1.1" 200 5433 "http://www.google.de/url?sa=t&rct=j&q=&esrc=s&frm=1&source=web&cd=1&ved=0CC4QFjAA&url=http%3A%2F%2Fwww.witerra-bau.de%2Fimpressum.html&ei=Rd-AUs7rIYWStAb-44HwDg&usg=AFQjCNE4aTIFvP6UqNbn2CeA0tG1IVDFeA&bvm=bv.56146854,d.Yms" "Mozilla/5.0 (compatible; MSIE 10.0; Windows NT 6.1; WOW64; Trident/6.0)"
62.89.187.77 - - [11/Nov/2013:14:46:42 +0100] "GET /css/style.css HTTP/1.1" 200 1702 "http://www.witerra-bau.de/impressum.html" "Mozilla/5.0 (compatible; MSIE 10.0; Windows NT 6.1; WOW64; Trident/6.0)"
62.89.187.77 - - [11/Nov/2013:14:46:42 +0100] "GET /js/libs/modernizr-2.5.3.min.js HTTP/1.1" 200 15274 "http://www.witerra-bau.de/impressum.html" "Mozilla/5.0 (compatible; MSIE 10.0; Windows NT 6.1; WOW64; Trident/6.0)"
62.89.187.77 - - [11/Nov/2013:14:46:42 +0100] "GET /js/plugins.js HTTP/1.1" 200 898 "http://www.witerra-bau.de/impressum.html" "Mozilla/5.0 (compatible; MSIE 10.0; Windows NT 6.1; WOW64; Trident/6.0)"
62.89.187.77 - - [11/Nov/2013:14:46:42 +0100] "GET /images/textfeld.png HTTP/1.1" 200 1758 "http://www.witerra-bau.de/impressum.html" "Mozilla/5.0 (compatible; MSIE 10.0; Windows NT 6.1; WOW64; Trident/6.0)"
62.89.187.77 - - [11/Nov/2013:14:46:42 +0100] "GET /images/header.png HTTP/1.1" 200 27758 "http://www.witerra-bau.de/impressum.html" "Mozilla/5.0 (compatible; MSIE 10.0; Windows NT 6.1; WOW64; Trident/6.0)"
62.89.187.77 - - [11/Nov/2013:14:46:42 +0100] "GET /images/footer.png HTTP/1.1" 200 518 "http://www.witerra-bau.de/impressum.html" "Mozilla/5.0 (compatible; MSIE 10.0; Windows NT 6.1; WOW64; Trident/6.0)"
62.89.187.77 - - [11/Nov/2013:14:46:43 +0100] "GET /favicon.ico HTTP/1.1" 200 539038 "-" "Mozilla/5.0 (compatible; MSIE 10.0; Windows NT 6.1; WOW64; Trident/6.0)"
66.249.78.146 - - [11/Nov/2013:19:27:10 +0100] "GET /robots.txt HTTP/1.1" 404 - "-" "Mozilla/5.0 (compatible; Googlebot/2.1; +http://www.google.com/bot.html)"
66.249.78.146 - - [11/Nov/2013:19:27:10 +0100] "GET / HTTP/1.1" 200 4286 "-" "Mozilla/5.0 (iPhone; CPU iPhone OS 6_0 like Mac OS X) AppleWebKit/536.26 (KHTML, like Gecko) Version/6.0 Mobile/10A5376e Safari/8536.25 (compatible; Googlebot-Mobile/2.1; +http://www.google.com/bot.html)"
66.249.78.146 - - [11/Nov/2013:19:37:10 +0100] "GET /css/style.css HTTP/1.1" 200 1702 "-" "Mozilla/5.0 (compatible; Googlebot/2.1; +http://www.google.com/bot.html)"
66.249.78.146 - - [11/Nov/2013:20:55:51 +0100] "GET /impressum.html HTTP/1.1" 304 - "-" "Mozilla/5.0 (iPhone; CPU iPhone OS 6_0 like Mac OS X) AppleWebKit/536.26 (KHTML, like Gecko) Version/6.0 Mobile/10A5376e Safari/8536.25 (compatible; Googlebot-Mobile/2.1; +http://www.google.com/bot.html)"
157.55.35.37 - - [11/Nov/2013:21:53:19 +0100] "GET /robots.txt HTTP/1.1" 404 - "-" "Mozilla/5.0 (compatible; bingbot/2.0; +http://www.bing.com/bingbot.htm)"
157.55.35.37 - - [11/Nov/2013:23:41:48 +0100] "GET /referenzen.html HTTP/1.1" 304 - "-" "Mozilla/5.0 (compatible; bingbot/2.0; +http://www.bing.com/bingbot.htm)"
208.115.111.74 - - [12/Nov/2013:02:40:05 +0100] "GET /robots.txt HTTP/1.1" 404 - "-" "Mozilla/5.0 (compatible; Ezooms/1.0; ezooms.bot@gmail.com)"
66.249.78.146 - - [13/Nov/2013:07:14:30 +0100] "GET /robots.txt HTTP/1.1" 404 - "-" "Mozilla/5.0 (compatible; Googlebot/2.1; +http://www.google.com/bot.html)"
66.249.78.146 - - [13/Nov/2013:07:14:30 +0100] "GET / HTTP/1.1" 200 4286 "-" "Mozilla/5.0 (iPhone; CPU iPhone OS 6_0 like Mac OS X) AppleWebKit/536.26 (KHTML, like Gecko) Version/6.0 Mobile/10A5376e Safari/8536.25 (compatible; Googlebot-Mobile/2.1; +http://www.google.com/bot.html)"
66.249.78.146 - - [13/Nov/2013:07:22:38 +0100] "GET /js/plugins.js HTTP/1.1" 200 898 "-" "Mozilla/5.0 (compatible; Googlebot/2.1; +http://www.google.com/bot.html)"
66.249.78.146 - - [13/Nov/2013:08:15:36 +0100] "GET /css/style.css HTTP/1.1" 200 1702 "-" "Mozilla/5.0 (compatible; Googlebot/2.1; +http://www.google.com/bot.html)"
66.249.78.146 - - [13/Nov/2013:08:19:01 +0100] "GET /js/libs/modernizr-2.5.3.min.js HTTP/1.1" 200 15274 "-" "Mozilla/5.0 (compatible; Googlebot/2.1; +http://www.google.com/bot.html)"
66.249.78.146 - - [13/Nov/2013:08:53:11 +0100] "GET /uns.html HTTP/1.1" 304 - "-" "Mozilla/5.0 (iPhone; CPU iPhone OS 6_0 like Mac OS X) AppleWebKit/536.26 (KHTML, like Gecko) Version/6.0 Mobile/10A5376e Safari/8536.25 (compatible; Googlebot-Mobile/2.1; +http://www.google.com/bot.html)"
64.246.165.10 - - [13/Nov/2013:12:56:02 +0100] "GET /robots.txt HTTP/1.0" 404 - "-" "Mozilla/5.0 (Windows; U; Windows NT 5.1; en; rv:1.9.0.13) Gecko/2009073022 Firefox/3.5.2 (.NET CLR 3.5.30729) SurveyBot/2.3 (DomainTools)"
64.246.165.10 - - [13/Nov/2013:12:56:03 +0100] "GET / HTTP/1.1" 200 4286 "http://whois.domaintools.com/witerra-bau.de" "Mozilla/5.0 (Windows; U; Windows NT 5.1; en; rv:1.9.0.13) Gecko/2009073022 Firefox/3.5.2 (.NET CLR 3.5.30729) SurveyBot/2.3 (DomainTools)"
208.115.111.74 - - [13/Nov/2013:14:39:03 +0100] "GET /robots.txt HTTP/1.1" 404 - "-" "Mozilla/5.0 (compatible; Ezooms/1.0; ezooms.bot@gmail.com)"
208.115.111.74 - - [13/Nov/2013:16:30:10 +0100] "GET /index.html HTTP/1.1" 200 4286 "-" "Mozilla/5.0 (compatible; Ezooms/1.0; ezooms.bot@gmail.com)"
66.249.78.146 - - [13/Nov/2013:20:04:45 +0100] "GET /robots.txt HTTP/1.1" 404 - "-" "Mozilla/5.0 (compatible; Googlebot/2.1; +http://www.google.com/bot.html)"
66.249.78.146 - - [13/Nov/2013:20:04:46 +0100] "GET / HTTP/1.1" 200 4286 "-" "Mozilla/5.0 (compatible; Googlebot/2.1; +http://www.google.com/bot.html)"
66.249.78.146 - - [13/Nov/2013:20:59:19 +0100] "GET /kontakt.html HTTP/1.1" 304 - "-" "Mozilla/5.0 (iPhone; CPU iPhone OS 6_0 like Mac OS X) AppleWebKit/536.26 (KHTML, like Gecko) Version/6.0 Mobile/10A5376e Safari/8536.25 (compatible; Googlebot-Mobile/2.1; +http://www.google.com/bot.html)"
66.249.78.146 - - [14/Nov/2013:04:46:50 +0100] "GET /robots.txt HTTP/1.1" 404 - "-" "Mozilla/5.0 (compatible; Googlebot/2.1; +http://www.google.com/bot.html)"
66.249.78.146 - - [14/Nov/2013:08:34:16 +0100] "GET /robots.txt HTTP/1.1" 404 - "-" "Mozilla/5.0 (compatible; Googlebot/2.1; +http://www.google.com/bot.html)"
66.249.78.146 - - [14/Nov/2013:08:34:16 +0100] "GET /referenzen.html HTTP/1.1" 304 - "-" "Mozilla/5.0 (iPhone; CPU iPhone OS 6_0 like Mac OS X) AppleWebKit/536.26 (KHTML, like Gecko) Version/6.0 Mobile/10A5376e Safari/8536.25 (compatible; Googlebot-Mobile/2.1; +http://www.google.com/bot.html)"
208.115.111.74 - - [14/Nov/2013:10:36:29 +0100] "GET /robots.txt HTTP/1.1" 404 - "-" "Mozilla/5.0 (compatible; Ezooms/1.0; ezooms.bot@gmail.com)"
208.115.111.74 - - [14/Nov/2013:12:25:28 +0100] "GET /uns.html HTTP/1.1" 200 3735 "-" "Mozilla/5.0 (compatible; Ezooms/1.0; ezooms.bot@gmail.com)"
78.158.11.226 - - [14/Nov/2013:14:27:31 +0100] "GET / HTTP/1.1" 200 4286 "http://killmalware.com/www.witerra-bau.de/" "Lynx/2.8.5rel.1 libwww-FM/2.15FC SSL-MM/1.4.1c OpenSSL/0.9.7e-dev"
78.158.11.226 - - [14/Nov/2013:14:27:31 +0100] "GET / HTTP/1.1" 200 4286 "http://www.google.com/url?sa=t&rct=j&q=www.witerra-bau.de&source=web&cd=5&ved=0CF0QFjAE&url=http:%2F%2Fwww.witerra-bau.de%2F&cad=rja" "Lynx/2.8.5rel.1 libwww-FM/2.15FC SSL-MM/1.4.1c OpenSSL/0.9.7e-dev"
78.158.11.226 - - [14/Nov/2013:14:27:32 +0100] "GET /index.html HTTP/1.1" 200 4286 "-" "Lynx/2.8.5rel.1 libwww-FM/2.15FC SSL-MM/1.4.1c OpenSSL/0.9.7e-dev"
66.249.78.146 - - [14/Nov/2013:15:50:16 +0100] "GET /robots.txt HTTP/1.1" 404 - "-" "Mozilla/5.0 (compatible; Googlebot/2.1; +http://www.google.com/bot.html)"
66.249.78.146 - - [14/Nov/2013:15:50:16 +0100] "GET /partner.html HTTP/1.1" 304 - "-" "Mozilla/5.0 (iPhone; CPU iPhone OS 6_0 like Mac OS X) AppleWebKit/536.26 (KHTML, like Gecko) Version/6.0 Mobile/10A5376e Safari/8536.25 (compatible; Googlebot-Mobile/2.1; +http://www.google.com/bot.html)"
141.8.147.12 - - [14/Nov/2013:20:46:15 +0100] "GET /robots.txt HTTP/1.1" 404 - "-" "Mozilla/5.0 (compatible; YandexBot/3.0; +http://yandex.com/bots)"
141.8.147.12 - - [15/Nov/2013:00:03:17 +0100] "GET / HTTP/1.1" 200 4286 "-" "Mozilla/5.0 (compatible; YandexBot/3.0; +http://yandex.com/bots)"
66.249.78.146 - - [15/Nov/2013:03:38:49 +0100] "GET /robots.txt HTTP/1.1" 404 - "-" "Mozilla/5.0 (compatible; Googlebot/2.1; +http://www.google.com/bot.html)"
66.249.78.146 - - [15/Nov/2013:03:38:49 +0100] "GET /impressum.html HTTP/1.1" 304 - "-" "Mozilla/5.0 (iPhone; CPU iPhone OS 6_0 like Mac OS X) AppleWebKit/536.26 (KHTML, like Gecko) Version/6.0 Mobile/10A5376e Safari/8536.25 (compatible; Googlebot-Mobile/2.1; +http://www.google.com/bot.html)"
199.19.249.196 - - [15/Nov/2013:09:24:47 +0100] "GET /impressum.html HTTP/1.1" 200 5433 "-" "Mozilla/4.0 (compatible; MSIE 7.0; Windows NT 5.1; InfoPath.1; .NET CLR 2.0.50727; .NET CLR 1.1.4322; MS-RTC LM 8; .NET CLR 3.0.4506.2152; .NET CLR 3.5.30729)"
212.184.115.50 - - [15/Nov/2013:09:24:47 +0100] "GET /impressum.html HTTP/1.1" 200 5433 "http://www.google.de/url?sa=t&rct=j&q=&esrc=s&frm=1&source=web&cd=1&cad=rja&sqi=2&ved=0CC8QFjAA&url=http%3A%2F%2Fwww.witerra-bau.de%2Fimpressum.html&ei=iNqFUsicI4K_0QWC2IGwBQ&usg=AFQjCNE4aTIFvP6UqNbn2CeA0tG1IVDFeA&bvm=bv.56643336,d.bGE" "Mozilla/5.0 (compatible; MSIE 9.0; Windows NT 6.1; Trident/5.0)"
212.184.115.50 - - [15/Nov/2013:09:24:47 +0100] "GET /js/libs/modernizr-2.5.3.min.js HTTP/1.1" 200 15274 "http://www.witerra-bau.de/impressum.html" "Mozilla/5.0 (compatible; MSIE 9.0; Windows NT 6.1; Trident/5.0)"
212.184.115.50 - - [15/Nov/2013:09:24:47 +0100] "GET /css/style.css HTTP/1.1" 200 1702 "http://www.witerra-bau.de/impressum.html" "Mozilla/5.0 (compatible; MSIE 9.0; Windows NT 6.1; Trident/5.0)"
212.184.115.50 - - [15/Nov/2013:09:24:47 +0100] "GET /js/plugins.js HTTP/1.1" 200 898 "http://www.witerra-bau.de/impressum.html" "Mozilla/5.0 (compatible; MSIE 9.0; Windows NT 6.1; Trident/5.0)"
212.184.115.50 - - [15/Nov/2013:09:24:49 +0100] "GET /images/textfeld.png HTTP/1.1" 200 1758 "http://www.witerra-bau.de/impressum.html" "Mozilla/5.0 (compatible; MSIE 9.0; Windows NT 6.1; Trident/5.0)"
212.184.115.50 - - [15/Nov/2013:09:24:49 +0100] "GET /images/header.png HTTP/1.1" 200 27758 "http://www.witerra-bau.de/impressum.html" "Mozilla/5.0 (compatible; MSIE 9.0; Windows NT 6.1; Trident/5.0)"
