80.237.157.71 - - [21/Apr/2010:19:45:19 +0200] "GET /opensite.js HTTP/1.1" 200 1125 "http://www.zahnarztpraxis-berlin-pankow.de/" "Mozilla/5.0 (X11; U; Linux x86_64; en-US; rv:1.7.7) Gecko/20050414"
80.237.157.71 - - [21/Apr/2010:19:45:19 +0200] "GET /flashopen.js HTTP/1.1" 200 604 "http://www.zahnarztpraxis-berlin-pankow.de/" "Mozilla/5.0 (X11; U; Linux x86_64; en-US; rv:1.7.7) Gecko/20050414"
80.237.157.71 - - [21/Apr/2010:19:45:19 +0200] "GET /hattke.swf HTTP/1.1" 200 12042 "http://www.zahnarztpraxis-berlin-pankow.de/" "Mozilla/5.0 (X11; U; Linux x86_64; en-US; rv:1.7.7) Gecko/20050414"
80.237.157.71 - - [21/Apr/2010:19:45:20 +0200] "GET /diashow.swf HTTP/1.1" 200 311957 "-" "Mozilla/5.0 (X11; U; Linux x86_64; en-US; rv:1.7.7) Gecko/20050414"
78.52.201.57 - - [21/Apr/2010:20:27:13 +0200] "GET / HTTP/1.1" 200 12977 "http://suche.gmx.net/search/web/?mc=suche%40web%40eingabefeldoben.suche%40web&allparams=&smode=&su=www.Hattke.de&search=Suche&webRb=" "Mozilla/5.0 (Windows; U; Windows NT 5.1; de; rv:1.9.2.3) Gecko/20100401 (gmx/1.7.2) Firefox/3.6.3 (.NET CLR 3.5.30729)"
78.52.201.57 - - [21/Apr/2010:20:27:13 +0200] "GET /opensite.js HTTP/1.1" 200 1125 "http://www.zahnarztpraxis-berlin-pankow.de/" "Mozilla/5.0 (Windows; U; Windows NT 5.1; de; rv:1.9.2.3) Gecko/20100401 (gmx/1.7.2) Firefox/3.6.3 (.NET CLR 3.5.30729)"
78.52.201.57 - - [21/Apr/2010:20:27:13 +0200] "GET /favicon.ico HTTP/1.1" 200 2550 "-" "Mozilla/5.0 (Windows; U; Windows NT 5.1; de; rv:1.9.2.3) Gecko/20100401 (gmx/1.7.2) Firefox/3.6.3 (.NET CLR 3.5.30729)"
78.52.201.57 - - [21/Apr/2010:20:27:13 +0200] "GET /flashopen.js HTTP/1.1" 200 604 "http://www.zahnarztpraxis-berlin-pankow.de/" "Mozilla/5.0 (Windows; U; Windows NT 5.1; de; rv:1.9.2.3) Gecko/20100401 (gmx/1.7.2) Firefox/3.6.3 (.NET CLR 3.5.30729)"
78.52.201.57 - - [21/Apr/2010:20:27:13 +0200] "GET /hattke.swf HTTP/1.1" 200 12042 "http://www.zahnarztpraxis-berlin-pankow.de/" "Mozilla/5.0 (Windows; U; Windows NT 5.1; de; rv:1.9.2.3) Gecko/20100401 (gmx/1.7.2) Firefox/3.6.3 (.NET CLR 3.5.30729)"
78.52.201.57 - - [21/Apr/2010:20:31:46 +0200] "GET /hattke.swf HTTP/1.1" 206 12042 "http://www.zahnarztpraxis-berlin-pankow.de/" "Mozilla/5.0 (Windows; U; Windows NT 5.1; de; rv:1.9.2.3) Gecko/20100401 (gmx/1.7.2) Firefox/3.6.3 (.NET CLR 3.5.30729)"
78.52.201.57 - - [21/Apr/2010:20:32:09 +0200] "GET / HTTP/1.1" 304 - "http://suche.gmx.net/search/web/?mc=suche%40web%40eingabefeldoben.suche%40web&allparams=&smode=&su=www.Hattke.de&search=Suche&webRb=" "Mozilla/5.0 (Windows; U; Windows NT 5.1; de; rv:1.9.2.3) Gecko/20100401 (gmx/1.7.2) Firefox/3.6.3 (.NET CLR 3.5.30729)"
78.52.201.57 - - [21/Apr/2010:20:32:09 +0200] "GET /hattke.swf HTTP/1.1" 206 12042 "http://www.zahnarztpraxis-berlin-pankow.de/" "Mozilla/5.0 (Windows; U; Windows NT 5.1; de; rv:1.9.2.3) Gecko/20100401 (gmx/1.7.2) Firefox/3.6.3 (.NET CLR 3.5.30729)"
92.195.129.127 - - [21/Apr/2010:21:51:24 +0200] "GET / HTTP/1.1" 200 12977 "http://www.med-kolleg.de/arzt/zahnarzt/10460.html" "Mozilla/4.0 (compatible; MSIE 8.0; Windows NT 6.1; Win64; x64; Trident/4.0; GTB6.4; .NET CLR 2.0.50727; SLCC2; .NET CLR 3.5.30729; .NET CLR 3.0.30729; Media Center PC 6.0)"
92.195.129.127 - - [21/Apr/2010:21:51:24 +0200] "GET /opensite.js HTTP/1.1" 200 1125 "http://www.zahnarztpraxis-berlin-pankow.de/" "Mozilla/4.0 (compatible; MSIE 8.0; Windows NT 6.1; Win64; x64; Trident/4.0; GTB6.4; .NET CLR 2.0.50727; SLCC2; .NET CLR 3.5.30729; .NET CLR 3.0.30729; Media Center PC 6.0)"
92.195.129.127 - - [21/Apr/2010:21:51:24 +0200] "GET /flashopen.js HTTP/1.1" 200 604 "http://www.zahnarztpraxis-berlin-pankow.de/" "Mozilla/4.0 (compatible; MSIE 8.0; Windows NT 6.1; Win64; x64; Trident/4.0; GTB6.4; .NET CLR 2.0.50727; SLCC2; .NET CLR 3.5.30729; .NET CLR 3.0.30729; Media Center PC 6.0)"
132.72.80.49 - - [22/Apr/2010:00:47:15 +0200] "GET / HTTP/1.1" 200 12977 "-" "Java/1.6.0_16"
83.141.9.2 - - [22/Apr/2010:01:24:37 +0200] "GET /robots.txt HTTP/1.1" 200 24 "-" "+http://robot.vedens.de VEDENSBOT"
83.141.9.2 - - [22/Apr/2010:01:24:37 +0200] "HEAD / HTTP/1.1" 200 - "" "+http://robot.vedens.de VEDENSBOT"
67.218.116.165 - - [22/Apr/2010:03:35:00 +0200] "GET /robots.txt HTTP/1.1" 200 24 "-" "Mozilla/5.0 (Twiceler-0.9 http://www.cuil.com/twiceler/robot.html)"
66.249.71.14 - - [22/Apr/2010:04:51:02 +0200] "GET /robots.txt HTTP/1.1" 200 24 "-" "SAMSUNG-SGH-E250/1.0 Profile/MIDP-2.0 Configuration/CLDC-1.1 UP.Browser/6.2.3.3.c.1.101 (GUI) MMP/2.0 (compatible; Googlebot-Mobile/2.1; +http://www.google.com/bot.html)"
66.249.71.14 - - [22/Apr/2010:04:51:02 +0200] "GET / HTTP/1.1" 200 12977 "-" "SAMSUNG-SGH-E250/1.0 Profile/MIDP-2.0 Configuration/CLDC-1.1 UP.Browser/6.2.3.3.c.1.101 (GUI) MMP/2.0 (compatible; Googlebot-Mobile/2.1; +http://www.google.com/bot.html)"
67.16.94.2 - - [22/Apr/2010:05:05:52 +0200] "GET /robots.txt HTTP/1.0" 200 24 "-" "Gigabot/3.0 (http://www.gigablast.com/spider.html)"
67.16.94.2 - - [22/Apr/2010:05:05:52 +0200] "GET / HTTP/1.0" 200 12977 "-" "Gigabot/3.0 (http://www.gigablast.com/spider.html)"
65.55.106.111 - - [22/Apr/2010:05:15:02 +0200] "GET /robots.txt HTTP/1.1" 200 24 "-" "msnbot/2.0b (+http://search.msn.com/msnbot.htm)"
119.63.198.27 - - [22/Apr/2010:06:09:21 +0200] "GET /robots.txt HTTP/1.1" 200 24 "-" "Baiduspider+(+http://www.baidu.com/search/spider.htm)"
208.115.111.250 - - [22/Apr/2010:07:14:00 +0200] "GET /robots.txt HTTP/1.1" 200 24 "-" "Mozilla/5.0 (compatible; DotBot/1.1; http://www.dotnetdotcom.org/, crawler@dotnetdotcom.org)"
65.55.207.98 - - [22/Apr/2010:08:58:17 +0200] "GET /robots.txt HTTP/1.1" 200 24 "-" "msnbot/2.0b (+http://search.msn.com/msnbot.htm)"
64.246.161.42 - - [22/Apr/2010:09:37:46 +0200] "GET /robots.txt HTTP/1.0" 200 24 "-" "Mozilla/5.0 (Windows; U; Windows NT 5.1; en; rv:1.9.0.13) Gecko/2009073022 Firefox/3.5.2 (.NET CLR 3.5.30729) SurveyBot/2.3 (DomainTools)"
64.246.161.42 - - [22/Apr/2010:09:37:46 +0200] "GET / HTTP/1.1" 200 12977 "http://whois.domaintools.com/zahnarztpraxis-berlin-pankow.de" "Mozilla/5.0 (Windows; U; Windows NT 5.1; en; rv:1.9.0.13) Gecko/2009073022 Firefox/3.5.2 (.NET CLR 3.5.30729) SurveyBot/2.3 (DomainTools)"
141.89.97.49 - - [22/Apr/2010:11:02:07 +0200] "GET /robots.txt HTTP/1.0" 200 24 "-" "AlcaliUniPotsdam/Nutch-1.0 (Applied Computational Linguistics Lab, University of Potsdam; http://www.ling.uni-potsdam.de/~kolb/crawler.html; pekoli at google dot com)"
141.89.97.49 - - [22/Apr/2010:11:02:08 +0200] "GET / HTTP/1.0" 200 12977 "-" "AlcaliUniPotsdam/Nutch-1.0 (Applied Computational Linguistics Lab, University of Potsdam; http://www.ling.uni-potsdam.de/~kolb/crawler.html; pekoli at google dot com)"
208.115.111.250 - - [22/Apr/2010:11:48:57 +0200] "GET / HTTP/1.1" 200 12977 "-" "Mozilla/5.0 (compatible; DotBot/1.1; http://www.dotnetdotcom.org/, crawler@dotnetdotcom.org)"
208.115.111.250 - - [22/Apr/2010:11:49:15 +0200] "GET /teledienst.html HTTP/1.1" 200 4588 "-" "Mozilla/5.0 (compatible; DotBot/1.1; http://www.dotnetdotcom.org/, crawler@dotnetdotcom.org)"
66.249.71.14 - - [22/Apr/2010:13:33:58 +0200] "GET /diashow.swf/ HTTP/1.1" 404 1256 "-" "Mozilla/5.0 (compatible; Googlebot/2.1; +http://www.google.com/bot.html)"
66.235.124.17 - - [22/Apr/2010:14:03:33 +0200] "GET /robots.txt HTTP/1.1" 200 24 "-" "Mozilla/5.0 (compatible; Ask Jeeves/Teoma; +http://about.ask.com/en/docs/about/webmasters.shtml)"
66.235.124.17 - - [22/Apr/2010:14:03:33 +0200] "GET / HTTP/1.1" 200 12977 "-" "Mozilla/5.0 (compatible; Ask Jeeves/Teoma; +http://about.ask.com/en/docs/about/webmasters.shtml)"
91.190.225.236 - - [22/Apr/2010:15:06:08 +0200] "GET / HTTP/1.1" 200 12977 "http://www.arztnetzberlin.de/proxy/cgi-bin/search.pl?do=displayAddress&addressid=6067" "Mozilla/5.0 (Windows; U; Windows NT 5.1; de; rv:1.9.2.3) Gecko/20100401 Firefox/3.6.3"
91.190.225.236 - - [22/Apr/2010:15:06:08 +0200] "GET /opensite.js HTTP/1.1" 200 1125 "http://www.zahnarztpraxis-berlin-pankow.de/" "Mozilla/5.0 (Windows; U; Windows NT 5.1; de; rv:1.9.2.3) Gecko/20100401 Firefox/3.6.3"
91.190.225.236 - - [22/Apr/2010:15:06:08 +0200] "GET /favicon.ico HTTP/1.1" 200 2550 "-" "Mozilla/5.0 (Windows; U; Windows NT 5.1; de; rv:1.9.2.3) Gecko/20100401 Firefox/3.6.3"
91.190.225.236 - - [22/Apr/2010:15:06:08 +0200] "GET /flashopen.js HTTP/1.1" 200 604 "http://www.zahnarztpraxis-berlin-pankow.de/" "Mozilla/5.0 (Windows; U; Windows NT 5.1; de; rv:1.9.2.3) Gecko/20100401 Firefox/3.6.3"
91.190.225.236 - - [22/Apr/2010:15:06:08 +0200] "GET /hattke.swf HTTP/1.1" 200 12042 "http://www.zahnarztpraxis-berlin-pankow.de/" "Mozilla/5.0 (Windows; U; Windows NT 5.1; de; rv:1.9.2.3) Gecko/20100401 Firefox/3.6.3"
91.190.225.236 - - [22/Apr/2010:15:06:08 +0200] "GET /diashow.swf HTTP/1.1" 200 311957 "-" "Mozilla/5.0 (Windows; U; Windows NT 5.1; de; rv:1.9.2.3) Gecko/20100401 Firefox/3.6.3"
87.106.30.6 - - [22/Apr/2010:15:10:04 +0200] "GET / HTTP/1.1" 200 12977 "-" "bot/0.5 (Windows NT 6.0; Java Hotspot(TM) Server 64-Bit VM; +http://www.daniel-nowak-ug.de) Resource Description Engine 0.2b"
87.106.30.6 - - [22/Apr/2010:15:10:05 +0200] "GET /robots.txt HTTP/1.1" 200 24 "-" "bot/0.5 (Windows NT 6.0; Java Hotspot(TM) Server 64-Bit VM; +http://www.daniel-nowak-ug.de) Resource Description Engine 0.2b"
79.193.179.169 - - [22/Apr/2010:16:08:20 +0200] "GET / HTTP/1.1" 200 12977 "http://www.google.de/search?sourceid=navclient&hl=de&ie=UTF-8&rlz=1T4ACPW_deDE336DE336&q=zahnarztpraxis-berlin-pankow" "Mozilla/4.0 (compatible; MSIE 8.0; Windows NT 6.0; Trident/4.0; GTB6.4; Mozilla/4.0 (compatible; MSIE 6.0; Windows NT 5.1; SV1) ; SLCC1; .NET CLR 2.0.50727; Media Center PC 5.0; .NET CLR 3.5.30729; .NET CLR 3.0.30729)"
79.193.179.169 - - [22/Apr/2010:16:08:20 +0200] "GET /opensite.js HTTP/1.1" 200 1125 "http://www.zahnarztpraxis-berlin-pankow.de/" "Mozilla/4.0 (compatible; MSIE 8.0; Windows NT 6.0; Trident/4.0; GTB6.4; Mozilla/4.0 (compatible; MSIE 6.0; Windows NT 5.1; SV1) ; SLCC1; .NET CLR 2.0.50727; Media Center PC 5.0; .NET CLR 3.5.30729; .NET CLR 3.0.30729)"
79.193.179.169 - - [22/Apr/2010:16:08:20 +0200] "GET /flashopen.js HTTP/1.1" 200 604 "http://www.zahnarztpraxis-berlin-pankow.de/" "Mozilla/4.0 (compatible; MSIE 8.0; Windows NT 6.0; Trident/4.0; GTB6.4; Mozilla/4.0 (compatible; MSIE 6.0; Windows NT 5.1; SV1) ; SLCC1; .NET CLR 2.0.50727; Media Center PC 5.0; .NET CLR 3.5.30729; .NET CLR 3.0.30729)"
79.193.179.169 - - [22/Apr/2010:16:08:20 +0200] "GET /hattke.swf HTTP/1.1" 200 12042 "http://www.zahnarztpraxis-berlin-pankow.de/" "Mozilla/4.0 (compatible; MSIE 8.0; Windows NT 6.0; Trident/4.0; GTB6.4; Mozilla/4.0 (compatible; MSIE 6.0; Windows NT 5.1; SV1) ; SLCC1; .NET CLR 2.0.50727; Media Center PC 5.0; .NET CLR 3.5.30729; .NET CLR 3.0.30729)"
79.193.179.169 - - [22/Apr/2010:16:08:21 +0200] "GET /favicon.ico HTTP/1.1" 200 2550 "-" "Mozilla/4.0 (compatible; MSIE 8.0; Windows NT 6.0; Trident/4.0; GTB6.4; Mozilla/4.0 (compatible; MSIE 6.0; Windows NT 5.1; SV1) ; SLCC1; .NET CLR 2.0.50727; Media Center PC 5.0; .NET CLR 3.5.30729; .NET CLR 3.0.30729)"
79.193.179.169 - - [22/Apr/2010:16:08:20 +0200] "GET /diashow.swf HTTP/1.1" 200 311957 "http://www.zahnarztpraxis-berlin-pankow.de/hattke.swf" "Mozilla/4.0 (compatible; MSIE 8.0; Windows NT 6.0; Trident/4.0; GTB6.4; Mozilla/4.0 (compatible; MSIE 6.0; Windows NT 5.1; SV1) ; SLCC1; .NET CLR 2.0.50727; Media Center PC 5.0; .NET CLR 3.5.30729; .NET CLR 3.0.30729)"
79.193.179.169 - - [22/Apr/2010:16:08:21 +0200] "GET /favicon.ico HTTP/1.1" 304 - "-" "Mozilla/5.0 (compatible; Google Desktop/5.9.911.3589; http://desktop.google.com/)"
79.193.179.169 - - [22/Apr/2010:16:08:29 +0200] "GET /favicon.ico HTTP/1.1" 200 2550 "-" "Mozilla/4.0 (compatible; MSIE 8.0; Windows NT 6.0; Trident/4.0; GTB6.4; Mozilla/4.0 (compatible; MSIE 6.0; Windows NT 5.1; SV1) ; SLCC1; .NET CLR 2.0.50727; Media Center PC 5.0; .NET CLR 3.5.30729; .NET CLR 3.0.30729)"
84.153.216.242 - - [22/Apr/2010:17:14:19 +0200] "GET /robots.txt HTTP/1.1" 200 24 "-" "Mozilla/5.0 (compatible; 008/0.83; http://www.80legs.com/spider.html;) Gecko/2008032620"
84.153.216.242 - - [22/Apr/2010:17:14:19 +0200] "GET / HTTP/1.1" 200 12977 "-" "Mozilla/5.0 (compatible; 008/0.83; http://www.80legs.com/spider.html;) Gecko/2008032620"
76.122.96.123 - - [22/Apr/2010:17:19:13 +0200] "GET /robots.txt HTTP/1.1" 200 24 "-" "Mozilla/5.0 (compatible; 008/0.83; http://www.80legs.com/spider.html;) Gecko/2008032620"
76.122.96.123 - - [22/Apr/2010:17:19:14 +0200] "GET / HTTP/1.1" 200 12977 "-" "Mozilla/5.0 (compatible; 008/0.83; http://www.80legs.com/spider.html;) Gecko/2008032620"
68.43.215.250 - - [22/Apr/2010:17:20:39 +0200] "GET /robots.txt HTTP/1.1" 200 24 "-" "Mozilla/5.0 (compatible; 008/0.83; http://www.80legs.com/spider.html;) Gecko/2008032620"
68.43.215.250 - - [22/Apr/2010:17:20:40 +0200] "GET / HTTP/1.1" 200 12977 "-" "Mozilla/5.0 (compatible; 008/0.83; http://www.80legs.com/spider.html;) Gecko/2008032620"
65.55.106.209 - - [22/Apr/2010:17:26:18 +0200] "GET /robots.txt HTTP/1.1" 200 24 "-" "msnbot/2.0b (+http://search.msn.com/msnbot.htm)"
77.188.97.82 - - [22/Apr/2010:18:01:32 +0200] "GET / HTTP/1.1" 200 12977 "-" "Mozilla/5.0 (Macintosh; U; Intel Mac OS X 10_6_2; de-de) AppleWebKit/531.22.7 (KHTML, like Gecko) Version/4.0.5 Safari/531.22.7"
77.188.97.82 - - [22/Apr/2010:18:01:32 +0200] "GET /opensite.js HTTP/1.1" 200 1125 "http://www.zahnarztpraxis-berlin-pankow.de/" "Mozilla/5.0 (Macintosh; U; Intel Mac OS X 10_6_2; de-de) AppleWebKit/531.22.7 (KHTML, like Gecko) Version/4.0.5 Safari/531.22.7"
77.188.97.82 - - [22/Apr/2010:18:01:32 +0200] "GET /flashopen.js HTTP/1.1" 200 604 "http://www.zahnarztpraxis-berlin-pankow.de/" "Mozilla/5.0 (Macintosh; U; Intel Mac OS X 10_6_2; de-de) AppleWebKit/531.22.7 (KHTML, like Gecko) Version/4.0.5 Safari/531.22.7"
77.188.97.82 - - [22/Apr/2010:18:01:35 +0200] "GET /hattke.swf HTTP/1.1" 200 12042 "http://www.zahnarztpraxis-berlin-pankow.de/" "Mozilla/5.0 (Macintosh; U; Intel Mac OS X 10_6_2; de-de) AppleWebKit/531.22.7 (KHTML, like Gecko) Version/4.0.5 Safari/531.22.7"
77.188.97.82 - - [22/Apr/2010:18:01:35 +0200] "GET /favicon.ico HTTP/1.1" 200 2550 "http://www.zahnarztpraxis-berlin-pankow.de/" "Mozilla/5.0 (Macintosh; U; Intel Mac OS X 10_6_2; de-de) AppleWebKit/531.22.7 (KHTML, like Gecko) Version/4.0.5 Safari/531.22.7"
77.188.97.82 - - [22/Apr/2010:18:01:37 +0200] "GET /diashow.swf HTTP/1.1" 200 311957 "http://www.zahnarztpraxis-berlin-pankow.de/" "Mozilla/5.0 (Macintosh; U; Intel Mac OS X 10_6_2; de-de) AppleWebKit/531.22.7 (KHTML, like Gecko) Version/4.0.5 Safari/531.22.7"
77.188.97.82 - - [22/Apr/2010:18:02:34 +0200] "GET /teledienst.html HTTP/1.1" 200 4588 "http://www.zahnarztpraxis-berlin-pankow.de/" "Mozilla/5.0 (Macintosh; U; Intel Mac OS X 10_6_2; de-de) AppleWebKit/531.22.7 (KHTML, like Gecko) Version/4.0.5 Safari/531.22.7"
184.72.4.50 - - [22/Apr/2010:18:10:49 +0200] "GET /robots.txt HTTP/1.0" 200 24 "-" "Chen Li/Nutch-1.0 (Nutch spiderman; http://chenli.com.cn; chenlibiti@163.com)"
184.72.4.50 - - [22/Apr/2010:18:10:49 +0200] "GET /opensite.js HTTP/1.0" 200 1125 "-" "Chen Li/Nutch-1.0 (Nutch spiderman; http://chenli.com.cn; chenlibiti@163.com)"
184.72.4.50 - - [22/Apr/2010:18:13:26 +0200] "GET /flashopen.js HTTP/1.0" 200 604 "-" "Chen Li/Nutch-1.0 (Nutch spiderman; http://chenli.com.cn; chenlibiti@163.com)"
114.128.160.155 - - [22/Apr/2010:19:01:53 +0200] "GET / HTTP/1.1" 200 12977 "http://de.ask.com/web?q=arzt+berlin&o=3105&l=dis&qsrc=1&qid=6FDDF2961375939BFB2821F0A04F8646&dm=all&page=8" "Mozilla/5.0 (Windows; U; Windows NT 6.1; en-GB; rv:1.9.2.3) Gecko/20100401 Firefox/3.6.3 GTB6"
114.128.160.155 - - [22/Apr/2010:19:01:58 +0200] "GET /favicon.ico HTTP/1.1" 200 2550 "-" "Mozilla/5.0 (Windows; U; Windows NT 6.1; en-GB; rv:1.9.2.3) Gecko/20100401 Firefox/3.6.3 GTB6"
114.128.160.155 - - [22/Apr/2010:19:01:58 +0200] "GET /opensite.js HTTP/1.1" 200 1125 "http://www.zahnarztpraxis-berlin-pankow.de/" "Mozilla/5.0 (Windows; U; Windows NT 6.1; en-GB; rv:1.9.2.3) Gecko/20100401 Firefox/3.6.3 GTB6"
114.128.160.155 - - [22/Apr/2010:19:01:59 +0200] "GET /flashopen.js HTTP/1.1" 200 604 "http://www.zahnarztpraxis-berlin-pankow.de/" "Mozilla/5.0 (Windows; U; Windows NT 6.1; en-GB; rv:1.9.2.3) Gecko/20100401 Firefox/3.6.3 GTB6"
114.128.160.155 - - [22/Apr/2010:19:02:01 +0200] "GET /hattke.swf HTTP/1.1" 200 12042 "http://www.zahnarztpraxis-berlin-pankow.de/" "Mozilla/5.0 (Windows; U; Windows NT 6.1; en-GB; rv:1.9.2.3) Gecko/20100401 Firefox/3.6.3 GTB6"
114.128.160.155 - - [22/Apr/2010:19:02:06 +0200] "GET /diashow.swf HTTP/1.1" 200 311957 "-" "Mozilla/5.0 (Windows; U; Windows NT 6.1; en-GB; rv:1.9.2.3) Gecko/20100401 Firefox/3.6.3 GTB6"
114.128.160.155 - - [22/Apr/2010:19:15:19 +0200] "GET /callback.html HTTP/1.1" 200 3272 "http://www.zahnarztpraxis-berlin-pankow.de/" "Mozilla/5.0 (Windows; U; Windows NT 6.1; en-GB; rv:1.9.2.3) Gecko/20100401 Firefox/3.6.3 GTB6"
114.128.160.155 - - [22/Apr/2010:19:15:20 +0200] "GET /send.gif HTTP/1.1" 200 265 "http://www.zahnarztpraxis-berlin-pankow.de/callback.html" "Mozilla/5.0 (Windows; U; Windows NT 6.1; en-GB; rv:1.9.2.3) Gecko/20100401 Firefox/3.6.3 GTB6"
114.128.160.155 - - [22/Apr/2010:19:15:20 +0200] "GET /clear.gif HTTP/1.1" 200 230 "http://www.zahnarztpraxis-berlin-pankow.de/callback.html" "Mozilla/5.0 (Windows; U; Windows NT 6.1; en-GB; rv:1.9.2.3) Gecko/20100401 Firefox/3.6.3 GTB6"
195.113.214.206 - - [22/Apr/2010:21:01:42 +0200] "GET /robots.txt HTTP/1.0" 200 24 "-" "Jyxobot/1"
195.113.214.206 - - [22/Apr/2010:21:01:52 +0200] "GET / HTTP/1.0" 200 12977 "-" "Jyxobot/1"
66.249.71.14 - - [22/Apr/2010:22:03:18 +0200] "GET /diashow.swf HTTP/1.1" 200 311957 "-" "Mozilla/5.0 (compatible; Googlebot/2.1; +http://www.google.com/bot.html)"
91.47.192.84 - - [22/Apr/2010:22:16:59 +0200] "GET / HTTP/1.1" 200 12977 "http://www.zahn-online.de/suche/10115h-l.html" "Mozilla/5.0 (Windows; U; Windows NT 5.1; de; rv:1.9.2.3) Gecko/20100401 Firefox/3.6.3"
91.47.192.84 - - [22/Apr/2010:22:16:59 +0200] "GET /opensite.js HTTP/1.1" 200 1125 "http://www.zahnarztpraxis-berlin-pankow.de/" "Mozilla/5.0 (Windows; U; Windows NT 5.1; de; rv:1.9.2.3) Gecko/20100401 Firefox/3.6.3"
91.47.192.84 - - [22/Apr/2010:22:16:59 +0200] "GET /favicon.ico HTTP/1.1" 200 2550 "-" "Mozilla/5.0 (Windows; U; Windows NT 5.1; de; rv:1.9.2.3) Gecko/20100401 Firefox/3.6.3"
91.47.192.84 - - [22/Apr/2010:22:16:59 +0200] "GET /flashopen.js HTTP/1.1" 200 604 "http://www.zahnarztpraxis-berlin-pankow.de/" "Mozilla/5.0 (Windows; U; Windows NT 5.1; de; rv:1.9.2.3) Gecko/20100401 Firefox/3.6.3"
91.47.192.84 - - [22/Apr/2010:22:16:59 +0200] "GET /hattke.swf HTTP/1.1" 200 12042 "http://www.zahnarztpraxis-berlin-pankow.de/" "Mozilla/5.0 (Windows; U; Windows NT 5.1; de; rv:1.9.2.3) Gecko/20100401 Firefox/3.6.3"
91.47.192.84 - - [22/Apr/2010:22:17:00 +0200] "GET /diashow.swf HTTP/1.1" 200 311957 "-" "Mozilla/5.0 (Windows; U; Windows NT 5.1; de; rv:1.9.2.3) Gecko/20100401 Firefox/3.6.3"
92.225.68.200 - - [22/Apr/2010:23:06:21 +0200] "GET / HTTP/1.1" 200 12977 "http://www.flemming-dental.de/index.php?id=35" "Opera/9.63 (Windows NT 5.1; U; de) Presto/2.1.1"
92.225.68.200 - - [22/Apr/2010:23:06:22 +0200] "GET /favicon.ico HTTP/1.1" 200 2550 "http://www.zahnarztpraxis-berlin-pankow.de/" "Opera/9.63 (Windows NT 5.1; U; de) Presto/2.1.1"
92.225.68.200 - - [22/Apr/2010:23:06:22 +0200] "GET /opensite.js HTTP/1.1" 200 1125 "http://www.zahnarztpraxis-berlin-pankow.de/" "Opera/9.63 (Windows NT 5.1; U; de) Presto/2.1.1"
92.225.68.200 - - [22/Apr/2010:23:06:22 +0200] "GET /flashopen.js HTTP/1.1" 200 604 "http://www.zahnarztpraxis-berlin-pankow.de/" "Opera/9.63 (Windows NT 5.1; U; de) Presto/2.1.1"
92.225.68.200 - - [22/Apr/2010:23:06:23 +0200] "GET /hattke.swf HTTP/1.1" 200 12042 "http://www.zahnarztpraxis-berlin-pankow.de/" "Opera/9.63 (Windows NT 5.1; U; de) Presto/2.1.1"
92.225.68.200 - - [22/Apr/2010:23:06:24 +0200] "GET /diashow.swf HTTP/1.1" 200 311957 "http://www.zahnarztpraxis-berlin-pankow.de/hattke.swf" "Opera/9.63 (Windows NT 5.1; U; de) Presto/2.1.1"
74.208.16.10 - - [22/Apr/2010:23:30:09 +0200] "GET / HTTP/1.1" 200 12977 "-" "Mozilla/5.0 (compatible; pmoz.info ODP link checker; +http://pmoz.info/doc/botinfo.htm)"
83.141.9.2 - - [23/Apr/2010:01:25:38 +0200] "GET /robots.txt HTTP/1.1" 200 24 "-" "+http://robot.vedens.de VEDENSBOT"
83.141.9.2 - - [23/Apr/2010:01:25:39 +0200] "HEAD / HTTP/1.1" 200 - "" "+http://robot.vedens.de VEDENSBOT"
67.218.116.165 - - [23/Apr/2010:01:25:47 +0200] "GET /robots.txt HTTP/1.1" 200 24 "-" "Mozilla/5.0 (Twiceler-0.9 http://www.cuil.com/twiceler/robot.html)"
65.55.106.230 - - [23/Apr/2010:02:03:47 +0200] "GET /robots.txt HTTP/1.1" 200 24 "-" "msnbot/2.0b (+http://search.msn.com/msnbot.htm)"
67.195.37.179 - - [23/Apr/2010:04:00:45 +0200] "GET /robots.txt HTTP/1.0" 200 24 "-" "Mozilla/5.0 (compatible; Yahoo! Slurp; http://help.yahoo.com/help/us/ysearch/slurp)"
67.195.37.179 - - [23/Apr/2010:04:00:45 +0200] "GET / HTTP/1.0" 200 12977 "-" "Mozilla/5.0 (compatible; Yahoo! Slurp/3.0; http://help.yahoo.com/help/us/ysearch/slurp)"
65.55.106.108 - - [23/Apr/2010:05:18:07 +0200] "GET /robots.txt HTTP/1.1" 200 24 "-" "msnbot/2.0b (+http://search.msn.com/msnbot.htm)"
66.249.71.14 - - [23/Apr/2010:05:58:17 +0200] "GET /robots.txt HTTP/1.1" 200 24 "-" "Mozilla/5.0 (compatible; Googlebot/2.1; +http://www.google.com/bot.html)"
66.249.71.14 - - [23/Apr/2010:05:58:17 +0200] "GET /plan.swf HTTP/1.1" 200 27838 "-" "Mozilla/5.0 (compatible; Googlebot/2.1; +http://www.google.com/bot.html)"
119.63.198.13 - - [23/Apr/2010:06:06:20 +0200] "GET /robots.txt HTTP/1.1" 200 24 "-" "Baiduspider+(+http://www.baidu.com/search/spider.htm)"
207.46.195.227 - - [23/Apr/2010:07:07:16 +0200] "GET /robots.txt HTTP/1.1" 200 24 "-" "msnbot/2.0b (+http://search.msn.com/msnbot.htm)"
207.46.195.227 - - [23/Apr/2010:07:07:58 +0200] "GET / HTTP/1.1" 304 - "-" "msnbot/2.0b (+http://search.msn.com/msnbot.htm)"
188.102.140.238 - - [23/Apr/2010:11:00:37 +0200] "GET / HTTP/1.1" 200 12977 "http://www.google.de/search?q=hattke+zahnarzt+berlin&ie=utf-8&oe=utf-8&aq=t&rls=org.mozilla:de:official&client=firefox-a" "Mozilla/5.0 (Windows; U; Windows NT 6.1; de; rv:1.9.2.3) Gecko/20100401 Firefox/3.6.3"
188.102.140.238 - - [23/Apr/2010:11:00:37 +0200] "GET /opensite.js HTTP/1.1" 200 1125 "http://www.zahnarztpraxis-berlin-pankow.de/" "Mozilla/5.0 (Windows; U; Windows NT 6.1; de; rv:1.9.2.3) Gecko/20100401 Firefox/3.6.3"
188.102.140.238 - - [23/Apr/2010:11:00:37 +0200] "GET /favicon.ico HTTP/1.1" 200 2550 "-" "Mozilla/5.0 (Windows; U; Windows NT 6.1; de; rv:1.9.2.3) Gecko/20100401 Firefox/3.6.3"
188.102.140.238 - - [23/Apr/2010:11:00:37 +0200] "GET /flashopen.js HTTP/1.1" 200 604 "http://www.zahnarztpraxis-berlin-pankow.de/" "Mozilla/5.0 (Windows; U; Windows NT 6.1; de; rv:1.9.2.3) Gecko/20100401 Firefox/3.6.3"
188.102.140.238 - - [23/Apr/2010:11:00:37 +0200] "GET /hattke.swf HTTP/1.1" 200 12042 "http://www.zahnarztpraxis-berlin-pankow.de/" "Mozilla/5.0 (Windows; U; Windows NT 6.1; de; rv:1.9.2.3) Gecko/20100401 Firefox/3.6.3"
188.102.140.238 - - [23/Apr/2010:11:00:37 +0200] "GET /diashow.swf HTTP/1.1" 200 311957 "-" "Mozilla/5.0 (Windows; U; Windows NT 6.1; de; rv:1.9.2.3) Gecko/20100401 Firefox/3.6.3"
67.195.37.179 - - [23/Apr/2010:12:25:46 +0200] "GET /robots.txt HTTP/1.0" 200 24 "-" "Mozilla/5.0 (compatible; Yahoo! Slurp; http://help.yahoo.com/help/us/ysearch/slurp)"
67.195.37.179 - - [23/Apr/2010:12:25:46 +0200] "GET /teledienst.html HTTP/1.0" 200 4588 "-" "Mozilla/5.0 (compatible; Yahoo! Slurp/3.0; http://help.yahoo.com/help/us/ysearch/slurp)"
87.106.30.6 - - [23/Apr/2010:13:05:20 +0200] "GET /teledienst.html HTTP/1.1" 200 4588 "-" "bot/0.5 (Windows NT 6.0; Java Hotspot(TM) Server 64-Bit VM; +http://www.daniel-nowak-ug.de) Resource Description Engine 0.2b"
66.249.71.14 - - [23/Apr/2010:14:42:51 +0200] "GET / HTTP/1.1" 200 12977 "-" "Mozilla/5.0 (compatible; Googlebot/2.1; +http://www.google.com/bot.html)"
207.46.13.90 - - [23/Apr/2010:20:28:25 +0200] "GET /robots.txt HTTP/1.1" 200 24 "-" "msnbot/2.0b (+http://search.msn.com/msnbot.htm)"
207.46.13.90 - - [23/Apr/2010:20:29:27 +0200] "GET / HTTP/1.1" 304 - "-" "msnbot/2.0b (+http://search.msn.com/msnbot.htm)"
38.99.97.76 - - [23/Apr/2010:22:01:45 +0200] "GET /robots.txt HTTP/1.1" 200 24 "-" "Mozilla/5.0 (compatible; ScoutJet; +http://www.scoutjet.com/)"
38.99.97.76 - - [23/Apr/2010:22:01:48 +0200] "GET / HTTP/1.1" 200 12977 "-" "Mozilla/5.0 (compatible; ScoutJet; +http://www.scoutjet.com/)"
38.99.97.76 - - [23/Apr/2010:22:01:51 +0200] "GET /favicon.ico HTTP/1.1" 200 2550 "-" "Mozilla/5.0 (compatible; ScoutJet; +http://www.scoutjet.com/)"
38.99.97.76 - - [23/Apr/2010:22:02:00 +0200] "GET /teledienst.html HTTP/1.1" 200 4588 "-" "Mozilla/5.0 (compatible; ScoutJet; +http://www.scoutjet.com/)"
79.193.171.216 - - [23/Apr/2010:22:48:07 +0200] "GET / HTTP/1.1" 200 12977 "http://web2.cylex.de/firma-homepage/http%3A//www.zahnarztpraxis-berlin-pankow.de-5031491.html" "Mozilla/5.0 (Windows; U; Windows NT 6.1; en-US) AppleWebKit/532.5 (KHTML, like Gecko) Chrome/4.1.249.1045 Safari/532.5"
79.193.171.216 - - [23/Apr/2010:22:48:07 +0200] "GET /opensite.js HTTP/1.1" 200 1125 "http://www.zahnarztpraxis-berlin-pankow.de/" "Mozilla/5.0 (Windows; U; Windows NT 6.1; en-US) AppleWebKit/532.5 (KHTML, like Gecko) Chrome/4.1.249.1045 Safari/532.5"
79.193.171.216 - - [23/Apr/2010:22:48:07 +0200] "GET /flashopen.js HTTP/1.1" 200 604 "http://www.zahnarztpraxis-berlin-pankow.de/" "Mozilla/5.0 (Windows; U; Windows NT 6.1; en-US) AppleWebKit/532.5 (KHTML, like Gecko) Chrome/4.1.249.1045 Safari/532.5"
79.193.171.216 - - [23/Apr/2010:22:48:07 +0200] "GET /hattke.swf HTTP/1.1" 200 12042 "http://www.zahnarztpraxis-berlin-pankow.de/" "Mozilla/5.0 (Windows; U; Windows NT 6.1; en-US) AppleWebKit/532.5 (KHTML, like Gecko) Chrome/4.1.249.1045 Safari/532.5"
79.193.171.216 - - [23/Apr/2010:22:48:07 +0200] "GET /diashow.swf HTTP/1.1" 200 311957 "http://www.zahnarztpraxis-berlin-pankow.de/hattke.swf" "Mozilla/5.0 (Windows; U; Windows NT 6.1; en-US) AppleWebKit/532.5 (KHTML, like Gecko) Chrome/4.1.249.1045 Safari/532.5"
79.193.171.216 - - [23/Apr/2010:22:48:14 +0200] "GET /callback.html HTTP/1.1" 200 3272 "http://www.zahnarztpraxis-berlin-pankow.de/hattke.swf" "Mozilla/5.0 (Windows; U; Windows NT 6.1; en-US) AppleWebKit/532.5 (KHTML, like Gecko) Chrome/4.1.249.1045 Safari/532.5"
79.193.171.216 - - [23/Apr/2010:22:48:15 +0200] "GET /send.gif HTTP/1.1" 200 265 "http://www.zahnarztpraxis-berlin-pankow.de/callback.html" "Mozilla/5.0 (Windows; U; Windows NT 6.1; en-US) AppleWebKit/532.5 (KHTML, like Gecko) Chrome/4.1.249.1045 Safari/532.5"
79.193.171.216 - - [23/Apr/2010:22:48:15 +0200] "GET /clear.gif HTTP/1.1" 200 230 "http://www.zahnarztpraxis-berlin-pankow.de/callback.html" "Mozilla/5.0 (Windows; U; Windows NT 6.1; en-US) AppleWebKit/532.5 (KHTML, like Gecko) Chrome/4.1.249.1045 Safari/532.5"
79.193.171.216 - - [23/Apr/2010:22:48:15 +0200] "GET /favicon.ico HTTP/1.1" 200 2550 "-" "Mozilla/5.0 (Windows; U; Windows NT 6.1; en-US) AppleWebKit/532.5 (KHTML, like Gecko) Chrome/4.1.249.1045 Safari/532.5"
67.218.116.165 - - [23/Apr/2010:23:55:16 +0200] "GET /robots.txt HTTP/1.1" 200 24 "-" "Mozilla/5.0 (Twiceler-0.9 http://www.cuil.com/twiceler/robot.html)"
83.141.9.2 - - [24/Apr/2010:01:30:14 +0200] "GET /robots.txt HTTP/1.1" 200 24 "-" "+http://robot.vedens.de VEDENSBOT"
83.141.9.2 - - [24/Apr/2010:01:30:14 +0200] "HEAD / HTTP/1.1" 200 - "" "+http://robot.vedens.de VEDENSBOT"
67.195.37.179 - - [24/Apr/2010:01:54:03 +0200] "GET /robots.txt HTTP/1.0" 200 24 "-" "Mozilla/5.0 (compatible; Yahoo! Slurp; http://help.yahoo.com/help/us/ysearch/slurp)"
67.195.37.179 - - [24/Apr/2010:01:54:04 +0200] "GET /index_alt.html HTTP/1.0" 200 2254 "-" "Mozilla/5.0 (compatible; Yahoo! Slurp/3.0; http://help.yahoo.com/help/us/ysearch/slurp)"
66.249.71.14 - - [24/Apr/2010:02:53:12 +0200] "GET /sitemap.xml HTTP/1.1" 200 796 "-" "Mozilla/5.0 (compatible; Googlebot/2.1; +http://www.google.com/bot.html)"
119.63.198.23 - - [24/Apr/2010:04:29:33 +0200] "GET /robots.txt HTTP/1.1" 200 24 "-" "Baiduspider+(+http://www.baidu.com/search/spider.htm)"
84.186.143.126 - - [24/Apr/2010:09:00:14 +0200] "GET / HTTP/1.1" 200 12977 "" "IE 5.0 Win98"
65.55.106.160 - - [24/Apr/2010:13:33:24 +0200] "GET /robots.txt HTTP/1.1" 200 24 "-" "msnbot/2.0b (+http://search.msn.com/msnbot.htm)"
207.46.195.234 - - [24/Apr/2010:15:45:23 +0200] "GET /robots.txt HTTP/1.1" 200 24 "-" "msnbot/2.0b (+http://search.msn.com/msnbot.htm)"
207.46.195.234 - - [24/Apr/2010:15:46:25 +0200] "GET /teledienst.html HTTP/1.1" 304 - "-" "msnbot/2.0b (+http://search.msn.com/msnbot.htm)"
193.47.80.37 - - [24/Apr/2010:22:23:57 +0200] "GET /robots.txt HTTP/1.1" 200 24 "-" "Mozilla/5.0 (compatible; Exabot/3.0; +http://www.exabot.com/go/robot)"
193.47.80.37 - - [24/Apr/2010:22:23:58 +0200] "GET / HTTP/1.1" 304 - "-" "Mozilla/5.0 (compatible; Exabot/3.0; +http://www.exabot.com/go/robot)"
218.186.8.225 - - [24/Apr/2010:23:16:52 +0200] "GET /robots.txt HTTP/1.0" 200 24 "-" "AdultsVisitUs/Nutch-1.1 (www.AdultsVisitUs.com; crawler@AdultsVisitUs.com)"
218.186.8.225 - - [24/Apr/2010:23:16:53 +0200] "GET / HTTP/1.0" 200 12977 "-" "AdultsVisitUs/Nutch-1.1 (www.AdultsVisitUs.com; crawler@AdultsVisitUs.com)"
67.218.116.165 - - [25/Apr/2010:01:19:25 +0200] "GET /robots.txt HTTP/1.1" 200 24 "-" "Mozilla/5.0 (Twiceler-0.9 http://www.cuil.com/twiceler/robot.html)"
83.141.9.2 - - [25/Apr/2010:01:30:30 +0200] "GET /robots.txt HTTP/1.1" 200 24 "-" "+http://robot.vedens.de VEDENSBOT"
83.141.9.2 - - [25/Apr/2010:01:30:30 +0200] "HEAD / HTTP/1.1" 200 - "" "+http://robot.vedens.de VEDENSBOT"
207.46.193.40 - - [25/Apr/2010:01:40:28 +0200] "GET /teledienst.html HTTP/1.1" 200 4588 "-" "Mozilla/4.0 (compatible; MSIE 7.0; Windows NT 5.2; SLCC1; .NET CLR 1.1.4322; .NET CLR 2.0.50727; .NET CLR 3.0.04506.648)"
207.46.193.40 - - [25/Apr/2010:01:40:30 +0200] "GET /opensite.js HTTP/1.1" 200 1125 "http://www.zahnarztpraxis-berlin-pankow.de/teledienst.html" "Mozilla/4.0 (compatible; MSIE 7.0; Windows NT 5.2; SLCC1; .NET CLR 1.1.4322; .NET CLR 2.0.50727; .NET CLR 3.0.04506.648)"
119.63.198.36 - - [25/Apr/2010:04:27:27 +0200] "GET /robots.txt HTTP/1.1" 200 24 "-" "Baiduspider+(+http://www.baidu.com/search/spider.htm)"
65.55.207.51 - - [25/Apr/2010:04:37:35 +0200] "GET /robots.txt HTTP/1.1" 200 24 "-" "msnbot/2.0b (+http://search.msn.com/msnbot.htm)"
207.46.195.237 - - [25/Apr/2010:13:57:43 +0200] "GET /robots.txt HTTP/1.1" 200 24 "-" "msnbot/2.0b (+http://search.msn.com/msnbot.htm)"
207.46.195.237 - - [25/Apr/2010:13:58:26 +0200] "GET / HTTP/1.1" 304 - "-" "msnbot/2.0b (+http://search.msn.com/msnbot.htm)"
65.55.107.179 - - [25/Apr/2010:15:11:21 +0200] "GET /robots.txt HTTP/1.1" 200 24 "-" "msnbot/2.0b (+http://search.msn.com/msnbot.htm)"
77.85.88.173 - - [25/Apr/2010:16:32:48 +0200] "GET / HTTP/1.1" 200 12977 "-" "Mozilla/5.0 (Windows; U; Windows NT 5.1; de; rv:1.9.0.19) Gecko/2010031422 Firefox/3.0.19 (.NET CLR 3.5.30729)"
77.85.88.173 - - [25/Apr/2010:16:32:48 +0200] "GET /favicon.ico HTTP/1.1" 200 2550 "-" "Mozilla/5.0 (Windows; U; Windows NT 5.1; de; rv:1.9.0.19) Gecko/2010031422 Firefox/3.0.19 (.NET CLR 3.5.30729)"
77.85.88.173 - - [25/Apr/2010:16:32:48 +0200] "GET /opensite.js HTTP/1.1" 200 1125 "http://www.zahnarztpraxis-berlin-pankow.de/" "Mozilla/5.0 (Windows; U; Windows NT 5.1; de; rv:1.9.0.19) Gecko/2010031422 Firefox/3.0.19 (.NET CLR 3.5.30729)"
77.85.88.173 - - [25/Apr/2010:16:32:48 +0200] "GET /flashopen.js HTTP/1.1" 200 604 "http://www.zahnarztpraxis-berlin-pankow.de/" "Mozilla/5.0 (Windows; U; Windows NT 5.1; de; rv:1.9.0.19) Gecko/2010031422 Firefox/3.0.19 (.NET CLR 3.5.30729)"
77.85.88.173 - - [25/Apr/2010:16:32:48 +0200] "GET /hattke.swf HTTP/1.1" 200 12042 "http://www.zahnarztpraxis-berlin-pankow.de/" "Mozilla/5.0 (Windows; U; Windows NT 5.1; de; rv:1.9.0.19) Gecko/2010031422 Firefox/3.0.19 (.NET CLR 3.5.30729)"
77.85.88.173 - - [25/Apr/2010:16:32:49 +0200] "GET /diashow.swf HTTP/1.1" 200 311957 "-" "Mozilla/5.0 (Windows; U; Windows NT 5.1; de; rv:1.9.0.19) Gecko/2010031422 Firefox/3.0.19 (.NET CLR 3.5.30729)"
66.249.71.14 - - [25/Apr/2010:18:36:36 +0200] "GET /robots.txt HTTP/1.1" 200 24 "-" "Mozilla/5.0 (compatible; Googlebot/2.1; +http://www.google.com/bot.html)"
66.249.71.14 - - [25/Apr/2010:18:36:36 +0200] "GET /intro.html HTTP/1.1" 200 5170 "-" "Mozilla/5.0 (compatible; Googlebot/2.1; +http://www.google.com/bot.html)"
95.91.156.169 - - [25/Apr/2010:18:43:59 +0200] "GET / HTTP/1.0" 200 12977 "-" "-"
95.108.158.134 - - [25/Apr/2010:22:22:19 +0200] "GET /robots.txt HTTP/1.1" 200 24 "-" "Yandex/1.01.001 (compatible; Win16; I)"
83.141.9.2 - - [26/Apr/2010:01:28:24 +0200] "GET /robots.txt HTTP/1.1" 200 24 "-" "+http://robot.vedens.de VEDENSBOT"
83.141.9.2 - - [26/Apr/2010:01:28:24 +0200] "HEAD / HTTP/1.1" 200 - "" "+http://robot.vedens.de VEDENSBOT"
207.46.199.48 - - [26/Apr/2010:02:28:39 +0200] "GET /robots.txt HTTP/1.1" 200 24 "-" "msnbot/2.0b (+http://search.msn.com/msnbot.htm)"
204.236.253.89 - - [26/Apr/2010:02:28:53 +0200] "GET /robots.txt HTTP/1.1" 200 24 "-" "Mozilla/5.0 (compatible; spbot/2.0.2; +http://www.seoprofiler.com/bot/ )"
204.236.253.89 - - [26/Apr/2010:02:28:53 +0200] "GET / HTTP/1.1" 200 12977 "-" "Mozilla/5.0 (compatible; spbot/2.0.2; +http://www.seoprofiler.com/bot/ )"
204.236.253.89 - - [26/Apr/2010:02:29:06 +0200] "GET /robots.txt HTTP/1.1" 200 24 "-" "Mozilla/5.0 (compatible; spbot/2.0.2; +http://www.seoprofiler.com/bot/ )"
204.236.253.89 - - [26/Apr/2010:02:29:06 +0200] "GET /teledienst.html HTTP/1.1" 200 4588 "-" "Mozilla/5.0 (compatible; spbot/2.0.2; +http://www.seoprofiler.com/bot/ )"
207.46.199.48 - - [26/Apr/2010:02:29:27 +0200] "GET /teledienst.html HTTP/1.1" 304 - "-" "msnbot/2.0b (+http://search.msn.com/msnbot.htm)"
119.63.198.28 - - [26/Apr/2010:04:28:10 +0200] "GET /robots.txt HTTP/1.1" 200 24 "-" "Baiduspider+(+http://www.baidu.com/search/spider.htm)"
95.108.158.134 - - [26/Apr/2010:05:31:06 +0200] "GET / HTTP/1.1" 200 12977 "-" "Yandex/1.01.001 (compatible; Win16; I)"
67.218.116.165 - - [26/Apr/2010:07:42:28 +0200] "GET /robots.txt HTTP/1.1" 200 24 "-" "Mozilla/5.0 (Twiceler-0.9 http://www.cuil.com/twiceler/robot.html)"
66.235.124.17 - - [26/Apr/2010:07:44:24 +0200] "GET /robots.txt HTTP/1.1" 200 24 "-" "Mozilla/5.0 (compatible; Ask Jeeves/Teoma; +http://about.ask.com/en/docs/about/webmasters.shtml)"
66.235.124.17 - - [26/Apr/2010:07:44:24 +0200] "GET / HTTP/1.1" 200 12977 "-" "Mozilla/5.0 (compatible; Ask Jeeves/Teoma; +http://about.ask.com/en/docs/about/webmasters.shtml)"
207.46.199.178 - - [26/Apr/2010:09:44:49 +0200] "GET /robots.txt HTTP/1.1" 200 24 "-" "msnbot/2.0b (+http://search.msn.com/msnbot.htm)"
67.16.94.2 - - [26/Apr/2010:10:55:34 +0200] "GET /robots.txt HTTP/1.0" 200 24 "-" "Gigabot/3.0 (http://www.gigablast.com/spider.html)"
67.16.94.2 - - [26/Apr/2010:10:55:35 +0200] "GET / HTTP/1.0" 200 12977 "-" "Gigabot/3.0 (http://www.gigablast.com/spider.html)"
93.219.63.52 - - [26/Apr/2010:16:24:17 +0200] "GET /hattke.swf HTTP/1.1" 200 12042 "-" "curl/7.16.4 (i386-apple-darwin9.0) libcurl/7.16.4 OpenSSL/0.9.7l zlib/1.2.3"
193.47.80.37 - - [26/Apr/2010:19:08:31 +0200] "GET /robots.txt HTTP/1.1" 200 24 "-" "Mozilla/5.0 (compatible; Exabot/3.0; +http://www.exabot.com/go/robot)"
193.47.80.37 - - [26/Apr/2010:19:08:31 +0200] "GET / HTTP/1.1" 304 - "-" "Mozilla/5.0 (compatible; Exabot/3.0; +http://www.exabot.com/go/robot)"
65.55.106.180 - - [26/Apr/2010:20:16:47 +0200] "GET /robots.txt HTTP/1.1" 200 24 "-" "msnbot/2.0b (+http://search.msn.com/msnbot.htm)"
84.191.193.138 - - [26/Apr/2010:21:00:38 +0200] "GET / HTTP/1.1" 200 12977 "http://www.google.de/search?hl=de&ei=0uLVS-PfH4ykOJOq6OYN&sa=X&oi=spell&resnum=0&ct=result&cd=1&ved=0CA4QBSgA&q=Zahnarztpraxis+Hattke&spell=1" "Mozilla/4.0 (compatible; MSIE 7.0; Windows NT 5.1; .NET CLR 1.1.4322)"
84.191.193.138 - - [26/Apr/2010:21:00:38 +0200] "GET /opensite.js HTTP/1.1" 200 1125 "http://www.zahnarztpraxis-berlin-pankow.de/" "Mozilla/4.0 (compatible; MSIE 7.0; Windows NT 5.1; .NET CLR 1.1.4322)"
84.191.193.138 - - [26/Apr/2010:21:00:38 +0200] "GET /flashopen.js HTTP/1.1" 200 604 "http://www.zahnarztpraxis-berlin-pankow.de/" "Mozilla/4.0 (compatible; MSIE 7.0; Windows NT 5.1; .NET CLR 1.1.4322)"
84.191.193.138 - - [26/Apr/2010:21:00:38 +0200] "GET /hattke.swf HTTP/1.1" 200 12042 "http://www.zahnarztpraxis-berlin-pankow.de/" "Mozilla/4.0 (compatible; MSIE 7.0; Windows NT 5.1; .NET CLR 1.1.4322)"
84.191.193.138 - - [26/Apr/2010:21:00:39 +0200] "GET /favicon.ico HTTP/1.1" 200 2550 "-" "Mozilla/4.0 (compatible; MSIE 7.0; Windows NT 5.1; .NET CLR 1.1.4322)"
84.191.193.138 - - [26/Apr/2010:21:00:39 +0200] "GET /diashow.swf HTTP/1.1" 200 311957 "http://www.zahnarztpraxis-berlin-pankow.de/hattke.swf" "Mozilla/4.0 (compatible; MSIE 7.0; Windows NT 5.1; .NET CLR 1.1.4322)"
83.141.9.2 - - [27/Apr/2010:01:30:45 +0200] "GET /robots.txt HTTP/1.1" 200 24 "-" "+http://robot.vedens.de VEDENSBOT"
83.141.9.2 - - [27/Apr/2010:01:30:45 +0200] "HEAD / HTTP/1.1" 200 - "" "+http://robot.vedens.de VEDENSBOT"
67.218.116.165 - - [27/Apr/2010:03:39:37 +0200] "GET /robots.txt HTTP/1.1" 200 24 "-" "Mozilla/5.0 (Twiceler-0.9 http://www.cuil.com/twiceler/robot.html)"
119.63.198.52 - - [27/Apr/2010:04:31:10 +0200] "GET /robots.txt HTTP/1.1" 200 24 "-" "Baiduspider+(+http://www.baidu.com/search/spider.htm)"
65.55.207.140 - - [27/Apr/2010:15:28:15 +0200] "GET /robots.txt HTTP/1.1" 200 24 "-" "msnbot/2.0b (+http://search.msn.com/msnbot.htm)"
88.74.5.65 - - [27/Apr/2010:17:08:05 +0200] "GET / HTTP/1.1" 304 - "-" "Mozilla/5.0 (Windows; U; Windows NT 5.1; de; rv:1.9.0.19) Gecko/2010031422 Firefox/3.0.19 (.NET CLR 3.5.30729)"
88.74.5.65 - - [27/Apr/2010:17:08:05 +0200] "GET /opensite.js HTTP/1.1" 304 - "http://www.zahnarztpraxis-berlin-pankow.de/" "Mozilla/5.0 (Windows; U; Windows NT 5.1; de; rv:1.9.0.19) Gecko/2010031422 Firefox/3.0.19 (.NET CLR 3.5.30729)"
88.74.5.65 - - [27/Apr/2010:17:08:05 +0200] "GET /flashopen.js HTTP/1.1" 304 - "http://www.zahnarztpraxis-berlin-pankow.de/" "Mozilla/5.0 (Windows; U; Windows NT 5.1; de; rv:1.9.0.19) Gecko/2010031422 Firefox/3.0.19 (.NET CLR 3.5.30729)"
88.74.5.65 - - [27/Apr/2010:17:08:06 +0200] "GET /hattke.swf HTTP/1.1" 304 - "http://www.zahnarztpraxis-berlin-pankow.de/" "Mozilla/5.0 (Windows; U; Windows NT 5.1; de; rv:1.9.0.19) Gecko/2010031422 Firefox/3.0.19 (.NET CLR 3.5.30729)"
88.74.5.65 - - [27/Apr/2010:17:08:06 +0200] "GET /diashow.swf HTTP/1.1" 304 - "-" "Mozilla/5.0 (Windows; U; Windows NT 5.1; de; rv:1.9.0.19) Gecko/2010031422 Firefox/3.0.19 (.NET CLR 3.5.30729)"
88.74.5.65 - - [27/Apr/2010:17:08:08 +0200] "GET /favicon.ico HTTP/1.1" 304 - "-" "Mozilla/5.0 (Windows; U; Windows NT 5.1; de; rv:1.9.0.19) Gecko/2010031422 Firefox/3.0.19 (.NET CLR 3.5.30729)"
92.195.56.74 - - [27/Apr/2010:20:14:11 +0200] "GET / HTTP/1.1" 200 12977 "http://www.google.de/search?sourceid=navclient&hl=de&ie=UTF-8&rlz=1T4TSEH_de___DE359&q=zahnarztpraxis+hattke" "Mozilla/4.0 (compatible; MSIE 8.0; Windows NT 6.1; Win64; x64; Trident/4.0; GTB6.4; .NET CLR 2.0.50727; SLCC2; .NET CLR 3.5.30729; .NET CLR 3.0.30729; Media Center PC 6.0)"
92.195.56.74 - - [27/Apr/2010:20:14:12 +0200] "GET /opensite.js HTTP/1.1" 200 1125 "http://www.zahnarztpraxis-berlin-pankow.de/" "Mozilla/4.0 (compatible; MSIE 8.0; Windows NT 6.1; Win64; x64; Trident/4.0; GTB6.4; .NET CLR 2.0.50727; SLCC2; .NET CLR 3.5.30729; .NET CLR 3.0.30729; Media Center PC 6.0)"
92.195.56.74 - - [27/Apr/2010:20:14:12 +0200] "GET /flashopen.js HTTP/1.1" 200 604 "http://www.zahnarztpraxis-berlin-pankow.de/" "Mozilla/4.0 (compatible; MSIE 8.0; Windows NT 6.1; Win64; x64; Trident/4.0; GTB6.4; .NET CLR 2.0.50727; SLCC2; .NET CLR 3.5.30729; .NET CLR 3.0.30729; Media Center PC 6.0)"
92.195.56.74 - - [27/Apr/2010:20:14:49 +0200] "GET /teledienst.html HTTP/1.1" 200 4588 "http://www.google.de/search?sourceid=navclient&hl=de&ie=UTF-8&rlz=1T4TSEH_de___DE359&q=zahnarztpraxis+hattke" "Mozilla/4.0 (compatible; MSIE 8.0; Windows NT 6.1; Win64; x64; Trident/4.0; GTB6.4; .NET CLR 2.0.50727; SLCC2; .NET CLR 3.5.30729; .NET CLR 3.0.30729; Media Center PC 6.0)"
92.206.17.247 - - [27/Apr/2010:20:46:46 +0200] "GET / HTTP/1.1" 200 12977 "-" "Mozilla/4.0 (compatible; MSIE 8.0; Windows NT 5.1; Trident/4.0; .NET CLR 2.0.50727; .NET CLR 3.0.4506.2152; .NET CLR 3.5.30729; .NET CLR 1.1.4322)"
92.206.17.247 - - [27/Apr/2010:20:46:47 +0200] "GET /opensite.js HTTP/1.1" 200 1125 "http://www.zahnarztpraxis-berlin-pankow.de/" "Mozilla/4.0 (compatible; MSIE 8.0; Windows NT 5.1; Trident/4.0; .NET CLR 2.0.50727; .NET CLR 3.0.4506.2152; .NET CLR 3.5.30729; .NET CLR 1.1.4322)"
92.206.17.247 - - [27/Apr/2010:20:46:47 +0200] "GET /flashopen.js HTTP/1.1" 200 604 "http://www.zahnarztpraxis-berlin-pankow.de/" "Mozilla/4.0 (compatible; MSIE 8.0; Windows NT 5.1; Trident/4.0; .NET CLR 2.0.50727; .NET CLR 3.0.4506.2152; .NET CLR 3.5.30729; .NET CLR 1.1.4322)"
92.206.17.247 - - [27/Apr/2010:20:46:48 +0200] "GET /hattke.swf HTTP/1.1" 200 12042 "http://www.zahnarztpraxis-berlin-pankow.de/" "Mozilla/4.0 (compatible; MSIE 8.0; Windows NT 5.1; Trident/4.0; .NET CLR 2.0.50727; .NET CLR 3.0.4506.2152; .NET CLR 3.5.30729; .NET CLR 1.1.4322)"
92.206.17.247 - - [27/Apr/2010:20:46:49 +0200] "GET /favicon.ico HTTP/1.1" 200 2550 "-" "Mozilla/4.0 (compatible; MSIE 8.0; Windows NT 5.1; Trident/4.0; .NET CLR 2.0.50727; .NET CLR 3.0.4506.2152; .NET CLR 3.5.30729; .NET CLR 1.1.4322)"
92.206.17.247 - - [27/Apr/2010:20:46:48 +0200] "GET /diashow.swf HTTP/1.1" 200 311957 "http://www.zahnarztpraxis-berlin-pankow.de/hattke.swf" "Mozilla/4.0 (compatible; MSIE 8.0; Windows NT 5.1; Trident/4.0; .NET CLR 2.0.50727; .NET CLR 3.0.4506.2152; .NET CLR 3.5.30729; .NET CLR 1.1.4322)"
92.206.17.247 - - [27/Apr/2010:20:47:41 +0200] "GET / HTTP/1.1" 304 - "-" "Mozilla/4.0 (compatible; MSIE 8.0; Windows NT 5.1; Trident/4.0; .NET CLR 2.0.50727; .NET CLR 3.0.4506.2152; .NET CLR 3.5.30729; .NET CLR 1.1.4322)"
92.206.17.247 - - [27/Apr/2010:20:47:43 +0200] "GET /opensite.js HTTP/1.1" 304 - "http://www.zahnarztpraxis-berlin-pankow.de/" "Mozilla/4.0 (compatible; MSIE 8.0; Windows NT 5.1; Trident/4.0; .NET CLR 2.0.50727; .NET CLR 3.0.4506.2152; .NET CLR 3.5.30729; .NET CLR 1.1.4322)"
92.206.17.247 - - [27/Apr/2010:20:47:44 +0200] "GET /flashopen.js HTTP/1.1" 304 - "http://www.zahnarztpraxis-berlin-pankow.de/" "Mozilla/4.0 (compatible; MSIE 8.0; Windows NT 5.1; Trident/4.0; .NET CLR 2.0.50727; .NET CLR 3.0.4506.2152; .NET CLR 3.5.30729; .NET CLR 1.1.4322)"
92.206.17.247 - - [27/Apr/2010:20:48:00 +0200] "GET /callback.html HTTP/1.1" 200 3272 "-" "Mozilla/4.0 (compatible; MSIE 8.0; Windows NT 5.1; Trident/4.0; .NET CLR 2.0.50727; .NET CLR 3.0.4506.2152; .NET CLR 3.5.30729; .NET CLR 1.1.4322)"
92.206.17.247 - - [27/Apr/2010:20:48:00 +0200] "GET /send.gif HTTP/1.1" 200 265 "http://www.zahnarztpraxis-berlin-pankow.de/callback.html" "Mozilla/4.0 (compatible; MSIE 8.0; Windows NT 5.1; Trident/4.0; .NET CLR 2.0.50727; .NET CLR 3.0.4506.2152; .NET CLR 3.5.30729; .NET CLR 1.1.4322)"
92.206.17.247 - - [27/Apr/2010:20:48:00 +0200] "GET /clear.gif HTTP/1.1" 200 230 "http://www.zahnarztpraxis-berlin-pankow.de/callback.html" "Mozilla/4.0 (compatible; MSIE 8.0; Windows NT 5.1; Trident/4.0; .NET CLR 2.0.50727; .NET CLR 3.0.4506.2152; .NET CLR 3.5.30729; .NET CLR 1.1.4322)"
92.206.17.247 - - [27/Apr/2010:20:53:12 +0200] "POST /callback.php HTTP/1.1" 302 1 "http://www.zahnarztpraxis-berlin-pankow.de/callback.html" "Mozilla/4.0 (compatible; MSIE 8.0; Windows NT 5.1; Trident/4.0; .NET CLR 2.0.50727; .NET CLR 3.0.4506.2152; .NET CLR 3.5.30729; .NET CLR 1.1.4322)"
87.230.47.8 - - [27/Apr/2010:21:44:32 +0200] "HEAD / HTTP/1.1" 200 - "-" "-"
67.218.116.165 - - [27/Apr/2010:23:32:09 +0200] "GET /robots.txt HTTP/1.1" 200 24 "-" "Mozilla/5.0 (Twiceler-0.9 http://www.cuil.com/twiceler/robot.html)"
66.249.71.14 - - [28/Apr/2010:00:54:16 +0200] "GET /robots.txt HTTP/1.1" 200 24 "-" "Mozilla/5.0 (compatible; Googlebot/2.1; +http://www.google.com/bot.html)"
66.249.71.14 - - [28/Apr/2010:00:54:16 +0200] "GET /diashow.swf HTTP/1.1" 200 311957 "-" "Mozilla/5.0 (compatible; Googlebot/2.1; +http://www.google.com/bot.html)"
66.249.71.14 - - [28/Apr/2010:01:11:55 +0200] "GET /plan.swf HTTP/1.1" 200 27838 "-" "Mozilla/5.0 (compatible; Googlebot/2.1; +http://www.google.com/bot.html)"
83.141.9.2 - - [28/Apr/2010:01:28:06 +0200] "GET /robots.txt HTTP/1.1" 200 24 "-" "+http://robot.vedens.de VEDENSBOT"
83.141.9.2 - - [28/Apr/2010:01:28:06 +0200] "HEAD / HTTP/1.1" 200 - "" "+http://robot.vedens.de VEDENSBOT"
66.249.71.14 - - [28/Apr/2010:03:16:01 +0200] "GET / HTTP/1.1" 200 12977 "-" "Mozilla/5.0 (compatible; Googlebot/2.1; +http://www.google.com/bot.html)"
65.55.106.228 - - [28/Apr/2010:04:16:07 +0200] "GET /robots.txt HTTP/1.1" 200 24 "-" "msnbot/2.0b (+http://search.msn.com/msnbot.htm)"
119.63.198.18 - - [28/Apr/2010:04:28:46 +0200] "GET /robots.txt HTTP/1.1" 200 24 "-" "Baiduspider+(+http://www.baidu.com/search/spider.htm)"
65.55.106.232 - - [28/Apr/2010:05:29:05 +0200] "GET /robots.txt HTTP/1.1" 200 24 "-" "msnbot/2.0b (+http://search.msn.com/msnbot.htm)"
87.123.85.168 - - [28/Apr/2010:08:21:27 +0200] "GET / HTTP/1.1" 200 12977 "http://www.google.de/search?q=zahnarzt+hattke+berlin&ie=utf-8&oe=utf-8&aq=t&rls=org.mozilla:de:official&client=firefox-a" "Mozilla/5.0 (Windows; U; Windows NT 5.1; de; rv:1.9.2.3) Gecko/20100401 Firefox/3.6.3 (.NET CLR 3.5.30729)"
87.123.85.168 - - [28/Apr/2010:08:21:28 +0200] "GET /opensite.js HTTP/1.1" 200 1125 "http://www.zahnarztpraxis-berlin-pankow.de/" "Mozilla/5.0 (Windows; U; Windows NT 5.1; de; rv:1.9.2.3) Gecko/20100401 Firefox/3.6.3 (.NET CLR 3.5.30729)"
87.123.85.168 - - [28/Apr/2010:08:21:28 +0200] "GET /favicon.ico HTTP/1.1" 200 2550 "-" "Mozilla/5.0 (Windows; U; Windows NT 5.1; de; rv:1.9.2.3) Gecko/20100401 Firefox/3.6.3 (.NET CLR 3.5.30729)"
87.123.85.168 - - [28/Apr/2010:08:21:28 +0200] "GET /flashopen.js HTTP/1.1" 200 604 "http://www.zahnarztpraxis-berlin-pankow.de/" "Mozilla/5.0 (Windows; U; Windows NT 5.1; de; rv:1.9.2.3) Gecko/20100401 Firefox/3.6.3 (.NET CLR 3.5.30729)"
87.123.85.168 - - [28/Apr/2010:08:21:28 +0200] "GET /hattke.swf HTTP/1.1" 200 12042 "http://www.zahnarztpraxis-berlin-pankow.de/" "Mozilla/5.0 (Windows; U; Windows NT 5.1; de; rv:1.9.2.3) Gecko/20100401 Firefox/3.6.3 (.NET CLR 3.5.30729)"
87.123.85.168 - - [28/Apr/2010:08:21:28 +0200] "GET /diashow.swf HTTP/1.1" 200 311957 "-" "Mozilla/5.0 (Windows; U; Windows NT 5.1; de; rv:1.9.2.3) Gecko/20100401 Firefox/3.6.3 (.NET CLR 3.5.30729)"
67.16.94.2 - - [28/Apr/2010:12:24:07 +0200] "GET /robots.txt HTTP/1.0" 200 24 "-" "Gigabot/3.0 (http://www.gigablast.com/spider.html)"
67.16.94.2 - - [28/Apr/2010:12:24:08 +0200] "GET / HTTP/1.0" 200 12977 "-" "Gigabot/3.0 (http://www.gigablast.com/spider.html)"
184.73.20.235 - - [28/Apr/2010:13:06:00 +0200] "GET /robots.txt HTTP/1.1" 200 24 "-" "Mozilla/5.0 (compatible; spbot/2.0.2; +http://www.seoprofiler.com/bot/ )"
184.73.20.235 - - [28/Apr/2010:13:06:00 +0200] "GET / HTTP/1.1" 200 12977 "-" "Mozilla/5.0 (compatible; spbot/2.0.2; +http://www.seoprofiler.com/bot/ )"
184.73.20.235 - - [28/Apr/2010:13:06:27 +0200] "GET /robots.txt HTTP/1.1" 200 24 "-" "Mozilla/5.0 (compatible; spbot/2.0.2; +http://www.seoprofiler.com/bot/ )"
184.73.20.235 - - [28/Apr/2010:13:06:28 +0200] "GET /teledienst.html HTTP/1.1" 200 4588 "-" "Mozilla/5.0 (compatible; spbot/2.0.2; +http://www.seoprofiler.com/bot/ )"
93.152.104.162 - - [28/Apr/2010:13:42:39 +0200] "HEAD / HTTP/1.1" 200 - "-" "Xenu Link Sleuth 1.3c"
207.46.199.178 - - [28/Apr/2010:14:36:45 +0200] "GET /robots.txt HTTP/1.1" 200 24 "-" "msnbot/2.0b (+http://search.msn.com/msnbot.htm)"
99.55.169.35 - - [28/Apr/2010:15:19:32 +0200] "GET /robots.txt HTTP/1.1" 200 24 "-" "Mozilla/5.0 (compatible; 008/0.83; http://www.80legs.com/spider.html;) Gecko/2008032620"
99.55.169.35 - - [28/Apr/2010:15:19:33 +0200] "GET / HTTP/1.1" 200 12977 "-" "Mozilla/5.0 (compatible; 008/0.83; http://www.80legs.com/spider.html;) Gecko/2008032620"
91.67.235.93 - - [28/Apr/2010:18:26:38 +0200] "GET /intro.html HTTP/1.1" 200 5170 "http://www.google.de/url?sa=t&source=web&ct=res&cd=1&ved=0CAYQFjAA&url=http%3A%2F%2Fwww.zahnarztpraxis-berlin-pankow.de%2Fintro.html&rct=j&q=roumiana+hattke&ei=tmHYS-6vKMOHONql1cwG&usg=AFQjCNFyIP-APaGkBUHn0zTmoUtkP72mRA" "Mozilla/5.0 (Windows; U; Windows NT 5.1; de; rv:1.9.2.3) Gecko/20100401 Firefox/3.6.3 (.NET CLR 3.5.30729)"
91.67.235.93 - - [28/Apr/2010:18:26:38 +0200] "GET /opensite.js HTTP/1.1" 200 1125 "http://www.zahnarztpraxis-berlin-pankow.de/intro.html" "Mozilla/5.0 (Windows; U; Windows NT 5.1; de; rv:1.9.2.3) Gecko/20100401 Firefox/3.6.3 (.NET CLR 3.5.30729)"
91.67.235.93 - - [28/Apr/2010:18:26:38 +0200] "GET /favicon.ico HTTP/1.1" 200 2550 "-" "Mozilla/5.0 (Windows; U; Windows NT 5.1; de; rv:1.9.2.3) Gecko/20100401 Firefox/3.6.3 (.NET CLR 3.5.30729)"
91.67.235.93 - - [28/Apr/2010:18:26:38 +0200] "GET /hattke.swf HTTP/1.1" 200 12042 "http://www.zahnarztpraxis-berlin-pankow.de/intro.html" "Mozilla/5.0 (Windows; U; Windows NT 5.1; de; rv:1.9.2.3) Gecko/20100401 Firefox/3.6.3 (.NET CLR 3.5.30729)"
91.67.235.93 - - [28/Apr/2010:18:26:39 +0200] "GET /diashow.swf HTTP/1.1" 200 311957 "-" "Mozilla/5.0 (Windows; U; Windows NT 5.1; de; rv:1.9.2.3) Gecko/20100401 Firefox/3.6.3 (.NET CLR 3.5.30729)"
67.218.116.165 - - [28/Apr/2010:18:38:35 +0200] "GET / HTTP/1.1" 200 12977 "-" "Mozilla/5.0 (Twiceler-0.9 http://www.cuil.com/twiceler/robot.html)"
204.236.183.221 - - [28/Apr/2010:19:10:35 +0200] "GET /robots.txt HTTP/1.0" 200 24 "-" "Chen Li/Nutch-1.0 (Nutch spiderman; http://chenli.com.cn; chenlibiti@163.com)"
204.236.183.221 - - [28/Apr/2010:19:10:36 +0200] "GET / HTTP/1.0" 200 12977 "-" "Chen Li/Nutch-1.0 (Nutch spiderman; http://chenli.com.cn; chenlibiti@163.com)"
119.63.198.27 - - [28/Apr/2010:20:14:31 +0200] "GET / HTTP/1.1" 200 12977 "-" "Baiduspider+(+http://www.baidu.jp/spider/)"
212.183.122.203 - - [28/Apr/2010:20:39:14 +0200] "GET / HTTP/1.1" 200 12977 "http://www.zahn-online.de/suche/10115h-l.html" "Mozilla/4.0 (compatible; MSIE 5.0; Windows NT; DigExt)"
