212.227.141.3 - - [09/Apr/2010:03:45:13 +0200] "GET / HTTP/1.1" 200 12977 "http://www.amaredo.com/de/site/www.zahnarztpraxis-berlin-pankow.de" "Mozilla/4.0 (compatible; MSIE 5.5; Windows 98)"
212.227.141.3 - - [09/Apr/2010:03:45:13 +0200] "GET / HTTP/1.1" 200 12977 "-" "libwww-perl/5.805"
184.73.62.176 - - [09/Apr/2010:04:05:21 +0200] "GET / HTTP/1.0" 200 12977 "-" "Mozilla/5.0 (compatible; NetcraftSurveyAgent/1.0; +info@netcraft.com)"
119.63.198.54 - - [09/Apr/2010:04:21:17 +0200] "GET /robots.txt HTTP/1.1" 200 24 "-" "Baiduspider+(+http://www.baidu.com/search/spider.htm)"
87.250.255.242 - - [09/Apr/2010:04:43:00 +0200] "GET / HTTP/1.1" 200 12977 "-" "Yandex/1.01.001 (compatible; Win16; I)"
67.195.37.179 - - [09/Apr/2010:05:40:57 +0200] "GET /robots.txt HTTP/1.0" 200 24 "-" "Mozilla/5.0 (compatible; Yahoo! Slurp; http://help.yahoo.com/help/us/ysearch/slurp)"
67.195.37.179 - - [09/Apr/2010:05:40:58 +0200] "GET / HTTP/1.0" 200 12977 "-" "Mozilla/5.0 (compatible; Yahoo! Slurp/3.0; http://help.yahoo.com/help/us/ysearch/slurp)"
65.55.106.138 - - [09/Apr/2010:07:35:38 +0200] "GET /robots.txt HTTP/1.1" 200 24 "-" "msnbot/2.0b (+http://search.msn.com/msnbot.htm)"
77.186.11.239 - - [09/Apr/2010:08:51:28 +0200] "GET / HTTP/1.1" 200 12977 "-" "Mozilla/4.0 (compatible; MSIE 8.0; Windows NT 5.1; Trident/4.0; GTB6.4; .NET CLR 2.0.50727; eSobiSubscriber 2.0.4.16; .NET CLR 3.0.4506.2152; .NET CLR 3.5.30729; InfoPath.2)"
77.186.11.239 - - [09/Apr/2010:08:51:28 +0200] "GET /opensite.js HTTP/1.1" 200 1125 "http://www.zahnarztpraxis-berlin-pankow.de/" "Mozilla/4.0 (compatible; MSIE 8.0; Windows NT 5.1; Trident/4.0; GTB6.4; .NET CLR 2.0.50727; eSobiSubscriber 2.0.4.16; .NET CLR 3.0.4506.2152; .NET CLR 3.5.30729; InfoPath.2)"
77.186.11.239 - - [09/Apr/2010:08:51:28 +0200] "GET /flashopen.js HTTP/1.1" 200 604 "http://www.zahnarztpraxis-berlin-pankow.de/" "Mozilla/4.0 (compatible; MSIE 8.0; Windows NT 5.1; Trident/4.0; GTB6.4; .NET CLR 2.0.50727; eSobiSubscriber 2.0.4.16; .NET CLR 3.0.4506.2152; .NET CLR 3.5.30729; InfoPath.2)"
77.186.11.239 - - [09/Apr/2010:08:51:28 +0200] "GET /hattke.swf HTTP/1.1" 200 12042 "http://www.zahnarztpraxis-berlin-pankow.de/" "Mozilla/4.0 (compatible; MSIE 8.0; Windows NT 5.1; Trident/4.0; GTB6.4; .NET CLR 2.0.50727; eSobiSubscriber 2.0.4.16; .NET CLR 3.0.4506.2152; .NET CLR 3.5.30729; InfoPath.2)"
77.186.11.239 - - [09/Apr/2010:08:51:29 +0200] "GET /favicon.ico HTTP/1.1" 200 2550 "-" "Mozilla/4.0 (compatible; MSIE 8.0; Windows NT 5.1; Trident/4.0; GTB6.4; .NET CLR 2.0.50727; eSobiSubscriber 2.0.4.16; .NET CLR 3.0.4506.2152; .NET CLR 3.5.30729; InfoPath.2)"
77.186.11.239 - - [09/Apr/2010:08:51:29 +0200] "GET /diashow.swf HTTP/1.1" 200 311957 "http://www.zahnarztpraxis-berlin-pankow.de/hattke.swf" "Mozilla/4.0 (compatible; MSIE 8.0; Windows NT 5.1; Trident/4.0; GTB6.4; .NET CLR 2.0.50727; eSobiSubscriber 2.0.4.16; .NET CLR 3.0.4506.2152; .NET CLR 3.5.30729; InfoPath.2)"
77.186.11.239 - - [09/Apr/2010:08:52:43 +0200] "GET /plan.swf HTTP/1.1" 200 27838 "http://www.zahnarztpraxis-berlin-pankow.de/diashow.swf" "Mozilla/4.0 (compatible; MSIE 8.0; Windows NT 5.1; Trident/4.0; GTB6.4; .NET CLR 2.0.50727; eSobiSubscriber 2.0.4.16; .NET CLR 3.0.4506.2152; .NET CLR 3.5.30729; InfoPath.2)"
88.74.43.208 - - [09/Apr/2010:09:13:47 +0200] "GET / HTTP/1.1" 200 12977 "-" "Mozilla/5.0 (Windows; U; Windows NT 5.1; de; rv:1.9.1.8) Gecko/20100202 Firefox/3.5.8"
88.74.43.208 - - [09/Apr/2010:09:13:48 +0200] "GET /favicon.ico HTTP/1.1" 200 2550 "-" "Mozilla/5.0 (Windows; U; Windows NT 5.1; de; rv:1.9.1.8) Gecko/20100202 Firefox/3.5.8"
88.74.43.208 - - [09/Apr/2010:09:13:49 +0200] "GET /opensite.js HTTP/1.1" 200 1125 "http://www.zahnarztpraxis-berlin-pankow.de/" "Mozilla/5.0 (Windows; U; Windows NT 5.1; de; rv:1.9.1.8) Gecko/20100202 Firefox/3.5.8"
88.74.43.208 - - [09/Apr/2010:09:13:49 +0200] "GET /flashopen.js HTTP/1.1" 200 604 "http://www.zahnarztpraxis-berlin-pankow.de/" "Mozilla/5.0 (Windows; U; Windows NT 5.1; de; rv:1.9.1.8) Gecko/20100202 Firefox/3.5.8"
88.74.43.208 - - [09/Apr/2010:09:13:56 +0200] "GET /hattke.swf HTTP/1.1" 200 12042 "http://www.zahnarztpraxis-berlin-pankow.de/" "Mozilla/5.0 (Windows; U; Windows NT 5.1; de; rv:1.9.1.8) Gecko/20100202 Firefox/3.5.8"
88.74.43.208 - - [09/Apr/2010:09:13:56 +0200] "GET /diashow.swf HTTP/1.1" 200 311957 "-" "Mozilla/5.0 (Windows; U; Windows NT 5.1; de; rv:1.9.1.8) Gecko/20100202 Firefox/3.5.8"
88.74.43.208 - - [09/Apr/2010:09:14:22 +0200] "GET /plan.swf HTTP/1.1" 200 27838 "-" "Mozilla/5.0 (Windows; U; Windows NT 5.1; de; rv:1.9.1.8) Gecko/20100202 Firefox/3.5.8"
88.74.43.208 - - [09/Apr/2010:10:00:02 +0200] "GET / HTTP/1.1" 200 12977 "http://www.google.de/search?source=ig&hl=de&rlz=1G1SNYT_DEDE360&q=zahnarztpraxis-berlin-pankow&meta=lr%3D&aq=f&aqi=&aql=&oq=&gs_rfai=" "Mozilla/4.0 (compatible; MSIE 8.0; Windows NT 6.1; Trident/4.0; SLCC2; .NET CLR 2.0.50727; .NET CLR 3.5.30729; .NET CLR 3.0.30729; Media Center PC 6.0; Media Center PC 5.0; OfficeLiveConnector.1.4; OfficeLivePatch.1.3; SLCC1)"
88.74.43.208 - - [09/Apr/2010:10:00:03 +0200] "GET /opensite.js HTTP/1.1" 200 1125 "http://www.zahnarztpraxis-berlin-pankow.de/" "Mozilla/4.0 (compatible; MSIE 8.0; Windows NT 6.1; Trident/4.0; SLCC2; .NET CLR 2.0.50727; .NET CLR 3.5.30729; .NET CLR 3.0.30729; Media Center PC 6.0; Media Center PC 5.0; OfficeLiveConnector.1.4; OfficeLivePatch.1.3; SLCC1)"
88.74.43.208 - - [09/Apr/2010:10:00:03 +0200] "GET /flashopen.js HTTP/1.1" 200 604 "http://www.zahnarztpraxis-berlin-pankow.de/" "Mozilla/4.0 (compatible; MSIE 8.0; Windows NT 6.1; Trident/4.0; SLCC2; .NET CLR 2.0.50727; .NET CLR 3.5.30729; .NET CLR 3.0.30729; Media Center PC 6.0; Media Center PC 5.0; OfficeLiveConnector.1.4; OfficeLivePatch.1.3; SLCC1)"
88.74.43.208 - - [09/Apr/2010:10:00:03 +0200] "GET /hattke.swf HTTP/1.1" 200 12042 "http://www.zahnarztpraxis-berlin-pankow.de/" "Mozilla/4.0 (compatible; MSIE 8.0; Windows NT 6.1; Trident/4.0; SLCC2; .NET CLR 2.0.50727; .NET CLR 3.5.30729; .NET CLR 3.0.30729; Media Center PC 6.0; Media Center PC 5.0; OfficeLiveConnector.1.4; OfficeLivePatch.1.3; SLCC1)"
88.74.43.208 - - [09/Apr/2010:10:00:04 +0200] "GET /favicon.ico HTTP/1.1" 200 2550 "-" "Mozilla/4.0 (compatible; MSIE 8.0; Windows NT 6.1; Trident/4.0; SLCC2; .NET CLR 2.0.50727; .NET CLR 3.5.30729; .NET CLR 3.0.30729; Media Center PC 6.0; Media Center PC 5.0; OfficeLiveConnector.1.4; OfficeLivePatch.1.3; SLCC1)"
88.74.43.208 - - [09/Apr/2010:10:00:04 +0200] "GET /diashow.swf HTTP/1.1" 200 311957 "http://www.zahnarztpraxis-berlin-pankow.de/hattke.swf" "Mozilla/4.0 (compatible; MSIE 8.0; Windows NT 6.1; Trident/4.0; SLCC2; .NET CLR 2.0.50727; .NET CLR 3.5.30729; .NET CLR 3.0.30729; Media Center PC 6.0; Media Center PC 5.0; OfficeLiveConnector.1.4; OfficeLivePatch.1.3; SLCC1)"
88.74.43.208 - - [09/Apr/2010:10:10:33 +0200] "GET /callback.html HTTP/1.1" 200 3272 "http://www.zahnarztpraxis-berlin-pankow.de/hattke.swf" "Mozilla/4.0 (compatible; MSIE 8.0; Windows NT 6.1; Trident/4.0; SLCC2; .NET CLR 2.0.50727; .NET CLR 3.5.30729; .NET CLR 3.0.30729; Media Center PC 6.0; Media Center PC 5.0; OfficeLiveConnector.1.4; OfficeLivePatch.1.3; SLCC1)"
88.74.43.208 - - [09/Apr/2010:10:10:33 +0200] "GET /send.gif HTTP/1.1" 200 265 "http://www.zahnarztpraxis-berlin-pankow.de/callback.html" "Mozilla/4.0 (compatible; MSIE 8.0; Windows NT 6.1; Trident/4.0; SLCC2; .NET CLR 2.0.50727; .NET CLR 3.5.30729; .NET CLR 3.0.30729; Media Center PC 6.0; Media Center PC 5.0; OfficeLiveConnector.1.4; OfficeLivePatch.1.3; SLCC1)"
88.74.43.208 - - [09/Apr/2010:10:10:33 +0200] "GET /clear.gif HTTP/1.1" 200 230 "http://www.zahnarztpraxis-berlin-pankow.de/callback.html" "Mozilla/4.0 (compatible; MSIE 8.0; Windows NT 6.1; Trident/4.0; SLCC2; .NET CLR 2.0.50727; .NET CLR 3.5.30729; .NET CLR 3.0.30729; Media Center PC 6.0; Media Center PC 5.0; OfficeLiveConnector.1.4; OfficeLivePatch.1.3; SLCC1)"
192.168.10.13 - - [09/Apr/2010:10:13:13 +0200] "GET / HTTP/1.1" 200 12977 "-" "Mozilla/5.0 (Windows; U; Windows NT 5.1; de; rv:1.9.2.3) Gecko/20100401 Firefox/3.6.3 (.NET CLR 3.5.30729)"
192.168.10.13 - - [09/Apr/2010:10:13:13 +0200] "GET /opensite.js HTTP/1.1" 200 1125 "http://www.zahnarztpraxis-berlin-pankow.de/" "Mozilla/5.0 (Windows; U; Windows NT 5.1; de; rv:1.9.2.3) Gecko/20100401 Firefox/3.6.3 (.NET CLR 3.5.30729)"
192.168.10.13 - - [09/Apr/2010:10:13:13 +0200] "GET /favicon.ico HTTP/1.1" 200 2550 "-" "Mozilla/5.0 (Windows; U; Windows NT 5.1; de; rv:1.9.2.3) Gecko/20100401 Firefox/3.6.3 (.NET CLR 3.5.30729)"
192.168.10.13 - - [09/Apr/2010:10:13:13 +0200] "GET /flashopen.js HTTP/1.1" 200 604 "http://www.zahnarztpraxis-berlin-pankow.de/" "Mozilla/5.0 (Windows; U; Windows NT 5.1; de; rv:1.9.2.3) Gecko/20100401 Firefox/3.6.3 (.NET CLR 3.5.30729)"
192.168.10.13 - - [09/Apr/2010:10:13:13 +0200] "GET /hattke.swf HTTP/1.1" 200 12042 "http://www.zahnarztpraxis-berlin-pankow.de/" "Mozilla/5.0 (Windows; U; Windows NT 5.1; de; rv:1.9.2.3) Gecko/20100401 Firefox/3.6.3 (.NET CLR 3.5.30729)"
192.168.10.13 - - [09/Apr/2010:10:13:13 +0200] "GET /diashow.swf HTTP/1.1" 200 311957 "-" "Mozilla/5.0 (Windows; U; Windows NT 5.1; de; rv:1.9.2.3) Gecko/20100401 Firefox/3.6.3 (.NET CLR 3.5.30729)"
192.168.10.13 - - [09/Apr/2010:10:13:26 +0200] "GET /stats HTTP/1.1" 401 1226 "-" "Mozilla/5.0 (Windows; U; Windows NT 5.1; de; rv:1.9.2.3) Gecko/20100401 Firefox/3.6.3 (.NET CLR 3.5.30729)"
88.74.43.208 - - [09/Apr/2010:10:13:32 +0200] "GET /teledienst.html HTTP/1.1" 200 4588 "http://www.zahnarztpraxis-berlin-pankow.de/hattke.swf" "Mozilla/4.0 (compatible; MSIE 8.0; Windows NT 6.1; Trident/4.0; SLCC2; .NET CLR 2.0.50727; .NET CLR 3.5.30729; .NET CLR 3.0.30729; Media Center PC 6.0; Media Center PC 5.0; OfficeLiveConnector.1.4; OfficeLivePatch.1.3; SLCC1)"
88.74.43.208 - - [09/Apr/2010:10:13:32 +0200] "GET /opensite.js HTTP/1.1" 304 - "http://www.zahnarztpraxis-berlin-pankow.de/teledienst.html" "Mozilla/4.0 (compatible; MSIE 8.0; Windows NT 6.1; Trident/4.0; SLCC2; .NET CLR 2.0.50727; .NET CLR 3.5.30729; .NET CLR 3.0.30729; Media Center PC 6.0; Media Center PC 5.0; OfficeLiveConnector.1.4; OfficeLivePatch.1.3; SLCC1)"
192.168.10.13 - web31_hattke [09/Apr/2010:10:15:08 +0200] "GET /stats HTTP/1.1" 301 386 "-" "Mozilla/5.0 (Windows; U; Windows NT 5.1; de; rv:1.9.2.3) Gecko/20100401 Firefox/3.6.3 (.NET CLR 3.5.30729)"
192.168.10.13 - web31_hattke [09/Apr/2010:10:15:09 +0200] "GET /stats/ HTTP/1.1" 200 4936 "-" "Mozilla/5.0 (Windows; U; Windows NT 5.1; de; rv:1.9.2.3) Gecko/20100401 Firefox/3.6.3 (.NET CLR 3.5.30729)"
192.168.10.13 - web31_hattke [09/Apr/2010:10:15:09 +0200] "GET /stats/usage.png HTTP/1.1" 200 2814 "http://www.zahnarztpraxis-berlin-pankow.de/stats/" "Mozilla/5.0 (Windows; U; Windows NT 5.1; de; rv:1.9.2.3) Gecko/20100401 Firefox/3.6.3 (.NET CLR 3.5.30729)"
192.168.10.13 - web31_hattke [09/Apr/2010:10:15:25 +0200] "GET /stats/usage_201003.html HTTP/1.1" 200 80193 "http://www.zahnarztpraxis-berlin-pankow.de/stats/" "Mozilla/5.0 (Windows; U; Windows NT 5.1; de; rv:1.9.2.3) Gecko/20100401 Firefox/3.6.3 (.NET CLR 3.5.30729)"
192.168.10.13 - web31_hattke [09/Apr/2010:10:15:25 +0200] "GET /stats/daily_usage_201003.png HTTP/1.1" 200 2932 "http://www.zahnarztpraxis-berlin-pankow.de/stats/usage_201003.html" "Mozilla/5.0 (Windows; U; Windows NT 5.1; de; rv:1.9.2.3) Gecko/20100401 Firefox/3.6.3 (.NET CLR 3.5.30729)"
192.168.10.13 - web31_hattke [09/Apr/2010:10:15:25 +0200] "GET /stats/hourly_usage_201003.png HTTP/1.1" 200 1941 "http://www.zahnarztpraxis-berlin-pankow.de/stats/usage_201003.html" "Mozilla/5.0 (Windows; U; Windows NT 5.1; de; rv:1.9.2.3) Gecko/20100401 Firefox/3.6.3 (.NET CLR 3.5.30729)"
192.168.10.13 - web31_hattke [09/Apr/2010:10:15:25 +0200] "GET /stats/ctry_usage_201003.png HTTP/1.1" 200 3401 "http://www.zahnarztpraxis-berlin-pankow.de/stats/usage_201003.html" "Mozilla/5.0 (Windows; U; Windows NT 5.1; de; rv:1.9.2.3) Gecko/20100401 Firefox/3.6.3 (.NET CLR 3.5.30729)"
145.253.3.247 - - [09/Apr/2010:10:29:52 +0200] "GET / HTTP/1.0" 200 12977 "http://www.google.de/search?hl=de&source=hp&q=hattke+berlin&meta=&aq=f&aqi=&aql=&oq=&gs_rfai=" "Mozilla/4.0 (compatible; MSIE 7.0; Windows NT 5.1; .NET CLR 2.0.50727; .NET CLR 3.0.4506.2152; .NET CLR 3.5.30729)"
145.253.3.247 - - [09/Apr/2010:10:29:52 +0200] "GET /opensite.js HTTP/1.0" 200 1125 "http://www.zahnarztpraxis-berlin-pankow.de/" "Mozilla/4.0 (compatible; MSIE 7.0; Windows NT 5.1; .NET CLR 2.0.50727; .NET CLR 3.0.4506.2152; .NET CLR 3.5.30729)"
145.253.3.247 - - [09/Apr/2010:10:29:53 +0200] "GET /flashopen.js HTTP/1.0" 200 604 "http://www.zahnarztpraxis-berlin-pankow.de/" "Mozilla/4.0 (compatible; MSIE 7.0; Windows NT 5.1; .NET CLR 2.0.50727; .NET CLR 3.0.4506.2152; .NET CLR 3.5.30729)"
145.253.3.247 - - [09/Apr/2010:10:29:53 +0200] "GET /hattke.swf HTTP/1.0" 200 12042 "http://www.zahnarztpraxis-berlin-pankow.de/" "Mozilla/4.0 (compatible; MSIE 7.0; Windows NT 5.1; .NET CLR 2.0.50727; .NET CLR 3.0.4506.2152; .NET CLR 3.5.30729)"
145.253.3.247 - - [09/Apr/2010:10:29:53 +0200] "GET /diashow.swf HTTP/1.0" 200 311957 "http://www.zahnarztpraxis-berlin-pankow.de/hattke.swf" "Mozilla/4.0 (compatible; MSIE 7.0; Windows NT 5.1; .NET CLR 2.0.50727; .NET CLR 3.0.4506.2152; .NET CLR 3.5.30729)"
145.253.3.247 - - [09/Apr/2010:10:29:55 +0200] "GET /favicon.ico HTTP/1.0" 200 2550 "-" "Mozilla/4.0 (compatible; MSIE 7.0; Windows NT 5.1; .NET CLR 2.0.50727; .NET CLR 3.0.4506.2152; .NET CLR 3.5.30729)"
145.253.3.247 - - [09/Apr/2010:10:30:28 +0200] "GET /callback.html HTTP/1.0" 200 3272 "-" "Mozilla/4.0 (compatible; MSIE 7.0; Windows NT 5.1; .NET CLR 2.0.50727; .NET CLR 3.0.4506.2152; .NET CLR 3.5.30729)"
145.253.3.247 - - [09/Apr/2010:10:30:28 +0200] "GET /clear.gif HTTP/1.0" 200 230 "http://www.zahnarztpraxis-berlin-pankow.de/callback.html" "Mozilla/4.0 (compatible; MSIE 7.0; Windows NT 5.1; .NET CLR 2.0.50727; .NET CLR 3.0.4506.2152; .NET CLR 3.5.30729)"
145.253.3.247 - - [09/Apr/2010:10:30:28 +0200] "GET /send.gif HTTP/1.0" 200 265 "http://www.zahnarztpraxis-berlin-pankow.de/callback.html" "Mozilla/4.0 (compatible; MSIE 7.0; Windows NT 5.1; .NET CLR 2.0.50727; .NET CLR 3.0.4506.2152; .NET CLR 3.5.30729)"
216.104.15.138 - - [09/Apr/2010:10:31:32 +0200] "GET / HTTP/1.0" 200 12977 "-" "Mozilla/4.0 (compatible; MSIE 6.0; Windows NT 5.1)"
145.253.3.247 - - [09/Apr/2010:10:32:40 +0200] "POST /callback.php HTTP/1.0" 302 1 "http://www.zahnarztpraxis-berlin-pankow.de/callback.html" "Mozilla/4.0 (compatible; MSIE 7.0; Windows NT 5.1; .NET CLR 2.0.50727; .NET CLR 3.0.4506.2152; .NET CLR 3.5.30729)"
216.104.15.130 - - [09/Apr/2010:10:32:43 +0200] "GET /flashopen.js HTTP/1.0" 200 604 "-" "Mozilla/4.0 (compatible; MSIE 6.0; Windows NT 5.1)"
216.104.15.142 - - [09/Apr/2010:10:32:43 +0200] "GET /opensite.js HTTP/1.0" 200 1125 "-" "Mozilla/4.0 (compatible; MSIE 6.0; Windows NT 5.1)"
207.46.199.38 - - [09/Apr/2010:11:44:49 +0200] "GET /robots.txt HTTP/1.1" 200 24 "-" "msnbot/2.0b (+http://search.msn.com/msnbot.htm)"
207.46.199.38 - - [09/Apr/2010:11:45:32 +0200] "GET / HTTP/1.1" 200 12977 "-" "msnbot/2.0b (+http://search.msn.com/msnbot.htm)"
207.46.204.236 - - [09/Apr/2010:14:34:47 +0200] "GET /robots.txt HTTP/1.1" 200 24 "-" "msnbot/2.0b (+http://search.msn.com/msnbot.htm)"
207.46.204.236 - - [09/Apr/2010:14:35:33 +0200] "GET /teledienst.html HTTP/1.1" 304 - "-" "msnbot/2.0b (+http://search.msn.com/msnbot.htm)"
81.169.145.25 - - [09/Apr/2010:16:20:58 +0200] "GET / HTTP/1.0" 200 12977 "-" "-"
67.16.94.2 - - [09/Apr/2010:17:48:56 +0200] "GET /robots.txt HTTP/1.0" 200 24 "-" "Gigabot/3.0 (http://www.gigablast.com/spider.html)"
67.16.94.2 - - [09/Apr/2010:17:48:57 +0200] "GET / HTTP/1.0" 200 12977 "-" "Gigabot/3.0 (http://www.gigablast.com/spider.html)"
66.235.124.17 - - [09/Apr/2010:21:03:18 +0200] "GET /robots.txt HTTP/1.1" 200 24 "-" "Mozilla/5.0 (compatible; Ask Jeeves/Teoma; +http://about.ask.com/en/docs/about/webmasters.shtml)"
66.235.124.17 - - [09/Apr/2010:21:03:18 +0200] "GET / HTTP/1.1" 200 12977 "-" "Mozilla/5.0 (compatible; Ask Jeeves/Teoma; +http://about.ask.com/en/docs/about/webmasters.shtml)"
88.74.43.208 - - [09/Apr/2010:21:30:49 +0200] "GET /stats/usage_201003.html HTTP/1.1" 401 1226 "-" "Mozilla/4.0 (compatible; MSIE 8.0; Windows NT 6.1; Trident/4.0; SLCC2; .NET CLR 2.0.50727; .NET CLR 3.5.30729; .NET CLR 3.0.30729; Media Center PC 6.0; Media Center PC 5.0; OfficeLiveConnector.1.4; OfficeLivePatch.1.3; SLCC1)"
88.74.43.208 - - [09/Apr/2010:21:32:17 +0200] "GET /stats/usage_201003.html HTTP/1.1" 401 1226 "-" "Mozilla/4.0 (compatible; MSIE 8.0; Windows NT 6.1; Trident/4.0; SLCC2; .NET CLR 2.0.50727; .NET CLR 3.5.30729; .NET CLR 3.0.30729; Media Center PC 6.0; Media Center PC 5.0; OfficeLiveConnector.1.4; OfficeLivePatch.1.3; SLCC1)"
65.55.207.101 - - [09/Apr/2010:21:33:50 +0200] "GET /robots.txt HTTP/1.1" 200 24 "-" "msnbot/2.0b (+http://search.msn.com/msnbot.htm)"
67.218.116.165 - - [09/Apr/2010:22:40:47 +0200] "GET /robots.txt HTTP/1.1" 200 24 "-" "Mozilla/5.0 (Twiceler-0.9 http://www.cuil.com/twiceler/robot.html)"
207.46.204.234 - - [09/Apr/2010:23:29:56 +0200] "GET /robots.txt HTTP/1.1" 200 24 "-" "msnbot/2.0b (+http://search.msn.com/msnbot.htm)"
207.46.204.234 - - [09/Apr/2010:23:30:29 +0200] "GET / HTTP/1.1" 304 - "-" "msnbot/2.0b (+http://search.msn.com/msnbot.htm)"
83.141.9.2 - - [10/Apr/2010:01:20:44 +0200] "GET /robots.txt HTTP/1.1" 200 24 "-" "+http://robot.vedens.de VEDENSBOT"
83.141.9.2 - - [10/Apr/2010:01:20:44 +0200] "HEAD / HTTP/1.1" 200 - "" "+http://robot.vedens.de VEDENSBOT"
207.46.13.88 - - [10/Apr/2010:03:46:32 +0200] "GET /robots.txt HTTP/1.1" 200 24 "-" "msnbot/2.0b (+http://search.msn.com/msnbot.htm)"
207.46.13.88 - - [10/Apr/2010:03:47:31 +0200] "GET / HTTP/1.1" 304 - "-" "msnbot/2.0b (+http://search.msn.com/msnbot.htm)"
119.63.198.58 - - [10/Apr/2010:04:21:47 +0200] "GET /robots.txt HTTP/1.1" 200 24 "-" "Baiduspider+(+http://www.baidu.com/search/spider.htm)"
207.46.13.42 - - [10/Apr/2010:04:45:32 +0200] "GET / HTTP/1.1" 200 12977 "-" "msnbot/2.0b (+http://search.msn.com/msnbot.htm)"
81.169.145.25 - - [10/Apr/2010:04:51:01 +0200] "GET / HTTP/1.0" 200 12977 "-" "-"
65.55.207.48 - - [10/Apr/2010:06:44:04 +0200] "GET /robots.txt HTTP/1.1" 200 24 "-" "msnbot/2.0b (+http://search.msn.com/msnbot.htm)"
207.46.204.229 - - [10/Apr/2010:08:15:57 +0200] "GET /robots.txt HTTP/1.1" 200 24 "-" "msnbot/2.0b (+http://search.msn.com/msnbot.htm)"
207.46.204.229 - - [10/Apr/2010:08:16:33 +0200] "GET /teledienst.html HTTP/1.1" 200 4588 "-" "msnbot/2.0b (+http://search.msn.com/msnbot.htm)"
94.68.64.196 - - [10/Apr/2010:08:25:13 +0200] "GET / HTTP/1.0" 200 12977 "-" "Mozilla/4.0 (compatible; MSIE 5.0; Windows NT 4.0)"
94.68.64.196 - - [10/Apr/2010:08:25:14 +0200] "GET /teledienst.html HTTP/1.0" 200 4588 "http://www.zahnarztpraxis-berlin-pankow.de/" "Mozilla/4.0 (compatible; MSIE 5.0; Windows NT 4.0)"
94.68.64.196 - - [10/Apr/2010:08:25:14 +0200] "GET /flashopen.js HTTP/1.0" 200 604 "http://www.zahnarztpraxis-berlin-pankow.de/" "Mozilla/4.0 (compatible; MSIE 5.0; Windows NT 4.0)"
94.68.64.196 - - [10/Apr/2010:08:25:23 +0200] "GET /opensite.js HTTP/1.0" 200 1125 "http://www.zahnarztpraxis-berlin-pankow.de/" "Mozilla/4.0 (compatible; MSIE 5.0; Windows NT 4.0)"
207.46.204.233 - - [10/Apr/2010:09:27:31 +0200] "GET /teledienst.html HTTP/1.1" 200 4588 "-" "msnbot/2.0b (+http://search.msn.com/msnbot.htm)"
65.55.207.48 - - [10/Apr/2010:09:28:24 +0200] "GET /robots.txt HTTP/1.1" 200 24 "-" "msnbot/2.0b (+http://search.msn.com/msnbot.htm)"
65.55.106.161 - - [10/Apr/2010:13:14:16 +0200] "GET /robots.txt HTTP/1.1" 200 24 "-" "msnbot/2.0b (+http://search.msn.com/msnbot.htm)"
67.218.116.165 - - [10/Apr/2010:16:52:26 +0200] "GET / HTTP/1.1" 200 12977 "-" "Mozilla/5.0 (Twiceler-0.9 http://www.cuil.com/twiceler/robot.html)"
87.250.255.242 - - [10/Apr/2010:21:57:54 +0200] "GET /robots.txt HTTP/1.1" 200 24 "-" "Yandex/1.01.001 (compatible; Win16; I)"
67.218.116.165 - - [10/Apr/2010:22:17:20 +0200] "GET /robots.txt HTTP/1.1" 200 24 "-" "Mozilla/5.0 (Twiceler-0.9 http://www.cuil.com/twiceler/robot.html)"
83.141.9.2 - - [11/Apr/2010:01:20:36 +0200] "GET /robots.txt HTTP/1.1" 200 24 "-" "+http://robot.vedens.de VEDENSBOT"
83.141.9.2 - - [11/Apr/2010:01:20:36 +0200] "HEAD / HTTP/1.1" 200 - "" "+http://robot.vedens.de VEDENSBOT"
67.218.116.165 - - [11/Apr/2010:03:12:53 +0200] "GET /teledienst.html HTTP/1.1" 200 4588 "-" "Mozilla/5.0 (Twiceler-0.9 http://www.cuil.com/twiceler/robot.html)"
119.63.198.35 - - [11/Apr/2010:04:18:48 +0200] "GET /robots.txt HTTP/1.1" 200 24 "-" "Baiduspider+(+http://www.baidu.com/search/spider.htm)"
207.46.13.100 - - [11/Apr/2010:05:51:31 +0200] "GET /robots.txt HTTP/1.1" 200 24 "-" "msnbot/2.0b (+http://search.msn.com/msnbot.htm)"
207.46.13.100 - - [11/Apr/2010:05:52:30 +0200] "GET / HTTP/1.1" 304 - "-" "msnbot/2.0b (+http://search.msn.com/msnbot.htm)"
67.195.37.179 - - [11/Apr/2010:07:19:49 +0200] "GET /robots.txt HTTP/1.0" 200 24 "-" "Mozilla/5.0 (compatible; Yahoo! Slurp; http://help.yahoo.com/help/us/ysearch/slurp)"
67.195.37.179 - - [11/Apr/2010:07:19:50 +0200] "GET /teledienst.html HTTP/1.0" 200 4588 "-" "Mozilla/5.0 (compatible; Yahoo! Slurp/3.0; http://help.yahoo.com/help/us/ysearch/slurp)"
87.250.255.242 - - [11/Apr/2010:12:00:27 +0200] "GET / HTTP/1.1" 200 12977 "-" "Yandex/1.01.001 (compatible; Win16; I)"
38.99.97.199 - - [11/Apr/2010:12:45:29 +0200] "GET /robots.txt HTTP/1.1" 200 24 "-" "Mozilla/5.0 (compatible; ScoutJet; +http://www.scoutjet.com/)"
38.99.97.199 - - [11/Apr/2010:12:45:31 +0200] "GET / HTTP/1.1" 200 12977 "-" "Mozilla/5.0 (compatible; ScoutJet; +http://www.scoutjet.com/)"
38.99.97.199 - - [11/Apr/2010:12:45:34 +0200] "GET /favicon.ico HTTP/1.1" 200 2550 "-" "Mozilla/5.0 (compatible; ScoutJet; +http://www.scoutjet.com/)"
38.99.97.199 - - [11/Apr/2010:12:45:42 +0200] "GET /teledienst.html HTTP/1.1" 200 4588 "-" "Mozilla/5.0 (compatible; ScoutJet; +http://www.scoutjet.com/)"
65.55.216.11 - - [11/Apr/2010:13:01:37 +0200] "GET /robots.txt HTTP/1.1" 200 24 "-" "msnbot/2.0b (+http://search.msn.com/msnbot.htm)"
66.235.124.17 - - [11/Apr/2010:14:55:39 +0200] "GET /robots.txt HTTP/1.1" 200 24 "-" "Mozilla/5.0 (compatible; Ask Jeeves/Teoma; +http://about.ask.com/en/docs/about/webmasters.shtml)"
66.235.124.17 - - [11/Apr/2010:14:55:40 +0200] "GET / HTTP/1.1" 200 12977 "-" "Mozilla/5.0 (compatible; Ask Jeeves/Teoma; +http://about.ask.com/en/docs/about/webmasters.shtml)"
88.80.205.215 - - [11/Apr/2010:15:23:22 +0200] "GET / HTTP/1.1" 200 12977 "-" "Mozilla/4.0 (compatible; MSIE 7.0; Windows NT 6.0; WOW64; Trident/4.0; SLCC1; .NET CLR 2.0.50727; .NET CLR 3.5.30729; .NET CLR 3.0.30618)"
88.80.205.215 - - [11/Apr/2010:15:23:22 +0200] "GET /opensite.js HTTP/1.1" 200 1125 "http://www.zahnarztpraxis-berlin-pankow.de/" "Mozilla/4.0 (compatible; MSIE 7.0; Windows NT 6.0; WOW64; Trident/4.0; SLCC1; .NET CLR 2.0.50727; .NET CLR 3.5.30729; .NET CLR 3.0.30618)"
88.80.205.215 - - [11/Apr/2010:15:23:22 +0200] "GET /flashopen.js HTTP/1.1" 200 604 "http://www.zahnarztpraxis-berlin-pankow.de/" "Mozilla/4.0 (compatible; MSIE 7.0; Windows NT 6.0; WOW64; Trident/4.0; SLCC1; .NET CLR 2.0.50727; .NET CLR 3.5.30729; .NET CLR 3.0.30618)"
88.80.205.215 - - [11/Apr/2010:15:23:22 +0200] "GET /hattke.swf HTTP/1.1" 200 12042 "http://www.zahnarztpraxis-berlin-pankow.de/" "Mozilla/4.0 (compatible; MSIE 7.0; Windows NT 6.0; WOW64; Trident/4.0; SLCC1; .NET CLR 2.0.50727; .NET CLR 3.5.30729; .NET CLR 3.0.30618)"
88.80.205.215 - - [11/Apr/2010:15:23:22 +0200] "GET /diashow.swf HTTP/1.1" 200 311957 "http://www.zahnarztpraxis-berlin-pankow.de/hattke.swf" "Mozilla/4.0 (compatible; MSIE 7.0; Windows NT 6.0; WOW64; Trident/4.0; SLCC1; .NET CLR 2.0.50727; .NET CLR 3.5.30729; .NET CLR 3.0.30618)"
207.46.13.100 - - [11/Apr/2010:16:39:05 +0200] "GET /robots.txt HTTP/1.1" 200 24 "-" "msnbot/2.0b (+http://search.msn.com/msnbot.htm)"
207.46.13.100 - - [11/Apr/2010:16:39:54 +0200] "GET /teledienst.html HTTP/1.1" 304 - "-" "msnbot/2.0b (+http://search.msn.com/msnbot.htm)"
79.194.50.139 - - [11/Apr/2010:17:22:10 +0200] "GET / HTTP/1.1" 200 12977 "http://www.kzv-berlin.de/cms/index.php?file=article&mode=entry&number=23&do=1&stadtteil=Pankow&searchcount=93&treffer=10&pages=10&query=1+AND+stadtteil+LIKE+%27%25Pankow%25%27&actpage=3" "Mozilla/5.0 (Windows; U; Windows NT 6.0; de; rv:1.9.2.2) Gecko/20100316 Firefox/3.6.2 (.NET CLR 3.5.30729)"
79.194.50.139 - - [11/Apr/2010:17:22:10 +0200] "GET /opensite.js HTTP/1.1" 200 1125 "http://www.zahnarztpraxis-berlin-pankow.de/" "Mozilla/5.0 (Windows; U; Windows NT 6.0; de; rv:1.9.2.2) Gecko/20100316 Firefox/3.6.2 (.NET CLR 3.5.30729)"
79.194.50.139 - - [11/Apr/2010:17:22:10 +0200] "GET /flashopen.js HTTP/1.1" 200 604 "http://www.zahnarztpraxis-berlin-pankow.de/" "Mozilla/5.0 (Windows; U; Windows NT 6.0; de; rv:1.9.2.2) Gecko/20100316 Firefox/3.6.2 (.NET CLR 3.5.30729)"
79.194.50.139 - - [11/Apr/2010:17:22:10 +0200] "GET /favicon.ico HTTP/1.1" 200 2550 "-" "Mozilla/5.0 (Windows; U; Windows NT 6.0; de; rv:1.9.2.2) Gecko/20100316 Firefox/3.6.2 (.NET CLR 3.5.30729)"
79.194.50.139 - - [11/Apr/2010:17:22:10 +0200] "GET /hattke.swf HTTP/1.1" 200 12042 "http://www.zahnarztpraxis-berlin-pankow.de/" "Mozilla/5.0 (Windows; U; Windows NT 6.0; de; rv:1.9.2.2) Gecko/20100316 Firefox/3.6.2 (.NET CLR 3.5.30729)"
79.194.50.139 - - [11/Apr/2010:17:22:11 +0200] "GET /diashow.swf HTTP/1.1" 200 311957 "-" "Mozilla/5.0 (Windows; U; Windows NT 6.0; de; rv:1.9.2.2) Gecko/20100316 Firefox/3.6.2 (.NET CLR 3.5.30729)"
207.46.13.40 - - [11/Apr/2010:17:49:50 +0200] "GET / HTTP/1.1" 304 - "-" "msnbot/2.0b (+http://search.msn.com/msnbot.htm)"
119.235.237.93 - - [11/Apr/2010:22:10:53 +0200] "GET /robots.txt HTTP/1.1" 200 24 "-" "Yeti/1.0 (NHN Corp.; http://help.naver.com/robots/)"
119.235.237.93 - - [11/Apr/2010:22:10:53 +0200] "GET / HTTP/1.1" 200 12977 "-" "Yeti/1.0 (NHN Corp.; http://help.naver.com/robots/)"
84.189.109.84 - - [11/Apr/2010:22:13:19 +0200] "GET / HTTP/1.1" 200 12977 "http://www.google.de/search?client=opera&rls=de&q=Zahnarzt+Hattke+Berlin+Pankow&sourceid=opera&ie=utf-8&oe=utf-8" "Opera/9.80 (Windows NT 5.1; U; de) Presto/2.2.15 Version/10.00"
84.189.109.84 - - [11/Apr/2010:22:13:19 +0200] "GET /favicon.ico HTTP/1.1" 200 2550 "http://www.zahnarztpraxis-berlin-pankow.de/" "Opera/9.80 (Windows NT 5.1; U; de) Presto/2.2.15 Version/10.00"
84.189.109.84 - - [11/Apr/2010:22:13:19 +0200] "GET /opensite.js HTTP/1.1" 200 1125 "http://www.zahnarztpraxis-berlin-pankow.de/" "Opera/9.80 (Windows NT 5.1; U; de) Presto/2.2.15 Version/10.00"
84.189.109.84 - - [11/Apr/2010:22:13:19 +0200] "GET /flashopen.js HTTP/1.1" 200 604 "http://www.zahnarztpraxis-berlin-pankow.de/" "Opera/9.80 (Windows NT 5.1; U; de) Presto/2.2.15 Version/10.00"
84.189.109.84 - - [11/Apr/2010:22:13:19 +0200] "GET /hattke.swf HTTP/1.1" 200 12042 "http://www.zahnarztpraxis-berlin-pankow.de/" "Opera/9.80 (Windows NT 5.1; U; de) Presto/2.2.15 Version/10.00"
84.189.109.84 - - [11/Apr/2010:22:13:19 +0200] "GET /diashow.swf HTTP/1.1" 200 311957 "http://www.zahnarztpraxis-berlin-pankow.de/hattke.swf" "Opera/9.80 (Windows NT 5.1; U; de) Presto/2.2.15 Version/10.00"
84.189.109.84 - - [11/Apr/2010:22:15:35 +0200] "GET /intro.html HTTP/1.1" 200 5170 "http://www.google.de/search?client=opera&rls=de&q=Zahnarzt+Hattke+Berlin+Pankow&sourceid=opera&ie=utf-8&oe=utf-8" "Opera/9.80 (Windows NT 5.1; U; de) Presto/2.2.15 Version/10.00"
84.189.109.84 - - [11/Apr/2010:22:15:35 +0200] "GET /intro.html HTTP/1.1" 200 5170 "http://www.google.de/search?client=opera&rls=de&q=Zahnarzt+Hattke+Berlin+Pankow&sourceid=opera&ie=utf-8&oe=utf-8" "Opera/9.80 (Windows NT 5.1; U; de) Presto/2.2.15 Version/10.00"
67.218.116.165 - - [11/Apr/2010:22:41:10 +0200] "GET /robots.txt HTTP/1.1" 200 24 "-" "Mozilla/5.0 (Twiceler-0.9 http://www.cuil.com/twiceler/robot.html)"
65.55.106.209 - - [11/Apr/2010:23:07:09 +0200] "GET /robots.txt HTTP/1.1" 200 24 "-" "msnbot/2.0b (+http://search.msn.com/msnbot.htm)"
83.141.9.2 - - [12/Apr/2010:01:21:53 +0200] "GET /robots.txt HTTP/1.1" 200 24 "-" "+http://robot.vedens.de VEDENSBOT"
83.141.9.2 - - [12/Apr/2010:01:21:53 +0200] "HEAD / HTTP/1.1" 200 - "" "+http://robot.vedens.de VEDENSBOT"
65.55.106.206 - - [12/Apr/2010:03:12:32 +0200] "GET /robots.txt HTTP/1.1" 200 24 "-" "msnbot/2.0b (+http://search.msn.com/msnbot.htm)"
67.16.94.2 - - [12/Apr/2010:03:53:40 +0200] "GET /robots.txt HTTP/1.0" 200 24 "-" "Gigabot/3.0 (http://www.gigablast.com/spider.html)"
67.16.94.2 - - [12/Apr/2010:03:53:41 +0200] "GET / HTTP/1.0" 200 12977 "-" "Gigabot/3.0 (http://www.gigablast.com/spider.html)"
65.55.207.97 - - [12/Apr/2010:03:59:40 +0200] "GET /robots.txt HTTP/1.1" 200 24 "-" "msnbot/2.0b (+http://search.msn.com/msnbot.htm)"
119.63.198.7 - - [12/Apr/2010:04:21:40 +0200] "GET /robots.txt HTTP/1.1" 200 24 "-" "Baiduspider+(+http://www.baidu.com/search/spider.htm)"
193.47.80.37 - - [12/Apr/2010:06:10:21 +0200] "GET /robots.txt HTTP/1.1" 200 24 "-" "Mozilla/5.0 (compatible; Exabot/3.0; +http://www.exabot.com/go/robot)"
193.47.80.37 - - [12/Apr/2010:06:10:21 +0200] "GET / HTTP/1.1" 304 - "-" "Mozilla/5.0 (compatible; Exabot/3.0; +http://www.exabot.com/go/robot)"
87.185.170.38 - - [12/Apr/2010:08:03:18 +0200] "GET / HTTP/1.0" 200 12977 "-" "Mozilla/5.0 (Windows; U; Windows NT 5.1; de; rv:1.9.0.4) Gecko/2008102920 Firefox/3.0.4"
87.185.170.38 - - [12/Apr/2010:08:03:18 +0200] "GET /favicon.ico HTTP/1.0" 200 2550 "-" "Mozilla/5.0 (Windows; U; Windows NT 5.1; de; rv:1.9.0.4) Gecko/2008102920 Firefox/3.0.4"
87.185.170.38 - - [12/Apr/2010:08:03:18 +0200] "GET /opensite.js HTTP/1.0" 200 1125 "-" "Mozilla/5.0 (Windows; U; Windows NT 5.1; de; rv:1.9.0.4) Gecko/2008102920 Firefox/3.0.4"
213.183.195.83 - - [12/Apr/2010:09:19:28 +0200] "GET /teledienst.html HTTP/1.0" 200 4588 "-" "Mozilla/5.0 (X11; Linux i686; rv:1.7.5) Gecko/20041108 Firefox/1.0"
92.78.111.113 - - [12/Apr/2010:11:36:49 +0200] "GET / HTTP/1.1" 200 12977 "http://suche.aol.de/aol/idoidPage?query=hattke&type=web&pageNum=1&title=Zahnarztpraxis+Roumiana+und+Reyk+Hattke&s_it=web_serp&s_cid=3719550623703729728979675482216228425&u=http%3A%2F%2Fwww.zahnarztpraxis-berlin-pankow.de%2F" "Mozilla/5.0 (Windows; U; Windows NT 5.1; de; rv:1.9.0.19) Gecko/2010031422 Firefox/3.0.19"
92.78.111.113 - - [12/Apr/2010:11:36:49 +0200] "GET /opensite.js HTTP/1.1" 200 1125 "http://www.zahnarztpraxis-berlin-pankow.de/" "Mozilla/5.0 (Windows; U; Windows NT 5.1; de; rv:1.9.0.19) Gecko/2010031422 Firefox/3.0.19"
92.78.111.113 - - [12/Apr/2010:11:36:49 +0200] "GET /flashopen.js HTTP/1.1" 200 604 "http://www.zahnarztpraxis-berlin-pankow.de/" "Mozilla/5.0 (Windows; U; Windows NT 5.1; de; rv:1.9.0.19) Gecko/2010031422 Firefox/3.0.19"
92.78.111.113 - - [12/Apr/2010:11:36:49 +0200] "GET /hattke.swf HTTP/1.1" 200 12042 "http://www.zahnarztpraxis-berlin-pankow.de/" "Mozilla/5.0 (Windows; U; Windows NT 5.1; de; rv:1.9.0.19) Gecko/2010031422 Firefox/3.0.19"
92.78.111.113 - - [12/Apr/2010:11:36:49 +0200] "GET /diashow.swf HTTP/1.1" 200 311957 "-" "Mozilla/5.0 (Windows; U; Windows NT 5.1; de; rv:1.9.0.19) Gecko/2010031422 Firefox/3.0.19"
207.46.204.228 - - [12/Apr/2010:12:16:35 +0200] "GET /robots.txt HTTP/1.1" 200 24 "-" "msnbot/2.0b (+http://search.msn.com/msnbot.htm)"
207.46.204.228 - - [12/Apr/2010:12:17:20 +0200] "GET / HTTP/1.1" 304 - "-" "msnbot/2.0b (+http://search.msn.com/msnbot.htm)"
89.247.208.136 - - [12/Apr/2010:13:20:23 +0200] "GET / HTTP/1.1" 200 12977 "http://web2.cylex.de/firma-homepage/http%3A//www.zahnarztpraxis-berlin-pankow.de-5031491.html" "Mozilla/4.0 (compatible; MSIE 8.0; Windows NT 5.1; Trident/4.0; GTB6.4; AskTB5.3)"
89.247.208.136 - - [12/Apr/2010:13:20:23 +0200] "GET /opensite.js HTTP/1.1" 200 1125 "http://www.zahnarztpraxis-berlin-pankow.de/" "Mozilla/4.0 (compatible; MSIE 8.0; Windows NT 5.1; Trident/4.0; GTB6.4; AskTB5.3)"
89.247.208.136 - - [12/Apr/2010:13:20:23 +0200] "GET /flashopen.js HTTP/1.1" 200 604 "http://www.zahnarztpraxis-berlin-pankow.de/" "Mozilla/4.0 (compatible; MSIE 8.0; Windows NT 5.1; Trident/4.0; GTB6.4; AskTB5.3)"
89.247.208.136 - - [12/Apr/2010:13:20:23 +0200] "GET /hattke.swf HTTP/1.1" 200 12042 "http://www.zahnarztpraxis-berlin-pankow.de/" "Mozilla/4.0 (compatible; MSIE 8.0; Windows NT 5.1; Trident/4.0; GTB6.4; AskTB5.3)"
89.247.208.136 - - [12/Apr/2010:13:20:23 +0200] "GET /diashow.swf HTTP/1.1" 200 311957 "http://www.zahnarztpraxis-berlin-pankow.de/hattke.swf" "Mozilla/4.0 (compatible; MSIE 8.0; Windows NT 5.1; Trident/4.0; GTB6.4; AskTB5.3)"
84.189.59.252 - - [12/Apr/2010:16:15:52 +0200] "GET /favicon.ico HTTP/1.1" 200 2550 "-" "Mozilla/5.0 (Windows; U; Windows NT 5.1; de; rv:1.9.2.3) Gecko/20100401 Firefox/3.6.3"
65.55.106.179 - - [12/Apr/2010:16:33:23 +0200] "GET /robots.txt HTTP/1.1" 200 24 "-" "msnbot/2.0b (+http://search.msn.com/msnbot.htm)"
78.141.69.49 - - [12/Apr/2010:21:22:10 +0200] "GET / HTTP/1.1" 200 12977 "-" "-"
65.55.106.208 - - [12/Apr/2010:22:11:27 +0200] "GET /robots.txt HTTP/1.1" 200 24 "-" "msnbot/2.0b (+http://search.msn.com/msnbot.htm)"
67.218.116.165 - - [12/Apr/2010:22:37:56 +0200] "GET /robots.txt HTTP/1.1" 200 24 "-" "Mozilla/5.0 (Twiceler-0.9 http://www.cuil.com/twiceler/robot.html)"
83.141.9.2 - - [13/Apr/2010:01:23:46 +0200] "GET /robots.txt HTTP/1.1" 200 24 "-" "+http://robot.vedens.de VEDENSBOT"
83.141.9.2 - - [13/Apr/2010:01:23:46 +0200] "HEAD / HTTP/1.1" 200 - "" "+http://robot.vedens.de VEDENSBOT"
207.46.195.229 - - [13/Apr/2010:02:06:24 +0200] "GET /robots.txt HTTP/1.1" 200 24 "-" "msnbot/2.0b (+http://search.msn.com/msnbot.htm)"
207.46.195.229 - - [13/Apr/2010:02:07:13 +0200] "GET /teledienst.html HTTP/1.1" 200 4588 "-" "msnbot/2.0b (+http://search.msn.com/msnbot.htm)"
87.250.255.242 - - [13/Apr/2010:02:15:14 +0200] "GET /robots.txt HTTP/1.1" 200 24 "-" "Yandex/1.01.001 (compatible; Win16; I)"
208.115.111.250 - - [13/Apr/2010:02:57:57 +0200] "GET /robots.txt HTTP/1.1" 200 24 "-" "Mozilla/5.0 (compatible; DotBot/1.1; http://www.dotnetdotcom.org/, crawler@dotnetdotcom.org)"
65.55.207.133 - - [13/Apr/2010:03:06:52 +0200] "GET /robots.txt HTTP/1.1" 200 24 "-" "msnbot/2.0b (+http://search.msn.com/msnbot.htm)"
66.249.65.217 - - [13/Apr/2010:03:24:07 +0200] "GET /robots.txt HTTP/1.1" 200 24 "-" "Mozilla/5.0 (compatible; Googlebot/2.1; +http://www.google.com/bot.html)"
66.249.65.217 - - [13/Apr/2010:03:24:07 +0200] "GET / HTTP/1.1" 200 12977 "-" "Mozilla/5.0 (compatible; Googlebot/2.1; +http://www.google.com/bot.html)"
66.249.65.217 - - [13/Apr/2010:04:20:45 +0200] "GET /sitemap.xml HTTP/1.1" 200 796 "-" "Mozilla/5.0 (compatible; Googlebot/2.1; +http://www.google.com/bot.html)"
119.63.198.22 - - [13/Apr/2010:04:22:47 +0200] "GET /robots.txt HTTP/1.1" 200 24 "-" "Baiduspider+(+http://www.baidu.com/search/spider.htm)"
67.195.37.179 - - [13/Apr/2010:04:46:21 +0200] "GET /robots.txt HTTP/1.0" 200 24 "-" "Mozilla/5.0 (compatible; Yahoo! Slurp; http://help.yahoo.com/help/us/ysearch/slurp)"
67.195.37.179 - - [13/Apr/2010:04:46:21 +0200] "GET /index_alt.html HTTP/1.0" 200 2254 "-" "Mozilla/5.0 (compatible; Yahoo! Slurp/3.0; http://help.yahoo.com/help/us/ysearch/slurp)"
208.115.111.250 - - [13/Apr/2010:07:23:48 +0200] "GET / HTTP/1.1" 200 12977 "-" "Mozilla/5.0 (compatible; DotBot/1.1; http://www.dotnetdotcom.org/, crawler@dotnetdotcom.org)"
208.115.111.250 - - [13/Apr/2010:07:23:53 +0200] "GET /teledienst.html HTTP/1.1" 200 4588 "-" "Mozilla/5.0 (compatible; DotBot/1.1; http://www.dotnetdotcom.org/, crawler@dotnetdotcom.org)"
66.235.124.17 - - [13/Apr/2010:12:21:24 +0200] "GET /robots.txt HTTP/1.1" 200 24 "-" "Mozilla/5.0 (compatible; Ask Jeeves/Teoma; +http://about.ask.com/en/docs/about/webmasters.shtml)"
66.235.124.17 - - [13/Apr/2010:12:21:24 +0200] "GET /intro.html HTTP/1.1" 200 5170 "-" "Mozilla/5.0 (compatible; Ask Jeeves/Teoma; +http://about.ask.com/en/docs/about/webmasters.shtml)"
66.235.124.17 - - [13/Apr/2010:12:21:24 +0200] "GET /hattke.swf HTTP/1.1" 200 12042 "-" "Mozilla/5.0 (compatible; Ask Jeeves/Teoma; +http://about.ask.com/en/docs/about/webmasters.shtml)"
193.47.80.37 - - [13/Apr/2010:12:24:47 +0200] "GET /robots.txt HTTP/1.1" 200 24 "-" "Mozilla/5.0 (compatible; Exabot/3.0; +http://www.exabot.com/go/robot)"
193.47.80.37 - - [13/Apr/2010:12:24:47 +0200] "GET / HTTP/1.1" 304 - "-" "Mozilla/5.0 (compatible; Exabot/3.0; +http://www.exabot.com/go/robot)"
65.55.216.53 - - [13/Apr/2010:12:24:49 +0200] "GET /robots.txt HTTP/1.1" 200 24 "-" "msnbot/2.0b (+http://search.msn.com/msnbot.htm)"
87.185.246.43 - - [13/Apr/2010:17:09:35 +0200] "GET / HTTP/1.1" 200 12977 "http://suche.t-online.de/fast-cgi/tsc?q=Zahnarztpraxis+Berlin-Pankow&encQuery=Cendenta&lang=all&mandant=toi&device=html&dia=suche&context=internet-tab&tpc=internet&ptl=std&classification=internet-tab_internet_std&start=0&num=10&ocr=yes&type=all&cr=all&sb=top&x=22&y=14" "Mozilla/4.0 (compatible; MSIE 7.0; TOB 6.07; Windows NT 6.1; Trident/4.0; GTB6.4; SLCC2; .NET CLR 2.0.50727; .NET CLR 3.5.30729; .NET CLR 3.0.30729; Media Center PC 6.0; .NET CLR 1.1.4322; Media Center PC 5.0; SLCC1; OfficeLiveConnector.1.4; OfficeLivePatch.1.3)"
87.185.246.43 - - [13/Apr/2010:17:09:36 +0200] "GET /opensite.js HTTP/1.1" 200 1125 "http://www.zahnarztpraxis-berlin-pankow.de/" "Mozilla/4.0 (compatible; MSIE 7.0; TOB 6.07; Windows NT 6.1; Trident/4.0; GTB6.4; SLCC2; .NET CLR 2.0.50727; .NET CLR 3.5.30729; .NET CLR 3.0.30729; Media Center PC 6.0; .NET CLR 1.1.4322; Media Center PC 5.0; SLCC1; OfficeLiveConnector.1.4; OfficeLivePatch.1.3)"
87.185.246.43 - - [13/Apr/2010:17:09:36 +0200] "GET /flashopen.js HTTP/1.1" 200 604 "http://www.zahnarztpraxis-berlin-pankow.de/" "Mozilla/4.0 (compatible; MSIE 7.0; TOB 6.07; Windows NT 6.1; Trident/4.0; GTB6.4; SLCC2; .NET CLR 2.0.50727; .NET CLR 3.5.30729; .NET CLR 3.0.30729; Media Center PC 6.0; .NET CLR 1.1.4322; Media Center PC 5.0; SLCC1; OfficeLiveConnector.1.4; OfficeLivePatch.1.3)"
87.185.246.43 - - [13/Apr/2010:17:09:36 +0200] "GET /hattke.swf HTTP/1.1" 200 12042 "http://www.zahnarztpraxis-berlin-pankow.de/" "Mozilla/4.0 (compatible; MSIE 7.0; Windows NT 6.1; Trident/4.0; GTB6.4; SLCC2; .NET CLR 2.0.50727; .NET CLR 3.5.30729; .NET CLR 3.0.30729; Media Center PC 6.0; .NET CLR 1.1.4322; Media Center PC 5.0; SLCC1; OfficeLiveConnector.1.4; OfficeLivePatch.1.3)"
87.185.246.43 - - [13/Apr/2010:17:09:36 +0200] "GET /favicon.ico HTTP/1.1" 200 2550 "-" "T-Online Browser"
87.185.246.43 - - [13/Apr/2010:17:09:36 +0200] "GET /diashow.swf HTTP/1.1" 200 311957 "http://www.zahnarztpraxis-berlin-pankow.de/hattke.swf" "Mozilla/4.0 (compatible; MSIE 7.0; Windows NT 6.1; Trident/4.0; GTB6.4; SLCC2; .NET CLR 2.0.50727; .NET CLR 3.5.30729; .NET CLR 3.0.30729; Media Center PC 6.0; .NET CLR 1.1.4322; Media Center PC 5.0; SLCC1; OfficeLiveConnector.1.4; OfficeLivePatch.1.3)"
65.55.207.52 - - [13/Apr/2010:18:25:13 +0200] "GET /robots.txt HTTP/1.1" 200 24 "-" "msnbot/2.0b (+http://search.msn.com/msnbot.htm)"
207.46.204.228 - - [13/Apr/2010:18:41:19 +0200] "GET /robots.txt HTTP/1.1" 200 24 "-" "msnbot/2.0b (+http://search.msn.com/msnbot.htm)"
207.46.204.228 - - [13/Apr/2010:18:42:05 +0200] "GET / HTTP/1.1" 304 - "-" "msnbot/2.0b (+http://search.msn.com/msnbot.htm)"
67.218.116.165 - - [13/Apr/2010:23:03:08 +0200] "GET /robots.txt HTTP/1.1" 200 24 "-" "Mozilla/5.0 (Twiceler-0.9 http://www.cuil.com/twiceler/robot.html)"
207.46.204.181 - - [13/Apr/2010:23:38:50 +0200] "GET /robots.txt HTTP/1.1" 200 24 "-" "msnbot/2.0b (+http://search.msn.com/msnbot.htm)"
207.46.204.181 - - [13/Apr/2010:23:39:44 +0200] "GET / HTTP/1.1" 304 - "-" "msnbot/2.0b (+http://search.msn.com/msnbot.htm)"
88.131.106.30 - - [13/Apr/2010:23:51:09 +0200] "GET /robots.txt HTTP/1.0" 200 24 "-" "Mozilla/5.0 (Windows; U; Windows NT 5.1; en-US) Speedy Spider (http://www.entireweb.com/about/search_tech/speedy_spider/)"
88.131.106.30 - - [13/Apr/2010:23:51:10 +0200] "GET /teledienst.html HTTP/1.0" 200 4588 "-" "Mozilla/5.0 (Windows; U; Windows NT 5.1; en-US) Speedy Spider (http://www.entireweb.com/about/search_tech/speedy_spider/)"
83.141.9.2 - - [14/Apr/2010:01:22:40 +0200] "GET /robots.txt HTTP/1.1" 200 24 "-" "+http://robot.vedens.de VEDENSBOT"
83.141.9.2 - - [14/Apr/2010:01:22:40 +0200] "HEAD / HTTP/1.1" 200 - "" "+http://robot.vedens.de VEDENSBOT"
88.131.106.30 - - [14/Apr/2010:02:35:05 +0200] "GET /robots.txt HTTP/1.0" 200 24 "-" "Mozilla/5.0 (Windows; U; Windows NT 5.1; en-US) Speedy Spider (http://www.entireweb.com/about/search_tech/speedy_spider/)"
88.131.106.30 - - [14/Apr/2010:02:35:08 +0200] "GET / HTTP/1.0" 200 12977 "-" "Mozilla/5.0 (Windows; U; Windows NT 5.1; en-US) Speedy Spider (http://www.entireweb.com/about/search_tech/speedy_spider/)"
66.249.65.219 - - [14/Apr/2010:03:40:04 +0200] "GET /robots.txt HTTP/1.1" 200 24 "-" "DoCoMo/2.0 N905i(c100;TB;W24H16) (compatible; Googlebot-Mobile/2.1; +http://www.google.com/bot.html)"
66.249.65.219 - - [14/Apr/2010:03:40:04 +0200] "GET / HTTP/1.1" 200 12977 "-" "DoCoMo/2.0 N905i(c100;TB;W24H16) (compatible; Googlebot-Mobile/2.1; +http://www.google.com/bot.html)"
119.63.198.40 - - [14/Apr/2010:04:24:30 +0200] "GET /robots.txt HTTP/1.1" 200 24 "-" "Baiduspider+(+http://www.baidu.com/search/spider.htm)"
119.63.193.129 - - [14/Apr/2010:04:59:36 +0200] "GET /robots.txt HTTP/1.1" 200 24 "-" "Baiduspider+(+http://www.baidu.jp/spider/)"
67.16.94.2 - - [14/Apr/2010:05:04:19 +0200] "GET /robots.txt HTTP/1.0" 200 24 "-" "Gigabot/3.0 (http://www.gigablast.com/spider.html)"
67.16.94.2 - - [14/Apr/2010:05:04:20 +0200] "GET / HTTP/1.0" 200 12977 "-" "Gigabot/3.0 (http://www.gigablast.com/spider.html)"
65.55.207.132 - - [14/Apr/2010:08:44:55 +0200] "GET /robots.txt HTTP/1.1" 200 24 "-" "msnbot/2.0b (+http://search.msn.com/msnbot.htm)"
66.249.65.219 - - [14/Apr/2010:11:07:48 +0200] "GET /google6cbc7c57957fae22.html HTTP/1.1" 200 - "-" "Mozilla/5.0 (compatible; Googlebot/2.1; +http://www.google.com/bot.html)"
66.249.65.219 - - [14/Apr/2010:11:07:49 +0200] "GET /noexist_6cbc7c57957fae22.html HTTP/1.1" 404 1256 "-" "Mozilla/5.0 (compatible; Googlebot/2.1; +http://www.google.com/bot.html)"
119.63.198.62 - - [14/Apr/2010:12:16:17 +0200] "GET / HTTP/1.1" 200 12977 "-" "Baiduspider+(+http://www.baidu.jp/spider/)"
78.54.27.75 - - [14/Apr/2010:13:09:05 +0200] "GET /robots.txt HTTP/1.1" 200 24 "-" "Mozilla/5.0 (compatible; 008/0.83; http://www.80legs.com/spider.html;) Gecko/2008032620"
78.54.27.75 - - [14/Apr/2010:13:09:06 +0200] "GET / HTTP/1.1" 200 12977 "-" "Mozilla/5.0 (compatible; 008/0.83; http://www.80legs.com/spider.html;) Gecko/2008032620"
76.115.169.111 - - [14/Apr/2010:13:09:08 +0200] "GET /robots.txt HTTP/1.1" 200 24 "-" "Mozilla/5.0 (compatible; 008/0.83; http://www.80legs.com/spider.html;) Gecko/2008032620"
76.115.169.111 - - [14/Apr/2010:13:09:09 +0200] "GET / HTTP/1.1" 200 12977 "-" "Mozilla/5.0 (compatible; 008/0.83; http://www.80legs.com/spider.html;) Gecko/2008032620"
192.168.10.10 - - [14/Apr/2010:13:10:14 +0200] "GET / HTTP/1.1" 200 12977 "-" "Mozilla/5.0 (Windows; U; Windows NT 5.1; de; rv:1.9.1.9) Gecko/20100315 Firefox/3.5.9 (.NET CLR 3.5.30729)"
192.168.10.10 - - [14/Apr/2010:13:10:14 +0200] "GET /favicon.ico HTTP/1.1" 200 2550 "-" "Mozilla/5.0 (Windows; U; Windows NT 5.1; de; rv:1.9.1.9) Gecko/20100315 Firefox/3.5.9 (.NET CLR 3.5.30729)"
192.168.10.10 - - [14/Apr/2010:13:10:14 +0200] "GET /opensite.js HTTP/1.1" 200 1125 "http://www.zahnarztpraxis-berlin-pankow.de/" "Mozilla/5.0 (Windows; U; Windows NT 5.1; de; rv:1.9.1.9) Gecko/20100315 Firefox/3.5.9 (.NET CLR 3.5.30729)"
192.168.10.10 - - [14/Apr/2010:13:10:15 +0200] "GET /flashopen.js HTTP/1.1" 200 604 "http://www.zahnarztpraxis-berlin-pankow.de/" "Mozilla/5.0 (Windows; U; Windows NT 5.1; de; rv:1.9.1.9) Gecko/20100315 Firefox/3.5.9 (.NET CLR 3.5.30729)"
192.168.10.10 - - [14/Apr/2010:13:10:15 +0200] "GET /hattke.swf HTTP/1.1" 200 12042 "http://www.zahnarztpraxis-berlin-pankow.de/" "Mozilla/5.0 (Windows; U; Windows NT 5.1; de; rv:1.9.1.9) Gecko/20100315 Firefox/3.5.9 (.NET CLR 3.5.30729)"
192.168.10.10 - - [14/Apr/2010:13:10:16 +0200] "GET /diashow.swf HTTP/1.1" 200 311957 "-" "Mozilla/5.0 (Windows; U; Windows NT 5.1; de; rv:1.9.1.9) Gecko/20100315 Firefox/3.5.9 (.NET CLR 3.5.30729)"
68.3.114.140 - - [14/Apr/2010:13:12:19 +0200] "GET /robots.txt HTTP/1.1" 200 24 "-" "Mozilla/5.0 (compatible; 008/0.83; http://www.80legs.com/spider.html;) Gecko/2008032620"
68.3.114.140 - - [14/Apr/2010:13:12:20 +0200] "GET / HTTP/1.1" 200 12977 "-" "Mozilla/5.0 (compatible; 008/0.83; http://www.80legs.com/spider.html;) Gecko/2008032620"
212.204.62.84 - - [14/Apr/2010:14:03:49 +0200] "GET / HTTP/1.0" 200 12977 "http://10.120.85.82/ecommunications_deu/start.swe?SWECmd=GetViewLayout&SWEView=TG2%20TM%20Kampagne&SWEVI=&SWEVLC=1-2HLSKR_Siebel%2bPower%2bCommunications_43%257c1268960426%257c0_0_20423_0QF06010_L" "Mozilla/4.0 (compatible; MSIE 6.0; Windows NT 5.1; SV1; .NET CLR 1.1.4322; .NET CLR 2.0.50727; .NET CLR 3.0.04506.30; .NET CLR 3.0.04506.648; .NET CLR 3.0.4506.2152; .NET CLR 3.5.30729)"
212.204.62.84 - - [14/Apr/2010:14:03:49 +0200] "GET /opensite.js HTTP/1.0" 200 1125 "http://www.zahnarztpraxis-berlin-pankow.de/" "Mozilla/4.0 (compatible; MSIE 6.0; Windows NT 5.1; SV1; .NET CLR 1.1.4322; .NET CLR 2.0.50727; .NET CLR 3.0.04506.30; .NET CLR 3.0.04506.648; .NET CLR 3.0.4506.2152; .NET CLR 3.5.30729)"
212.204.62.84 - - [14/Apr/2010:14:03:49 +0200] "GET /flashopen.js HTTP/1.0" 200 604 "http://www.zahnarztpraxis-berlin-pankow.de/" "Mozilla/4.0 (compatible; MSIE 6.0; Windows NT 5.1; SV1; .NET CLR 1.1.4322; .NET CLR 2.0.50727; .NET CLR 3.0.04506.30; .NET CLR 3.0.04506.648; .NET CLR 3.0.4506.2152; .NET CLR 3.5.30729)"
212.204.62.84 - - [14/Apr/2010:14:03:50 +0200] "GET /hattke.swf HTTP/1.0" 200 12042 "http://www.zahnarztpraxis-berlin-pankow.de/" "Mozilla/4.0 (compatible; MSIE 6.0; Windows NT 5.1; SV1; .NET CLR 1.1.4322; .NET CLR 2.0.50727; .NET CLR 3.0.04506.30; .NET CLR 3.0.04506.648; .NET CLR 3.0.4506.2152; .NET CLR 3.5.30729)"
212.204.62.84 - - [14/Apr/2010:14:03:50 +0200] "GET /diashow.swf HTTP/1.0" 200 311957 "http://www.zahnarztpraxis-berlin-pankow.de/hattke.swf" "Mozilla/4.0 (compatible; MSIE 6.0; Windows NT 5.1; SV1; .NET CLR 1.1.4322; .NET CLR 2.0.50727; .NET CLR 3.0.04506.30; .NET CLR 3.0.04506.648; .NET CLR 3.0.4506.2152; .NET CLR 3.5.30729)"
65.55.207.136 - - [14/Apr/2010:15:16:03 +0200] "GET /robots.txt HTTP/1.1" 200 24 "-" "msnbot/2.0b (+http://search.msn.com/msnbot.htm)"
67.195.37.179 - - [14/Apr/2010:19:01:23 +0200] "GET /robots.txt HTTP/1.0" 200 24 "-" "Mozilla/5.0 (compatible; Yahoo! Slurp; http://help.yahoo.com/help/us/ysearch/slurp)"
67.195.37.179 - - [14/Apr/2010:19:01:23 +0200] "GET / HTTP/1.0" 200 12977 "-" "Mozilla/5.0 (compatible; Yahoo! Slurp/3.0; http://help.yahoo.com/help/us/ysearch/slurp)"
65.55.207.29 - - [14/Apr/2010:21:16:32 +0200] "GET /robots.txt HTTP/1.1" 200 24 "-" "msnbot/2.0b (+http://search.msn.com/msnbot.htm)"
65.55.216.10 - - [14/Apr/2010:22:07:59 +0200] "GET /robots.txt HTTP/1.1" 200 24 "-" "msnbot/2.0b (+http://search.msn.com/msnbot.htm)"
80.187.110.227 - - [14/Apr/2010:22:24:24 +0200] "GET / HTTP/1.1" 200 12977 "-" "Mozilla/5.0 (Windows; U; Windows NT 5.1; de; rv:1.9.1.9) Gecko/20100315 Firefox/3.5.9 (.NET CLR 3.5.30729)"
80.187.110.227 - - [14/Apr/2010:22:24:24 +0200] "GET /favicon.ico HTTP/1.1" 200 2550 "-" "Mozilla/5.0 (Windows; U; Windows NT 5.1; de; rv:1.9.1.9) Gecko/20100315 Firefox/3.5.9 (.NET CLR 3.5.30729)"
80.187.110.227 - - [14/Apr/2010:22:24:24 +0200] "GET /opensite.js HTTP/1.1" 200 1125 "http://www.zahnarztpraxis-berlin-pankow.de/" "Mozilla/5.0 (Windows; U; Windows NT 5.1; de; rv:1.9.1.9) Gecko/20100315 Firefox/3.5.9 (.NET CLR 3.5.30729)"
80.187.110.227 - - [14/Apr/2010:22:24:24 +0200] "GET /flashopen.js HTTP/1.1" 200 604 "http://www.zahnarztpraxis-berlin-pankow.de/" "Mozilla/5.0 (Windows; U; Windows NT 5.1; de; rv:1.9.1.9) Gecko/20100315 Firefox/3.5.9 (.NET CLR 3.5.30729)"
80.187.110.227 - - [14/Apr/2010:22:24:25 +0200] "GET /hattke.swf HTTP/1.1" 200 12042 "http://www.zahnarztpraxis-berlin-pankow.de/" "Mozilla/5.0 (Windows; U; Windows NT 5.1; de; rv:1.9.1.9) Gecko/20100315 Firefox/3.5.9 (.NET CLR 3.5.30729)"
80.187.110.227 - - [14/Apr/2010:22:24:25 +0200] "GET /diashow.swf HTTP/1.1" 200 311957 "-" "Mozilla/5.0 (Windows; U; Windows NT 5.1; de; rv:1.9.1.9) Gecko/20100315 Firefox/3.5.9 (.NET CLR 3.5.30729)"
79.216.117.224 - - [15/Apr/2010:00:21:35 +0200] "GET /robots.txt HTTP/1.0" 200 24 "http://majestic12.co.uk/bot.php?I=662DFA7CBE-0D6F2172F6F49BB2-www_zahnarztpraxis-berlin-pankow_de" "Mozilla/5.0 (compatible; MJ12bot/v1.3.2; http://www.majestic12.co.uk/bot.php?+)"
79.216.117.224 - - [15/Apr/2010:00:21:39 +0200] "GET / HTTP/1.0" 200 12977 "-" "Mozilla/5.0 (compatible; MJ12bot/v1.3.2; http://www.majestic12.co.uk/bot.php?+)"
207.46.204.227 - - [15/Apr/2010:01:12:29 +0200] "GET /robots.txt HTTP/1.1" 200 24 "-" "msnbot/2.0b (+http://search.msn.com/msnbot.htm)"
207.46.204.227 - - [15/Apr/2010:01:13:13 +0200] "GET / HTTP/1.1" 304 - "-" "msnbot/2.0b (+http://search.msn.com/msnbot.htm)"
83.141.9.2 - - [15/Apr/2010:01:23:37 +0200] "GET /robots.txt HTTP/1.1" 200 24 "-" "+http://robot.vedens.de VEDENSBOT"
83.141.9.2 - - [15/Apr/2010:01:23:37 +0200] "HEAD / HTTP/1.1" 200 - "" "+http://robot.vedens.de VEDENSBOT"
65.55.106.110 - - [15/Apr/2010:06:05:38 +0200] "GET /robots.txt HTTP/1.1" 200 24 "-" "msnbot/2.0b (+http://search.msn.com/msnbot.htm)"
119.63.198.33 - - [15/Apr/2010:06:07:21 +0200] "GET /robots.txt HTTP/1.1" 200 24 "-" "Baiduspider+(+http://www.baidu.com/search/spider.htm)"
67.218.116.165 - - [15/Apr/2010:07:04:59 +0200] "GET /robots.txt HTTP/1.1" 200 24 "-" "Mozilla/5.0 (Twiceler-0.9 http://www.cuil.com/twiceler/robot.html)"
65.55.207.27 - - [15/Apr/2010:12:24:54 +0200] "GET /robots.txt HTTP/1.1" 200 24 "-" "msnbot/2.0b (+http://search.msn.com/msnbot.htm)"
217.7.66.227 - - [15/Apr/2010:15:30:47 +0200] "GET / HTTP/1.0" 200 12977 "http://maps.google.de/" "Mozilla/4.0 (compatible; MSIE 8.0; Windows NT 5.1; Trident/4.0; .NET CLR 1.1.4322; .NET CLR 2.0.50727; .NET CLR 3.0.04506.30; .NET CLR 3.0.04506.648; .NET CLR 3.0.4506.2152; .NET CLR 3.5.30729)"
