193.175.73.207 - - [21/Jun/2010:09:42:46 +0200] "GET /hattke.swf HTTP/1.0" 200 12042 "http://www.zahnarztpraxis-berlin-pankow.de/" "Mozilla/4.0 (compatible; MSIE 6.0; Windows NT 5.1; SV1; .NET CLR 2.0.50727; .NET CLR 3.0.4506.2152; .NET CLR 3.5.30729; InfoPath.1)"
193.175.73.207 - - [21/Jun/2010:09:42:46 +0200] "GET /diashow.swf HTTP/1.0" 200 311957 "http://www.zahnarztpraxis-berlin-pankow.de/hattke.swf" "Mozilla/4.0 (compatible; MSIE 6.0; Windows NT 5.1; SV1; .NET CLR 2.0.50727; .NET CLR 3.0.4506.2152; .NET CLR 3.5.30729; InfoPath.1)"
84.173.106.42 - - [21/Jun/2010:12:55:00 +0200] "GET /intro.html HTTP/1.1" 200 5170 "-" "Mozilla/4.0 (compatible; MSIE 8.0; Windows NT 5.1; Trident/4.0; Mozilla/4.0 (compatible; MSIE 7.0; Win32; 1&1); GTB6.4; .NET CLR 1.1.4322; .NET CLR 2.0.50727; .NET CLR 3.0.4506.2152; .NET CLR 3.5.30729)"
84.173.106.42 - - [21/Jun/2010:12:55:00 +0200] "GET /opensite.js HTTP/1.1" 200 1125 "http://www.zahnarztpraxis-berlin-pankow.de/intro.html" "Mozilla/4.0 (compatible; MSIE 8.0; Windows NT 5.1; Trident/4.0; Mozilla/4.0 (compatible; MSIE 7.0; Win32; 1&1); GTB6.4; .NET CLR 1.1.4322; .NET CLR 2.0.50727; .NET CLR 3.0.4506.2152; .NET CLR 3.5.30729)"
84.173.106.42 - - [21/Jun/2010:12:55:00 +0200] "GET /hattke.swf HTTP/1.1" 200 12042 "http://www.zahnarztpraxis-berlin-pankow.de/intro.html" "Mozilla/4.0 (compatible; MSIE 8.0; Windows NT 5.1; Trident/4.0; Mozilla/4.0 (compatible; MSIE 7.0; Win32; 1&1); GTB6.4; .NET CLR 1.1.4322; .NET CLR 2.0.50727; .NET CLR 3.0.4506.2152; .NET CLR 3.5.30729)"
84.173.106.42 - - [21/Jun/2010:12:55:00 +0200] "GET /favicon.ico HTTP/1.1" 200 2550 "-" "Mozilla/4.0 (compatible; MSIE 8.0; Windows NT 5.1; Trident/4.0; Mozilla/4.0 (compatible; MSIE 7.0; Win32; 1&1); GTB6.4; .NET CLR 1.1.4322; .NET CLR 2.0.50727; .NET CLR 3.0.4506.2152; .NET CLR 3.5.30729)"
84.173.106.42 - - [21/Jun/2010:12:55:00 +0200] "GET /diashow.swf HTTP/1.1" 200 311957 "http://www.zahnarztpraxis-berlin-pankow.de/hattke.swf" "Mozilla/4.0 (compatible; MSIE 8.0; Windows NT 5.1; Trident/4.0; Mozilla/4.0 (compatible; MSIE 7.0; Win32; 1&1); GTB6.4; .NET CLR 1.1.4322; .NET CLR 2.0.50727; .NET CLR 3.0.4506.2152; .NET CLR 3.5.30729)"
217.111.83.9 - - [21/Jun/2010:13:29:59 +0200] "GET / HTTP/1.1" 200 12977 "-" "Mozilla/4.0 (compatible; MSIE 6.0; Windows NT 5.0; .NET CLR 1.1.4322; .NET CLR 2.0.50727)"
217.111.83.9 - - [21/Jun/2010:13:29:59 +0200] "GET /opensite.js HTTP/1.1" 200 1125 "-" "Mozilla/4.0 (compatible;)"
217.111.83.9 - - [21/Jun/2010:13:29:59 +0200] "GET /favicon.ico HTTP/1.1" 200 2550 "-" "Mozilla/4.0 (compatible;)"
217.111.83.9 - - [21/Jun/2010:13:29:59 +0200] "GET /flashopen.js HTTP/1.1" 200 604 "-" "Mozilla/4.0 (compatible;)"
217.111.83.9 - - [21/Jun/2010:13:30:05 +0200] "GET /hattke.swf HTTP/1.1" 200 12042 "http://www.zahnarztpraxis-berlin-pankow.de/" "Mozilla/4.0 (compatible; MSIE 6.0; Windows NT 5.0; .NET CLR 1.1.4322; .NET CLR 2.0.50727)"
217.111.83.9 - - [21/Jun/2010:13:30:06 +0200] "GET /diashow.swf HTTP/1.1" 200 311957 "http://www.zahnarztpraxis-berlin-pankow.de/hattke.swf" "Mozilla/4.0 (compatible; MSIE 6.0; Windows NT 5.0; .NET CLR 1.1.4322; .NET CLR 2.0.50727)"
94.23.211.138 - - [21/Jun/2010:15:52:40 +0200] "HEAD / HTTP/1.1" 200 - "-" "Mozilla/4.0 (compatible; MSIE 5.01; Windows NT 5.0)"
87.230.47.8 - - [21/Jun/2010:16:35:52 +0200] "HEAD / HTTP/1.1" 200 - "-" "-"
62.89.187.213 - - [21/Jun/2010:20:47:29 +0200] "GET /robots.txt HTTP/1.1" 200 24 "-" "CligooRobot/1.0"
62.89.187.213 - - [21/Jun/2010:20:47:29 +0200] "GET / HTTP/1.1" 200 12977 "-" "CligooRobot/1.0"
62.89.187.213 - - [21/Jun/2010:20:47:29 +0200] "GET /teledienst.html HTTP/1.1" 200 4588 "-" "CligooRobot/1.0"
67.195.112.110 - - [21/Jun/2010:21:32:39 +0200] "GET /robots.txt HTTP/1.0" 200 24 "-" "Mozilla/5.0 (compatible; Yahoo! Slurp; http://help.yahoo.com/help/us/ysearch/slurp)"
67.195.112.110 - - [21/Jun/2010:21:32:40 +0200] "GET / HTTP/1.0" 200 12977 "-" "Mozilla/5.0 (compatible; Yahoo! Slurp/3.0; http://help.yahoo.com/help/us/ysearch/slurp)"
67.218.116.165 - - [21/Jun/2010:23:15:20 +0200] "GET /robots.txt HTTP/1.1" 200 24 "-" "Mozilla/5.0 (Twiceler-0.9 http://www.cuil.com/twiceler/robot.html)"
83.141.9.2 - - [22/Jun/2010:01:25:16 +0200] "GET /robots.txt HTTP/1.1" 200 24 "-" "+http://robot.vedens.de VEDENSBOT"
83.141.9.2 - - [22/Jun/2010:01:25:17 +0200] "HEAD / HTTP/1.1" 200 - "" "+http://robot.vedens.de VEDENSBOT"
119.63.198.56 - - [22/Jun/2010:01:53:09 +0200] "GET /robots.txt HTTP/1.1" 200 24 "-" "Baiduspider+(+http://www.baidu.com/search/spider.htm)"
119.63.198.43 - - [22/Jun/2010:01:56:00 +0200] "GET / HTTP/1.1" 200 12977 "-" "Baiduspider+(+http://www.baidu.jp/spider/)"
220.181.7.46 - - [22/Jun/2010:05:09:10 +0200] "GET /robots.txt HTTP/1.1" 200 24 "-" "Baiduspider+(+http://www.baidu.com/search/spider.htm)"
83.138.136.92 - - [22/Jun/2010:10:22:47 +0200] "GET / HTTP/1.0" 200 12977 "http://www.zahn-online.de/suche/10115h-l.html" "Mozilla/4.0 (compatible; MSIE 7.0; Windows NT 6.0; GTB6; SLCC1; .NET CLR 2.0.50727; .NET CLR 3.5.30729; .NET CLR 3.0.30729)"
207.46.13.141 - - [22/Jun/2010:11:17:27 +0200] "GET /robots.txt HTTP/1.1" 200 24 "-" "msnbot/2.0b (+http://search.msn.com/msnbot.htm)"
207.46.13.141 - - [22/Jun/2010:11:18:12 +0200] "GET / HTTP/1.1" 304 - "-" "msnbot/2.0b (+http://search.msn.com/msnbot.htm)"
84.189.186.20 - - [22/Jun/2010:15:37:55 +0200] "GET / HTTP/1.1" 200 12977 "http://www.google.de/search?hl=de&source=hp&q=hattke+&btnG=Google-Suche&aq=f&aqi=&aql=&oq=hattke+&gs_rfai=&fp=46a5692f51805bc6" "Mozilla/5.0 (Windows; U; Windows NT 6.1; de; rv:1.9.2.3) Gecko/20100401 Firefox/3.6.3 ( .NET CLR 3.5.30729)"
84.189.186.20 - - [22/Jun/2010:15:37:58 +0200] "GET /opensite.js HTTP/1.1" 200 1125 "http://www.zahnarztpraxis-berlin-pankow.de/" "Mozilla/5.0 (Windows; U; Windows NT 6.1; de; rv:1.9.2.3) Gecko/20100401 Firefox/3.6.3 ( .NET CLR 3.5.30729)"
84.189.186.20 - - [22/Jun/2010:15:37:58 +0200] "GET /favicon.ico HTTP/1.1" 200 2550 "-" "Mozilla/5.0 (Windows; U; Windows NT 6.1; de; rv:1.9.2.3) Gecko/20100401 Firefox/3.6.3 ( .NET CLR 3.5.30729)"
84.189.186.20 - - [22/Jun/2010:15:37:58 +0200] "GET /flashopen.js HTTP/1.1" 200 604 "http://www.zahnarztpraxis-berlin-pankow.de/" "Mozilla/5.0 (Windows; U; Windows NT 6.1; de; rv:1.9.2.3) Gecko/20100401 Firefox/3.6.3 ( .NET CLR 3.5.30729)"
84.189.186.20 - - [22/Jun/2010:15:37:58 +0200] "GET /hattke.swf HTTP/1.1" 200 12042 "http://www.zahnarztpraxis-berlin-pankow.de/" "Mozilla/5.0 (Windows; U; Windows NT 6.1; de; rv:1.9.2.3) Gecko/20100401 Firefox/3.6.3 ( .NET CLR 3.5.30729)"
84.189.186.20 - - [22/Jun/2010:15:37:58 +0200] "GET /diashow.swf HTTP/1.1" 200 311957 "-" "Mozilla/5.0 (Windows; U; Windows NT 6.1; de; rv:1.9.2.3) Gecko/20100401 Firefox/3.6.3 ( .NET CLR 3.5.30729)"
66.249.65.179 - - [22/Jun/2010:15:48:00 +0200] "GET /robots.txt HTTP/1.1" 200 24 "-" "SAMSUNG-SGH-E250/1.0 Profile/MIDP-2.0 Configuration/CLDC-1.1 UP.Browser/6.2.3.3.c.1.101 (GUI) MMP/2.0 (compatible; Googlebot-Mobile/2.1; +http://www.google.com/bot.html)"
66.249.65.179 - - [22/Jun/2010:15:48:00 +0200] "GET / HTTP/1.1" 200 12977 "-" "SAMSUNG-SGH-E250/1.0 Profile/MIDP-2.0 Configuration/CLDC-1.1 UP.Browser/6.2.3.3.c.1.101 (GUI) MMP/2.0 (compatible; Googlebot-Mobile/2.1; +http://www.google.com/bot.html)"
81.169.145.25 - - [22/Jun/2010:15:52:14 +0200] "GET / HTTP/1.0" 200 12977 "-" "-"
207.46.13.101 - - [22/Jun/2010:16:40:55 +0200] "GET /robots.txt HTTP/1.1" 200 24 "-" "msnbot/2.0b (+http://search.msn.com/msnbot.htm)"
207.46.13.101 - - [22/Jun/2010:16:41:44 +0200] "GET / HTTP/1.1" 304 - "-" "msnbot/2.0b (+http://search.msn.com/msnbot.htm)"
95.108.158.134 - - [22/Jun/2010:19:33:14 +0200] "GET /robots.txt HTTP/1.1" 200 24 "-" "Yandex/1.01.001 (compatible; Win16; I)"
66.235.124.17 - - [22/Jun/2010:21:23:42 +0200] "GET /robots.txt HTTP/1.1" 200 24 "-" "Mozilla/5.0 (compatible; Ask Jeeves/Teoma; +http://about.ask.com/en/docs/about/webmasters.shtml)"
66.235.124.17 - - [22/Jun/2010:21:23:43 +0200] "GET / HTTP/1.1" 200 12977 "-" "Mozilla/5.0 (compatible; Ask Jeeves/Teoma; +http://about.ask.com/en/docs/about/webmasters.shtml)"
67.218.116.165 - - [22/Jun/2010:22:59:38 +0200] "GET /robots.txt HTTP/1.1" 200 24 "-" "Mozilla/5.0 (Twiceler-0.9 http://www.cuil.com/twiceler/robot.html)"
87.230.47.8 - - [23/Jun/2010:00:21:28 +0200] "HEAD / HTTP/1.1" 200 - "-" "-"
83.141.9.2 - - [23/Jun/2010:01:24:47 +0200] "GET /robots.txt HTTP/1.1" 200 24 "-" "+http://robot.vedens.de VEDENSBOT"
83.141.9.2 - - [23/Jun/2010:01:24:47 +0200] "HEAD / HTTP/1.1" 200 - "" "+http://robot.vedens.de VEDENSBOT"
119.63.198.23 - - [23/Jun/2010:01:53:38 +0200] "GET /robots.txt HTTP/1.1" 200 24 "-" "Baiduspider+(+http://www.baidu.com/search/spider.htm)"
207.46.204.191 - - [23/Jun/2010:03:02:01 +0200] "GET /robots.txt HTTP/1.1" 200 24 "-" "msnbot/2.0b (+http://search.msn.com/msnbot.htm)"
207.46.204.191 - - [23/Jun/2010:03:02:43 +0200] "GET /teledienst.html HTTP/1.1" 304 - "-" "msnbot/2.0b (+http://search.msn.com/msnbot.htm)"
220.181.7.104 - - [23/Jun/2010:05:12:57 +0200] "GET /robots.txt HTTP/1.1" 200 24 "-" "Baiduspider+(+http://www.baidu.com/search/spider.htm)"
110.136.186.111 - - [23/Jun/2010:10:56:18 +0200] "PUT /indonesia.txt HTTP/1.1" 405 1210 "-" "Mozilla/4.0 (compatible; MSIE 6.0; Windows NT 5.1; SV1)"
217.5.224.166 - - [23/Jun/2010:13:28:55 +0200] "GET / HTTP/1.0" 200 12977 "http://www.google.de/search?hl=de&ei=Zu8hTJHMEo6OOLz5yR8&q=Zahn%C3%A4rztin+Berlin&start=50&sa=N" "Mozilla/4.0 (compatible; MSIE 6.0; Windows NT 5.1; SV1; GTB6.5; .NET CLR 2.0.50727; .NET CLR 1.1.4322; .NET CLR 3.0.4506.2152; .NET CLR 3.5.30729)"
217.5.224.166 - - [23/Jun/2010:13:28:55 +0200] "GET /opensite.js HTTP/1.0" 200 1125 "http://www.zahnarztpraxis-berlin-pankow.de/" "Mozilla/4.0 (compatible; MSIE 6.0; Windows NT 5.1; SV1; GTB6.5; .NET CLR 2.0.50727; .NET CLR 1.1.4322; .NET CLR 3.0.4506.2152; .NET CLR 3.5.30729)"
217.5.224.166 - - [23/Jun/2010:13:28:55 +0200] "GET /flashopen.js HTTP/1.0" 200 604 "http://www.zahnarztpraxis-berlin-pankow.de/" "Mozilla/4.0 (compatible; MSIE 6.0; Windows NT 5.1; SV1; GTB6.5; .NET CLR 2.0.50727; .NET CLR 1.1.4322; .NET CLR 3.0.4506.2152; .NET CLR 3.5.30729)"
217.5.224.166 - - [23/Jun/2010:13:28:55 +0200] "GET /hattke.swf HTTP/1.0" 200 12042 "http://www.zahnarztpraxis-berlin-pankow.de/" "Mozilla/4.0 (compatible; MSIE 6.0; Windows NT 5.1; SV1; GTB6.5; .NET CLR 2.0.50727; .NET CLR 1.1.4322; .NET CLR 3.0.4506.2152; .NET CLR 3.5.30729)"
217.5.224.166 - - [23/Jun/2010:13:28:56 +0200] "GET /diashow.swf HTTP/1.0" 200 311957 "http://www.zahnarztpraxis-berlin-pankow.de/hattke.swf" "Mozilla/4.0 (compatible; MSIE 6.0; Windows NT 5.1; SV1; GTB6.5; .NET CLR 2.0.50727; .NET CLR 1.1.4322; .NET CLR 3.0.4506.2152; .NET CLR 3.5.30729)"
207.46.13.134 - - [23/Jun/2010:13:51:04 +0200] "GET /robots.txt HTTP/1.1" 200 24 "-" "msnbot/2.0b (+http://search.msn.com/msnbot.htm)"
207.46.13.134 - - [23/Jun/2010:13:51:41 +0200] "GET / HTTP/1.1" 304 - "-" "msnbot/2.0b (+http://search.msn.com/msnbot.htm)"
67.218.116.165 - - [23/Jun/2010:23:12:24 +0200] "GET /robots.txt HTTP/1.1" 200 24 "-" "Mozilla/5.0 (Twiceler-0.9 http://www.cuil.com/twiceler/robot.html)"
66.249.71.8 - - [23/Jun/2010:23:58:56 +0200] "GET /robots.txt HTTP/1.1" 200 24 "-" "Mozilla/5.0 (compatible; Googlebot/2.1; +http://www.google.com/bot.html)"
66.249.71.8 - - [23/Jun/2010:23:58:56 +0200] "GET /favicon.ico HTTP/1.1" 200 2550 "-" "Mozilla/5.0 (compatible; Googlebot/2.1; +http://www.google.com/bot.html)"
83.141.9.2 - - [24/Jun/2010:01:25:10 +0200] "GET /robots.txt HTTP/1.1" 200 24 "-" "+http://robot.vedens.de VEDENSBOT"
83.141.9.2 - - [24/Jun/2010:01:25:10 +0200] "HEAD / HTTP/1.1" 200 - "" "+http://robot.vedens.de VEDENSBOT"
119.63.198.26 - - [24/Jun/2010:01:56:57 +0200] "GET /robots.txt HTTP/1.1" 200 24 "-" "Baiduspider+(+http://www.baidu.com/search/spider.htm)"
207.46.13.50 - - [24/Jun/2010:02:12:45 +0200] "GET /robots.txt HTTP/1.1" 200 24 "-" "msnbot/2.0b (+http://search.msn.com/msnbot.htm)"
207.46.13.50 - - [24/Jun/2010:02:13:42 +0200] "GET / HTTP/1.1" 304 - "-" "msnbot/2.0b (+http://search.msn.com/msnbot.htm)"
220.181.7.25 - - [24/Jun/2010:05:13:37 +0200] "GET /robots.txt HTTP/1.1" 200 24 "-" "Baiduspider+(+http://www.baidu.com/search/spider.htm)"
81.169.145.25 - - [24/Jun/2010:11:59:23 +0200] "GET / HTTP/1.0" 200 12977 "-" "-"
188.40.124.205 - - [24/Jun/2010:16:17:49 +0200] "GET / HTTP/1.0" 200 12977 "-" "-"
188.40.124.205 - - [24/Jun/2010:16:17:49 +0200] "GET / HTTP/1.0" 200 12977 "-" "-"
174.45.186.62 - - [24/Jun/2010:20:41:43 +0200] "GET /robots.txt HTTP/1.1" 200 24 "-" "Mozilla/5.0 (compatible; 008/0.83; http://www.80legs.com/spider.html;) Gecko/2008032620"
174.45.186.62 - - [24/Jun/2010:20:41:44 +0200] "GET / HTTP/1.1" 200 12977 "-" "Mozilla/5.0 (compatible; 008/0.83; http://www.80legs.com/spider.html;) Gecko/2008032620"
189.140.242.77 - - [24/Jun/2010:20:52:48 +0200] "GET /robots.txt HTTP/1.1" 200 24 "-" "Mozilla/5.0 (compatible; 008/0.83; http://www.80legs.com/spider.html;) Gecko/2008032620"
189.140.242.77 - - [24/Jun/2010:20:52:48 +0200] "GET / HTTP/1.1" 200 12977 "-" "Mozilla/5.0 (compatible; 008/0.83; http://www.80legs.com/spider.html;) Gecko/2008032620"
207.46.204.185 - - [24/Jun/2010:21:06:15 +0200] "GET /robots.txt HTTP/1.1" 200 24 "-" "msnbot/2.0b (+http://search.msn.com/msnbot.htm)"
207.46.204.185 - - [24/Jun/2010:21:07:11 +0200] "GET / HTTP/1.1" 304 - "-" "msnbot/2.0b (+http://search.msn.com/msnbot.htm)"
207.46.195.223 - - [24/Jun/2010:21:32:12 +0200] "GET /teledienst.html HTTP/1.1" 304 - "-" "msnbot/2.0b (+http://search.msn.com/msnbot.htm)"
85.178.178.33 - - [24/Jun/2010:22:45:32 +0200] "GET / HTTP/1.1" 200 12977 "http://www.prodentum.de/zahnarzt/suche.php?ort1=13409&gesendet=Suchen" "Mozilla/5.0 (Windows; U; Windows NT 5.1; de; rv:1.9.2.4) Gecko/20100611 Firefox/3.6.4 GTB7.0 ( .NET CLR 3.5.30729)"
85.178.178.33 - - [24/Jun/2010:22:45:32 +0200] "GET /opensite.js HTTP/1.1" 200 1125 "http://www.zahnarztpraxis-berlin-pankow.de/" "Mozilla/5.0 (Windows; U; Windows NT 5.1; de; rv:1.9.2.4) Gecko/20100611 Firefox/3.6.4 GTB7.0 ( .NET CLR 3.5.30729)"
85.178.178.33 - - [24/Jun/2010:22:45:32 +0200] "GET /flashopen.js HTTP/1.1" 200 604 "http://www.zahnarztpraxis-berlin-pankow.de/" "Mozilla/5.0 (Windows; U; Windows NT 5.1; de; rv:1.9.2.4) Gecko/20100611 Firefox/3.6.4 GTB7.0 ( .NET CLR 3.5.30729)"
85.178.178.33 - - [24/Jun/2010:22:45:32 +0200] "GET /hattke.swf HTTP/1.1" 200 12042 "http://www.zahnarztpraxis-berlin-pankow.de/" "Mozilla/5.0 (Windows; U; Windows NT 5.1; de; rv:1.9.2.4) Gecko/20100611 Firefox/3.6.4 GTB7.0 ( .NET CLR 3.5.30729)"
85.178.178.33 - - [24/Jun/2010:22:45:33 +0200] "GET /favicon.ico HTTP/1.1" 200 2550 "-" "Mozilla/5.0 (Windows; U; Windows NT 5.1; de; rv:1.9.2.4) Gecko/20100611 Firefox/3.6.4 GTB7.0 ( .NET CLR 3.5.30729)"
85.178.178.33 - - [24/Jun/2010:22:45:33 +0200] "GET /diashow.swf HTTP/1.1" 200 311957 "-" "Mozilla/5.0 (Windows; U; Windows NT 5.1; de; rv:1.9.2.4) Gecko/20100611 Firefox/3.6.4 GTB7.0 ( .NET CLR 3.5.30729)"
83.141.9.2 - - [25/Jun/2010:01:27:05 +0200] "GET /robots.txt HTTP/1.1" 200 24 "-" "+http://robot.vedens.de VEDENSBOT"
83.141.9.2 - - [25/Jun/2010:01:27:05 +0200] "HEAD / HTTP/1.1" 200 - "" "+http://robot.vedens.de VEDENSBOT"
119.63.198.6 - - [25/Jun/2010:01:54:02 +0200] "GET /robots.txt HTTP/1.1" 200 24 "-" "Baiduspider+(+http://www.baidu.com/search/spider.htm)"
95.108.158.134 - - [25/Jun/2010:02:26:50 +0200] "GET /robots.txt HTTP/1.1" 200 24 "-" "Yandex/1.01.001 (compatible; Win16; I)"
207.46.204.180 - - [25/Jun/2010:03:43:06 +0200] "GET /robots.txt HTTP/1.1" 200 24 "-" "msnbot/2.0b (+http://search.msn.com/msnbot.htm)"
207.46.204.180 - - [25/Jun/2010:03:43:41 +0200] "GET /teledienst.html HTTP/1.1" 304 - "-" "msnbot/2.0b (+http://search.msn.com/msnbot.htm)"
220.181.7.34 - - [25/Jun/2010:05:14:40 +0200] "GET /robots.txt HTTP/1.1" 200 24 "-" "Baiduspider+(+http://www.baidu.com/search/spider.htm)"
218.186.8.246 - - [25/Jun/2010:08:20:41 +0200] "GET /robots.txt HTTP/1.0" 200 24 "-" "male.com.sg/Nutch-1.1 (www.male.com.sg; crawler@male.com.sg)"
218.186.8.246 - - [25/Jun/2010:08:20:42 +0200] "GET / HTTP/1.0" 200 12977 "-" "male.com.sg/Nutch-1.1 (www.male.com.sg; crawler@male.com.sg)"
66.249.71.8 - - [25/Jun/2010:11:35:32 +0200] "GET /robots.txt HTTP/1.1" 200 24 "-" "Mozilla/5.0 (compatible; Googlebot/2.1; +http://www.google.com/bot.html)"
66.249.71.8 - - [25/Jun/2010:11:35:32 +0200] "GET /diashow.swf/ HTTP/1.1" 404 1256 "-" "Mozilla/5.0 (compatible; Googlebot/2.1; +http://www.google.com/bot.html)"
92.225.109.194 - - [25/Jun/2010:13:13:00 +0200] "GET / HTTP/1.1" 200 12977 "http://www.zahn-online.de/suche/10115h-l.html" "Mozilla/5.0 (Windows; U; Windows NT 5.1; de; rv:1.9.2.4) Gecko/20100611 Firefox/3.6.4 (.NET CLR 3.5.30729)"
92.225.109.194 - - [25/Jun/2010:13:13:00 +0200] "GET /opensite.js HTTP/1.1" 200 1125 "http://www.zahnarztpraxis-berlin-pankow.de/" "Mozilla/5.0 (Windows; U; Windows NT 5.1; de; rv:1.9.2.4) Gecko/20100611 Firefox/3.6.4 (.NET CLR 3.5.30729)"
92.225.109.194 - - [25/Jun/2010:13:13:00 +0200] "GET /flashopen.js HTTP/1.1" 200 604 "http://www.zahnarztpraxis-berlin-pankow.de/" "Mozilla/5.0 (Windows; U; Windows NT 5.1; de; rv:1.9.2.4) Gecko/20100611 Firefox/3.6.4 (.NET CLR 3.5.30729)"
92.225.109.194 - - [25/Jun/2010:13:13:00 +0200] "GET /favicon.ico HTTP/1.1" 200 2550 "-" "Mozilla/5.0 (Windows; U; Windows NT 5.1; de; rv:1.9.2.4) Gecko/20100611 Firefox/3.6.4 (.NET CLR 3.5.30729)"
92.225.109.194 - - [25/Jun/2010:13:13:01 +0200] "GET /hattke.swf HTTP/1.1" 200 12042 "http://www.zahnarztpraxis-berlin-pankow.de/" "Mozilla/5.0 (Windows; U; Windows NT 5.1; de; rv:1.9.2.4) Gecko/20100611 Firefox/3.6.4 (.NET CLR 3.5.30729)"
92.225.109.194 - - [25/Jun/2010:13:13:01 +0200] "GET /diashow.swf HTTP/1.1" 200 311957 "-" "Mozilla/5.0 (Windows; U; Windows NT 5.1; de; rv:1.9.2.4) Gecko/20100611 Firefox/3.6.4 (.NET CLR 3.5.30729)"
95.108.158.134 - - [25/Jun/2010:13:19:53 +0200] "GET / HTTP/1.1" 200 12977 "-" "Yandex/1.01.001 (compatible; Win16; I)"
74.52.245.146 - - [25/Jun/2010:13:43:28 +0200] "GET / HTTP/1.0" 200 12977 "-" "Mozilla/5.0 (X11; U; Linux i686; en-US; rv:1.7.5) Gecko/20041107 Firefox/1.0"
184.73.19.148 - - [25/Jun/2010:15:15:02 +0200] "HEAD / HTTP/1.1" 200 - "-" "acquia-crawler (detected bad behaviour? please tell us at it@acquia.com)"
184.73.19.148 - - [25/Jun/2010:15:15:02 +0200] "GET /robots.txt HTTP/1.1" 200 24 "-" "acquia-crawler (detected bad behaviour? please tell us at it@acquia.com)"
184.73.19.148 - - [25/Jun/2010:15:15:02 +0200] "GET / HTTP/1.1" 200 12977 "-" "acquia-crawler (detected bad behaviour? please tell us at it@acquia.com)"
66.235.124.17 - - [25/Jun/2010:16:07:59 +0200] "GET /robots.txt HTTP/1.1" 200 24 "-" "Mozilla/5.0 (compatible; Ask Jeeves/Teoma; +http://about.ask.com/en/docs/about/webmasters.shtml)"
66.235.124.17 - - [25/Jun/2010:16:08:00 +0200] "GET / HTTP/1.1" 200 12977 "-" "Mozilla/5.0 (compatible; Ask Jeeves/Teoma; +http://about.ask.com/en/docs/about/webmasters.shtml)"
87.230.47.8 - - [25/Jun/2010:16:36:11 +0200] "HEAD / HTTP/1.1" 200 - "-" "-"
67.195.112.110 - - [25/Jun/2010:18:28:50 +0200] "GET /robots.txt HTTP/1.0" 200 24 "-" "Mozilla/5.0 (compatible; Yahoo! Slurp; http://help.yahoo.com/help/us/ysearch/slurp)"
67.195.112.110 - - [25/Jun/2010:18:28:50 +0200] "GET / HTTP/1.0" 200 12977 "-" "Mozilla/5.0 (compatible; Yahoo! Slurp/3.0; http://help.yahoo.com/help/us/ysearch/slurp)"
193.47.80.37 - - [25/Jun/2010:20:21:12 +0200] "GET /robots.txt HTTP/1.1" 200 24 "-" "Mozilla/5.0 (compatible; Exabot/3.0; +http://www.exabot.com/go/robot)"
193.47.80.37 - - [25/Jun/2010:20:21:12 +0200] "GET / HTTP/1.1" 304 - "-" "Mozilla/5.0 (compatible; Exabot/3.0; +http://www.exabot.com/go/robot)"
67.218.116.165 - - [25/Jun/2010:23:03:19 +0200] "GET /robots.txt HTTP/1.1" 200 24 "-" "Mozilla/5.0 (Twiceler-0.9 http://www.cuil.com/twiceler/robot.html)"
87.230.47.8 - - [26/Jun/2010:00:29:44 +0200] "HEAD / HTTP/1.1" 200 - "-" "-"
184.73.19.148 - - [26/Jun/2010:00:52:11 +0200] "HEAD / HTTP/1.1" 200 - "-" "acquia-crawler (detected bad behaviour? please tell us at it@acquia.com)"
184.73.19.148 - - [26/Jun/2010:00:52:12 +0200] "GET /robots.txt HTTP/1.1" 200 24 "-" "acquia-crawler (detected bad behaviour? please tell us at it@acquia.com)"
184.73.19.148 - - [26/Jun/2010:00:52:12 +0200] "GET / HTTP/1.1" 200 12977 "-" "acquia-crawler (detected bad behaviour? please tell us at it@acquia.com)"
188.2.201.103 - - [26/Jun/2010:00:59:49 +0200] "HEAD / HTTP/1.1" 200 - "http://www.openwhois.info/w/zahnarztpraxis-berlin-pankow.de" "Mozilla/5.0 (Windows; U; Windows NT 5.1; en-US; rv:1.9.0.10) Gecko/2009042316 Firefox/3.0.10"
188.2.201.103 - - [26/Jun/2010:00:59:49 +0200] "HEAD / HTTP/1.1" 200 - "http://www.openwhois.info/w/zahnarztpraxis-berlin-pankow.de" "Mozilla/5.0 (Windows; U; Windows NT 5.1; en-US; rv:1.9.0.10) Gecko/2009042316 Firefox/3.0.10"
83.141.9.2 - - [26/Jun/2010:01:25:48 +0200] "GET /robots.txt HTTP/1.1" 200 24 "-" "+http://robot.vedens.de VEDENSBOT"
83.141.9.2 - - [26/Jun/2010:01:25:48 +0200] "HEAD / HTTP/1.1" 200 - "" "+http://robot.vedens.de VEDENSBOT"
119.63.198.14 - - [26/Jun/2010:01:58:32 +0200] "GET /robots.txt HTTP/1.1" 200 24 "-" "Baiduspider+(+http://www.baidu.com/search/spider.htm)"
220.181.7.101 - - [26/Jun/2010:05:14:32 +0200] "GET /robots.txt HTTP/1.1" 200 24 "-" "Baiduspider+(+http://www.baidu.com/search/spider.htm)"
79.125.87.66 - - [26/Jun/2010:08:02:12 +0200] "GET /robots.txt HTTP/1.1" 200 24 "-" "netEstate NE Crawler"
79.125.87.66 - - [26/Jun/2010:08:02:12 +0200] "GET / HTTP/1.1" 200 12977 "-" "netEstate NE Crawler"
66.249.71.8 - - [26/Jun/2010:08:18:40 +0200] "GET /plan.swf HTTP/1.1" 200 27838 "-" "Mozilla/5.0 (compatible; Googlebot/2.1; +http://www.google.com/bot.html)"
216.18.206.178 - - [26/Jun/2010:08:24:46 +0200] "GET / HTTP/1.1" 200 12977 "-" "-"
216.18.206.178 - - [26/Jun/2010:10:39:57 +0200] "GET / HTTP/1.1" 200 12977 "-" "-"
78.60.207.179 - - [26/Jun/2010:12:08:24 +0200] "GET /intro.html HTTP/1.1" 200 5170 "-" "Mozilla/4.0 (compatible; MSIE 7.0; Windows NT 5.1; Trident/4.0; .NET CLR 1.1.4322; .NET CLR 2.0.50727; .NET CLR 3.0.4506.2152; .NET CLR 3.5.30729)"
207.46.199.52 - - [26/Jun/2010:15:09:26 +0200] "GET /robots.txt HTTP/1.1" 200 24 "-" "msnbot/2.0b (+http://search.msn.com/msnbot.htm)"
207.46.199.52 - - [26/Jun/2010:15:10:11 +0200] "GET / HTTP/1.1" 304 - "-" "msnbot/2.0b (+http://search.msn.com/msnbot.htm)"
95.108.158.134 - - [26/Jun/2010:20:10:13 +0200] "GET /robots.txt HTTP/1.1" 200 24 "-" "Yandex/1.01.001 (compatible; Win16; I)"
86.110.226.69 - - [26/Jun/2010:20:16:50 +0200] "GET / HTTP/1.1" 200 12977 "-" "-"
67.218.116.165 - - [26/Jun/2010:23:12:51 +0200] "GET /robots.txt HTTP/1.1" 200 24 "-" "Mozilla/5.0 (Twiceler-0.9 http://www.cuil.com/twiceler/robot.html)"
83.141.9.2 - - [27/Jun/2010:01:26:57 +0200] "GET /robots.txt HTTP/1.1" 200 24 "-" "+http://robot.vedens.de VEDENSBOT"
83.141.9.2 - - [27/Jun/2010:01:26:58 +0200] "HEAD / HTTP/1.1" 200 - "" "+http://robot.vedens.de VEDENSBOT"
119.63.198.5 - - [27/Jun/2010:01:56:42 +0200] "GET /robots.txt HTTP/1.1" 200 24 "-" "Baiduspider+(+http://www.baidu.com/search/spider.htm)"
220.181.7.41 - - [27/Jun/2010:05:24:54 +0200] "GET /robots.txt HTTP/1.1" 200 24 "-" "Baiduspider+(+http://www.baidu.com/search/spider.htm)"
87.230.47.8 - - [27/Jun/2010:16:36:10 +0200] "HEAD / HTTP/1.1" 200 - "-" "-"
95.108.158.134 - - [27/Jun/2010:17:18:46 +0200] "GET /teledienst.html HTTP/1.1" 304 - "-" "Yandex/1.01.001 (compatible; Win16; I)"
38.99.97.158 - - [27/Jun/2010:18:36:28 +0200] "GET /robots.txt HTTP/1.1" 200 24 "-" "Mozilla/5.0 (compatible; ScoutJet; +http://www.scoutjet.com/)"
38.99.97.158 - - [27/Jun/2010:18:36:41 +0200] "GET / HTTP/1.1" 200 12977 "-" "Mozilla/5.0 (compatible; ScoutJet; +http://www.scoutjet.com/)"
38.99.97.158 - - [27/Jun/2010:18:36:53 +0200] "GET /favicon.ico HTTP/1.1" 200 2550 "-" "Mozilla/5.0 (compatible; ScoutJet; +http://www.scoutjet.com/)"
38.99.97.158 - - [27/Jun/2010:18:37:07 +0200] "GET /teledienst.html HTTP/1.1" 200 4588 "-" "Mozilla/5.0 (compatible; ScoutJet; +http://www.scoutjet.com/)"
92.51.147.90 - - [27/Jun/2010:20:21:41 +0200] "HEAD / HTTP/1.1" 200 - "-" "Mozilla/5.0 (Windows; U; Windows NT 5.0; de-DE; rv:1.6) Gecko/20040206 Firefox/1.0.1"
92.51.147.197 - - [27/Jun/2010:20:25:21 +0200] "HEAD / HTTP/1.1" 200 - "-" "Mozilla/5.0 (Windows; U; Windows NT 5.1; de-DE; rv:1.7.10) Gecko/20050717 Firefox/1.0.6"
92.51.135.202 - - [27/Jun/2010:20:44:07 +0200] "HEAD / HTTP/1.1" 200 - "-" "Mozilla/5.0 (Windows; U; Windows NT 5.1; de; rv:1.9.0.1) Gecko/2008070208 Firefox/3.0.1"
95.91.156.169 - - [27/Jun/2010:21:20:44 +0200] "GET / HTTP/1.0" 200 12977 "-" "-"
207.46.13.136 - - [27/Jun/2010:21:52:23 +0200] "GET /robots.txt HTTP/1.1" 200 24 "-" "msnbot/2.0b (+http://search.msn.com/msnbot.htm)"
207.46.13.136 - - [27/Jun/2010:21:53:12 +0200] "GET /teledienst.html HTTP/1.1" 304 - "-" "msnbot/2.0b (+http://search.msn.com/msnbot.htm)"
67.218.116.165 - - [27/Jun/2010:23:07:00 +0200] "GET /robots.txt HTTP/1.1" 200 24 "-" "Mozilla/5.0 (Twiceler-0.9 http://www.cuil.com/twiceler/robot.html)"
66.249.71.8 - - [28/Jun/2010:01:01:01 +0200] "GET /robots.txt HTTP/1.1" 200 24 "-" "Mozilla/5.0 (compatible; Googlebot/2.1; +http://www.google.com/bot.html)"
66.249.71.8 - - [28/Jun/2010:01:01:01 +0200] "GET /sitemap.xml HTTP/1.1" 200 796 "-" "Mozilla/5.0 (compatible; Googlebot/2.1; +http://www.google.com/bot.html)"
83.141.9.2 - - [28/Jun/2010:01:26:26 +0200] "GET /robots.txt HTTP/1.1" 200 24 "-" "+http://robot.vedens.de VEDENSBOT"
83.141.9.2 - - [28/Jun/2010:01:26:27 +0200] "HEAD / HTTP/1.1" 200 - "" "+http://robot.vedens.de VEDENSBOT"
119.63.198.28 - - [28/Jun/2010:01:58:09 +0200] "GET /robots.txt HTTP/1.1" 200 24 "-" "Baiduspider+(+http://www.baidu.com/search/spider.htm)"
64.124.138.166 - - [28/Jun/2010:03:51:23 +0200] "GET /robots.txt HTTP/1.0" 200 24 "-" "Mozilla/5.0 (http://textdigger.com) Gecko/20061208 Firefox/2.0.0.1"
64.124.138.166 - - [28/Jun/2010:03:52:07 +0200] "GET / HTTP/1.1" 200 12977 "-" "Mozilla/5.0 (http://textdigger.com) Gecko/20061208 Firefox/2.0.0.1"
220.181.7.24 - - [28/Jun/2010:05:20:29 +0200] "GET /robots.txt HTTP/1.1" 200 24 "-" "Baiduspider+(+http://www.baidu.com/search/spider.htm)"
207.46.199.47 - - [28/Jun/2010:07:49:23 +0200] "GET /robots.txt HTTP/1.1" 200 24 "-" "msnbot/2.0b (+http://search.msn.com/msnbot.htm)"
207.46.199.47 - - [28/Jun/2010:07:50:12 +0200] "GET / HTTP/1.1" 304 - "-" "msnbot/2.0b (+http://search.msn.com/msnbot.htm)"
207.46.13.41 - - [28/Jun/2010:09:07:10 +0200] "GET /teledienst.html HTTP/1.1" 304 - "-" "msnbot/2.0b (+http://search.msn.com/msnbot.htm)"
80.237.157.71 - - [28/Jun/2010:09:20:02 +0200] "GET / HTTP/1.1" 200 12977 "-" "Mozilla/5.0 (X11; U; Linux x86_64; en-US; rv:1.7.7) Gecko/20050414"
80.237.157.71 - - [28/Jun/2010:09:20:03 +0200] "GET /opensite.js HTTP/1.1" 200 1125 "http://www.zahnarztpraxis-berlin-pankow.de/" "Mozilla/5.0 (X11; U; Linux x86_64; en-US; rv:1.7.7) Gecko/20050414"
80.237.157.71 - - [28/Jun/2010:09:20:03 +0200] "GET /flashopen.js HTTP/1.1" 200 604 "http://www.zahnarztpraxis-berlin-pankow.de/" "Mozilla/5.0 (X11; U; Linux x86_64; en-US; rv:1.7.7) Gecko/20050414"
80.237.157.71 - - [28/Jun/2010:09:20:03 +0200] "GET /hattke.swf HTTP/1.1" 200 12042 "http://www.zahnarztpraxis-berlin-pankow.de/" "Mozilla/5.0 (X11; U; Linux x86_64; en-US; rv:1.7.7) Gecko/20050414"
80.237.157.71 - - [28/Jun/2010:09:20:03 +0200] "GET /diashow.swf HTTP/1.1" 200 311957 "-" "Mozilla/5.0 (X11; U; Linux x86_64; en-US; rv:1.7.7) Gecko/20050414"
95.108.158.134 - - [28/Jun/2010:15:56:42 +0200] "GET /robots.txt HTTP/1.1" 200 24 "-" "Yandex/1.01.001 (compatible; Win16; I)"
95.108.158.134 - - [28/Jun/2010:16:00:26 +0200] "GET / HTTP/1.1" 200 12977 "-" "Yandex/1.01.001 (compatible; Win16; I)"
192.108.72.125 - - [28/Jun/2010:16:12:19 +0200] "GET / HTTP/1.1" 200 12977 "http://www.google.de/url?sa=t&source=web&cd=1&ved=0CCQQFDAA&url=http%3A%2F%2Fwww.zahnarztpraxis-berlin-pankow.de%2F&rct=j&q=zahnarzt+hattke+berlin&ei=u60oTMetJ9WJOMeB9TE&usg=AFQjCNGhU0LSIXKAU9N4d8DNsS8g6WKbiA" "Mozilla/5.0 (Windows; U; Windows NT 5.1; de; rv:1.9.2.4) Gecko/20100611 Firefox/3.6.4 (.NET CLR 3.5.30729)"
192.108.72.125 - - [28/Jun/2010:16:12:19 +0200] "GET /opensite.js HTTP/1.1" 200 1125 "http://www.zahnarztpraxis-berlin-pankow.de/" "Mozilla/5.0 (Windows; U; Windows NT 5.1; de; rv:1.9.2.4) Gecko/20100611 Firefox/3.6.4 (.NET CLR 3.5.30729)"
192.108.72.125 - - [28/Jun/2010:16:12:19 +0200] "GET /favicon.ico HTTP/1.1" 200 2550 "-" "Mozilla/5.0 (Windows; U; Windows NT 5.1; de; rv:1.9.2.4) Gecko/20100611 Firefox/3.6.4 (.NET CLR 3.5.30729)"
192.108.72.125 - - [28/Jun/2010:16:12:19 +0200] "GET /flashopen.js HTTP/1.1" 200 604 "http://www.zahnarztpraxis-berlin-pankow.de/" "Mozilla/5.0 (Windows; U; Windows NT 5.1; de; rv:1.9.2.4) Gecko/20100611 Firefox/3.6.4 (.NET CLR 3.5.30729)"
192.108.72.125 - - [28/Jun/2010:16:12:19 +0200] "GET /hattke.swf HTTP/1.1" 200 12042 "http://www.zahnarztpraxis-berlin-pankow.de/" "Mozilla/5.0 (Windows; U; Windows NT 5.1; de; rv:1.9.2.4) Gecko/20100611 Firefox/3.6.4 (.NET CLR 3.5.30729)"
192.108.72.125 - - [28/Jun/2010:16:12:19 +0200] "GET /diashow.swf HTTP/1.1" 200 311957 "-" "Mozilla/5.0 (Windows; U; Windows NT 5.1; de; rv:1.9.2.4) Gecko/20100611 Firefox/3.6.4 (.NET CLR 3.5.30729)"
207.46.13.93 - - [28/Jun/2010:19:34:56 +0200] "GET /robots.txt HTTP/1.1" 200 24 "-" "msnbot/2.0b (+http://search.msn.com/msnbot.htm)"
207.46.13.93 - - [28/Jun/2010:19:35:41 +0200] "GET / HTTP/1.1" 304 - "-" "msnbot/2.0b (+http://search.msn.com/msnbot.htm)"
207.46.13.141 - - [28/Jun/2010:20:16:11 +0200] "GET / HTTP/1.1" 304 - "-" "msnbot/2.0b (+http://search.msn.com/msnbot.htm)"
67.218.116.165 - - [28/Jun/2010:23:11:55 +0200] "GET /robots.txt HTTP/1.1" 200 24 "-" "Mozilla/5.0 (Twiceler-0.9 http://www.cuil.com/twiceler/robot.html)"
193.47.80.37 - - [28/Jun/2010:23:54:04 +0200] "GET /robots.txt HTTP/1.1" 200 24 "-" "Mozilla/5.0 (compatible; Exabot/3.0; +http://www.exabot.com/go/robot)"
193.47.80.37 - - [28/Jun/2010:23:54:04 +0200] "GET / HTTP/1.1" 304 - "-" "Mozilla/5.0 (compatible; Exabot/3.0; +http://www.exabot.com/go/robot)"
83.141.9.2 - - [29/Jun/2010:01:26:51 +0200] "GET /robots.txt HTTP/1.1" 200 24 "-" "+http://robot.vedens.de VEDENSBOT"
83.141.9.2 - - [29/Jun/2010:01:26:51 +0200] "HEAD / HTTP/1.1" 200 - "" "+http://robot.vedens.de VEDENSBOT"
85.177.82.94 - - [29/Jun/2010:01:42:45 +0200] "GET / HTTP/1.1" 200 12977 "http://www.google.de/search?hl=de&source=hp&q=zahnarzt+hattke&aq=2&aqi=g6&aql=&oq=Zahnarzt+Hatt&gs_rfai=&fp=48bb631c7c314f0c" "Mozilla/5.0 (Windows; U; Windows NT 5.1; de; rv:1.9.0.19) Gecko/2010031422 Firefox/3.0.19 (.NET CLR 3.5.30729)"
85.177.82.94 - - [29/Jun/2010:01:42:51 +0200] "GET /favicon.ico HTTP/1.1" 200 2550 "-" "Mozilla/5.0 (Windows; U; Windows NT 5.1; de; rv:1.9.0.19) Gecko/2010031422 Firefox/3.0.19 (.NET CLR 3.5.30729)"
85.177.82.94 - - [29/Jun/2010:01:42:51 +0200] "GET /opensite.js HTTP/1.1" 200 1125 "http://www.zahnarztpraxis-berlin-pankow.de/" "Mozilla/5.0 (Windows; U; Windows NT 5.1; de; rv:1.9.0.19) Gecko/2010031422 Firefox/3.0.19 (.NET CLR 3.5.30729)"
85.177.82.94 - - [29/Jun/2010:01:42:51 +0200] "GET /flashopen.js HTTP/1.1" 200 604 "http://www.zahnarztpraxis-berlin-pankow.de/" "Mozilla/5.0 (Windows; U; Windows NT 5.1; de; rv:1.9.0.19) Gecko/2010031422 Firefox/3.0.19 (.NET CLR 3.5.30729)"
85.177.82.94 - - [29/Jun/2010:01:42:55 +0200] "GET /hattke.swf HTTP/1.1" 200 12042 "http://www.zahnarztpraxis-berlin-pankow.de/" "Mozilla/5.0 (Windows; U; Windows NT 5.1; de; rv:1.9.0.19) Gecko/2010031422 Firefox/3.0.19 (.NET CLR 3.5.30729)"
85.177.82.94 - - [29/Jun/2010:01:42:56 +0200] "GET /diashow.swf HTTP/1.1" 200 311957 "-" "Mozilla/5.0 (Windows; U; Windows NT 5.1; de; rv:1.9.0.19) Gecko/2010031422 Firefox/3.0.19 (.NET CLR 3.5.30729)"
119.63.198.21 - - [29/Jun/2010:01:57:27 +0200] "GET /robots.txt HTTP/1.1" 200 24 "-" "Baiduspider+(+http://www.baidu.com/search/spider.htm)"
140.123.100.14 - - [29/Jun/2010:04:44:46 +0200] "GET /robots.txt HTTP/1.0" 200 24 "-" "Gaisbot/3.0+(robot06@gais.cs.ccu.edu.tw;+http://gais.cs.ccu.edu.tw/robot.php)"
140.123.100.12 - - [29/Jun/2010:04:56:07 +0200] "GET /robots.txt HTTP/1.0" 200 24 "-" "Gaisbot/3.0+(robot06@gais.cs.ccu.edu.tw;+http://gais.cs.ccu.edu.tw/robot.php)"
220.181.7.112 - - [29/Jun/2010:05:27:17 +0200] "GET /robots.txt HTTP/1.1" 200 24 "-" "Baiduspider+(+http://www.baidu.com/search/spider.htm)"
140.123.100.14 - - [29/Jun/2010:05:53:59 +0200] "GET / HTTP/1.0" 200 12977 "-" "Gaisbot/3.0+(robot06@gais.cs.ccu.edu.tw;+http://gais.cs.ccu.edu.tw/robot.php)"
140.123.100.12 - - [29/Jun/2010:05:58:39 +0200] "GET / HTTP/1.0" 200 12977 "-" "Gaisbot/3.0+(robot06@gais.cs.ccu.edu.tw;+http://gais.cs.ccu.edu.tw/robot.php)"
91.64.85.71 - - [29/Jun/2010:08:12:59 +0200] "GET / HTTP/1.1" 200 12977 "http://www.med-kolleg.de/arzt/zahnarzt/10460.html" "Mozilla/5.0 (Windows; U; Windows NT 6.1; de; rv:1.9.2.6) Gecko/20100625 Firefox/3.6.6"
91.64.85.71 - - [29/Jun/2010:08:12:59 +0200] "GET /opensite.js HTTP/1.1" 200 1125 "http://www.zahnarztpraxis-berlin-pankow.de/" "Mozilla/5.0 (Windows; U; Windows NT 6.1; de; rv:1.9.2.6) Gecko/20100625 Firefox/3.6.6"
91.64.85.71 - - [29/Jun/2010:08:12:59 +0200] "GET /favicon.ico HTTP/1.1" 200 2550 "-" "Mozilla/5.0 (Windows; U; Windows NT 6.1; de; rv:1.9.2.6) Gecko/20100625 Firefox/3.6.6"
91.64.85.71 - - [29/Jun/2010:08:12:59 +0200] "GET /flashopen.js HTTP/1.1" 200 604 "http://www.zahnarztpraxis-berlin-pankow.de/" "Mozilla/5.0 (Windows; U; Windows NT 6.1; de; rv:1.9.2.6) Gecko/20100625 Firefox/3.6.6"
91.64.85.71 - - [29/Jun/2010:08:12:59 +0200] "GET /hattke.swf HTTP/1.1" 200 12042 "http://www.zahnarztpraxis-berlin-pankow.de/" "Mozilla/5.0 (Windows; U; Windows NT 6.1; de; rv:1.9.2.6) Gecko/20100625 Firefox/3.6.6"
91.64.85.71 - - [29/Jun/2010:08:12:59 +0200] "GET /diashow.swf HTTP/1.1" 200 311957 "-" "Mozilla/5.0 (Windows; U; Windows NT 6.1; de; rv:1.9.2.6) Gecko/20100625 Firefox/3.6.6"
67.228.158.134 - - [29/Jun/2010:08:24:02 +0200] "GET / HTTP/1.1" 200 12977 "-" "Mozilla/4.0 (compatible; MSIE 7.0; Windows NT 6.0; WOW64; Trident/4.0; SLCC1; .NET CLR 2.0.50727; .NET CLR 1.1.4322; .NET CLR 3.0.30729; .NET CLR 3.5.30729)"
67.228.158.134 - - [29/Jun/2010:08:24:03 +0200] "GET /opensite.js HTTP/1.1" 200 1125 "http://www.zahnarztpraxis-berlin-pankow.de/" "Mozilla/4.0 (compatible; MSIE 7.0; Windows NT 6.0; WOW64; Trident/4.0; SLCC1; .NET CLR 2.0.50727; .NET CLR 1.1.4322; .NET CLR 3.0.30729; .NET CLR 3.5.30729)"
67.228.158.134 - - [29/Jun/2010:08:24:03 +0200] "GET /flashopen.js HTTP/1.1" 200 604 "http://www.zahnarztpraxis-berlin-pankow.de/" "Mozilla/4.0 (compatible; MSIE 7.0; Windows NT 6.0; WOW64; Trident/4.0; SLCC1; .NET CLR 2.0.50727; .NET CLR 1.1.4322; .NET CLR 3.0.30729; .NET CLR 3.5.30729)"
67.228.158.134 - - [29/Jun/2010:08:24:12 +0200] "GET /hattke.swf HTTP/1.1" 200 12042 "http://www.zahnarztpraxis-berlin-pankow.de/" "Mozilla/4.0 (compatible; MSIE 7.0; Windows NT 6.0; WOW64; Trident/4.0; SLCC1; .NET CLR 2.0.50727; .NET CLR 1.1.4322; .NET CLR 3.0.30729; .NET CLR 3.5.30729)"
67.228.158.134 - - [29/Jun/2010:08:24:13 +0200] "GET /diashow.swf HTTP/1.1" 200 311957 "http://www.zahnarztpraxis-berlin-pankow.de/hattke.swf" "Mozilla/4.0 (compatible; MSIE 7.0; Windows NT 6.0; WOW64; Trident/4.0; SLCC1; .NET CLR 2.0.50727; .NET CLR 1.1.4322; .NET CLR 3.0.30729; .NET CLR 3.5.30729)"
62.141.164.3 - - [29/Jun/2010:09:53:31 +0200] "GET / HTTP/1.1" 200 12977 "http://www.google.de/url?sa=t&source=web&cd=1&ved=0CCEQFjAA&url=http%3A%2F%2Fwww.zahnarztpraxis-berlin-pankow.de%2F&rct=j&q=Zahnarzt+Hattke&ei=FKYpTN2CBcvGOKXc4LID&usg=AFQjCNGhU0LSIXKAU9N4d8DNsS8g6WKbiA" "Mozilla/4.0 (compatible; MSIE 8.0; Windows NT 5.1; Trident/4.0; .NET CLR 2.0.50727; InfoPath.1; .NET CLR 3.0.4506.2152; .NET CLR 3.5.30729)"
62.141.164.3 - - [29/Jun/2010:09:53:31 +0200] "GET /opensite.js HTTP/1.1" 200 1125 "http://www.zahnarztpraxis-berlin-pankow.de/" "Mozilla/4.0 (compatible; MSIE 8.0; Windows NT 5.1; Trident/4.0; .NET CLR 2.0.50727; InfoPath.1; .NET CLR 3.0.4506.2152; .NET CLR 3.5.30729)"
62.141.164.3 - - [29/Jun/2010:09:53:31 +0200] "GET /flashopen.js HTTP/1.1" 200 604 "http://www.zahnarztpraxis-berlin-pankow.de/" "Mozilla/4.0 (compatible; MSIE 8.0; Windows NT 5.1; Trident/4.0; .NET CLR 2.0.50727; InfoPath.1; .NET CLR 3.0.4506.2152; .NET CLR 3.5.30729)"
62.141.164.3 - - [29/Jun/2010:09:53:31 +0200] "GET /hattke.swf HTTP/1.1" 200 12042 "http://www.zahnarztpraxis-berlin-pankow.de/" "Mozilla/4.0 (compatible; MSIE 8.0; Windows NT 5.1; Trident/4.0; .NET CLR 2.0.50727; InfoPath.1; .NET CLR 3.0.4506.2152; .NET CLR 3.5.30729)"
62.141.164.3 - - [29/Jun/2010:09:53:31 +0200] "GET /favicon.ico HTTP/1.1" 200 2550 "-" "Mozilla/4.0 (compatible; MSIE 8.0; Windows NT 5.1; Trident/4.0; .NET CLR 2.0.50727; InfoPath.1; .NET CLR 3.0.4506.2152; .NET CLR 3.5.30729)"
62.141.164.3 - - [29/Jun/2010:09:53:31 +0200] "GET /diashow.swf HTTP/1.1" 200 311957 "http://www.zahnarztpraxis-berlin-pankow.de/hattke.swf" "Mozilla/4.0 (compatible; MSIE 8.0; Windows NT 5.1; Trident/4.0; .NET CLR 2.0.50727; InfoPath.1; .NET CLR 3.0.4506.2152; .NET CLR 3.5.30729)"
94.222.124.45 - - [29/Jun/2010:11:35:56 +0200] "GET / HTTP/1.1" 200 12977 "http://www.google.com/search?hl=de&q=reyk+hattke&aq=f&aqi=&aql=&oq=&gs_rfai=" "Opera/9.80 (Windows NT 5.1; U; de) Presto/2.5.24 Version/10.54"
94.222.124.45 - - [29/Jun/2010:11:35:56 +0200] "GET /favicon.ico HTTP/1.1" 200 2550 "http://www.zahnarztpraxis-berlin-pankow.de/" "Opera/9.80 (Windows NT 5.1; U; de) Presto/2.5.24 Version/10.54"
94.222.124.45 - - [29/Jun/2010:11:35:56 +0200] "GET /opensite.js HTTP/1.1" 200 1125 "http://www.zahnarztpraxis-berlin-pankow.de/" "Opera/9.80 (Windows NT 5.1; U; de) Presto/2.5.24 Version/10.54"
94.222.124.45 - - [29/Jun/2010:11:35:56 +0200] "GET /flashopen.js HTTP/1.1" 200 604 "http://www.zahnarztpraxis-berlin-pankow.de/" "Opera/9.80 (Windows NT 5.1; U; de) Presto/2.5.24 Version/10.54"
94.222.124.45 - - [29/Jun/2010:11:35:56 +0200] "GET /hattke.swf HTTP/1.1" 200 12042 "http://www.zahnarztpraxis-berlin-pankow.de/" "Opera/9.80 (Windows NT 5.1; U; de) Presto/2.5.24 Version/10.54"
94.222.124.45 - - [29/Jun/2010:11:35:56 +0200] "GET /diashow.swf HTTP/1.1" 200 311957 "http://www.zahnarztpraxis-berlin-pankow.de/hattke.swf" "Opera/9.80 (Windows NT 5.1; U; de) Presto/2.5.24 Version/10.54"
141.80.136.197 - - [29/Jun/2010:12:42:00 +0200] "GET / HTTP/1.1" 200 12977 "http://www.google.de/search?client=firefox-a&rls=org.mozilla%3Ade%3Aofficial&channel=s&hl=de&source=hp&q=zahnarztpraxis+hattke+berlin&meta=&btnG=Google-Suche" "Mozilla/5.0 (Windows; U; Windows NT 6.1; de; rv:1.9.2) Gecko/20100115 Firefox/3.6"
141.80.136.197 - - [29/Jun/2010:12:42:00 +0200] "GET /opensite.js HTTP/1.1" 200 1125 "http://www.zahnarztpraxis-berlin-pankow.de/" "Mozilla/5.0 (Windows; U; Windows NT 6.1; de; rv:1.9.2) Gecko/20100115 Firefox/3.6"
141.80.136.197 - - [29/Jun/2010:12:42:00 +0200] "GET /favicon.ico HTTP/1.1" 200 2550 "-" "Mozilla/5.0 (Windows; U; Windows NT 6.1; de; rv:1.9.2) Gecko/20100115 Firefox/3.6"
141.80.136.197 - - [29/Jun/2010:12:42:00 +0200] "GET /flashopen.js HTTP/1.1" 200 604 "http://www.zahnarztpraxis-berlin-pankow.de/" "Mozilla/5.0 (Windows; U; Windows NT 6.1; de; rv:1.9.2) Gecko/20100115 Firefox/3.6"
141.80.136.197 - - [29/Jun/2010:12:42:00 +0200] "GET /hattke.swf HTTP/1.1" 200 12042 "http://www.zahnarztpraxis-berlin-pankow.de/" "Mozilla/5.0 (Windows; U; Windows NT 6.1; de; rv:1.9.2) Gecko/20100115 Firefox/3.6"
141.80.136.197 - - [29/Jun/2010:12:42:00 +0200] "GET /diashow.swf HTTP/1.1" 200 311957 "-" "Mozilla/5.0 (Windows; U; Windows NT 6.1; de; rv:1.9.2) Gecko/20100115 Firefox/3.6"
62.181.136.200 - - [29/Jun/2010:12:53:22 +0200] "GET / HTTP/1.1" 200 12977 "http://www.google.de/search?hl=de&source=hp&q=hattke+berlin+zahnarzt&btnG=Google-Suche&meta=&aq=f&aqi=&aql=&oq=&gs_rfai=" "Mozilla/4.0 (compatible; MSIE 6.0; Windows NT 5.2; SV1; .NET CLR 1.1.4322; .NET CLR 2.0.50727; .NET CLR 3.0.4506.2152; LBB;citrix;BBV;rabinh;hoch)"
62.181.136.200 - - [29/Jun/2010:12:53:22 +0200] "GET /opensite.js HTTP/1.1" 200 1125 "http://www.zahnarztpraxis-berlin-pankow.de/" "Mozilla/4.0 (compatible; MSIE 6.0; Windows NT 5.2; SV1; .NET CLR 1.1.4322; .NET CLR 2.0.50727; .NET CLR 3.0.4506.2152; LBB;citrix;BBV;rabinh;hoch)"
62.181.136.200 - - [29/Jun/2010:12:53:22 +0200] "GET /flashopen.js HTTP/1.1" 200 604 "http://www.zahnarztpraxis-berlin-pankow.de/" "Mozilla/4.0 (compatible; MSIE 6.0; Windows NT 5.2; SV1; .NET CLR 1.1.4322; .NET CLR 2.0.50727; .NET CLR 3.0.4506.2152; LBB;citrix;BBV;rabinh;hoch)"
62.181.136.200 - - [29/Jun/2010:12:53:22 +0200] "GET /hattke.swf HTTP/1.1" 200 12042 "http://www.zahnarztpraxis-berlin-pankow.de/" "Mozilla/4.0 (compatible; MSIE 6.0; Windows NT 5.2; SV1; .NET CLR 1.1.4322; .NET CLR 2.0.50727; .NET CLR 3.0.4506.2152; LBB;citrix;BBV;rabinh;hoch)"
62.181.136.200 - - [29/Jun/2010:12:53:23 +0200] "GET /diashow.swf HTTP/1.1" 200 311957 "http://www.zahnarztpraxis-berlin-pankow.de/hattke.swf" "Mozilla/4.0 (compatible; MSIE 6.0; Windows NT 5.2; SV1; .NET CLR 1.1.4322; .NET CLR 2.0.50727; .NET CLR 3.0.4506.2152; LBB;citrix;BBV;rabinh;hoch)"
62.181.136.200 - - [29/Jun/2010:14:41:02 +0200] "GET / HTTP/1.1" 304 - "http://www.google.de/search?hl=de&source=hp&q=hattke+zahnarzt+berlin&meta=&aq=f&aqi=&aql=&oq=&gs_rfai=" "Mozilla/4.0 (compatible; MSIE 6.0; Windows NT 5.2; SV1; .NET CLR 1.1.4322; .NET CLR 2.0.50727; .NET CLR 3.0.4506.2152; LBB;citrix;BBV;rabinh;hoch)"
62.181.136.200 - - [29/Jun/2010:14:41:02 +0200] "GET /opensite.js HTTP/1.1" 304 - "http://www.zahnarztpraxis-berlin-pankow.de/" "Mozilla/4.0 (compatible; MSIE 6.0; Windows NT 5.2; SV1; .NET CLR 1.1.4322; .NET CLR 2.0.50727; .NET CLR 3.0.4506.2152; LBB;citrix;BBV;rabinh;hoch)"
62.181.136.200 - - [29/Jun/2010:14:41:02 +0200] "GET /flashopen.js HTTP/1.1" 304 - "http://www.zahnarztpraxis-berlin-pankow.de/" "Mozilla/4.0 (compatible; MSIE 6.0; Windows NT 5.2; SV1; .NET CLR 1.1.4322; .NET CLR 2.0.50727; .NET CLR 3.0.4506.2152; LBB;citrix;BBV;rabinh;hoch)"
62.181.136.200 - - [29/Jun/2010:14:41:02 +0200] "GET /hattke.swf HTTP/1.1" 304 - "http://www.zahnarztpraxis-berlin-pankow.de/" "Mozilla/4.0 (compatible; MSIE 6.0; Windows NT 5.2; SV1; .NET CLR 1.1.4322; .NET CLR 2.0.50727; .NET CLR 3.0.4506.2152; LBB;citrix;BBV;rabinh;hoch)"
62.181.136.200 - - [29/Jun/2010:14:41:02 +0200] "GET /diashow.swf HTTP/1.1" 304 - "http://www.zahnarztpraxis-berlin-pankow.de/hattke.swf" "Mozilla/4.0 (compatible; MSIE 6.0; Windows NT 5.2; SV1; .NET CLR 1.1.4322; .NET CLR 2.0.50727; .NET CLR 3.0.4506.2152; LBB;citrix;BBV;rabinh;hoch)"
207.46.199.37 - - [29/Jun/2010:23:01:49 +0200] "GET /robots.txt HTTP/1.1" 200 24 "-" "msnbot/2.0b (+http://search.msn.com/msnbot.htm)"
207.46.199.37 - - [29/Jun/2010:23:02:28 +0200] "GET / HTTP/1.1" 304 - "-" "msnbot/2.0b (+http://search.msn.com/msnbot.htm)"
67.218.116.165 - - [29/Jun/2010:23:16:36 +0200] "GET /robots.txt HTTP/1.1" 200 24 "-" "Mozilla/5.0 (Twiceler-0.9 http://www.cuil.com/twiceler/robot.html)"
97.91.234.126 - - [29/Jun/2010:23:26:22 +0200] "GET /robots.txt HTTP/1.1" 200 24 "-" "Mozilla/5.0 (compatible; 008/0.83; http://www.80legs.com/spider.html;) Gecko/2008032620"
97.91.234.126 - - [29/Jun/2010:23:26:23 +0200] "GET / HTTP/1.1" 200 12977 "-" "Mozilla/5.0 (compatible; 008/0.83; http://www.80legs.com/spider.html;) Gecko/2008032620"
87.230.47.8 - - [30/Jun/2010:00:29:16 +0200] "HEAD / HTTP/1.1" 200 - "-" "-"
83.141.9.2 - - [30/Jun/2010:01:26:28 +0200] "GET /robots.txt HTTP/1.1" 200 24 "-" "+http://robot.vedens.de VEDENSBOT"
83.141.9.2 - - [30/Jun/2010:01:26:28 +0200] "HEAD / HTTP/1.1" 200 - "" "+http://robot.vedens.de VEDENSBOT"
119.63.198.43 - - [30/Jun/2010:01:59:27 +0200] "GET /robots.txt HTTP/1.1" 200 24 "-" "Baiduspider+(+http://www.baidu.com/search/spider.htm)"
94.23.211.138 - - [30/Jun/2010:05:01:26 +0200] "HEAD / HTTP/1.1" 200 - "-" "Mozilla/4.0 (compatible; MSIE 5.01; Windows NT 5.0)"
220.181.7.110 - - [30/Jun/2010:05:23:56 +0200] "GET /robots.txt HTTP/1.1" 200 24 "-" "Baiduspider+(+http://www.baidu.com/search/spider.htm)"
66.235.124.17 - - [30/Jun/2010:06:19:30 +0200] "GET /robots.txt HTTP/1.1" 200 24 "-" "Mozilla/5.0 (compatible; Ask Jeeves/Teoma; +http://about.ask.com/en/docs/about/webmasters.shtml)"
66.235.124.17 - - [30/Jun/2010:06:19:30 +0200] "GET / HTTP/1.1" 200 12977 "-" "Mozilla/5.0 (compatible; Ask Jeeves/Teoma; +http://about.ask.com/en/docs/about/webmasters.shtml)"
72.18.151.7 - - [30/Jun/2010:06:36:33 +0200] "GET / HTTP/1.0" 206 12977 "-" "libwww-perl/5.812"
72.52.96.35 - - [30/Jun/2010:07:22:12 +0200] "GET / HTTP/1.0" 200 12977 "-" "User-Agent: Mozilla/5.0 (Windows; U; Windows NT 6.0; en-US; rv:1.9.1.5) Gecko/20091102 Firefox/3.5.5 (.NET CLR 3.5.30729)"
96.246.211.254 - - [30/Jun/2010:10:53:30 +0200] "GET /robots.txt HTTP/1.1" 200 24 "-" "Mozilla/5.0 (compatible; 008/0.83; http://www.80legs.com/spider.html;) Gecko/2008032620"
96.246.211.254 - - [30/Jun/2010:10:53:30 +0200] "GET / HTTP/1.1" 200 12977 "-" "Mozilla/5.0 (compatible; 008/0.83; http://www.80legs.com/spider.html;) Gecko/2008032620"
79.192.7.174 - - [30/Jun/2010:11:52:12 +0200] "GET / HTTP/1.1" 200 12977 "http://www.google.de/search?q=zahnarzt+berlin+wei%C3%9Fensee&hl=de&gl=de&prmd=m&ei=AhMrTKzTLISCOLym4LID&start=10&sa=N" "Mozilla/4.0 (compatible; MSIE 8.0; Windows NT 5.1; Trident/4.0; .NET4.0C; .NET4.0E)"
79.192.7.174 - - [30/Jun/2010:11:52:12 +0200] "GET /flashopen.js HTTP/1.1" 200 604 "http://www.zahnarztpraxis-berlin-pankow.de/" "Mozilla/4.0 (compatible; MSIE 8.0; Windows NT 5.1; Trident/4.0; .NET4.0C; .NET4.0E)"
79.192.7.174 - - [30/Jun/2010:11:52:12 +0200] "GET /opensite.js HTTP/1.1" 200 1125 "http://www.zahnarztpraxis-berlin-pankow.de/" "Mozilla/4.0 (compatible; MSIE 8.0; Windows NT 5.1; Trident/4.0; .NET4.0C; .NET4.0E)"
79.192.7.174 - - [30/Jun/2010:11:52:13 +0200] "GET /favicon.ico HTTP/1.1" 200 2550 "-" "Mozilla/4.0 (compatible; MSIE 8.0; Windows NT 5.1; Trident/4.0; .NET4.0C; .NET4.0E)"
79.192.7.174 - - [30/Jun/2010:11:52:13 +0200] "GET /hattke.swf HTTP/1.1" 200 12042 "http://www.zahnarztpraxis-berlin-pankow.de/" "Mozilla/4.0 (compatible; MSIE 8.0; Windows NT 5.1; Trident/4.0; .NET4.0C; .NET4.0E)"
79.192.7.174 - - [30/Jun/2010:11:52:13 +0200] "GET /diashow.swf HTTP/1.1" 200 311957 "http://www.zahnarztpraxis-berlin-pankow.de/hattke.swf" "Mozilla/4.0 (compatible; MSIE 8.0; Windows NT 5.1; Trident/4.0; .NET4.0C; .NET4.0E)"
79.192.7.174 - - [30/Jun/2010:11:53:48 +0200] "GET /plan.swf HTTP/1.1" 200 27838 "http://www.zahnarztpraxis-berlin-pankow.de/diashow.swf" "Mozilla/4.0 (compatible; MSIE 8.0; Windows NT 5.1; Trident/4.0; .NET4.0C; .NET4.0E)"
79.194.9.79 - - [30/Jun/2010:15:26:14 +0200] "GET /intro.html HTTP/1.1" 200 5170 "-" "Mozilla/5.0 (Windows; U; Windows NT 5.0; de; rv:1.9.0.19) Gecko/2010031422 Firefox/3.0.19 GTB7.0"
79.194.9.79 - - [30/Jun/2010:15:26:14 +0200] "GET /favicon.ico HTTP/1.1" 200 2550 "-" "Mozilla/5.0 (Windows; U; Windows NT 5.0; de; rv:1.9.0.19) Gecko/2010031422 Firefox/3.0.19 GTB7.0"
79.194.9.79 - - [30/Jun/2010:15:26:14 +0200] "GET /opensite.js HTTP/1.1" 200 1125 "http://www.zahnarztpraxis-berlin-pankow.de/intro.html" "Mozilla/5.0 (Windows; U; Windows NT 5.0; de; rv:1.9.0.19) Gecko/2010031422 Firefox/3.0.19 GTB7.0"
79.194.9.79 - - [30/Jun/2010:15:26:14 +0200] "GET /hattke.swf HTTP/1.1" 200 12042 "http://www.zahnarztpraxis-berlin-pankow.de/intro.html" "Mozilla/5.0 (Windows; U; Windows NT 5.0; de; rv:1.9.0.19) Gecko/2010031422 Firefox/3.0.19 GTB7.0"
79.194.9.79 - - [30/Jun/2010:15:26:14 +0200] "GET /diashow.swf HTTP/1.1" 200 311957 "-" "Mozilla/5.0 (Windows; U; Windows NT 5.0; de; rv:1.9.0.19) Gecko/2010031422 Firefox/3.0.19 GTB7.0"
79.194.9.79 - - [30/Jun/2010:15:33:19 +0200] "GET /plan.swf HTTP/1.1" 200 27838 "http://www.google.de/search?client=firefox-a&rlz=1R0GGGL_de&channel=s&hl=de&source=hp&q=%40zahnarztpraxis-berlin-pankow.de&meta=&btnG=Google-Suche" "Mozilla/5.0 (Windows; U; Windows NT 5.0; de; rv:1.9.0.19) Gecko/2010031422 Firefox/3.0.19 GTB7.0"
207.46.13.146 - - [30/Jun/2010:15:39:16 +0200] "GET /robots.txt HTTP/1.1" 200 24 "-" "msnbot/2.0b (+http://search.msn.com/msnbot.htm)"
207.46.13.146 - - [30/Jun/2010:15:39:58 +0200] "GET /teledienst.html HTTP/1.1" 304 - "-" "msnbot/2.0b (+http://search.msn.com/msnbot.htm)"
87.230.47.8 - - [30/Jun/2010:16:39:24 +0200] "HEAD / HTTP/1.1" 200 - "-" "-"
89.247.54.165 - - [30/Jun/2010:19:07:59 +0200] "GET /intro.html HTTP/1.1" 200 5170 "http://www.google.de/search?client=firefox-a&rls=org.mozilla%3Ade%3Aofficial&channel=s&hl=de&source=hp&q=taschenbehandlung+zahnarzt&meta=&btnG=Google-Suche" "Mozilla/5.0 (Windows; U; Windows NT 6.0; de; rv:1.9.2.6) Gecko/20100625 Firefox/3.6.6"
89.247.54.165 - - [30/Jun/2010:19:07:59 +0200] "GET /opensite.js HTTP/1.1" 200 1125 "http://www.zahnarztpraxis-berlin-pankow.de/intro.html" "Mozilla/5.0 (Windows; U; Windows NT 6.0; de; rv:1.9.2.6) Gecko/20100625 Firefox/3.6.6"
89.247.54.165 - - [30/Jun/2010:19:07:59 +0200] "GET /favicon.ico HTTP/1.1" 200 2550 "-" "Mozilla/5.0 (Windows; U; Windows NT 6.0; de; rv:1.9.2.6) Gecko/20100625 Firefox/3.6.6"
89.247.54.165 - - [30/Jun/2010:19:08:00 +0200] "GET /hattke.swf HTTP/1.1" 200 12042 "http://www.zahnarztpraxis-berlin-pankow.de/intro.html" "Mozilla/5.0 (Windows; U; Windows NT 6.0; de; rv:1.9.2.6) Gecko/20100625 Firefox/3.6.6"
89.247.54.165 - - [30/Jun/2010:19:08:00 +0200] "GET /diashow.swf HTTP/1.1" 200 311957 "-" "Mozilla/5.0 (Windows; U; Windows NT 6.0; de; rv:1.9.2.6) Gecko/20100625 Firefox/3.6.6"
64.246.165.190 - - [30/Jun/2010:19:24:46 +0200] "GET /robots.txt HTTP/1.0" 200 24 "-" "Mozilla/5.0 (Windows; U; Windows NT 5.1; en; rv:1.9.0.13) Gecko/2009073022 Firefox/3.5.2 (.NET CLR 3.5.30729) SurveyBot/2.3 (DomainTools)"
64.246.165.190 - - [30/Jun/2010:19:24:46 +0200] "GET / HTTP/1.1" 200 12977 "http://whois.domaintools.com/zahnarztpraxis-berlin-pankow.de" "Mozilla/5.0 (Windows; U; Windows NT 5.1; en; rv:1.9.0.13) Gecko/2009073022 Firefox/3.5.2 (.NET CLR 3.5.30729) SurveyBot/2.3 (DomainTools)"
95.108.158.134 - - [30/Jun/2010:19:31:41 +0200] "GET /robots.txt HTTP/1.1" 200 24 "-" "Mozilla/5.0 (compatible; YandexBot/3.0; +http://yandex.com/bots)"
