93.219.87.242 - - [01/Mar/2011:02:40:32 +0100] "GET /robots.txt HTTP/1.0" 200 24 "-" "Mozilla/5.0 (compatible; MJ12bot/v1.3.3; http://www.majestic12.co.uk/bot.php?+)"
93.219.87.242 - - [01/Mar/2011:02:40:49 +0100] "GET / HTTP/1.1" 200 12977 "-" "Mozilla/5.0 (compatible; MJ12bot/v1.3.3; http://www.majestic12.co.uk/bot.php?+)"
88.73.102.151 - - [01/Mar/2011:06:03:45 +0100] "GET / HTTP/1.1" 200 12977 "http://www.med-kolleg.de/arzt/zahnarzt/10460.html" "Mozilla/5.0 (Windows; U; Windows NT 6.1; de; rv:1.9.2.13) Gecko/20101203 Firefox/3.6.13"
88.73.102.151 - - [01/Mar/2011:06:03:45 +0100] "GET /opensite.js HTTP/1.1" 200 1125 "http://www.zahnarztpraxis-berlin-pankow.de/" "Mozilla/5.0 (Windows; U; Windows NT 6.1; de; rv:1.9.2.13) Gecko/20101203 Firefox/3.6.13"
88.73.102.151 - - [01/Mar/2011:06:03:45 +0100] "GET /favicon.ico HTTP/1.1" 200 2550 "-" "Mozilla/5.0 (Windows; U; Windows NT 6.1; de; rv:1.9.2.13) Gecko/20101203 Firefox/3.6.13"
88.73.102.151 - - [01/Mar/2011:06:03:45 +0100] "GET /flashopen.js HTTP/1.1" 200 604 "http://www.zahnarztpraxis-berlin-pankow.de/" "Mozilla/5.0 (Windows; U; Windows NT 6.1; de; rv:1.9.2.13) Gecko/20101203 Firefox/3.6.13"
88.73.102.151 - - [01/Mar/2011:06:03:45 +0100] "GET /hattke.swf HTTP/1.1" 200 12042 "http://www.zahnarztpraxis-berlin-pankow.de/" "Mozilla/5.0 (Windows; U; Windows NT 6.1; de; rv:1.9.2.13) Gecko/20101203 Firefox/3.6.13"
88.73.102.151 - - [01/Mar/2011:06:03:45 +0100] "GET /diashow.swf HTTP/1.1" 200 311957 "-" "Mozilla/5.0 (Windows; U; Windows NT 6.1; de; rv:1.9.2.13) Gecko/20101203 Firefox/3.6.13"
119.63.196.104 - - [01/Mar/2011:11:17:38 +0100] "GET /robots.txt HTTP/1.1" 200 24 "-" "Baiduspider+(+http://www.baidu.com/search/spider.htm)"
91.65.244.58 - - [01/Mar/2011:12:06:14 +0100] "GET /favicon.ico HTTP/1.1" 200 2550 "-" "Mozilla/4.0 (compatible; MSIE 7.0; Windows NT 6.1; Trident/4.0; SLCC2; .NET CLR 2.0.50727; .NET CLR 3.5.30729; .NET CLR 3.0.30729; Media Center PC 6.0; MAMD; .NET4.0C)"
66.249.71.101 - - [01/Mar/2011:19:35:41 +0100] "GET /robots.txt HTTP/1.1" 200 24 "-" "Mozilla/5.0 (compatible; Googlebot/2.1; +http://www.google.com/bot.html)"
66.249.71.101 - - [01/Mar/2011:19:35:41 +0100] "GET /callback.html HTTP/1.1" 200 3272 "-" "Mozilla/5.0 (compatible; Googlebot/2.1; +http://www.google.com/bot.html)"
217.131.138.187 - - [01/Mar/2011:20:36:27 +0100] "GET / HTTP/1.1" 200 12977 "-" "Mozilla/4.0 (compatible; MSIE 6.0; Windows NT 5.1; SV1)"
88.73.79.236 - - [01/Mar/2011:20:50:47 +0100] "GET / HTTP/1.1" 200 12977 "http://www.med-kolleg.de/arzt/zahnarzt/10460.html" "Opera/9.80 (Windows NT 5.1; U; de) Presto/2.7.62 Version/11.01"
88.73.79.236 - - [01/Mar/2011:20:50:47 +0100] "GET /favicon.ico HTTP/1.1" 200 2550 "http://www.zahnarztpraxis-berlin-pankow.de/" "Opera/9.80 (Windows NT 5.1; U; de) Presto/2.7.62 Version/11.01"
88.73.79.236 - - [01/Mar/2011:20:50:47 +0100] "GET /opensite.js HTTP/1.1" 200 1125 "http://www.zahnarztpraxis-berlin-pankow.de/" "Opera/9.80 (Windows NT 5.1; U; de) Presto/2.7.62 Version/11.01"
88.73.79.236 - - [01/Mar/2011:20:50:48 +0100] "GET /flashopen.js HTTP/1.1" 200 604 "http://www.zahnarztpraxis-berlin-pankow.de/" "Opera/9.80 (Windows NT 5.1; U; de) Presto/2.7.62 Version/11.01"
88.73.79.236 - - [01/Mar/2011:20:50:48 +0100] "GET /hattke.swf HTTP/1.1" 200 12042 "http://www.zahnarztpraxis-berlin-pankow.de/" "Opera/9.80 (Windows NT 5.1; U; de) Presto/2.7.62 Version/11.01"
88.73.79.236 - - [01/Mar/2011:20:50:49 +0100] "GET /diashow.swf HTTP/1.1" 200 311957 "http://www.zahnarztpraxis-berlin-pankow.de/hattke.swf" "Opera/9.80 (Windows NT 5.1; U; de) Presto/2.7.62 Version/11.01"
88.73.79.236 - - [01/Mar/2011:20:56:10 +0100] "GET /diashow.swf HTTP/1.1" 304 - "http://www.zahnarztpraxis-berlin-pankow.de/hattke.swf" "Opera/9.80 (Windows NT 5.1; U; de) Presto/2.7.62 Version/11.01"
84.189.112.147 - - [01/Mar/2011:21:26:55 +0100] "GET / HTTP/1.1" 200 12977 "http://suche.t-online.de/fast-cgi/tsc?sr=ptoweb&q=zahnarzt+berlin+pankow" "Mozilla/5.0 (Windows; U; Windows NT 6.1; de; rv:1.9.2.8) Gecko/20100722 YFF35 Firefox/3.6.8"
84.189.112.147 - - [01/Mar/2011:21:26:56 +0100] "GET /opensite.js HTTP/1.1" 200 1125 "http://www.zahnarztpraxis-berlin-pankow.de/" "Mozilla/5.0 (Windows; U; Windows NT 6.1; de; rv:1.9.2.8) Gecko/20100722 YFF35 Firefox/3.6.8"
84.189.112.147 - - [01/Mar/2011:21:26:56 +0100] "GET /favicon.ico HTTP/1.1" 200 2550 "-" "Mozilla/5.0 (Windows; U; Windows NT 6.1; de; rv:1.9.2.8) Gecko/20100722 YFF35 Firefox/3.6.8"
84.189.112.147 - - [01/Mar/2011:21:26:56 +0100] "GET /flashopen.js HTTP/1.1" 200 604 "http://www.zahnarztpraxis-berlin-pankow.de/" "Mozilla/5.0 (Windows; U; Windows NT 6.1; de; rv:1.9.2.8) Gecko/20100722 YFF35 Firefox/3.6.8"
84.189.112.147 - - [01/Mar/2011:21:26:56 +0100] "GET /hattke.swf HTTP/1.1" 200 12042 "http://www.zahnarztpraxis-berlin-pankow.de/" "Mozilla/5.0 (Windows; U; Windows NT 6.1; de; rv:1.9.2.8) Gecko/20100722 YFF35 Firefox/3.6.8"
84.189.112.147 - - [01/Mar/2011:21:26:56 +0100] "GET /diashow.swf HTTP/1.1" 200 311957 "-" "Mozilla/5.0 (Windows; U; Windows NT 6.1; de; rv:1.9.2.8) Gecko/20100722 YFF35 Firefox/3.6.8"
62.89.187.211 - - [01/Mar/2011:22:53:13 +0100] "GET /robots.txt HTTP/1.1" 200 24 "-" "Mozilla/5.0 (compatible; CligooRobot/2.0; +http://www.cligoo.de/wk/technik.php)"
62.89.187.211 - - [01/Mar/2011:22:53:13 +0100] "GET /sitemap.xml HTTP/1.1" 200 796 "-" "Mozilla/5.0 (compatible; CligooRobot/2.0; +http://www.cligoo.de/wk/technik.php)"
62.89.187.211 - - [01/Mar/2011:22:53:13 +0100] "GET / HTTP/1.1" 200 12977 "-" "Mozilla/5.0 (compatible; CligooRobot/2.0; +http://www.cligoo.de/wk/technik.php)"
62.89.187.211 - - [01/Mar/2011:22:53:14 +0100] "GET /callback.html HTTP/1.1" 200 3272 "-" "Mozilla/5.0 (compatible; CligooRobot/2.0; +http://www.cligoo.de/wk/technik.php)"
62.89.187.211 - - [01/Mar/2011:22:53:14 +0100] "GET /callback_ok.html HTTP/1.1" 404 1256 "-" "Mozilla/5.0 (compatible; CligooRobot/2.0; +http://www.cligoo.de/wk/technik.php)"
62.89.187.211 - - [01/Mar/2011:22:53:14 +0100] "GET /intro.html HTTP/1.1" 200 5170 "-" "Mozilla/5.0 (compatible; CligooRobot/2.0; +http://www.cligoo.de/wk/technik.php)"
62.89.187.211 - - [01/Mar/2011:22:53:14 +0100] "GET /teledienst.html HTTP/1.1" 200 4588 "-" "Mozilla/5.0 (compatible; CligooRobot/2.0; +http://www.cligoo.de/wk/technik.php)"
95.108.158.134 - - [01/Mar/2011:23:03:35 +0100] "GET /robots.txt HTTP/1.1" 200 24 "-" "Mozilla/5.0 (compatible; YandexBot/3.0; +http://yandex.com/bots)"
66.249.67.107 - - [02/Mar/2011:02:22:38 +0100] "GET /robots.txt HTTP/1.1" 200 24 "-" "Mozilla/5.0 (compatible; Googlebot/2.1; +http://www.google.com/bot.html)"
66.249.67.107 - - [02/Mar/2011:02:22:39 +0100] "GET /hattke.swf HTTP/1.1" 200 12042 "-" "Mozilla/5.0 (compatible; Googlebot/2.1; +http://www.google.com/bot.html)"
66.249.67.107 - - [02/Mar/2011:06:04:03 +0100] "GET / HTTP/1.1" 200 12977 "-" "Mozilla/5.0 (compatible; Googlebot/2.1; +http://www.google.com/bot.html)"
81.169.145.25 - - [02/Mar/2011:07:44:25 +0100] "GET / HTTP/1.0" 200 12977 "-" "-"
79.194.36.94 - - [02/Mar/2011:10:19:58 +0100] "GET / HTTP/1.1" 200 12977 "http://www.kzv-berlin.de/cms/index.php?file=article&mode=entry&number=23&do=1&newsearch=1" "Mozilla/4.0 (compatible; MSIE 8.0; Windows NT 6.1; WOW64; Trident/4.0; GTB6.6; SLCC2; .NET CLR 2.0.50727; .NET CLR 3.5.30729; .NET CLR 3.0.30729; Media Center PC 6.0; .NET4.0C)"
79.194.36.94 - - [02/Mar/2011:10:19:58 +0100] "GET /opensite.js HTTP/1.1" 200 1125 "http://www.zahnarztpraxis-berlin-pankow.de/" "Mozilla/4.0 (compatible; MSIE 8.0; Windows NT 6.1; WOW64; Trident/4.0; GTB6.6; SLCC2; .NET CLR 2.0.50727; .NET CLR 3.5.30729; .NET CLR 3.0.30729; Media Center PC 6.0; .NET4.0C)"
79.194.36.94 - - [02/Mar/2011:10:19:58 +0100] "GET /flashopen.js HTTP/1.1" 200 604 "http://www.zahnarztpraxis-berlin-pankow.de/" "Mozilla/4.0 (compatible; MSIE 8.0; Windows NT 6.1; WOW64; Trident/4.0; GTB6.6; SLCC2; .NET CLR 2.0.50727; .NET CLR 3.5.30729; .NET CLR 3.0.30729; Media Center PC 6.0; .NET4.0C)"
79.194.36.94 - - [02/Mar/2011:10:19:59 +0100] "GET /hattke.swf HTTP/1.1" 200 12042 "http://www.zahnarztpraxis-berlin-pankow.de/" "Mozilla/4.0 (compatible; MSIE 8.0; Windows NT 6.1; WOW64; Trident/4.0; GTB6.6; SLCC2; .NET CLR 2.0.50727; .NET CLR 3.5.30729; .NET CLR 3.0.30729; Media Center PC 6.0; .NET4.0C)"
79.194.36.94 - - [02/Mar/2011:10:19:59 +0100] "GET /favicon.ico HTTP/1.1" 200 2550 "-" "Mozilla/4.0 (compatible; MSIE 8.0; Windows NT 6.1; WOW64; Trident/4.0; GTB6.6; SLCC2; .NET CLR 2.0.50727; .NET CLR 3.5.30729; .NET CLR 3.0.30729; Media Center PC 6.0; .NET4.0C)"
79.194.36.94 - - [02/Mar/2011:10:19:59 +0100] "GET /diashow.swf HTTP/1.1" 200 311957 "http://www.zahnarztpraxis-berlin-pankow.de/hattke.swf" "Mozilla/4.0 (compatible; MSIE 8.0; Windows NT 6.1; WOW64; Trident/4.0; GTB6.6; SLCC2; .NET CLR 2.0.50727; .NET CLR 3.5.30729; .NET CLR 3.0.30729; Media Center PC 6.0; .NET4.0C)"
88.80.205.116 - - [02/Mar/2011:11:14:14 +0100] "GET /robots.txt HTTP/1.1" 200 24 "-" "Mozilla/4.0 (compatible; MSIE 5.01; Windows NT 5.0)"
88.80.205.116 - - [02/Mar/2011:11:14:14 +0100] "GET / HTTP/1.1" 200 12977 "-" "Mozilla/4.0 (compatible; MSIE 5.01; Windows NT 5.0)"
119.63.196.104 - - [02/Mar/2011:11:15:10 +0100] "GET /robots.txt HTTP/1.1" 200 24 "-" "Baiduspider+(+http://www.baidu.com/search/spider.htm)"
95.108.158.134 - - [02/Mar/2011:12:46:38 +0100] "GET / HTTP/1.1" 200 12977 "-" "Mozilla/5.0 (compatible; YandexBot/3.0; +http://yandex.com/bots)"
80.156.244.86 - - [02/Mar/2011:15:40:23 +0100] "GET / HTTP/1.1" 200 12977 "-" "Mozilla/4.0 (compatible; MSIE 8.0; Windows NT 5.1; Trident/4.0; GTB6.5; .NET CLR 1.1.4322; .NET CLR 2.0.50727; .NET CLR 3.0.04506.30; .NET CLR 3.0.04506.648; .NET CLR 3.0.4506.2152; .NET CLR 3.5.30729)"
80.156.244.86 - - [02/Mar/2011:15:40:23 +0100] "GET /opensite.js HTTP/1.1" 200 1125 "http://www.zahnarztpraxis-berlin-pankow.de/" "Mozilla/4.0 (compatible; MSIE 8.0; Windows NT 5.1; Trident/4.0; GTB6.5; .NET CLR 1.1.4322; .NET CLR 2.0.50727; .NET CLR 3.0.04506.30; .NET CLR 3.0.04506.648; .NET CLR 3.0.4506.2152; .NET CLR 3.5.30729)"
80.156.244.86 - - [02/Mar/2011:15:40:23 +0100] "GET /flashopen.js HTTP/1.1" 200 604 "http://www.zahnarztpraxis-berlin-pankow.de/" "Mozilla/4.0 (compatible; MSIE 8.0; Windows NT 5.1; Trident/4.0; GTB6.5; .NET CLR 1.1.4322; .NET CLR 2.0.50727; .NET CLR 3.0.04506.30; .NET CLR 3.0.04506.648; .NET CLR 3.0.4506.2152; .NET CLR 3.5.30729)"
80.156.244.86 - - [02/Mar/2011:15:40:24 +0100] "GET /hattke.swf HTTP/1.1" 200 12042 "http://www.zahnarztpraxis-berlin-pankow.de/" "Mozilla/4.0 (compatible; MSIE 8.0; Windows NT 5.1; Trident/4.0; GTB6.5; .NET CLR 1.1.4322; .NET CLR 2.0.50727; .NET CLR 3.0.04506.30; .NET CLR 3.0.04506.648; .NET CLR 3.0.4506.2152; .NET CLR 3.5.30729)"
80.156.244.86 - - [02/Mar/2011:15:40:24 +0100] "GET /favicon.ico HTTP/1.1" 200 2550 "-" "Mozilla/4.0 (compatible; MSIE 8.0; Windows NT 5.1; Trident/4.0; GTB6.5; .NET CLR 1.1.4322; .NET CLR 2.0.50727; .NET CLR 3.0.04506.30; .NET CLR 3.0.04506.648; .NET CLR 3.0.4506.2152; .NET CLR 3.5.30729)"
80.156.244.86 - - [02/Mar/2011:15:40:24 +0100] "GET /diashow.swf HTTP/1.1" 200 311957 "http://www.zahnarztpraxis-berlin-pankow.de/hattke.swf" "Mozilla/4.0 (compatible; MSIE 8.0; Windows NT 5.1; Trident/4.0; GTB6.5; .NET CLR 1.1.4322; .NET CLR 2.0.50727; .NET CLR 3.0.04506.30; .NET CLR 3.0.04506.648; .NET CLR 3.0.4506.2152; .NET CLR 3.5.30729)"
66.249.67.107 - - [02/Mar/2011:18:22:08 +0100] "GET / HTTP/1.1" 200 12977 "-" "SAMSUNG-SGH-E250/1.0 Profile/MIDP-2.0 Configuration/CLDC-1.1 UP.Browser/6.2.3.3.c.1.101 (GUI) MMP/2.0 (compatible; Googlebot-Mobile/2.1; +http://www.google.com/bot.html)"
66.249.67.107 - - [02/Mar/2011:18:25:52 +0100] "GET /opensite.js HTTP/1.1" 200 1125 "-" "Mozilla/5.0 (compatible; Googlebot/2.1; +http://www.google.com/bot.html)"
66.249.67.107 - - [02/Mar/2011:18:34:01 +0100] "GET / HTTP/1.1" 200 12977 "-" "DoCoMo/2.0 N905i(c100;TB;W24H16) (compatible; Googlebot-Mobile/2.1; +http://www.google.com/bot.html)"
67.195.114.215 - - [02/Mar/2011:21:03:58 +0100] "GET /robots.txt HTTP/1.0" 200 24 "-" "Mozilla/5.0 (compatible; Yahoo! Slurp; http://help.yahoo.com/help/us/ysearch/slurp)"
67.195.114.215 - - [02/Mar/2011:21:03:59 +0100] "GET / HTTP/1.0" 200 12977 "-" "Mozilla/5.0 (compatible; Yahoo! Slurp; http://help.yahoo.com/help/us/ysearch/slurp)"
50.16.118.85 - - [03/Mar/2011:00:55:55 +0100] "GET / HTTP/1.0" 200 12977 "-" "Mozilla/5.0 (compatible; NetcraftSurveyAgent/1.0; +info@netcraft.com)"
188.40.89.86 - - [03/Mar/2011:04:53:43 +0100] "GET / HTTP/1.0" 200 12977 "-" "-"
64.121.56.246 - - [03/Mar/2011:06:22:25 +0100] "HEAD / HTTP/1.1" 200 - "-" "Mozilla/4.0 (compatible; MSIE 6.0; Windows NT 5.1; .NET CLR 1.1.4322)"
78.46.101.179 - - [03/Mar/2011:09:01:15 +0100] "GET / HTTP/1.1" 200 12977 "-" "Opera/9.80 (X11; Linux x86_64; U; de) Presto/2.2.15 Version/10.10"
78.46.101.179 - - [03/Mar/2011:09:01:16 +0100] "GET /hattke.swf HTTP/1.0" 200 12042 "-" "Wget/1.11.4"
78.46.101.179 - - [03/Mar/2011:09:01:16 +0100] "GET /index.htm HTTP/1.1" 404 1256 "-" "Opera/9.80 (X11; Linux x86_64; U; de) Presto/2.2.15 Version/10.10"
78.46.101.179 - - [03/Mar/2011:09:01:17 +0100] "GET /index1.htm HTTP/1.1" 404 1256 "-" "Opera/9.80 (X11; Linux x86_64; U; de) Presto/2.2.15 Version/10.10"
84.185.246.199 - - [03/Mar/2011:09:01:18 +0100] "GET / HTTP/1.1" 200 12977 "-" "Mozilla/5.0 (X11; U; Linux i686; de; rv:1.9.2.10) Gecko/20100914 SUSE/3.6.10-0.3.1 Firefox/3.6.10"
78.46.101.179 - - [03/Mar/2011:09:01:18 +0100] "GET /index.html HTTP/1.1" 200 12977 "-" "Opera/9.80 (X11; Linux x86_64; U; de) Presto/2.2.15 Version/10.10"
78.46.101.179 - - [03/Mar/2011:09:01:18 +0100] "GET /index1.html HTTP/1.1" 404 1256 "-" "Opera/9.80 (X11; Linux x86_64; U; de) Presto/2.2.15 Version/10.10"
78.46.101.179 - - [03/Mar/2011:09:01:19 +0100] "GET /index.php HTTP/1.1" 404 1256 "-" "Opera/9.80 (X11; Linux x86_64; U; de) Presto/2.2.15 Version/10.10"
84.185.246.199 - - [03/Mar/2011:09:01:20 +0100] "GET /hattke.swf HTTP/1.0" 200 12042 "-" "Wget/1.11.4"
78.46.101.179 - - [03/Mar/2011:09:01:20 +0100] "GET /index1.php HTTP/1.1" 404 1256 "-" "Opera/9.80 (X11; Linux x86_64; U; de) Presto/2.2.15 Version/10.10"
84.185.246.199 - - [03/Mar/2011:09:01:21 +0100] "GET /index.htm HTTP/1.1" 404 1256 "-" "Mozilla/5.0 (X11; U; Linux i686; de; rv:1.9.2.10) Gecko/20100914 SUSE/3.6.10-0.3.1 Firefox/3.6.10"
78.46.101.179 - - [03/Mar/2011:09:01:21 +0100] "GET /index2.htm HTTP/1.1" 404 1256 "-" "Opera/9.80 (X11; Linux x86_64; U; de) Presto/2.2.15 Version/10.10"
84.185.246.199 - - [03/Mar/2011:09:01:22 +0100] "GET /index1.htm HTTP/1.1" 404 1256 "-" "Mozilla/5.0 (X11; U; Linux i686; de; rv:1.9.2.10) Gecko/20100914 SUSE/3.6.10-0.3.1 Firefox/3.6.10"
84.185.246.199 - - [03/Mar/2011:09:01:23 +0100] "GET /index.html HTTP/1.1" 200 12977 "-" "Mozilla/5.0 (X11; U; Linux i686; de; rv:1.9.2.10) Gecko/20100914 SUSE/3.6.10-0.3.1 Firefox/3.6.10"
84.185.246.199 - - [03/Mar/2011:09:01:23 +0100] "GET /index1.html HTTP/1.1" 404 1256 "-" "Mozilla/5.0 (X11; U; Linux i686; de; rv:1.9.2.10) Gecko/20100914 SUSE/3.6.10-0.3.1 Firefox/3.6.10"
84.185.246.199 - - [03/Mar/2011:09:01:25 +0100] "GET /index.php HTTP/1.1" 404 1256 "-" "Mozilla/5.0 (X11; U; Linux i686; de; rv:1.9.2.10) Gecko/20100914 SUSE/3.6.10-0.3.1 Firefox/3.6.10"
78.46.101.179 - - [03/Mar/2011:09:01:25 +0100] "GET /index2.html HTTP/1.1" 404 1256 "-" "Opera/9.80 (X11; Linux x86_64; U; de) Presto/2.2.15 Version/10.10"
84.185.246.199 - - [03/Mar/2011:09:01:26 +0100] "GET /index1.php HTTP/1.1" 404 1256 "-" "Mozilla/5.0 (X11; U; Linux i686; de; rv:1.9.2.10) Gecko/20100914 SUSE/3.6.10-0.3.1 Firefox/3.6.10"
78.46.101.179 - - [03/Mar/2011:09:01:26 +0100] "GET /index2.php HTTP/1.1" 404 1256 "-" "Opera/9.80 (X11; Linux x86_64; U; de) Presto/2.2.15 Version/10.10"
84.185.246.199 - - [03/Mar/2011:09:01:27 +0100] "GET /index2.htm HTTP/1.1" 404 1256 "-" "Mozilla/5.0 (X11; U; Linux i686; de; rv:1.9.2.10) Gecko/20100914 SUSE/3.6.10-0.3.1 Firefox/3.6.10"
78.46.101.179 - - [03/Mar/2011:09:01:27 +0100] "GET /index_frame.php HTTP/1.1" 404 1256 "-" "Opera/9.80 (X11; Linux x86_64; U; de) Presto/2.2.15 Version/10.10"
78.46.101.179 - - [03/Mar/2011:09:01:28 +0100] "GET /impressum.htm HTTP/1.1" 404 1256 "-" "Opera/9.80 (X11; Linux x86_64; U; de) Presto/2.2.15 Version/10.10"
84.185.246.199 - - [03/Mar/2011:09:01:28 +0100] "GET /index2.html HTTP/1.1" 404 1256 "-" "Mozilla/5.0 (X11; U; Linux i686; de; rv:1.9.2.10) Gecko/20100914 SUSE/3.6.10-0.3.1 Firefox/3.6.10"
78.46.101.179 - - [03/Mar/2011:09:01:29 +0100] "GET /impressum.html HTTP/1.1" 404 1256 "-" "Opera/9.80 (X11; Linux x86_64; U; de) Presto/2.2.15 Version/10.10"
84.185.246.199 - - [03/Mar/2011:09:01:29 +0100] "GET /index2.php HTTP/1.1" 404 1256 "-" "Mozilla/5.0 (X11; U; Linux i686; de; rv:1.9.2.10) Gecko/20100914 SUSE/3.6.10-0.3.1 Firefox/3.6.10"
78.46.101.179 - - [03/Mar/2011:09:01:30 +0100] "GET /impressum_d.html HTTP/1.1" 404 1256 "-" "Opera/9.80 (X11; Linux x86_64; U; de) Presto/2.2.15 Version/10.10"
84.185.246.199 - - [03/Mar/2011:09:01:31 +0100] "GET /index_frame.php HTTP/1.1" 404 1256 "-" "Mozilla/5.0 (X11; U; Linux i686; de; rv:1.9.2.10) Gecko/20100914 SUSE/3.6.10-0.3.1 Firefox/3.6.10"
78.46.101.179 - - [03/Mar/2011:09:01:31 +0100] "GET /impressum.php HTTP/1.1" 404 1256 "-" "Opera/9.80 (X11; Linux x86_64; U; de) Presto/2.2.15 Version/10.10"
84.185.246.199 - - [03/Mar/2011:09:01:32 +0100] "GET /impressum.htm HTTP/1.1" 404 1256 "-" "Mozilla/5.0 (X11; U; Linux i686; de; rv:1.9.2.10) Gecko/20100914 SUSE/3.6.10-0.3.1 Firefox/3.6.10"
78.46.101.179 - - [03/Mar/2011:09:01:33 +0100] "GET /imp.htm HTTP/1.1" 404 1256 "-" "Opera/9.80 (X11; Linux x86_64; U; de) Presto/2.2.15 Version/10.10"
84.185.246.199 - - [03/Mar/2011:09:01:33 +0100] "GET /impressum.html HTTP/1.1" 404 1256 "-" "Mozilla/5.0 (X11; U; Linux i686; de; rv:1.9.2.10) Gecko/20100914 SUSE/3.6.10-0.3.1 Firefox/3.6.10"
78.46.101.179 - - [03/Mar/2011:09:01:34 +0100] "GET /imp.html HTTP/1.1" 404 1256 "-" "Opera/9.80 (X11; Linux x86_64; U; de) Presto/2.2.15 Version/10.10"
84.185.246.199 - - [03/Mar/2011:09:01:34 +0100] "GET /impressum_d.html HTTP/1.1" 404 1256 "-" "Mozilla/5.0 (X11; U; Linux i686; de; rv:1.9.2.10) Gecko/20100914 SUSE/3.6.10-0.3.1 Firefox/3.6.10"
78.46.101.179 - - [03/Mar/2011:09:01:35 +0100] "GET /imp.php HTTP/1.1" 404 1256 "-" "Opera/9.80 (X11; Linux x86_64; U; de) Presto/2.2.15 Version/10.10"
84.185.246.199 - - [03/Mar/2011:09:01:36 +0100] "GET /impressum.php HTTP/1.1" 404 1256 "-" "Mozilla/5.0 (X11; U; Linux i686; de; rv:1.9.2.10) Gecko/20100914 SUSE/3.6.10-0.3.1 Firefox/3.6.10"
78.46.101.179 - - [03/Mar/2011:09:01:36 +0100] "GET /impr.jsf HTTP/1.1" 404 1256 "-" "Opera/9.80 (X11; Linux x86_64; U; de) Presto/2.2.15 Version/10.10"
78.46.101.179 - - [03/Mar/2011:09:01:37 +0100] "GET /default.asp HTTP/1.1" 404 1256 "-" "Opera/9.80 (X11; Linux x86_64; U; de) Presto/2.2.15 Version/10.10"
84.185.246.199 - - [03/Mar/2011:09:01:37 +0100] "GET /imp.htm HTTP/1.1" 404 1256 "-" "Mozilla/5.0 (X11; U; Linux i686; de; rv:1.9.2.10) Gecko/20100914 SUSE/3.6.10-0.3.1 Firefox/3.6.10"
84.185.246.199 - - [03/Mar/2011:09:01:38 +0100] "GET /imp.html HTTP/1.1" 404 1256 "-" "Mozilla/5.0 (X11; U; Linux i686; de; rv:1.9.2.10) Gecko/20100914 SUSE/3.6.10-0.3.1 Firefox/3.6.10"
84.185.246.199 - - [03/Mar/2011:09:01:39 +0100] "GET /imp.php HTTP/1.1" 404 1256 "-" "Mozilla/5.0 (X11; U; Linux i686; de; rv:1.9.2.10) Gecko/20100914 SUSE/3.6.10-0.3.1 Firefox/3.6.10"
84.185.246.199 - - [03/Mar/2011:09:01:40 +0100] "GET /impr.jsf HTTP/1.1" 404 1256 "-" "Mozilla/5.0 (X11; U; Linux i686; de; rv:1.9.2.10) Gecko/20100914 SUSE/3.6.10-0.3.1 Firefox/3.6.10"
84.185.246.199 - - [03/Mar/2011:09:01:42 +0100] "GET /default.asp HTTP/1.1" 404 1256 "-" "Mozilla/5.0 (X11; U; Linux i686; de; rv:1.9.2.10) Gecko/20100914 SUSE/3.6.10-0.3.1 Firefox/3.6.10"
78.46.101.179 - - [03/Mar/2011:09:01:42 +0100] "GET /default.aspx HTTP/1.1" 404 1256 "-" "Opera/9.80 (X11; Linux x86_64; U; de) Presto/2.2.15 Version/10.10"
84.185.246.199 - - [03/Mar/2011:09:01:43 +0100] "GET /default.aspx HTTP/1.1" 404 1256 "-" "Mozilla/5.0 (X11; U; Linux i686; de; rv:1.9.2.10) Gecko/20100914 SUSE/3.6.10-0.3.1 Firefox/3.6.10"
78.46.101.179 - - [03/Mar/2011:09:01:43 +0100] "GET /default1.asp HTTP/1.1" 404 1256 "-" "Opera/9.80 (X11; Linux x86_64; U; de) Presto/2.2.15 Version/10.10"
78.46.101.179 - - [03/Mar/2011:09:01:44 +0100] "GET /default1.aspx HTTP/1.1" 404 1256 "-" "Opera/9.80 (X11; Linux x86_64; U; de) Presto/2.2.15 Version/10.10"
84.185.246.199 - - [03/Mar/2011:09:01:44 +0100] "GET /default1.asp HTTP/1.1" 404 1256 "-" "Mozilla/5.0 (X11; U; Linux i686; de; rv:1.9.2.10) Gecko/20100914 SUSE/3.6.10-0.3.1 Firefox/3.6.10"
78.46.101.179 - - [03/Mar/2011:09:01:45 +0100] "GET /default2.asp HTTP/1.1" 404 1256 "-" "Opera/9.80 (X11; Linux x86_64; U; de) Presto/2.2.15 Version/10.10"
84.185.246.199 - - [03/Mar/2011:09:01:45 +0100] "GET /default1.aspx HTTP/1.1" 404 1256 "-" "Mozilla/5.0 (X11; U; Linux i686; de; rv:1.9.2.10) Gecko/20100914 SUSE/3.6.10-0.3.1 Firefox/3.6.10"
78.46.101.179 - - [03/Mar/2011:09:01:46 +0100] "GET /default2.aspx HTTP/1.1" 404 1256 "-" "Opera/9.80 (X11; Linux x86_64; U; de) Presto/2.2.15 Version/10.10"
84.185.246.199 - - [03/Mar/2011:09:01:47 +0100] "GET /default2.asp HTTP/1.1" 404 1256 "-" "Mozilla/5.0 (X11; U; Linux i686; de; rv:1.9.2.10) Gecko/20100914 SUSE/3.6.10-0.3.1 Firefox/3.6.10"
78.46.101.179 - - [03/Mar/2011:09:01:47 +0100] "GET /impressum.asp HTTP/1.1" 404 1256 "-" "Opera/9.80 (X11; Linux x86_64; U; de) Presto/2.2.15 Version/10.10"
84.185.246.199 - - [03/Mar/2011:09:01:48 +0100] "GET /default2.aspx HTTP/1.1" 404 1256 "-" "Mozilla/5.0 (X11; U; Linux i686; de; rv:1.9.2.10) Gecko/20100914 SUSE/3.6.10-0.3.1 Firefox/3.6.10"
78.46.101.179 - - [03/Mar/2011:09:01:48 +0100] "GET /impressum.aspx HTTP/1.1" 404 1256 "-" "Opera/9.80 (X11; Linux x86_64; U; de) Presto/2.2.15 Version/10.10"
84.185.246.199 - - [03/Mar/2011:09:01:49 +0100] "GET /impressum.asp HTTP/1.1" 404 1256 "-" "Mozilla/5.0 (X11; U; Linux i686; de; rv:1.9.2.10) Gecko/20100914 SUSE/3.6.10-0.3.1 Firefox/3.6.10"
78.46.101.179 - - [03/Mar/2011:09:01:49 +0100] "GET /home HTTP/1.1" 404 1256 "-" "Opera/9.80 (X11; Linux x86_64; U; de) Presto/2.2.15 Version/10.10"
84.185.246.199 - - [03/Mar/2011:09:01:50 +0100] "GET /impressum.aspx HTTP/1.1" 404 1256 "-" "Mozilla/5.0 (X11; U; Linux i686; de; rv:1.9.2.10) Gecko/20100914 SUSE/3.6.10-0.3.1 Firefox/3.6.10"
78.46.101.179 - - [03/Mar/2011:09:01:50 +0100] "GET /impressum HTTP/1.1" 404 1256 "-" "Opera/9.80 (X11; Linux x86_64; U; de) Presto/2.2.15 Version/10.10"
84.185.246.199 - - [03/Mar/2011:09:01:51 +0100] "GET /home HTTP/1.1" 404 1256 "-" "Mozilla/5.0 (X11; U; Linux i686; de; rv:1.9.2.10) Gecko/20100914 SUSE/3.6.10-0.3.1 Firefox/3.6.10"
78.46.101.179 - - [03/Mar/2011:09:01:51 +0100] "GET /kontakt HTTP/1.1" 404 1256 "-" "Opera/9.80 (X11; Linux x86_64; U; de) Presto/2.2.15 Version/10.10"
84.185.246.199 - - [03/Mar/2011:09:01:52 +0100] "GET /impressum HTTP/1.1" 404 1256 "-" "Mozilla/5.0 (X11; U; Linux i686; de; rv:1.9.2.10) Gecko/20100914 SUSE/3.6.10-0.3.1 Firefox/3.6.10"
84.185.246.199 - - [03/Mar/2011:09:01:54 +0100] "GET /kontakt HTTP/1.1" 404 1256 "-" "Mozilla/5.0 (X11; U; Linux i686; de; rv:1.9.2.10) Gecko/20100914 SUSE/3.6.10-0.3.1 Firefox/3.6.10"
78.46.101.179 - - [03/Mar/2011:09:01:54 +0100] "GET /kontakt/impressum/ HTTP/1.1" 404 1256 "-" "Opera/9.80 (X11; Linux x86_64; U; de) Presto/2.2.15 Version/10.10"
84.185.246.199 - - [03/Mar/2011:09:01:55 +0100] "GET /kontakt/impressum/ HTTP/1.1" 404 1256 "-" "Mozilla/5.0 (X11; U; Linux i686; de; rv:1.9.2.10) Gecko/20100914 SUSE/3.6.10-0.3.1 Firefox/3.6.10"
78.46.101.179 - - [03/Mar/2011:09:01:55 +0100] "GET /page/impressum/ HTTP/1.1" 404 1256 "-" "Opera/9.80 (X11; Linux x86_64; U; de) Presto/2.2.15 Version/10.10"
84.185.246.199 - - [03/Mar/2011:09:01:56 +0100] "GET /page/impressum/ HTTP/1.1" 404 1256 "-" "Mozilla/5.0 (X11; U; Linux i686; de; rv:1.9.2.10) Gecko/20100914 SUSE/3.6.10-0.3.1 Firefox/3.6.10"
78.46.101.179 - - [03/Mar/2011:09:01:56 +0100] "GET /kontakt.htm HTTP/1.1" 404 1256 "-" "Opera/9.80 (X11; Linux x86_64; U; de) Presto/2.2.15 Version/10.10"
84.185.246.199 - - [03/Mar/2011:09:01:57 +0100] "GET /kontakt.htm HTTP/1.1" 404 1256 "-" "Mozilla/5.0 (X11; U; Linux i686; de; rv:1.9.2.10) Gecko/20100914 SUSE/3.6.10-0.3.1 Firefox/3.6.10"
78.46.101.179 - - [03/Mar/2011:09:01:57 +0100] "GET /kontakt.html HTTP/1.1" 404 1256 "-" "Opera/9.80 (X11; Linux x86_64; U; de) Presto/2.2.15 Version/10.10"
84.185.246.199 - - [03/Mar/2011:09:01:58 +0100] "GET /kontakt.html HTTP/1.1" 404 1256 "-" "Mozilla/5.0 (X11; U; Linux i686; de; rv:1.9.2.10) Gecko/20100914 SUSE/3.6.10-0.3.1 Firefox/3.6.10"
78.46.101.179 - - [03/Mar/2011:09:01:59 +0100] "GET /kontakt.php HTTP/1.1" 404 1256 "-" "Opera/9.80 (X11; Linux x86_64; U; de) Presto/2.2.15 Version/10.10"
78.46.101.179 - - [03/Mar/2011:09:02:00 +0100] "GET /about.html HTTP/1.1" 404 1256 "-" "Opera/9.80 (X11; Linux x86_64; U; de) Presto/2.2.15 Version/10.10"
84.185.246.199 - - [03/Mar/2011:09:02:00 +0100] "GET /kontakt.php HTTP/1.1" 404 1256 "-" "Mozilla/5.0 (X11; U; Linux i686; de; rv:1.9.2.10) Gecko/20100914 SUSE/3.6.10-0.3.1 Firefox/3.6.10"
78.46.101.179 - - [03/Mar/2011:09:02:01 +0100] "GET /about.htm HTTP/1.1" 404 1256 "-" "Opera/9.80 (X11; Linux x86_64; U; de) Presto/2.2.15 Version/10.10"
84.185.246.199 - - [03/Mar/2011:09:02:01 +0100] "GET /about.html HTTP/1.1" 404 1256 "-" "Mozilla/5.0 (X11; U; Linux i686; de; rv:1.9.2.10) Gecko/20100914 SUSE/3.6.10-0.3.1 Firefox/3.6.10"
78.46.101.179 - - [03/Mar/2011:09:02:02 +0100] "GET /feedback.htm HTTP/1.1" 404 1256 "-" "Opera/9.80 (X11; Linux x86_64; U; de) Presto/2.2.15 Version/10.10"
84.185.246.199 - - [03/Mar/2011:09:02:02 +0100] "GET /about.htm HTTP/1.1" 404 1256 "-" "Mozilla/5.0 (X11; U; Linux i686; de; rv:1.9.2.10) Gecko/20100914 SUSE/3.6.10-0.3.1 Firefox/3.6.10"
78.46.101.179 - - [03/Mar/2011:09:02:03 +0100] "GET /feedback.html HTTP/1.1" 404 1256 "-" "Opera/9.80 (X11; Linux x86_64; U; de) Presto/2.2.15 Version/10.10"
84.185.246.199 - - [03/Mar/2011:09:02:03 +0100] "GET /feedback.htm HTTP/1.1" 404 1256 "-" "Mozilla/5.0 (X11; U; Linux i686; de; rv:1.9.2.10) Gecko/20100914 SUSE/3.6.10-0.3.1 Firefox/3.6.10"
78.46.101.179 - - [03/Mar/2011:09:02:04 +0100] "GET /haupt.html HTTP/1.1" 404 1256 "-" "Opera/9.80 (X11; Linux x86_64; U; de) Presto/2.2.15 Version/10.10"
84.185.246.199 - - [03/Mar/2011:09:02:05 +0100] "GET /feedback.html HTTP/1.1" 404 1256 "-" "Mozilla/5.0 (X11; U; Linux i686; de; rv:1.9.2.10) Gecko/20100914 SUSE/3.6.10-0.3.1 Firefox/3.6.10"
78.46.101.179 - - [03/Mar/2011:09:02:05 +0100] "GET /sprechzeiten.html HTTP/1.1" 404 1256 "-" "Opera/9.80 (X11; Linux x86_64; U; de) Presto/2.2.15 Version/10.10"
84.185.246.199 - - [03/Mar/2011:09:02:06 +0100] "GET /haupt.html HTTP/1.1" 404 1256 "-" "Mozilla/5.0 (X11; U; Linux i686; de; rv:1.9.2.10) Gecko/20100914 SUSE/3.6.10-0.3.1 Firefox/3.6.10"
78.46.101.179 - - [03/Mar/2011:09:02:06 +0100] "GET /sprechzeiten.htm HTTP/1.1" 404 1256 "-" "Opera/9.80 (X11; Linux x86_64; U; de) Presto/2.2.15 Version/10.10"
84.185.246.199 - - [03/Mar/2011:09:02:07 +0100] "GET /sprechzeiten.html HTTP/1.1" 404 1256 "-" "Mozilla/5.0 (X11; U; Linux i686; de; rv:1.9.2.10) Gecko/20100914 SUSE/3.6.10-0.3.1 Firefox/3.6.10"
78.46.101.179 - - [03/Mar/2011:09:02:07 +0100] "GET /ImPrint.aspx HTTP/1.1" 404 1256 "-" "Opera/9.80 (X11; Linux x86_64; U; de) Presto/2.2.15 Version/10.10"
84.185.246.199 - - [03/Mar/2011:09:02:08 +0100] "GET /sprechzeiten.htm HTTP/1.1" 404 1256 "-" "Mozilla/5.0 (X11; U; Linux i686; de; rv:1.9.2.10) Gecko/20100914 SUSE/3.6.10-0.3.1 Firefox/3.6.10"
78.46.101.179 - - [03/Mar/2011:09:02:08 +0100] "GET /home.html HTTP/1.1" 404 1256 "-" "Opera/9.80 (X11; Linux x86_64; U; de) Presto/2.2.15 Version/10.10"
84.185.246.199 - - [03/Mar/2011:09:02:09 +0100] "GET /ImPrint.aspx HTTP/1.1" 404 1256 "-" "Mozilla/5.0 (X11; U; Linux i686; de; rv:1.9.2.10) Gecko/20100914 SUSE/3.6.10-0.3.1 Firefox/3.6.10"
78.46.101.179 - - [03/Mar/2011:09:02:09 +0100] "GET /home.htm HTTP/1.1" 404 1256 "-" "Opera/9.80 (X11; Linux x86_64; U; de) Presto/2.2.15 Version/10.10"
78.46.101.179 - - [03/Mar/2011:09:02:10 +0100] "GET /home.jsf HTTP/1.1" 404 1256 "-" "Opera/9.80 (X11; Linux x86_64; U; de) Presto/2.2.15 Version/10.10"
84.185.246.199 - - [03/Mar/2011:09:02:10 +0100] "GET /home.html HTTP/1.1" 404 1256 "-" "Mozilla/5.0 (X11; U; Linux i686; de; rv:1.9.2.10) Gecko/20100914 SUSE/3.6.10-0.3.1 Firefox/3.6.10"
78.46.101.179 - - [03/Mar/2011:09:02:12 +0100] "GET /home.asp HTTP/1.1" 404 1256 "-" "Opera/9.80 (X11; Linux x86_64; U; de) Presto/2.2.15 Version/10.10"
84.185.246.199 - - [03/Mar/2011:09:02:12 +0100] "GET /home.htm HTTP/1.1" 404 1256 "-" "Mozilla/5.0 (X11; U; Linux i686; de; rv:1.9.2.10) Gecko/20100914 SUSE/3.6.10-0.3.1 Firefox/3.6.10"
78.46.101.179 - - [03/Mar/2011:09:02:13 +0100] "GET /home.aspx HTTP/1.1" 404 1256 "-" "Opera/9.80 (X11; Linux x86_64; U; de) Presto/2.2.15 Version/10.10"
84.185.246.199 - - [03/Mar/2011:09:02:13 +0100] "GET /home.jsf HTTP/1.1" 404 1256 "-" "Mozilla/5.0 (X11; U; Linux i686; de; rv:1.9.2.10) Gecko/20100914 SUSE/3.6.10-0.3.1 Firefox/3.6.10"
78.46.101.179 - - [03/Mar/2011:09:02:14 +0100] "GET /home.php HTTP/1.1" 404 1256 "-" "Opera/9.80 (X11; Linux x86_64; U; de) Presto/2.2.15 Version/10.10"
84.185.246.199 - - [03/Mar/2011:09:02:14 +0100] "GET /home.asp HTTP/1.1" 404 1256 "-" "Mozilla/5.0 (X11; U; Linux i686; de; rv:1.9.2.10) Gecko/20100914 SUSE/3.6.10-0.3.1 Firefox/3.6.10"
78.46.101.179 - - [03/Mar/2011:09:02:15 +0100] "GET /prod.jsf HTTP/1.1" 404 1256 "-" "Opera/9.80 (X11; Linux x86_64; U; de) Presto/2.2.15 Version/10.10"
84.185.246.199 - - [03/Mar/2011:09:02:15 +0100] "GET /home.aspx HTTP/1.1" 404 1256 "-" "Mozilla/5.0 (X11; U; Linux i686; de; rv:1.9.2.10) Gecko/20100914 SUSE/3.6.10-0.3.1 Firefox/3.6.10"
78.46.101.179 - - [03/Mar/2011:09:02:16 +0100] "GET /ueb.jsf HTTP/1.1" 404 1256 "-" "Opera/9.80 (X11; Linux x86_64; U; de) Presto/2.2.15 Version/10.10"
84.185.246.199 - - [03/Mar/2011:09:02:17 +0100] "GET /home.php HTTP/1.1" 404 1256 "-" "Mozilla/5.0 (X11; U; Linux i686; de; rv:1.9.2.10) Gecko/20100914 SUSE/3.6.10-0.3.1 Firefox/3.6.10"
78.46.101.179 - - [03/Mar/2011:09:02:17 +0100] "GET /teledienst.html HTTP/1.1" 200 4588 "-" "Opera/9.80 (X11; Linux x86_64; U; de) Presto/2.2.15 Version/10.10"
78.46.101.179 - - [03/Mar/2011:09:02:17 +0100] "GET /index.html HTTP/1.1" 200 12977 "-" "Opera/9.80 (X11; Linux i686; U; de) Presto/2.6.30 Version/10.63"
78.46.101.179 - - [03/Mar/2011:09:02:17 +0100] "GET /hattke.swf HTTP/1.0" 200 12042 "-" "Wget/1.11.4"
84.185.246.199 - - [03/Mar/2011:09:02:18 +0100] "GET /prod.jsf HTTP/1.1" 404 1256 "-" "Mozilla/5.0 (X11; U; Linux i686; de; rv:1.9.2.10) Gecko/20100914 SUSE/3.6.10-0.3.1 Firefox/3.6.10"
84.185.246.199 - - [03/Mar/2011:09:02:19 +0100] "GET /ueb.jsf HTTP/1.1" 404 1256 "-" "Mozilla/5.0 (X11; U; Linux i686; de; rv:1.9.2.10) Gecko/20100914 SUSE/3.6.10-0.3.1 Firefox/3.6.10"
84.185.246.199 - - [03/Mar/2011:09:02:20 +0100] "GET /teledienst.html HTTP/1.1" 200 4588 "-" "Opera/9.80 (X11; Linux i686; U; de) Presto/2.6.30 Version/10.63"
84.185.246.199 - - [03/Mar/2011:09:02:21 +0100] "GET /index.html HTTP/1.1" 200 12977 "-" "Opera/9.80 (X11; Linux i686; U; de) Presto/2.7.62 Version/11.00"
84.185.246.199 - - [03/Mar/2011:09:02:22 +0100] "GET /hattke.swf HTTP/1.0" 200 12042 "-" "Wget/1.11.4"
66.249.72.250 - - [03/Mar/2011:09:51:24 +0100] "GET /robots.txt HTTP/1.1" 200 24 "-" "Mozilla/5.0 (compatible; Googlebot/2.1; +http://www.google.com/bot.html)"
66.249.72.250 - - [03/Mar/2011:09:51:24 +0100] "GET /callback.html HTTP/1.1" 200 3272 "-" "Mozilla/5.0 (compatible; Googlebot/2.1; +http://www.google.com/bot.html)"
195.145.29.227 - - [03/Mar/2011:11:07:39 +0100] "GET / HTTP/1.0" 304 - "-" "Mozilla/4.0 (compatible; MSIE 6.0; Windows NT 5.1; SV1)"
195.145.29.227 - - [03/Mar/2011:11:07:39 +0100] "GET /opensite.js HTTP/1.0" 304 - "http://www.zahnarztpraxis-berlin-pankow.de" "Mozilla/4.0 (compatible; MSIE 6.0; Windows NT 5.1; SV1)"
195.145.29.227 - - [03/Mar/2011:11:07:39 +0100] "GET /flashopen.js HTTP/1.0" 304 - "http://www.zahnarztpraxis-berlin-pankow.de" "Mozilla/4.0 (compatible; MSIE 6.0; Windows NT 5.1; SV1)"
195.145.29.227 - - [03/Mar/2011:11:07:40 +0100] "GET /hattke.swf HTTP/1.0" 304 - "http://www.zahnarztpraxis-berlin-pankow.de/" "Mozilla/4.0 (compatible; MSIE 6.0; Windows NT 5.1; SV1)"
195.145.29.227 - - [03/Mar/2011:11:07:40 +0100] "GET /diashow.swf HTTP/1.0" 304 - "http://www.zahnarztpraxis-berlin-pankow.de/hattke.swf" "Mozilla/4.0 (compatible; MSIE 6.0; Windows NT 5.1; SV1)"
89.247.38.167 - - [03/Mar/2011:11:16:38 +0100] "GET / HTTP/1.1" 200 12977 "-" "Mozilla/5.0 (Macintosh; U; Intel Mac OS X 10.6; de; rv:1.9.2.13) Gecko/20101203 Firefox/3.6.13"
89.247.38.167 - - [03/Mar/2011:11:16:38 +0100] "GET /opensite.js HTTP/1.1" 200 1125 "http://www.zahnarztpraxis-berlin-pankow.de/" "Mozilla/5.0 (Macintosh; U; Intel Mac OS X 10.6; de; rv:1.9.2.13) Gecko/20101203 Firefox/3.6.13"
89.247.38.167 - - [03/Mar/2011:11:16:38 +0100] "GET /favicon.ico HTTP/1.1" 200 2550 "-" "Mozilla/5.0 (Macintosh; U; Intel Mac OS X 10.6; de; rv:1.9.2.13) Gecko/20101203 Firefox/3.6.13"
89.247.38.167 - - [03/Mar/2011:11:16:38 +0100] "GET /flashopen.js HTTP/1.1" 200 604 "http://www.zahnarztpraxis-berlin-pankow.de/" "Mozilla/5.0 (Macintosh; U; Intel Mac OS X 10.6; de; rv:1.9.2.13) Gecko/20101203 Firefox/3.6.13"
89.247.38.167 - - [03/Mar/2011:11:16:38 +0100] "GET /hattke.swf HTTP/1.1" 200 12042 "http://www.zahnarztpraxis-berlin-pankow.de/" "Mozilla/5.0 (Macintosh; U; Intel Mac OS X 10.6; de; rv:1.9.2.13) Gecko/20101203 Firefox/3.6.13"
89.247.38.167 - - [03/Mar/2011:11:16:38 +0100] "GET /diashow.swf HTTP/1.1" 200 311957 "-" "Mozilla/5.0 (Macintosh; U; Intel Mac OS X 10.6; de; rv:1.9.2.13) Gecko/20101203 Firefox/3.6.13"
119.63.196.27 - - [03/Mar/2011:12:15:33 +0100] "GET /robots.txt HTTP/1.1" 200 24 "-" "Baiduspider+(+http://www.baidu.com/search/spider.htm)"
204.236.226.210 - - [03/Mar/2011:14:33:12 +0100] "GET /robots.txt HTTP/1.0" 200 24 "-" "ia_archiver (+http://www.alexa.com/site/help/webmasters; crawler@alexa.com)"
204.236.226.210 - - [03/Mar/2011:14:33:12 +0100] "GET / HTTP/1.0" 200 12977 "-" "ia_archiver (+http://www.alexa.com/site/help/webmasters; crawler@alexa.com)"
91.64.195.75 - - [03/Mar/2011:15:23:11 +0100] "GET / HTTP/1.1" 200 12977 "http://www.prodentum.de/zahnarzt/suche.php?ort1=13437&gesendet=Suchen" "Mozilla/5.0 (Windows; U; Windows NT 6.0; de; rv:1.9.2.14) Gecko/20110218 (webde/1.7.2) Firefox/3.6.14 (.NET CLR 2.0.50727; .NET CLR 3.5.30729; .NET CLR 3.0.30729; .NET4.0C) tb-webde/1.5.1"
91.64.195.75 - - [03/Mar/2011:15:23:11 +0100] "GET /opensite.js HTTP/1.1" 200 1125 "http://www.zahnarztpraxis-berlin-pankow.de/" "Mozilla/5.0 (Windows; U; Windows NT 6.0; de; rv:1.9.2.14) Gecko/20110218 (webde/1.7.2) Firefox/3.6.14 (.NET CLR 2.0.50727; .NET CLR 3.5.30729; .NET CLR 3.0.30729; .NET4.0C) tb-webde/1.5.1"
91.64.195.75 - - [03/Mar/2011:15:23:11 +0100] "GET /favicon.ico HTTP/1.1" 200 2550 "-" "Mozilla/5.0 (Windows; U; Windows NT 6.0; de; rv:1.9.2.14) Gecko/20110218 (webde/1.7.2) Firefox/3.6.14 (.NET CLR 2.0.50727; .NET CLR 3.5.30729; .NET CLR 3.0.30729; .NET4.0C) tb-webde/1.5.1"
91.64.195.75 - - [03/Mar/2011:15:23:11 +0100] "GET /flashopen.js HTTP/1.1" 200 604 "http://www.zahnarztpraxis-berlin-pankow.de/" "Mozilla/5.0 (Windows; U; Windows NT 6.0; de; rv:1.9.2.14) Gecko/20110218 (webde/1.7.2) Firefox/3.6.14 (.NET CLR 2.0.50727; .NET CLR 3.5.30729; .NET CLR 3.0.30729; .NET4.0C) tb-webde/1.5.1"
91.64.195.75 - - [03/Mar/2011:15:23:12 +0100] "GET /hattke.swf HTTP/1.1" 200 12042 "http://www.zahnarztpraxis-berlin-pankow.de/" "Mozilla/5.0 (Windows; U; Windows NT 6.0; de; rv:1.9.2.14) Gecko/20110218 (webde/1.7.2) Firefox/3.6.14 (.NET CLR 2.0.50727; .NET CLR 3.5.30729; .NET CLR 3.0.30729; .NET4.0C) tb-webde/1.5.1"
91.64.195.75 - - [03/Mar/2011:15:23:12 +0100] "GET /diashow.swf HTTP/1.1" 200 311957 "-" "Mozilla/5.0 (Windows; U; Windows NT 6.0; de; rv:1.9.2.14) Gecko/20110218 (webde/1.7.2) Firefox/3.6.14 (.NET CLR 2.0.50727; .NET CLR 3.5.30729; .NET CLR 3.0.30729; .NET4.0C) tb-webde/1.5.1"
83.133.125.202 - - [03/Mar/2011:17:43:16 +0100] "GET / HTTP/1.1" 200 12977 "http://www.bigfinder.de/" "Mozilla/5.0 (Windows; U; Windows NT 6.0; en-US) AppleWebKit/533.4 (KHTML, like Gecko) Chrome/5.0.375.126 Safari/533.4"
188.40.111.72 - - [03/Mar/2011:18:45:28 +0100] "GET /robots.txt HTTP/1.0" 200 24 "-" "Mozilla/4.0 (compatible; MSIE 8.0; Windows NT 5.1; Trident/4.0; .NET CLR 1.1.4322; .NET CLR 2.0.50727; .NET CLR 3.0.4506.2152; .NET CLR 3.5.30729)"
83.133.125.202 - - [03/Mar/2011:19:16:01 +0100] "GET / HTTP/1.1" 200 12977 "http://www.bigfinder.de/" "Mozilla/4.0 (compatible; MSIE 8.0; Windows NT 5.1; Trident/4.0; FBSMTWB; ATC/1.0; .NET CLR 1.1.4322; ATC/1.0; .NET CLR 2.0.50727; .NET CLR 3.0.4506.2152; .NET CLR 3.5.30729)"
83.133.125.202 - - [03/Mar/2011:21:06:47 +0100] "GET / HTTP/1.1" 200 12977 "http://www.bigfinder.de/" "Mozilla/4.0 (compatible; MSIE 8.0; Windows NT 6.0; Trident/4.0; GTB0.0; SLCC1; .NET CLR 2.0.50727; Media Center PC 5.0; .NET CLR 3.5.30729; .NET CLR 3.0.30729; .NET4.0C)"
94.134.192.219 - - [04/Mar/2011:08:57:38 +0100] "GET / HTTP/1.1" 200 12977 "http://www.med-kolleg.de/arzt/zahnarzt/10460.html" "Mozilla/4.0 (compatible; MSIE 8.0; Windows NT 5.1; Trident/4.0)"
94.134.192.219 - - [04/Mar/2011:08:57:38 +0100] "GET /flashopen.js HTTP/1.1" 200 604 "http://www.zahnarztpraxis-berlin-pankow.de/" "Mozilla/4.0 (compatible; MSIE 8.0; Windows NT 5.1; Trident/4.0)"
94.134.192.219 - - [04/Mar/2011:08:57:38 +0100] "GET /opensite.js HTTP/1.1" 200 1125 "http://www.zahnarztpraxis-berlin-pankow.de/" "Mozilla/4.0 (compatible; MSIE 8.0; Windows NT 5.1; Trident/4.0)"
94.134.192.219 - - [04/Mar/2011:08:57:39 +0100] "GET /favicon.ico HTTP/1.1" 200 2550 "-" "Mozilla/4.0 (compatible; MSIE 8.0; Windows NT 5.1; Trident/4.0)"
94.134.192.219 - - [04/Mar/2011:08:57:39 +0100] "GET /hattke.swf HTTP/1.1" 200 12042 "http://www.zahnarztpraxis-berlin-pankow.de/" "Mozilla/4.0 (compatible; MSIE 8.0; Windows NT 5.1; Trident/4.0)"
94.134.192.219 - - [04/Mar/2011:08:57:39 +0100] "GET /diashow.swf HTTP/1.1" 200 311957 "http://www.zahnarztpraxis-berlin-pankow.de/hattke.swf" "Mozilla/4.0 (compatible; MSIE 8.0; Windows NT 5.1; Trident/4.0)"
94.134.192.219 - - [04/Mar/2011:09:14:36 +0100] "GET / HTTP/1.1" 304 - "http://www.med-kolleg.de/arzt/zahnarzt/10460.html" "Mozilla/4.0 (compatible; MSIE 8.0; Windows NT 5.1; Trident/4.0)"
94.134.192.219 - - [04/Mar/2011:09:14:36 +0100] "GET /opensite.js HTTP/1.1" 304 - "http://www.zahnarztpraxis-berlin-pankow.de/" "Mozilla/4.0 (compatible; MSIE 8.0; Windows NT 5.1; Trident/4.0)"
94.134.192.219 - - [04/Mar/2011:09:14:36 +0100] "GET /flashopen.js HTTP/1.1" 304 - "http://www.zahnarztpraxis-berlin-pankow.de/" "Mozilla/4.0 (compatible; MSIE 8.0; Windows NT 5.1; Trident/4.0)"
94.134.192.219 - - [04/Mar/2011:09:14:36 +0100] "GET /hattke.swf HTTP/1.1" 304 - "http://www.zahnarztpraxis-berlin-pankow.de/" "Mozilla/4.0 (compatible; MSIE 8.0; Windows NT 5.1; Trident/4.0)"
94.134.192.219 - - [04/Mar/2011:09:14:37 +0100] "GET /diashow.swf HTTP/1.1" 304 - "http://www.zahnarztpraxis-berlin-pankow.de/hattke.swf" "Mozilla/4.0 (compatible; MSIE 8.0; Windows NT 5.1; Trident/4.0)"
94.134.192.219 - - [04/Mar/2011:09:19:05 +0100] "GET /teledienst.html HTTP/1.1" 200 4588 "-" "Mozilla/4.0 (compatible; MSIE 8.0; Windows NT 5.1; Trident/4.0)"
94.134.192.219 - - [04/Mar/2011:09:19:05 +0100] "GET /opensite.js HTTP/1.1" 304 - "http://www.zahnarztpraxis-berlin-pankow.de/teledienst.html" "Mozilla/4.0 (compatible; MSIE 8.0; Windows NT 5.1; Trident/4.0)"
62.156.187.249 - - [04/Mar/2011:09:57:16 +0100] "GET / HTTP/1.1" 200 12977 "-" "ZLC (robot)"
66.249.72.250 - - [04/Mar/2011:10:29:49 +0100] "GET /robots.txt HTTP/1.1" 200 24 "-" "Mozilla/5.0 (compatible; Googlebot/2.1; +http://www.google.com/bot.html)"
66.249.72.250 - - [04/Mar/2011:10:29:49 +0100] "GET / HTTP/1.1" 304 - "-" "Mozilla/5.0 (compatible; Googlebot/2.1; +http://www.google.com/bot.html)"
66.249.72.250 - - [04/Mar/2011:10:52:21 +0100] "GET /robots.txt HTTP/1.1" 200 24 "-" "Mozilla/5.0 (compatible; Googlebot/2.1; +http://www.google.com/bot.html)"
66.249.72.250 - - [04/Mar/2011:10:52:21 +0100] "GET / HTTP/1.1" 304 - "-" "Mozilla/5.0 (compatible; Googlebot/2.1; +http://www.google.com/bot.html)"
66.235.124.17 - - [04/Mar/2011:10:57:37 +0100] "GET /robots.txt HTTP/1.1" 200 24 "-" "Mozilla/5.0 (compatible; Ask Jeeves/Teoma; +http://about.ask.com/en/docs/about/webmasters.shtml)"
66.235.124.17 - - [04/Mar/2011:10:57:37 +0100] "GET / HTTP/1.1" 200 12977 "-" "Mozilla/5.0 (compatible; Ask Jeeves/Teoma; +http://about.ask.com/en/docs/about/webmasters.shtml)"
66.249.72.250 - - [04/Mar/2011:11:16:29 +0100] "GET /intro.html HTTP/1.1" 304 - "-" "Mozilla/5.0 (compatible; Googlebot/2.1; +http://www.google.com/bot.html)"
66.249.72.250 - - [04/Mar/2011:11:40:00 +0100] "GET /intro.html HTTP/1.1" 304 - "-" "Mozilla/5.0 (compatible; Googlebot/2.1; +http://www.google.com/bot.html)"
119.63.196.105 - - [04/Mar/2011:11:55:06 +0100] "GET /robots.txt HTTP/1.1" 200 24 "-" "Baiduspider+(+http://www.baidu.com/search/spider.htm)"
123.125.71.110 - - [04/Mar/2011:12:52:04 +0100] "GET / HTTP/1.1" 200 12977 "-" "Baiduspider+(+http://www.baidu.com/search/spider.htm)"
68.227.56.141 - - [04/Mar/2011:14:14:02 +0100] "GET /robots.txt HTTP/1.1" 200 24 "-" "Mozilla/5.0 (compatible; 008/0.83; http://www.80legs.com/webcrawler.html;) Gecko/2008032620"
68.227.56.141 - - [04/Mar/2011:14:14:03 +0100] "GET / HTTP/1.1" 200 12977 "-" "Mozilla/5.0 (compatible; 008/0.83; http://www.80legs.com/webcrawler.html) Gecko/2008032620"
95.108.158.134 - - [04/Mar/2011:22:22:54 +0100] "GET /robots.txt HTTP/1.1" 200 24 "-" "Mozilla/5.0 (compatible; YandexBot/3.0; +http://yandex.com/bots)"
84.15.53.243 - - [04/Mar/2011:23:40:25 +0100] "GET /hattke.swf HTTP/1.1" 200 12042 "-" "Mozilla/4.0 (compatible; MSIE 7.0; Windows NT 6.1; Win64; x64; Trident/4.0; .NET CLR 2.0.50727; SLCC2; .NET4.0C; .NET4.0E; .NET CLR 3.5.30729; .NET CLR 3.0.30729)"
64.246.165.150 - - [05/Mar/2011:02:27:03 +0100] "GET /robots.txt HTTP/1.0" 200 24 "-" "Mozilla/5.0 (Windows; U; Windows NT 5.1; en; rv:1.9.0.13) Gecko/2009073022 Firefox/3.5.2 (.NET CLR 3.5.30729) SurveyBot/2.3 (DomainTools)"
64.246.165.150 - - [05/Mar/2011:02:27:03 +0100] "GET / HTTP/1.1" 200 12977 "http://whois.domaintools.com/zahnarztpraxis-berlin-pankow.de" "Mozilla/5.0 (Windows; U; Windows NT 5.1; en; rv:1.9.0.13) Gecko/2009073022 Firefox/3.5.2 (.NET CLR 3.5.30729) SurveyBot/2.3 (DomainTools)"
95.108.158.134 - - [05/Mar/2011:08:16:06 +0100] "GET /teledienst.html HTTP/1.1" 200 4588 "-" "Mozilla/5.0 (compatible; YandexBot/3.0; +http://yandex.com/bots)"
178.63.46.161 - - [05/Mar/2011:13:06:43 +0100] "GET /robots.txt HTTP/1.1" 200 24 "-" "Cityreview Robot (+http://www.cityreview.org/crawler/)"
178.63.46.161 - - [05/Mar/2011:13:06:43 +0100] "GET / HTTP/1.1" 200 12977 "-" "Cityreview Robot (+http://www.cityreview.org/crawler/)"
178.63.46.161 - - [05/Mar/2011:13:06:43 +0100] "GET /teledienst.html HTTP/1.1" 200 4588 "-" "Cityreview Robot (+http://www.cityreview.org/crawler/)"
123.125.71.51 - - [05/Mar/2011:15:02:53 +0100] "GET /robots.txt HTTP/1.1" 200 24 "-" "Baiduspider+(+http://www.baidu.com/search/spider.htm)"
85.178.71.205 - - [05/Mar/2011:15:05:00 +0100] "GET / HTTP/1.1" 200 12977 "http://www.kzv-berlin.de/cms/index.php?file=article&mode=entry&number=23&do=1&geschlecht=W&searchcount=1437&treffer=100&pages=15&query=1+AND+geschlecht%3D%27W%27&actpage=5" "Mozilla/5.0 (Windows; U; Windows NT 5.1; de; rv:1.9.2.14) Gecko/20110218 Firefox/3.6.14"
85.178.71.205 - - [05/Mar/2011:15:05:00 +0100] "GET /opensite.js HTTP/1.1" 200 1125 "http://www.zahnarztpraxis-berlin-pankow.de/" "Mozilla/5.0 (Windows; U; Windows NT 5.1; de; rv:1.9.2.14) Gecko/20110218 Firefox/3.6.14"
85.178.71.205 - - [05/Mar/2011:15:05:00 +0100] "GET /favicon.ico HTTP/1.1" 200 2550 "-" "Mozilla/5.0 (Windows; U; Windows NT 5.1; de; rv:1.9.2.14) Gecko/20110218 Firefox/3.6.14"
85.178.71.205 - - [05/Mar/2011:15:05:00 +0100] "GET /flashopen.js HTTP/1.1" 200 604 "http://www.zahnarztpraxis-berlin-pankow.de/" "Mozilla/5.0 (Windows; U; Windows NT 5.1; de; rv:1.9.2.14) Gecko/20110218 Firefox/3.6.14"
85.178.71.205 - - [05/Mar/2011:15:05:00 +0100] "GET /hattke.swf HTTP/1.1" 200 12042 "http://www.zahnarztpraxis-berlin-pankow.de/" "Mozilla/5.0 (Windows; U; Windows NT 5.1; de; rv:1.9.2.14) Gecko/20110218 Firefox/3.6.14"
85.178.71.205 - - [05/Mar/2011:15:05:00 +0100] "GET /diashow.swf HTTP/1.1" 200 311957 "-" "Mozilla/5.0 (Windows; U; Windows NT 5.1; de; rv:1.9.2.14) Gecko/20110218 Firefox/3.6.14"
66.249.72.250 - - [05/Mar/2011:16:12:28 +0100] "GET /robots.txt HTTP/1.1" 200 24 "-" "Mozilla/5.0 (compatible; Googlebot/2.1; +http://www.google.com/bot.html)"
66.249.72.250 - - [05/Mar/2011:16:12:28 +0100] "GET /callback.html HTTP/1.1" 200 3272 "-" "Mozilla/5.0 (compatible; Googlebot/2.1; +http://www.google.com/bot.html)"
123.125.71.104 - - [05/Mar/2011:16:13:24 +0100] "GET / HTTP/1.1" 200 12977 "-" "Baiduspider+(+http://www.baidu.com/search/spider.htm)"
66.249.72.250 - - [06/Mar/2011:01:52:06 +0100] "GET /plan.swf HTTP/1.1" 200 27838 "-" "Mozilla/5.0 (compatible; Googlebot/2.1; +http://www.google.com/bot.html)"
65.52.110.68 - - [06/Mar/2011:03:13:10 +0100] "GET /robots.txt HTTP/1.1" 200 24 "-" "Mozilla/5.0 (compatible; bingbot/2.0; +http://www.bing.com/bingbot.htm)"
65.52.110.68 - - [06/Mar/2011:03:14:09 +0100] "GET /hattke.swf HTTP/1.1" 200 12042 "-" "Mozilla/5.0 (compatible; bingbot/2.0; +http://www.bing.com/bingbot.htm)"
65.52.110.68 - - [06/Mar/2011:03:14:09 +0100] "GET /intro.html HTTP/1.1" 200 5170 "-" "Mozilla/5.0 (compatible; bingbot/2.0; +http://www.bing.com/bingbot.htm)"
83.133.125.202 - - [06/Mar/2011:11:34:53 +0100] "GET / HTTP/1.1" 200 12977 "http://www.bigfinder.de/" "Mozilla/4.0 (compatible; MSIE 8.0; Windows NT 6.1; Trident/4.0; SLCC2; .NET CLR 2.0.50727; .NET CLR 3.5.30729; .NET CLR 3.0.30729; Media Center PC 6.0)"
119.63.196.31 - - [06/Mar/2011:12:02:29 +0100] "GET /robots.txt HTTP/1.1" 200 24 "-" "Baiduspider+(+http://www.baidu.com/search/spider.htm)"
66.235.124.17 - - [06/Mar/2011:16:54:35 +0100] "GET /robots.txt HTTP/1.1" 200 24 "-" "Mozilla/5.0 (compatible; Ask Jeeves/Teoma; +http://about.ask.com/en/docs/about/webmasters.shtml)"
66.235.124.17 - - [06/Mar/2011:16:54:35 +0100] "GET / HTTP/1.1" 200 12977 "-" "Mozilla/5.0 (compatible; Ask Jeeves/Teoma; +http://about.ask.com/en/docs/about/webmasters.shtml)"
123.125.71.105 - - [06/Mar/2011:18:33:30 +0100] "GET / HTTP/1.1" 200 12977 "-" "Baiduspider+(+http://www.baidu.com/search/spider.htm)"
67.16.94.2 - - [06/Mar/2011:20:52:41 +0100] "GET /robots.txt HTTP/1.0" 200 24 "-" "Gigabot/3.0 (http://www.gigablast.com/spider.html)"
67.16.94.2 - - [06/Mar/2011:20:52:41 +0100] "GET / HTTP/1.0" 200 12977 "-" "Gigabot/3.0 (http://www.gigablast.com/spider.html)"
123.125.71.35 - - [07/Mar/2011:07:43:07 +0100] "GET /robots.txt HTTP/1.1" 200 24 "-" "Baiduspider+(+http://www.baidu.com/search/spider.htm)"
119.63.196.122 - - [07/Mar/2011:11:34:24 +0100] "GET /robots.txt HTTP/1.1" 200 24 "-" "Baiduspider+(+http://www.baidu.com/search/spider.htm)"
62.153.245.26 - - [07/Mar/2011:12:42:39 +0100] "GET / HTTP/1.1" 200 12977 "http://www.bing.com/search?q=zahnarzt+hattke+berlin&src=IE-SearchBox" "Mozilla/4.0 (compatible; MSIE 7.0; Windows NT 5.1; .NET CLR 1.1.4322; .NET CLR 2.0.50727; .NET CLR 3.0.04506.30; .NET CLR 3.0.4506.2152; .NET CLR 3.5.30729)"
62.153.245.26 - - [07/Mar/2011:12:42:40 +0100] "GET /opensite.js HTTP/1.1" 200 1125 "http://www.zahnarztpraxis-berlin-pankow.de/" "Mozilla/4.0 (compatible; MSIE 7.0; Windows NT 5.1; .NET CLR 1.1.4322; .NET CLR 2.0.50727; .NET CLR 3.0.04506.30; .NET CLR 3.0.4506.2152; .NET CLR 3.5.30729)"
62.153.245.26 - - [07/Mar/2011:12:42:41 +0100] "GET /flashopen.js HTTP/1.1" 200 604 "http://www.zahnarztpraxis-berlin-pankow.de/" "Mozilla/4.0 (compatible; MSIE 7.0; Windows NT 5.1; .NET CLR 1.1.4322; .NET CLR 2.0.50727; .NET CLR 3.0.04506.30; .NET CLR 3.0.4506.2152; .NET CLR 3.5.30729)"
62.153.245.26 - - [07/Mar/2011:12:42:43 +0100] "GET /hattke.swf HTTP/1.1" 200 12042 "http://www.zahnarztpraxis-berlin-pankow.de/" "Mozilla/4.0 (compatible; MSIE 7.0; Windows NT 5.1; .NET CLR 1.1.4322; .NET CLR 2.0.50727; .NET CLR 3.0.04506.30; .NET CLR 3.0.4506.2152; .NET CLR 3.5.30729)"
62.153.245.26 - - [07/Mar/2011:12:42:44 +0100] "GET /favicon.ico HTTP/1.1" 200 2550 "-" "Mozilla/4.0 (compatible; MSIE 7.0; Windows NT 5.1; .NET CLR 1.1.4322; .NET CLR 2.0.50727; .NET CLR 3.0.04506.30; .NET CLR 3.0.4506.2152; .NET CLR 3.5.30729)"
62.153.245.26 - - [07/Mar/2011:12:42:44 +0100] "GET /diashow.swf HTTP/1.1" 200 311957 "http://www.zahnarztpraxis-berlin-pankow.de/hattke.swf" "Mozilla/4.0 (compatible; MSIE 7.0; Windows NT 5.1; .NET CLR 1.1.4322; .NET CLR 2.0.50727; .NET CLR 3.0.04506.30; .NET CLR 3.0.4506.2152; .NET CLR 3.5.30729)"
94.134.207.143 - - [07/Mar/2011:12:48:25 +0100] "GET / HTTP/1.1" 304 - "http://www.med-kolleg.de/arzt/zahnarzt/10460.html" "Mozilla/4.0 (compatible; MSIE 8.0; Windows NT 5.1; Trident/4.0)"
94.134.207.143 - - [07/Mar/2011:12:48:25 +0100] "GET /opensite.js HTTP/1.1" 304 - "http://www.zahnarztpraxis-berlin-pankow.de/" "Mozilla/4.0 (compatible; MSIE 8.0; Windows NT 5.1; Trident/4.0)"
94.134.207.143 - - [07/Mar/2011:12:48:25 +0100] "GET /flashopen.js HTTP/1.1" 200 604 "http://www.zahnarztpraxis-berlin-pankow.de/" "Mozilla/4.0 (compatible; MSIE 8.0; Windows NT 5.1; Trident/4.0)"
94.134.207.143 - - [07/Mar/2011:12:48:26 +0100] "GET /favicon.ico HTTP/1.1" 200 2550 "-" "Mozilla/4.0 (compatible; MSIE 8.0; Windows NT 5.1; Trident/4.0)"
94.134.207.143 - - [07/Mar/2011:12:48:26 +0100] "GET /hattke.swf HTTP/1.1" 304 - "http://www.zahnarztpraxis-berlin-pankow.de/" "Mozilla/4.0 (compatible; MSIE 8.0; Windows NT 5.1; Trident/4.0)"
94.134.207.143 - - [07/Mar/2011:12:48:26 +0100] "GET /diashow.swf HTTP/1.1" 304 - "http://www.zahnarztpraxis-berlin-pankow.de/hattke.swf" "Mozilla/4.0 (compatible; MSIE 8.0; Windows NT 5.1; Trident/4.0)"
