178.63.44.23 - - [01/Sep/2011:01:24:58 +0200] "GET /robots.txt HTTP/1.0" 200 24 "-" "Mozilla/5.0 (compatible; MJ12bot/v1.4.0; http://www.majestic12.co.uk/bot.php?+)"
178.63.44.23 - - [01/Sep/2011:01:24:59 +0200] "GET / HTTP/1.0" 200 12977 "-" "Mozilla/5.0 (compatible; MJ12bot/v1.4.0; http://www.majestic12.co.uk/bot.php?+)"
70.166.22.210 - - [01/Sep/2011:02:50:45 +0200] "GET / HTTP/1.1" 200 12977 "http://www.ubound.info/Top/World/Deutsch/Regional/Europa/Deutschland/Berlin/Gesundheit/Praxen/Zahn%c3%a4rzte%2c_Kieferchirurgen_und_-orthop%c3%a4den" "Mozilla/5.0 (compatible; MSIE 9.0; Windows NT 6.1; Trident/5.0)"
86.111.221.246 - - [01/Sep/2011:06:57:14 +0200] "GET / HTTP/1.1" 200 12977 "-" "Opera/9.80"
88.198.69.242 - - [01/Sep/2011:07:47:34 +0200] "GET / HTTP/1.1" 200 12977 "-" "Mozilla/5.0 (Windows NT 5.1) AppleWebKit/535.1 (KHTML, like Gecko) Chrome/13.0.782.107 Safari/535.1"
207.46.13.95 - - [01/Sep/2011:10:12:03 +0200] "GET /robots.txt HTTP/1.1" 200 24 "-" "Mozilla/5.0 (compatible; bingbot/2.0; +http://www.bing.com/bingbot.htm)"
207.46.13.95 - - [01/Sep/2011:10:13:00 +0200] "GET / HTTP/1.1" 304 - "-" "Mozilla/5.0 (compatible; bingbot/2.0; +http://www.bing.com/bingbot.htm)"
194.153.113.7 - - [01/Sep/2011:11:47:40 +0200] "GET / HTTP/1.1" 200 12977 "-" "Mozilla/5.0 (compatible; oBot/2.3.1; +http://filterdb.iss.net/crawler/)"
119.63.196.115 - - [01/Sep/2011:15:26:40 +0200] "GET /robots.txt HTTP/1.1" 200 24 "-" "Baiduspider+(+http://www.baidu.com/search/spider.htm)"
91.64.28.60 - - [01/Sep/2011:18:23:18 +0200] "GET / HTTP/1.1" 200 12977 "http://www.google.de/search?client=firefox-a&rls=org.mozilla%3Ade%3Aofficial&channel=s&hl=de&source=hp&biw=1024&bih=430&q=Dres.+Roumiana+%26+Reyk+Hattke&btnG=Google-Suche" "Mozilla/5.0 (Windows NT 6.1; rv:6.0) Gecko/20100101 Firefox/6.0"
91.64.28.60 - - [01/Sep/2011:18:23:18 +0200] "GET /opensite.js HTTP/1.1" 200 1125 "http://www.zahnarztpraxis-berlin-pankow.de/" "Mozilla/5.0 (Windows NT 6.1; rv:6.0) Gecko/20100101 Firefox/6.0"
91.64.28.60 - - [01/Sep/2011:18:23:18 +0200] "GET /favicon.ico HTTP/1.1" 200 2550 "-" "Mozilla/5.0 (Windows NT 6.1; rv:6.0) Gecko/20100101 Firefox/6.0"
91.64.28.60 - - [01/Sep/2011:18:23:18 +0200] "GET /flashopen.js HTTP/1.1" 200 604 "http://www.zahnarztpraxis-berlin-pankow.de/" "Mozilla/5.0 (Windows NT 6.1; rv:6.0) Gecko/20100101 Firefox/6.0"
91.64.28.60 - - [01/Sep/2011:18:23:19 +0200] "GET /hattke.swf HTTP/1.1" 200 12042 "http://www.zahnarztpraxis-berlin-pankow.de/" "Mozilla/5.0 (Windows NT 6.1; rv:6.0) Gecko/20100101 Firefox/6.0"
91.64.28.60 - - [01/Sep/2011:18:23:20 +0200] "GET /diashow.swf HTTP/1.1" 200 311957 "-" "Mozilla/5.0 (Windows NT 6.1; rv:6.0) Gecko/20100101 Firefox/6.0"
208.113.98.156 - - [01/Sep/2011:20:58:33 +0200] "GET /robots.txt HTTP/1.1" 200 24 "-" "FlightDeckReportsBot/2.0 (http://www.flightdeckreports.com/pages/bot)"
208.113.98.156 - - [01/Sep/2011:20:58:33 +0200] "GET / HTTP/1.1" 200 12977 "-" "FlightDeckReportsBot/2.0 (http://www.flightdeckreports.com/pages/bot)"
208.113.98.155 - - [01/Sep/2011:22:26:47 +0200] "GET /robots.txt HTTP/1.1" 200 24 "-" "FlightDeckReportsBot/2.0 (http://www.flightdeckreports.com/pages/bot)"
208.113.98.155 - - [01/Sep/2011:22:26:47 +0200] "GET / HTTP/1.1" 200 12977 "-" "FlightDeckReportsBot/2.0 (http://www.flightdeckreports.com/pages/bot)"
119.63.196.24 - - [02/Sep/2011:00:57:23 +0200] "GET /robots.txt HTTP/1.1" 200 24 "-" "Baiduspider+(+http://www.baidu.com/search/spider.htm)"
70.166.22.210 - - [02/Sep/2011:10:01:42 +0200] "GET / HTTP/1.1" 200 12977 "http://www.ubound.info/Top/World/Deutsch/Regional/Europa/Deutschland/Berlin/Gesundheit/Praxen/Zahn%c3%a4rzte%2c_Kieferchirurgen_und_-orthop%c3%a4den" "Mozilla/5.0 (compatible; MSIE 9.0; Windows NT 6.1; Trident/5.0)"
79.125.38.93 - - [02/Sep/2011:12:24:36 +0200] "GET / HTTP/1.1" 200 12977 "-" "Mozilla/5.0 (Windows NT 6.1; WOW64; rv:6.0) Gecko/20100101 Firefox/6.0"
79.125.38.93 - - [02/Sep/2011:12:24:37 +0200] "GET / HTTP/1.0" 200 12977 "-" "-"
82.165.37.69 - - [02/Sep/2011:12:54:13 +0200] "GET / HTTP/1.0" 200 12977 "http://werbung-public-relations.18x24.com/?roboto.html/" "Mozilla/5.0 (compatible; IPTCBOT;"
79.226.53.217 - - [02/Sep/2011:14:15:01 +0200] "GET / HTTP/1.1" 200 12977 "http://www.google.de/search?q=Reyk%09Hattke&ie=utf-8&oe=utf-8&aq=t&rls=org.mozilla:de:official&client=firefox-a" "Mozilla/5.0 (Windows NT 5.1; rv:6.0.1) Gecko/20100101 Firefox/6.0.1"
79.226.53.217 - - [02/Sep/2011:14:15:01 +0200] "GET /opensite.js HTTP/1.1" 200 1125 "http://www.zahnarztpraxis-berlin-pankow.de/" "Mozilla/5.0 (Windows NT 5.1; rv:6.0.1) Gecko/20100101 Firefox/6.0.1"
79.226.53.217 - - [02/Sep/2011:14:15:01 +0200] "GET /favicon.ico HTTP/1.1" 200 2550 "-" "Mozilla/5.0 (Windows NT 5.1; rv:6.0.1) Gecko/20100101 Firefox/6.0.1"
79.226.53.217 - - [02/Sep/2011:14:15:01 +0200] "GET /flashopen.js HTTP/1.1" 200 604 "http://www.zahnarztpraxis-berlin-pankow.de/" "Mozilla/5.0 (Windows NT 5.1; rv:6.0.1) Gecko/20100101 Firefox/6.0.1"
79.226.53.217 - - [02/Sep/2011:14:15:02 +0200] "GET /hattke.swf HTTP/1.1" 200 12042 "http://www.zahnarztpraxis-berlin-pankow.de/" "Mozilla/5.0 (Windows NT 5.1; rv:6.0.1) Gecko/20100101 Firefox/6.0.1"
79.226.53.217 - - [02/Sep/2011:14:15:02 +0200] "GET /diashow.swf HTTP/1.1" 200 311957 "-" "Mozilla/5.0 (Windows NT 5.1; rv:6.0.1) Gecko/20100101 Firefox/6.0.1"
64.246.165.170 - - [02/Sep/2011:14:35:38 +0200] "GET /robots.txt HTTP/1.0" 200 24 "-" "Mozilla/5.0 (Windows; U; Windows NT 5.1; en; rv:1.9.0.13) Gecko/2009073022 Firefox/3.5.2 (.NET CLR 3.5.30729) SurveyBot/2.3 (DomainTools)"
64.246.165.170 - - [02/Sep/2011:14:35:39 +0200] "GET / HTTP/1.1" 200 12977 "http://whois.domaintools.com/zahnarztpraxis-berlin-pankow.de" "Mozilla/5.0 (Windows; U; Windows NT 5.1; en; rv:1.9.0.13) Gecko/2009073022 Firefox/3.5.2 (.NET CLR 3.5.30729) SurveyBot/2.3 (DomainTools)"
213.186.122.3 - - [02/Sep/2011:22:17:35 +0200] "GET /robots.txt HTTP/1.1" 200 24 "-" "Mozilla/5.0 (compatible; AhrefsBot/1.0; +http://ahrefs.com/robot/)"
213.186.122.3 - - [02/Sep/2011:22:17:37 +0200] "GET / HTTP/1.1" 200 12977 "-" "Mozilla/5.0 (compatible; AhrefsBot/1.0; +http://ahrefs.com/robot/)"
95.108.151.244 - - [02/Sep/2011:23:04:49 +0200] "GET /robots.txt HTTP/1.1" 200 24 "-" "Mozilla/5.0 (compatible; YandexBot/3.0; +http://yandex.com/bots)"
95.108.151.244 - - [02/Sep/2011:23:04:50 +0200] "GET / HTTP/1.1" 200 12977 "-" "Mozilla/5.0 (compatible; YandexBot/3.0; +http://yandex.com/bots)"
95.108.151.244 - - [02/Sep/2011:23:04:51 +0200] "GET / HTTP/1.1" 200 12977 "-" "Mozilla/5.0 (compatible; YandexBot/3.0; +http://yandex.com/bots)"
62.204.207.48 - - [03/Sep/2011:01:04:57 +0200] "GET / HTTP/1.1" 200 12977 "-" "Mozilla/5.0 (X11; U; Linux i686; en-US; rv:1.9.1.8) Gecko/20100214 Ubuntu/9.10 (karmic) Firefox/3.5.8"
95.108.158.134 - - [03/Sep/2011:02:29:18 +0200] "GET /robots.txt HTTP/1.1" 200 24 "-" "Mozilla/5.0 (compatible; YandexBot/3.0; +http://yandex.com/bots)"
66.249.66.183 - - [03/Sep/2011:07:13:00 +0200] "GET /robots.txt HTTP/1.1" 200 24 "-" "Mozilla/5.0 (compatible; Googlebot/2.1; +http://www.google.com/bot.html)"
66.249.72.244 - - [03/Sep/2011:07:13:00 +0200] "GET / HTTP/1.1" 200 12977 "-" "DoCoMo/2.0 N905i(c100;TB;W24H16) (compatible; Googlebot-Mobile/2.1; +http://www.google.com/bot.html)"
66.249.66.183 - - [03/Sep/2011:09:23:03 +0200] "GET / HTTP/1.1" 200 12977 "-" "SAMSUNG-SGH-E250/1.0 Profile/MIDP-2.0 Configuration/CLDC-1.1 UP.Browser/6.2.3.3.c.1.101 (GUI) MMP/2.0 (compatible; Googlebot-Mobile/2.1; +http://www.google.com/bot.html)"
95.108.158.134 - - [03/Sep/2011:10:36:34 +0200] "GET / HTTP/1.1" 200 12977 "-" "Mozilla/5.0 (compatible; YandexBot/3.0; +http://yandex.com/bots)"
119.63.196.87 - - [03/Sep/2011:11:41:37 +0200] "GET /robots.txt HTTP/1.1" 200 24 "-" "Baiduspider+(+http://www.baidu.com/search/spider.htm)"
70.166.22.210 - - [03/Sep/2011:14:26:04 +0200] "GET / HTTP/1.1" 200 12977 "http://www.ubound.info/Top/World/Deutsch/Regional/Europa/Deutschland/Berlin/Gesundheit/Praxen/Zahn%c3%a4rzte%2c_Kieferchirurgen_und_-orthop%c3%a4den" "Mozilla/5.0 (compatible; MSIE 9.0; Windows NT 6.1; Trident/5.0)"
46.137.56.119 - - [03/Sep/2011:15:52:24 +0200] "HEAD / HTTP/1.1" 200 - "-" "Mozilla/5.0 (Windows NT 6.1; WOW64; rv:6.0.1) Gecko/20100101 Firefox/6.0.1"
46.137.56.119 - - [03/Sep/2011:15:52:25 +0200] "HEAD / HTTP/1.1" 200 - "-" "SEOstats 2.0.7 code.google.com/p/seostats/"
180.76.5.159 - - [03/Sep/2011:17:29:12 +0200] "GET /robots.txt HTTP/1.1" 200 24 "-" "Baiduspider+(+http://www.baidu.com/search/spider.htm)"
91.205.96.13 - - [03/Sep/2011:18:00:38 +0200] "GET /robots.txt HTTP/1.1" 200 24 "-" "Mozilla/5.0 (compatible; Purebot/1.1; +http://www.puritysearch.net/)"
91.205.96.13 - - [03/Sep/2011:18:00:40 +0200] "GET / HTTP/1.1" 200 12977 "-" "Mozilla/5.0 (compatible; Purebot/1.1; +http://www.puritysearch.net/)"
91.205.96.13 - - [03/Sep/2011:18:00:43 +0200] "GET / HTTP/1.1" 200 12977 "-" "Mozilla/5.0 (compatible; Purebot/1.1; +http://www.puritysearch.net/)"
91.205.96.13 - - [03/Sep/2011:18:00:46 +0200] "GET /teledienst.html HTTP/1.1" 200 4588 "-" "Mozilla/5.0 (compatible; Purebot/1.1; +http://www.puritysearch.net/)"
180.76.5.62 - - [03/Sep/2011:21:58:15 +0200] "GET /robots.txt HTTP/1.1" 200 24 "-" "Baiduspider+(+http://www.baidu.com/search/spider.htm)"
82.130.21.47 - - [04/Sep/2011:02:15:11 +0200] "GET /robots.txt HTTP/1.0" 200 24 "-" "Mozilla/5.0 (compatible; MJ12bot/v1.4.0; http://www.majestic12.co.uk/bot.php?+)"
82.130.21.47 - - [04/Sep/2011:02:15:15 +0200] "GET / HTTP/1.0" 200 12977 "-" "Mozilla/5.0 (compatible; MJ12bot/v1.4.0; http://www.majestic12.co.uk/bot.php?+)"
66.249.68.104 - - [04/Sep/2011:02:57:00 +0200] "GET /robots.txt HTTP/1.1" 200 24 "-" "Mozilla/5.0 (compatible; Googlebot/2.1; +http://www.google.com/bot.html)"
66.249.68.104 - - [04/Sep/2011:02:57:00 +0200] "GET /callback.html HTTP/1.1" 200 3272 "-" "Mozilla/5.0 (compatible; Googlebot/2.1; +http://www.google.com/bot.html)"
66.249.68.104 - - [04/Sep/2011:07:23:17 +0200] "GET / HTTP/1.1" 304 - "-" "Mozilla/5.0 (compatible; Googlebot/2.1; +http://www.google.com/bot.html)"
66.249.68.104 - - [04/Sep/2011:08:06:25 +0200] "GET /opensite.js HTTP/1.1" 200 1125 "-" "Mozilla/5.0 (compatible; Googlebot/2.1; +http://www.google.com/bot.html)"
119.63.196.120 - - [04/Sep/2011:10:51:41 +0200] "GET /robots.txt HTTP/1.1" 200 24 "-" "Baiduspider+(+http://www.baidu.com/search/spider.htm)"
38.111.147.84 - - [04/Sep/2011:11:48:09 +0200] "GET /robots.txt HTTP/1.0" 200 24 "-" "TurnitinBot/2.1 (http://www.turnitin.com/robot/crawlerinfo.html)"
38.111.147.84 - - [04/Sep/2011:11:48:13 +0200] "GET / HTTP/1.0" 200 12977 "-" "TurnitinBot/2.1 (http://www.turnitin.com/robot/crawlerinfo.html)"
61.213.110.210 - - [04/Sep/2011:12:48:29 +0200] "GET / HTTP/1.0" 200 12977 "-" "Mozilla/4.0 (compatible; GoogleToolbar 5.0.2124.2070; Windows 6.0; MSIE 8.0.6001.18241)"
85.17.171.225 - - [04/Sep/2011:13:36:33 +0200] "GET /robots.txt HTTP/1.1" 200 24 "-" "Mozilla/5.0 (compatible; Plukkie/1.4; http://www.botje.com/plukkie.htm)"
85.17.171.225 - - [04/Sep/2011:13:36:33 +0200] "GET / HTTP/1.1" 200 12977 "-" "Mozilla/5.0 (compatible; Plukkie/1.4; http://www.botje.com/plukkie.htm)"
67.195.115.51 - - [04/Sep/2011:18:19:59 +0200] "GET /robots.txt HTTP/1.0" 200 24 "-" "Mozilla/5.0 (compatible; Yahoo! Slurp; http://help.yahoo.com/help/us/ysearch/slurp)"
67.195.115.51 - - [04/Sep/2011:18:19:59 +0200] "GET /teledienst.html HTTP/1.0" 200 4588 "-" "Mozilla/5.0 (compatible; Yahoo! Slurp; http://help.yahoo.com/help/us/ysearch/slurp)"
78.47.164.108 - - [04/Sep/2011:19:10:15 +0200] "GET /robots.txt HTTP/1.0" 200 24 "-" "http://www.ladyluxuria.it/sexyshop (sexy shop - sexy toys, BDSM, vibratori, falli, vagine, lubrificanti, dvd porno, film hard, lingerie - Migliaia di articoli nel nostro sexy shop online.; http://www.ladyluxuria.it; info@ladyluxuria.it)"
78.47.164.108 - - [04/Sep/2011:19:10:15 +0200] "GET /robots.txt HTTP/1.0" 200 24 "-" "http://www.magicsexy.it/sexyshop (sexy shop - sexy toys, BDSM, vibratori, falli, vagine, lubrificanti, dvd porno, film hard, lingerie - Migliaia di articoli nel nostro sexy shop online.; http://www.magicsexy.it; info@magicsexy.it)"
78.47.164.108 - - [04/Sep/2011:19:10:16 +0200] "GET / HTTP/1.0" 200 12977 "-" "http://www.magicsexy.it/sexyshop (sexy shop - sexy toys, BDSM, vibratori, falli, vagine, lubrificanti, dvd porno, film hard, lingerie - Migliaia di articoli nel nostro sexy shop online.; http://www.magicsexy.it; info@magicsexy.it)"
78.47.164.108 - - [04/Sep/2011:19:10:16 +0200] "GET / HTTP/1.0" 200 12977 "-" "http://www.ladyluxuria.it/sexyshop (sexy shop - sexy toys, BDSM, vibratori, falli, vagine, lubrificanti, dvd porno, film hard, lingerie - Migliaia di articoli nel nostro sexy shop online.; http://www.ladyluxuria.it; info@ladyluxuria.it)"
70.166.22.210 - - [04/Sep/2011:19:49:49 +0200] "GET / HTTP/1.1" 200 12977 "http://www.ubound.info/Top/World/Deutsch/Regional/Europa/Deutschland/Berlin/Gesundheit/Praxen/Zahn%c3%a4rzte%2c_Kieferchirurgen_und_-orthop%c3%a4den" "Mozilla/5.0 (compatible; MSIE 9.0; Windows NT 6.1; Trident/5.0)"
78.47.164.108 - - [04/Sep/2011:21:08:22 +0200] "GET /robots.txt HTTP/1.0" 200 24 "-" "http://www.xexo.it/sexyshop (sexy shop - sexy toys, BDSM, vibratori, falli, vagine, lubrificanti, dvd porno, film hard, lingerie - Migliaia di articoli nel nostro sexy shop online.; http://www.xexo.it; marketing@xexo.it)"
78.47.164.108 - - [04/Sep/2011:21:08:22 +0200] "GET / HTTP/1.0" 200 12977 "-" "http://www.xexo.it/sexyshop (sexy shop - sexy toys, BDSM, vibratori, falli, vagine, lubrificanti, dvd porno, film hard, lingerie - Migliaia di articoli nel nostro sexy shop online.; http://www.xexo.it; marketing@xexo.it)"
65.111.171.90 - - [04/Sep/2011:21:14:04 +0200] "GET /robots.txt HTTP/1.0" 200 24 "-" "Gigabot/3.0 (http://www.gigablast.com/spider.html)"
65.111.171.90 - - [04/Sep/2011:21:14:04 +0200] "GET / HTTP/1.0" 200 12977 "-" "Gigabot/3.0 (http://www.gigablast.com/spider.html)"
180.76.5.186 - - [04/Sep/2011:22:16:01 +0200] "GET /robots.txt HTTP/1.1" 200 24 "-" "Baiduspider+(+http://www.baidu.com/search/spider.htm)"
95.108.158.134 - - [04/Sep/2011:23:14:33 +0200] "GET /robots.txt HTTP/1.1" 200 24 "-" "Mozilla/5.0 (compatible; YandexBot/3.0; +http://yandex.com/bots)"
88.198.24.173 - - [05/Sep/2011:00:17:12 +0200] "GET /robots.txt HTTP/1.1" 200 24 "-" "ssearch_bot (sSearch Crawler; http://www.semantissimo.de)"
88.198.24.173 - - [05/Sep/2011:00:17:12 +0200] "GET / HTTP/1.1" 200 12977 "-" "ssearch_bot (sSearch Crawler; http://www.semantissimo.de)"
95.108.158.134 - - [05/Sep/2011:00:53:43 +0200] "GET / HTTP/1.1" 200 12977 "-" "Mozilla/5.0 (compatible; YandexBot/3.0; +http://yandex.com/bots)"
85.176.106.134 - - [05/Sep/2011:06:18:13 +0200] "HEAD /robots.txt HTTP/1.1" 206 - "-" "Toplistbot"
85.176.106.134 - - [05/Sep/2011:06:18:13 +0200] "GET /robots.txt HTTP/1.1" 206 24 "-" "Toplistbot"
85.176.106.134 - - [05/Sep/2011:06:18:13 +0200] "GET / HTTP/1.1" 206 12977 "-" "Toplistbot"
85.176.106.134 - - [05/Sep/2011:06:18:13 +0200] "GET /favicon.ico HTTP/1.1" 206 2550 "-" "Toplistbot"
178.154.200.147 - - [05/Sep/2011:06:33:00 +0200] "GET /robots.txt HTTP/1.1" 200 24 "-" "Mozilla/5.0 (compatible; YandexBot/3.0; +http://yandex.com/bots)"
199.36.240.1 - - [05/Sep/2011:06:33:01 +0200] "GET / HTTP/1.1" 200 12977 "-" "Mozilla/5.0 (compatible; YandexBot/3.0; +http://yandex.com/bots)"
211.99.227.130 - - [05/Sep/2011:09:06:20 +0200] "GET / HTTP/1.1" 200 12977 "-" "Mozilla/4.0 (compatible; MSIE 6.0; Windows NT 5.0; SV1; .NET CLR 1.1.4322; InfoPath.2; .NET CLR 2.0.50727; .NET CLR 3.0.04506.648; .NET CLR 3.5.21022)"
211.99.227.130 - - [05/Sep/2011:09:06:22 +0200] "GET /opensite.js HTTP/1.1" 200 1125 "-" "Mozilla/4.0 (compatible; MSIE 6.0; Windows NT 5.0; SV1; .NET CLR 1.1.4322; InfoPath.2; .NET CLR 2.0.50727; .NET CLR 3.0.04506.648; .NET CLR 3.5.21022)"
211.99.227.130 - - [05/Sep/2011:09:06:22 +0200] "GET /flashopen.js HTTP/1.1" 200 604 "-" "Mozilla/4.0 (compatible; MSIE 6.0; Windows NT 5.0; SV1; .NET CLR 1.1.4322; InfoPath.2; .NET CLR 2.0.50727; .NET CLR 3.0.04506.648; .NET CLR 3.5.21022)"
188.40.89.86 - - [05/Sep/2011:10:08:11 +0200] "GET / HTTP/1.0" 200 12977 "-" "-"
109.91.109.46 - - [05/Sep/2011:10:17:41 +0200] "GET / HTTP/1.1" 200 12977 "-" "-"
119.63.196.88 - - [05/Sep/2011:14:05:39 +0200] "GET /robots.txt HTTP/1.1" 200 24 "-" "Baiduspider+(+http://www.baidu.com/search/spider.htm)"
66.249.68.104 - - [05/Sep/2011:14:14:03 +0200] "GET /robots.txt HTTP/1.1" 200 24 "-" "Mozilla/5.0 (compatible; Googlebot/2.1; +http://www.google.com/bot.html)"
66.249.68.104 - - [05/Sep/2011:14:14:03 +0200] "GET / HTTP/1.1" 200 12977 "-" "Mozilla/5.0 (iPhone; U; CPU iPhone OS 4_1 like Mac OS X; en-us) AppleWebKit/532.9 (KHTML, like Gecko) Version/4.0.5 Mobile/8B117 Safari/6531.22.7 (compatible; Googlebot-Mobile/2.1; +http://www.google.com/bot.html)"
84.162.13.169 - - [05/Sep/2011:15:10:16 +0200] "GET / HTTP/1.1" 200 12977 "-" "Mozilla/5.0 (Windows; U; Windows NT 6.0; de; rv:1.9.2.3) Gecko/20100401 Firefox/3.6.3 ( .NET CLR 3.5.30729)"
74.125.76.84 - - [05/Sep/2011:16:09:48 +0200] "GET /favicon.ico HTTP/1.1" 200 2550 "-" "-"
91.15.216.196 - - [05/Sep/2011:17:45:53 +0200] "GET / HTTP/1.1" 200 12977 "-" "Mozilla/5.0 (Windows NT 5.1; rv:6.0.1) Gecko/20100101 Firefox/6.0.1"
91.15.216.196 - - [05/Sep/2011:17:45:53 +0200] "GET /opensite.js HTTP/1.1" 200 1125 "http://www.zahnarztpraxis-berlin-pankow.de/" "Mozilla/5.0 (Windows NT 5.1; rv:6.0.1) Gecko/20100101 Firefox/6.0.1"
91.15.216.196 - - [05/Sep/2011:17:45:53 +0200] "GET /favicon.ico HTTP/1.1" 200 2550 "-" "Mozilla/5.0 (Windows NT 5.1; rv:6.0.1) Gecko/20100101 Firefox/6.0.1"
91.15.216.196 - - [05/Sep/2011:17:45:53 +0200] "GET /flashopen.js HTTP/1.1" 200 604 "http://www.zahnarztpraxis-berlin-pankow.de/" "Mozilla/5.0 (Windows NT 5.1; rv:6.0.1) Gecko/20100101 Firefox/6.0.1"
91.15.216.196 - - [05/Sep/2011:17:45:53 +0200] "GET /hattke.swf HTTP/1.1" 200 12042 "http://www.zahnarztpraxis-berlin-pankow.de/" "Mozilla/5.0 (Windows NT 5.1; rv:6.0.1) Gecko/20100101 Firefox/6.0.1"
91.15.216.196 - - [05/Sep/2011:17:45:54 +0200] "GET /diashow.swf HTTP/1.1" 200 311957 "-" "Mozilla/5.0 (Windows NT 5.1; rv:6.0.1) Gecko/20100101 Firefox/6.0.1"
67.195.115.51 - - [05/Sep/2011:19:50:02 +0200] "GET /robots.txt HTTP/1.0" 200 24 "-" "Mozilla/5.0 (compatible; Yahoo! Slurp; http://help.yahoo.com/help/us/ysearch/slurp)"
67.195.115.51 - - [05/Sep/2011:19:50:02 +0200] "GET / HTTP/1.0" 200 12977 "-" "Mozilla/5.0 (compatible; Yahoo! Slurp; http://help.yahoo.com/help/us/ysearch/slurp)"
64.121.56.246 - - [05/Sep/2011:20:57:49 +0200] "HEAD / HTTP/1.1" 200 - "-" "Mozilla/5.0 (compatible; pmoz.info ODP link checker; +http://pmoz.info/doc/botinfo.htm)"
119.63.196.85 - - [05/Sep/2011:22:32:17 +0200] "GET /robots.txt HTTP/1.1" 200 24 "-" "Baiduspider+(+http://www.baidu.com/search/spider.htm)"
78.52.197.163 - - [05/Sep/2011:23:53:51 +0200] "GET / HTTP/1.1" 200 12977 "http://www.google.de/url?sa=t&source=web&cd=17&ved=0CH8QFjAGOAo&url=http%3A%2F%2Fwww.zahnarztpraxis-berlin-pankow.de%2F&rct=j&q=zahnarztpraxis%20berlin&ei=40RlTpzBHo3ysgaHmcGdCg&usg=AFQjCNGhU0LSIXKAU9N4d8DNsS8g6WKbiA" "Mozilla/5.0 (Windows NT 6.0; rv:6.0.1) Gecko/20100101 Firefox/6.0.1"
78.52.197.163 - - [05/Sep/2011:23:53:51 +0200] "GET /favicon.ico HTTP/1.1" 200 2550 "-" "Mozilla/5.0 (Windows NT 6.0; rv:6.0.1) Gecko/20100101 Firefox/6.0.1"
78.52.197.163 - - [05/Sep/2011:23:53:51 +0200] "GET /flashopen.js HTTP/1.1" 200 604 "http://www.zahnarztpraxis-berlin-pankow.de/" "Mozilla/5.0 (Windows NT 6.0; rv:6.0.1) Gecko/20100101 Firefox/6.0.1"
78.52.197.163 - - [05/Sep/2011:23:53:51 +0200] "GET /opensite.js HTTP/1.1" 200 1125 "http://www.zahnarztpraxis-berlin-pankow.de/" "Mozilla/5.0 (Windows NT 6.0; rv:6.0.1) Gecko/20100101 Firefox/6.0.1"
78.52.197.163 - - [05/Sep/2011:23:53:51 +0200] "GET /hattke.swf HTTP/1.1" 200 12042 "http://www.zahnarztpraxis-berlin-pankow.de/" "Mozilla/5.0 (Windows NT 6.0; rv:6.0.1) Gecko/20100101 Firefox/6.0.1"
78.52.197.163 - - [05/Sep/2011:23:53:51 +0200] "GET /diashow.swf HTTP/1.1" 200 311957 "-" "Mozilla/5.0 (Windows NT 6.0; rv:6.0.1) Gecko/20100101 Firefox/6.0.1"
70.166.22.210 - - [06/Sep/2011:02:58:13 +0200] "GET / HTTP/1.1" 200 12977 "http://www.ubound.info/Top/World/Deutsch/Regional/Europa/Deutschland/Berlin/Gesundheit/Praxen/Zahn%c3%a4rzte%2c_Kieferchirurgen_und_-orthop%c3%a4den" "Mozilla/5.0 (compatible; MSIE 9.0; Windows NT 6.1; Trident/5.0)"
207.241.224.41 - - [06/Sep/2011:03:23:14 +0200] "GET /robots.txt HTTP/1.1" 200 24 "-" "ia_archiver(OS-Wayback)"
66.249.68.104 - - [06/Sep/2011:09:47:28 +0200] "GET /robots.txt HTTP/1.1" 200 24 "-" "Mozilla/5.0 (compatible; Googlebot/2.1; +http://www.google.com/bot.html)"
66.249.68.104 - - [06/Sep/2011:09:47:28 +0200] "GET / HTTP/1.1" 200 12977 "-" "SAMSUNG-SGH-E250/1.0 Profile/MIDP-2.0 Configuration/CLDC-1.1 UP.Browser/6.2.3.3.c.1.101 (GUI) MMP/2.0 (compatible; Googlebot-Mobile/2.1; +http://www.google.com/bot.html)"
207.46.13.95 - - [06/Sep/2011:10:07:32 +0200] "GET /robots.txt HTTP/1.1" 200 24 "-" "Mozilla/5.0 (compatible; bingbot/2.0; +http://www.bing.com/bingbot.htm)"
207.46.13.95 - - [06/Sep/2011:10:08:11 +0200] "GET / HTTP/1.1" 304 - "-" "Mozilla/5.0 (compatible; bingbot/2.0; +http://www.bing.com/bingbot.htm)"
209.196.28.135 - - [06/Sep/2011:10:55:45 +0200] "GET /robots.txt HTTP/1.0" 200 24 "-" "Tremormedia_using_nutch_2.0/Nutch-2.0-dev (hyukitomo@tremormedia.com)"
209.196.28.135 - - [06/Sep/2011:10:55:45 +0200] "GET / HTTP/1.0" 200 12977 "-" "Tremormedia_using_nutch_2.0/Nutch-2.0-dev (hyukitomo@tremormedia.com)"
180.76.5.14 - - [06/Sep/2011:11:50:53 +0200] "GET /robots.txt HTTP/1.1" 200 24 "-" "Baiduspider+(+http://www.baidu.com/search/spider.htm)"
83.133.125.202 - - [06/Sep/2011:12:57:35 +0200] "GET / HTTP/1.1" 200 12977 "http://www.bigfinder.de/" "Mozilla/5.0 (Windows; U; Windows NT 6.0; en-US) AppleWebKit/533.4 (KHTML, like Gecko) Chrome/5.0.375.126 Safari/533.4"
83.133.125.202 - - [06/Sep/2011:13:05:01 +0200] "GET / HTTP/1.1" 200 12977 "http://www.bigfinder.de/" "Mozilla/4.0 (compatible; MSIE 8.0; Windows NT 5.1; Trident/4.0; FBSMTWB; ATC/1.0; .NET CLR 1.1.4322; ATC/1.0; .NET CLR 2.0.50727; .NET CLR 3.0.4506.2152; .NET CLR 3.5.30729)"
83.133.125.202 - - [06/Sep/2011:13:06:53 +0200] "GET / HTTP/1.1" 200 12977 "http://www.bigfinder.de/" "Mozilla/4.0 (compatible; MSIE 8.0; Windows NT 6.1; Trident/4.0; SLCC2; .NET CLR 2.0.50727; .NET CLR 3.5.30729; .NET CLR 3.0.30729; Media Center PC 6.0)"
83.133.125.202 - - [06/Sep/2011:13:07:47 +0200] "GET / HTTP/1.1" 200 12977 "http://www.bigfinder.de/" "Mozilla/4.0 (compatible; MSIE 8.0; Windows NT 6.0; Trident/4.0; GTB0.0; SLCC1; .NET CLR 2.0.50727; Media Center PC 5.0; .NET CLR 3.5.30729; .NET CLR 3.0.30729; .NET4.0C)"
83.133.125.202 - - [06/Sep/2011:13:09:41 +0200] "GET / HTTP/1.1" 200 12977 "http://www.bigfinder.de/" "Mozilla/4.0 (compatible; MSIE 8.0; Windows NT 5.1; Trident/4.0; FBSMTWB; ATC/1.0; .NET CLR 1.1.4322; ATC/1.0; .NET CLR 2.0.50727; .NET CLR 3.0.4506.2152; .NET CLR 3.5.30729)"
83.133.125.202 - - [06/Sep/2011:18:12:58 +0200] "GET / HTTP/1.1" 200 12977 "http://www.bigfinder.de/" "Mozilla/5.0 (Macintosh; U; Intel Mac OS X 10.6; de-DE; rv:1.9.2.8) Gecko/20100722 Firefox/3.6.8"
88.215.105.177 - - [06/Sep/2011:19:55:47 +0200] "GET / HTTP/1.1" 200 12977 "http://www.google.de/url?sa=t&source=web&cd=17&ved=0CIABEBYwBjgK&url=http%3A%2F%2Fwww.zahnarztpraxis-berlin-pankow.de%2F&rct=j&q=zahnarztpraxis%20berlin&ei=PV5mTqDQFMjZsgaN9tSWCg&usg=AFQjCNGhU0LSIXKAU9N4d8DNsS8g6WKbiA" "Mozilla/5.0 (compatible; MSIE 9.0; Windows NT 6.1; Trident/5.0)"
88.215.105.177 - - [06/Sep/2011:19:55:47 +0200] "GET /opensite.js HTTP/1.1" 200 1125 "http://www.zahnarztpraxis-berlin-pankow.de/" "Mozilla/5.0 (compatible; MSIE 9.0; Windows NT 6.1; Trident/5.0)"
88.215.105.177 - - [06/Sep/2011:19:55:47 +0200] "GET /flashopen.js HTTP/1.1" 200 604 "http://www.zahnarztpraxis-berlin-pankow.de/" "Mozilla/5.0 (compatible; MSIE 9.0; Windows NT 6.1; Trident/5.0)"
88.215.105.177 - - [06/Sep/2011:19:55:47 +0200] "GET /hattke.swf HTTP/1.1" 200 12042 "http://www.zahnarztpraxis-berlin-pankow.de/" "Mozilla/5.0 (compatible; MSIE 9.0; Windows NT 6.1; Trident/5.0)"
88.215.105.177 - - [06/Sep/2011:19:55:47 +0200] "GET /favicon.ico HTTP/1.1" 200 2550 "-" "Mozilla/5.0 (compatible; MSIE 9.0; Windows NT 6.1; Trident/5.0)"
88.215.105.177 - - [06/Sep/2011:19:55:47 +0200] "GET /diashow.swf HTTP/1.1" 200 311957 "http://www.zahnarztpraxis-berlin-pankow.de/hattke.swf" "Mozilla/5.0 (compatible; MSIE 9.0; Windows NT 6.1; Trident/5.0)"
88.215.105.177 - - [06/Sep/2011:19:55:58 +0200] "GET /plan.swf HTTP/1.1" 200 27838 "http://www.zahnarztpraxis-berlin-pankow.de/diashow.swf" "Mozilla/5.0 (compatible; MSIE 9.0; Windows NT 6.1; Trident/5.0)"
83.133.125.202 - - [06/Sep/2011:22:27:19 +0200] "GET / HTTP/1.1" 200 12977 "http://www.bigfinder.de/" "T-Online Browser (Windows NT 6.1; de)"
85.17.171.225 - - [06/Sep/2011:23:57:55 +0200] "GET /robots.txt HTTP/1.1" 200 24 "-" "Mozilla/5.0 (compatible; Plukkie/1.4; http://www.botje.com/plukkie.htm)"
85.17.171.225 - - [06/Sep/2011:23:57:55 +0200] "GET /teledienst.html HTTP/1.1" 200 4588 "-" "Mozilla/5.0 (compatible; Plukkie/1.4; http://www.botje.com/plukkie.htm)"
93.159.111.103 - - [07/Sep/2011:01:42:58 +0200] "GET /robots.txt HTTP/1.1" 200 24 "-" "Mozilla/5.0 (compatible; suggybot v0.01a, http://blog.suggy.com/was-ist-suggy/suggy-webcrawler/)"
95.132.245.160 - - [07/Sep/2011:03:13:24 +0200] "GET /robots.txt HTTP/1.0" 200 24 "-" "Mozilla/5.0 (compatible; MJ12bot/v1.4.0; http://www.majestic12.co.uk/bot.php?+)"
95.132.245.160 - - [07/Sep/2011:03:13:30 +0200] "GET / HTTP/1.1" 200 12977 "-" "Mozilla/5.0 (compatible; MJ12bot/v1.4.0; http://www.majestic12.co.uk/bot.php?+)"
95.108.158.134 - - [07/Sep/2011:04:50:08 +0200] "GET /robots.txt HTTP/1.1" 200 24 "-" "Mozilla/5.0 (compatible; YandexBot/3.0; +http://yandex.com/bots)"
66.249.68.104 - - [07/Sep/2011:07:32:48 +0200] "GET /robots.txt HTTP/1.1" 200 24 "-" "Mozilla/5.0 (compatible; Googlebot/2.1; +http://www.google.com/bot.html)"
66.249.68.104 - - [07/Sep/2011:07:32:48 +0200] "GET / HTTP/1.1" 200 12977 "-" "DoCoMo/2.0 N905i(c100;TB;W24H16) (compatible; Googlebot-Mobile/2.1; +http://www.google.com/bot.html)"
207.46.13.95 - - [07/Sep/2011:09:33:46 +0200] "GET /robots.txt HTTP/1.1" 200 24 "-" "Mozilla/5.0 (compatible; bingbot/2.0; +http://www.bing.com/bingbot.htm)"
207.46.13.95 - - [07/Sep/2011:09:34:31 +0200] "GET /hattke.swf HTTP/1.1" 200 12042 "-" "Mozilla/5.0 (compatible; bingbot/2.0; +http://www.bing.com/bingbot.htm)"
207.46.13.95 - - [07/Sep/2011:09:34:31 +0200] "GET /intro.html HTTP/1.1" 200 5170 "-" "Mozilla/5.0 (compatible; bingbot/2.0; +http://www.bing.com/bingbot.htm)"
95.108.158.134 - - [07/Sep/2011:09:54:58 +0200] "GET / HTTP/1.1" 200 12977 "-" "Mozilla/5.0 (compatible; YandexBot/3.0; +http://yandex.com/bots)"
119.63.196.111 - - [07/Sep/2011:10:52:18 +0200] "GET /robots.txt HTTP/1.1" 200 24 "-" "Baiduspider+(+http://www.baidu.com/search/spider.htm)"
70.166.22.210 - - [07/Sep/2011:12:16:58 +0200] "GET / HTTP/1.1" 200 12977 "http://www.ubound.info/Top/World/Deutsch/Regional/Europa/Deutschland/Berlin/Gesundheit/Praxen/Zahn%c3%a4rzte%2c_Kieferchirurgen_und_-orthop%c3%a4den" "Mozilla/5.0 (compatible; MSIE 9.0; Windows NT 6.1; Trident/5.0)"
199.19.249.196 - - [07/Sep/2011:12:48:27 +0200] "GET / HTTP/1.1" 200 12977 "-" "Mozilla/4.0 (compatible; MSIE 7.0; Windows NT 5.1; InfoPath.1; .NET CLR 2.0.50727; .NET CLR 1.1.4322; MS-RTC LM 8; .NET CLR 3.0.4506.2152; .NET CLR 3.5.30729)"
194.30.181.170 - - [07/Sep/2011:12:48:27 +0200] "GET / HTTP/1.1" 200 12977 "http://www.google.de/search?hl=de&source=hp&q=reyk+hattke+zahnarzt&aq=1v&aqi=g-v2&aql=&oq=reyk+hattke" "Mozilla/4.0 (compatible; MSIE 7.0; Windows NT 5.1; .NET CLR 1.1.4322; .NET CLR 2.0.50727; .NET CLR 3.0.4506.2152; .NET CLR 3.5.30729)"
194.30.181.170 - - [07/Sep/2011:12:48:28 +0200] "GET /favicon.ico HTTP/1.1" 200 2550 "-" "Mozilla/4.0 (compatible;)"
194.30.181.170 - - [07/Sep/2011:12:48:28 +0200] "GET /flashopen.js HTTP/1.1" 200 604 "-" "Mozilla/4.0 (compatible;)"
194.30.181.170 - - [07/Sep/2011:12:48:28 +0200] "GET /opensite.js HTTP/1.1" 200 1125 "-" "Mozilla/4.0 (compatible;)"
194.30.181.170 - - [07/Sep/2011:12:48:28 +0200] "GET /hattke.swf HTTP/1.1" 200 12042 "http://www.zahnarztpraxis-berlin-pankow.de/" "Mozilla/4.0 (compatible; MSIE 7.0; Windows NT 5.1; .NET CLR 1.1.4322; .NET CLR 2.0.50727; .NET CLR 3.0.4506.2152; .NET CLR 3.5.30729)"
194.30.181.170 - - [07/Sep/2011:12:48:28 +0200] "GET /diashow.swf HTTP/1.1" 200 311957 "http://www.zahnarztpraxis-berlin-pankow.de/hattke.swf" "Mozilla/4.0 (compatible; MSIE 7.0; Windows NT 5.1; .NET CLR 1.1.4322; .NET CLR 2.0.50727; .NET CLR 3.0.4506.2152; .NET CLR 3.5.30729)"
85.176.127.69 - - [07/Sep/2011:18:05:19 +0200] "HEAD /robots.txt HTTP/1.1" 206 - "-" "Toplistbot"
85.176.127.69 - - [07/Sep/2011:18:05:20 +0200] "GET /robots.txt HTTP/1.1" 206 24 "-" "Toplistbot"
85.176.127.69 - - [07/Sep/2011:18:05:20 +0200] "GET / HTTP/1.1" 206 12977 "-" "Toplistbot"
85.176.127.69 - - [07/Sep/2011:18:05:20 +0200] "GET /teledienst.html HTTP/1.1" 206 4588 "-" "Toplistbot"
89.85.194.34 - - [07/Sep/2011:23:33:33 +0200] "HEAD / HTTP/1.1" 200 - "-" "Xenu Link Sleuth/1.3.8"
69.28.58.29 - - [07/Sep/2011:23:39:36 +0200] "GET /robots.txt HTTP/1.0" 200 24 "-" "Mozilla/4.0 (compatible; MSIE 6.0; Windows NT 5.0) (larbin2.6.3@unspecified.mail)"
69.28.58.29 - - [07/Sep/2011:23:39:47 +0200] "GET / HTTP/1.0" 200 12977 "-" "Mozilla/4.0 (compatible; MSIE 6.0; Windows NT 5.0) larbin2.6.3@unspecified.mail"
66.249.68.104 - - [08/Sep/2011:04:11:29 +0200] "GET /robots.txt HTTP/1.1" 200 24 "-" "Mozilla/5.0 (compatible; Googlebot/2.1; +http://www.google.com/bot.html)"
66.249.68.104 - - [08/Sep/2011:04:11:29 +0200] "GET /sitemap.xml HTTP/1.1" 200 796 "-" "Mozilla/5.0 (compatible; Googlebot/2.1; +http://www.google.com/bot.html)"
67.195.115.51 - - [08/Sep/2011:10:41:17 +0200] "GET /robots.txt HTTP/1.0" 200 24 "-" "Mozilla/5.0 (compatible; Yahoo! Slurp; http://help.yahoo.com/help/us/ysearch/slurp)"
67.195.115.51 - - [08/Sep/2011:10:41:17 +0200] "GET /teledienst.html HTTP/1.0" 200 4588 "-" "Mozilla/5.0 (compatible; Yahoo! Slurp; http://help.yahoo.com/help/us/ysearch/slurp)"
62.245.147.98 - - [08/Sep/2011:11:16:22 +0200] "GET / HTTP/1.1" 200 12977 "http://www.google.de/url?sa=t&source=web&cd=17&ved=0CIABEBYwBjgK&url=http%3A%2F%2Fwww.zahnarztpraxis-berlin-pankow.de%2F&rct=j&q=zahnarztpraxis%20berlin&ei=0IFoTq3FL8bN4QTN5ZC8DA&usg=AFQjCNGhU0LSIXKAU9N4d8DNsS8g6WKbiA" "Mozilla/5.0 (Windows NT 5.1; rv:5.0.1) Gecko/20100101 Firefox/5.0.1"
62.245.147.98 - - [08/Sep/2011:11:16:22 +0200] "GET /opensite.js HTTP/1.1" 200 1125 "http://www.zahnarztpraxis-berlin-pankow.de/" "Mozilla/5.0 (Windows NT 5.1; rv:5.0.1) Gecko/20100101 Firefox/5.0.1"
62.245.147.98 - - [08/Sep/2011:11:16:22 +0200] "GET /favicon.ico HTTP/1.1" 200 2550 "-" "Mozilla/5.0 (Windows NT 5.1; rv:5.0.1) Gecko/20100101 Firefox/5.0.1"
62.245.147.98 - - [08/Sep/2011:11:16:22 +0200] "GET /flashopen.js HTTP/1.1" 200 604 "http://www.zahnarztpraxis-berlin-pankow.de/" "Mozilla/5.0 (Windows NT 5.1; rv:5.0.1) Gecko/20100101 Firefox/5.0.1"
62.245.147.98 - - [08/Sep/2011:11:16:22 +0200] "GET /hattke.swf HTTP/1.1" 200 12042 "http://www.zahnarztpraxis-berlin-pankow.de/" "Mozilla/5.0 (Windows NT 5.1; rv:5.0.1) Gecko/20100101 Firefox/5.0.1"
62.245.147.98 - - [08/Sep/2011:11:16:23 +0200] "GET /diashow.swf HTTP/1.1" 200 311957 "-" "Mozilla/5.0 (Windows NT 5.1; rv:5.0.1) Gecko/20100101 Firefox/5.0.1"
62.245.147.98 - - [08/Sep/2011:11:16:29 +0200] "GET /callback.html HTTP/1.1" 200 3272 "http://www.zahnarztpraxis-berlin-pankow.de/" "Mozilla/5.0 (Windows NT 5.1; rv:5.0.1) Gecko/20100101 Firefox/5.0.1"
62.245.147.98 - - [08/Sep/2011:11:16:30 +0200] "GET /clear.gif HTTP/1.1" 200 230 "http://www.zahnarztpraxis-berlin-pankow.de/callback.html" "Mozilla/5.0 (Windows NT 5.1; rv:5.0.1) Gecko/20100101 Firefox/5.0.1"
62.245.147.98 - - [08/Sep/2011:11:16:30 +0200] "GET /send.gif HTTP/1.1" 200 265 "http://www.zahnarztpraxis-berlin-pankow.de/callback.html" "Mozilla/5.0 (Windows NT 5.1; rv:5.0.1) Gecko/20100101 Firefox/5.0.1"
119.63.196.106 - - [08/Sep/2011:13:02:02 +0200] "GET /robots.txt HTTP/1.1" 200 24 "-" "Baiduspider+(+http://www.baidu.com/search/spider.htm)"
93.219.222.222 - - [08/Sep/2011:14:01:23 +0200] "GET / HTTP/1.1" 200 12977 "-" "Mozilla/5.0 (Windows; U; Windows NT 5.1; de; rv:1.9.0.10) Gecko/2009042316 Firefox/3.0.10"
93.219.222.222 - - [08/Sep/2011:14:01:26 +0200] "GET /teledienst.html HTTP/1.1" 200 4588 "-" "Mozilla/5.0 (Windows; U; Windows NT 5.1; de; rv:1.9.0.10) Gecko/2009042316 Firefox/3.0.10"
93.219.222.222 - - [08/Sep/2011:14:01:29 +0200] "GET /teledienst.html HTTP/1.1" 200 4588 "-" "Java/1.6.0_22"
62.143.13.196 - - [08/Sep/2011:14:54:01 +0200] "GET / HTTP/1.1" 200 12977 "http://www.google.com/search?client=gmail&rls=gm&q=s-pankow%20zahnarzt%20berlin" "Mozilla/4.0 (compatible; MSIE 7.0; Windows NT 6.0; GTB6.6; SLCC1; .NET CLR 2.0.50727; Media Center PC 5.0; .NET CLR 3.5.30729; .NET CLR 3.0.30618)"
62.143.13.196 - - [08/Sep/2011:14:54:01 +0200] "GET /opensite.js HTTP/1.1" 200 1125 "http://www.zahnarztpraxis-berlin-pankow.de/" "Mozilla/4.0 (compatible; MSIE 7.0; Windows NT 6.0; GTB6.6; SLCC1; .NET CLR 2.0.50727; Media Center PC 5.0; .NET CLR 3.5.30729; .NET CLR 3.0.30618)"
62.143.13.196 - - [08/Sep/2011:14:54:01 +0200] "GET /flashopen.js HTTP/1.1" 200 604 "http://www.zahnarztpraxis-berlin-pankow.de/" "Mozilla/4.0 (compatible; MSIE 7.0; Windows NT 6.0; GTB6.6; SLCC1; .NET CLR 2.0.50727; Media Center PC 5.0; .NET CLR 3.5.30729; .NET CLR 3.0.30618)"
62.143.13.196 - - [08/Sep/2011:14:54:01 +0200] "GET /hattke.swf HTTP/1.1" 200 12042 "http://www.zahnarztpraxis-berlin-pankow.de/" "Mozilla/4.0 (compatible; MSIE 7.0; Windows NT 6.0; GTB6.6; SLCC1; .NET CLR 2.0.50727; Media Center PC 5.0; .NET CLR 3.5.30729; .NET CLR 3.0.30618)"
62.143.13.196 - - [08/Sep/2011:14:54:02 +0200] "GET /favicon.ico HTTP/1.1" 200 2550 "-" "Mozilla/4.0 (compatible; MSIE 7.0; Windows NT 6.0; GTB6.6; SLCC1; .NET CLR 2.0.50727; Media Center PC 5.0; .NET CLR 3.5.30729; .NET CLR 3.0.30618)"
62.143.13.196 - - [08/Sep/2011:14:54:02 +0200] "GET /diashow.swf HTTP/1.1" 200 311957 "http://www.zahnarztpraxis-berlin-pankow.de/hattke.swf" "Mozilla/4.0 (compatible; MSIE 7.0; Windows NT 6.0; GTB6.6; SLCC1; .NET CLR 2.0.50727; Media Center PC 5.0; .NET CLR 3.5.30729; .NET CLR 3.0.30618)"
66.90.104.180 - - [08/Sep/2011:15:47:27 +0200] "GET / HTTP/1.1" 200 12977 "-" "Mozilla/5.0 (X11; Linux i686) AppleWebKit/534.30 (KHTML, like Gecko) Ubuntu/11.04 Chromium/12.0.742.112 Chrome/12.0.742.112 Safari/534.30"
70.166.22.210 - - [08/Sep/2011:16:06:19 +0200] "GET / HTTP/1.1" 200 12977 "http://www.ubound.info/Top/World/Deutsch/Regional/Europa/Deutschland/Berlin/Gesundheit/Praxen/Zahn%c3%a4rzte%2c_Kieferchirurgen_und_-orthop%c3%a4den" "Mozilla/5.0 (compatible; MSIE 9.0; Windows NT 6.1; Trident/5.0)"
188.40.89.86 - - [08/Sep/2011:20:44:20 +0200] "GET / HTTP/1.0" 200 12977 "-" "-"
211.99.227.130 - - [09/Sep/2011:03:24:00 +0200] "GET / HTTP/1.1" 200 12977 "-" "Mozilla/4.0 (compatible; MSIE 6.0; Windows NT 5.0; SV1; .NET CLR 1.1.4322; InfoPath.2; .NET CLR 2.0.50727; .NET CLR 3.0.04506.648; .NET CLR 3.5.21022)"
211.99.227.130 - - [09/Sep/2011:03:24:01 +0200] "GET /opensite.js HTTP/1.1" 200 1125 "-" "Mozilla/4.0 (compatible; MSIE 6.0; Windows NT 5.0; SV1; .NET CLR 1.1.4322; InfoPath.2; .NET CLR 2.0.50727; .NET CLR 3.0.04506.648; .NET CLR 3.5.21022)"
211.99.227.130 - - [09/Sep/2011:03:24:01 +0200] "GET /flashopen.js HTTP/1.1" 200 604 "-" "Mozilla/4.0 (compatible; MSIE 6.0; Windows NT 5.0; SV1; .NET CLR 1.1.4322; InfoPath.2; .NET CLR 2.0.50727; .NET CLR 3.0.04506.648; .NET CLR 3.5.21022)"
66.249.68.104 - - [09/Sep/2011:05:14:24 +0200] "GET /robots.txt HTTP/1.1" 200 24 "-" "Mozilla/5.0 (compatible; Googlebot/2.1; +http://www.google.com/bot.html)"
66.249.68.104 - - [09/Sep/2011:05:14:25 +0200] "GET /callback.html HTTP/1.1" 200 3272 "-" "Mozilla/5.0 (compatible; Googlebot/2.1; +http://www.google.com/bot.html)"
86.111.221.246 - - [09/Sep/2011:05:59:46 +0200] "GET / HTTP/1.1" 200 12977 "-" "Mozilla/5.0 (Windows; U; Windows NT 5.1; en-US) AppleWebKit/534.13 (KHTML, like Gecko) Chrome/9.0.597.84 Safari/534.13"
66.249.68.104 - - [09/Sep/2011:08:00:54 +0200] "GET / HTTP/1.1" 200 12977 "-" "DoCoMo/2.0 N905i(c100;TB;W24H16) (compatible; Googlebot-Mobile/2.1; +http://www.google.com/bot.html)"
195.65.184.232 - - [09/Sep/2011:08:52:51 +0200] "GET / HTTP/1.1" 200 12977 "http://www.google.de/search?hl=de&source=hp&q=zahnarzt+Hattke+Berlin+Hauptstra%C3%9Fe&aq=f&aqi=&aql=&oq=" "Mozilla/4.0 (compatible; MSIE 7.0; Windows NT 5.1; .NET CLR 2.0.50727; .NET CLR 3.0.04506.648; .NET CLR 3.5.21022)"
195.65.184.232 - - [09/Sep/2011:08:52:52 +0200] "GET /opensite.js HTTP/1.1" 200 1125 "http://www.zahnarztpraxis-berlin-pankow.de/" "Mozilla/4.0 (compatible; MSIE 7.0; Windows NT 5.1; .NET CLR 2.0.50727; .NET CLR 3.0.04506.648; .NET CLR 3.5.21022)"
195.65.184.232 - - [09/Sep/2011:08:52:52 +0200] "GET /flashopen.js HTTP/1.1" 200 604 "http://www.zahnarztpraxis-berlin-pankow.de/" "Mozilla/4.0 (compatible; MSIE 7.0; Windows NT 5.1; .NET CLR 2.0.50727; .NET CLR 3.0.04506.648; .NET CLR 3.5.21022)"
195.65.184.232 - - [09/Sep/2011:08:52:52 +0200] "GET /hattke.swf HTTP/1.1" 200 12042 "http://www.zahnarztpraxis-berlin-pankow.de/" "Mozilla/4.0 (compatible; MSIE 7.0; Windows NT 5.1; .NET CLR 2.0.50727; .NET CLR 3.0.04506.648; .NET CLR 3.5.21022)"
195.65.184.232 - - [09/Sep/2011:08:52:52 +0200] "GET /diashow.swf HTTP/1.1" 200 311957 "http://www.zahnarztpraxis-berlin-pankow.de/hattke.swf" "Mozilla/4.0 (compatible; MSIE 7.0; Windows NT 5.1; .NET CLR 2.0.50727; .NET CLR 3.0.04506.648; .NET CLR 3.5.21022)"
195.65.184.232 - - [09/Sep/2011:08:52:53 +0200] "GET /favicon.ico HTTP/1.1" 200 2550 "-" "Mozilla/4.0 (compatible; MSIE 7.0; Windows NT 5.1; .NET CLR 2.0.50727; .NET CLR 3.0.04506.648; .NET CLR 3.5.21022)"
207.46.13.95 - - [09/Sep/2011:10:20:36 +0200] "GET /robots.txt HTTP/1.1" 200 24 "-" "Mozilla/5.0 (compatible; bingbot/2.0; +http://www.bing.com/bingbot.htm)"
207.46.13.95 - - [09/Sep/2011:10:21:30 +0200] "GET / HTTP/1.1" 304 - "-" "Mozilla/5.0 (compatible; bingbot/2.0; +http://www.bing.com/bingbot.htm)"
93.219.214.197 - - [09/Sep/2011:12:24:52 +0200] "GET / HTTP/1.1" 200 12977 "-" "Mozilla/5.0 (Windows; U; Windows NT 5.1; de; rv:1.9.0.10) Gecko/2009042316 Firefox/3.0.10"
93.219.214.197 - - [09/Sep/2011:12:24:54 +0200] "GET /teledienst.html HTTP/1.1" 200 4588 "-" "Mozilla/5.0 (Windows; U; Windows NT 5.1; de; rv:1.9.0.10) Gecko/2009042316 Firefox/3.0.10"
93.219.214.197 - - [09/Sep/2011:12:24:57 +0200] "GET /teledienst.html HTTP/1.1" 200 4588 "-" "Java/1.6.0_22"
69.164.111.198 - - [09/Sep/2011:12:41:08 +0200] "GET /flashopen.js HTTP/1.0" 200 604 "-" "Mozilla/4.0 (compatible; MSIE 8.0; Windows NT 6.1; WOW64; Trident/4.0; SLCC2; .NET CLR 2.0.50727; .NET CLR 3.5.30729; .NET CLR 3.0.30729; Media Center PC 6.0; MDDC)"
119.63.196.114 - - [09/Sep/2011:12:49:20 +0200] "GET /robots.txt HTTP/1.1" 200 24 "-" "Baiduspider+(+http://www.baidu.com/search/spider.htm)"
69.164.111.198 - - [09/Sep/2011:13:11:28 +0200] "GET /opensite.js HTTP/1.0" 200 1125 "-" "Mozilla/4.0 (compatible; MSIE 8.0; Windows NT 6.1; WOW64; Trident/4.0; SLCC2; .NET CLR 2.0.50727; .NET CLR 3.5.30729; .NET CLR 3.0.30729; Media Center PC 6.0; MDDC)"
213.186.122.3 - - [09/Sep/2011:16:21:57 +0200] "GET /robots.txt HTTP/1.1" 200 24 "-" "Mozilla/5.0 (compatible; AhrefsBot/1.0; +http://ahrefs.com/robot/)"
213.186.122.3 - - [09/Sep/2011:16:21:58 +0200] "GET /teledienst.html HTTP/1.1" 200 4588 "-" "Mozilla/5.0 (compatible; AhrefsBot/1.0; +http://ahrefs.com/robot/)"
180.76.5.194 - - [09/Sep/2011:18:42:36 +0200] "GET /robots.txt HTTP/1.1" 200 24 "-" "Baiduspider+(+http://www.baidu.com/search/spider.htm)"
67.195.115.51 - - [10/Sep/2011:06:43:18 +0200] "GET /robots.txt HTTP/1.0" 200 24 "-" "Mozilla/5.0 (compatible; Yahoo! Slurp; http://help.yahoo.com/help/us/ysearch/slurp)"
67.195.115.51 - - [10/Sep/2011:06:43:19 +0200] "GET / HTTP/1.0" 200 12977 "-" "Mozilla/5.0 (compatible; Yahoo! Slurp; http://help.yahoo.com/help/us/ysearch/slurp)"
82.165.37.69 - - [10/Sep/2011:08:31:37 +0200] "GET / HTTP/1.0" 200 12977 "http://werbung-public-relations.18x24.com/?roboto.html/" "Mozilla/5.0 (compatible; IPTCBOT;"
67.195.115.51 - - [10/Sep/2011:09:46:37 +0200] "GET /index_alt.html HTTP/1.0" 200 2254 "-" "Mozilla/5.0 (compatible; Yahoo! Slurp; http://help.yahoo.com/help/us/ysearch/slurp)"
119.63.196.110 - - [10/Sep/2011:12:39:33 +0200] "GET /robots.txt HTTP/1.1" 200 24 "-" "Baiduspider+(+http://www.baidu.com/search/spider.htm)"
180.76.5.182 - - [10/Sep/2011:14:56:45 +0200] "GET /robots.txt HTTP/1.1" 200 24 "-" "Baiduspider+(+http://www.baidu.com/search/spider.htm)"
70.166.22.210 - - [10/Sep/2011:15:34:36 +0200] "GET / HTTP/1.1" 200 12977 "http://www.ubound.info/Top/World/Deutsch/Regional/Europa/Deutschland/Berlin/Gesundheit/Praxen/Zahn%c3%a4rzte%2c_Kieferchirurgen_und_-orthop%c3%a4den" "Mozilla/5.0 (compatible; MSIE 9.0; Windows NT 6.1; Trident/5.0)"
173.236.21.106 - - [10/Sep/2011:15:43:52 +0200] "GET /robots.txt HTTP/1.0" 200 24 "-" "Mozilla/5.0 (compatible; MJ12bot/v1.4.0; http://www.majestic12.co.uk/bot.php?+)"
173.236.21.106 - - [10/Sep/2011:15:43:53 +0200] "GET / HTTP/1.0" 200 12977 "-" "Mozilla/5.0 (compatible; MJ12bot/v1.4.0; http://www.majestic12.co.uk/bot.php?+)"
66.249.72.244 - - [10/Sep/2011:20:44:59 +0200] "GET /robots.txt HTTP/1.1" 200 24 "-" "Mozilla/5.0 (compatible; Googlebot/2.1; +http://www.google.com/bot.html)"
66.249.72.244 - - [10/Sep/2011:20:44:59 +0200] "GET / HTTP/1.1" 200 12977 "-" "SAMSUNG-SGH-E250/1.0 Profile/MIDP-2.0 Configuration/CLDC-1.1 UP.Browser/6.2.3.3.c.1.101 (GUI) MMP/2.0 (compatible; Googlebot-Mobile/2.1; +http://www.google.com/bot.html)"
188.40.89.86 - - [10/Sep/2011:22:43:47 +0200] "GET / HTTP/1.0" 200 12977 "-" "-"
180.76.5.138 - - [10/Sep/2011:22:58:16 +0200] "GET /robots.txt HTTP/1.1" 200 24 "-" "Baiduspider+(+http://www.baidu.com/search/spider.htm)"
188.40.89.86 - - [10/Sep/2011:23:06:21 +0200] "GET / HTTP/1.0" 200 12977 "-" "-"
95.108.128.242 - - [11/Sep/2011:04:04:22 +0200] "GET /robots.txt HTTP/1.1" 200 24 "-" "Mozilla/5.0 (compatible; YandexBot/3.0; +http://yandex.com/bots)"
93.197.236.248 - - [11/Sep/2011:06:27:26 +0200] "GET / HTTP/1.0" 200 12977 "-" "PHPCrawl"
93.197.236.248 - - [11/Sep/2011:06:27:26 +0200] "GET / HTTP/1.0" 200 12977 "-" "PHPCrawl"
93.197.236.248 - - [11/Sep/2011:06:27:27 +0200] "GET /teledienst.html HTTP/1.0" 200 4588 "http://www.zahnarztpraxis-berlin-pankow.de/" "PHPCrawl"
93.197.236.248 - - [11/Sep/2011:06:27:27 +0200] "GET /teledienst.html HTTP/1.0" 200 4588 "http://www.zahnarztpraxis-berlin-pankow.de/" "PHPCrawl"
95.108.128.242 - - [11/Sep/2011:07:10:12 +0200] "GET / HTTP/1.1" 200 12977 "-" "Mozilla/5.0 (compatible; YandexBot/3.0; +http://yandex.com/bots)"
66.249.72.244 - - [11/Sep/2011:08:55:02 +0200] "GET /callback.html HTTP/1.1" 304 - "-" "Mozilla/5.0 (compatible; Googlebot/2.1; +http://www.google.com/bot.html)"
119.63.196.111 - - [11/Sep/2011:08:57:01 +0200] "GET /robots.txt HTTP/1.1" 200 24 "-" "Baiduspider+(+http://www.baidu.com/search/spider.htm)"
93.219.238.204 - - [11/Sep/2011:10:03:31 +0200] "GET / HTTP/1.1" 200 12977 "-" "Mozilla/5.0 (Windows; U; Windows NT 5.1; de; rv:1.9.0.10) Gecko/2009042316 Firefox/3.0.10"
93.219.238.204 - - [11/Sep/2011:10:03:34 +0200] "GET /teledienst.html HTTP/1.1" 200 4588 "-" "Mozilla/5.0 (Windows; U; Windows NT 5.1; de; rv:1.9.0.10) Gecko/2009042316 Firefox/3.0.10"
93.219.238.204 - - [11/Sep/2011:10:03:37 +0200] "GET /teledienst.html HTTP/1.1" 200 4588 "-" "Java/1.6.0_22"
70.166.22.210 - - [11/Sep/2011:19:51:02 +0200] "GET / HTTP/1.1" 200 12977 "http://www.ubound.info/Top/World/Deutsch/Regional/Europa/Deutschland/Berlin/Gesundheit/Praxen/Zahn%c3%a4rzte%2c_Kieferchirurgen_und_-orthop%c3%a4den" "Mozilla/5.0 (compatible; MSIE 9.0; Windows NT 6.1; Trident/5.0)"
217.9.108.150 - - [12/Sep/2011:07:15:41 +0200] "GET / HTTP/1.1" 200 12977 "http://www.google.de/url?sa=t&source=web&cd=1&sqi=2&ved=0CBkQFjAA&url=http%3A%2F%2Fwww.zahnarztpraxis-berlin-pankow.de%2F&rct=j&q=Br.%20Hattke%20berlin&ei=dZVtTtrVLs3usgaQhL3zBA&usg=AFQjCNGhU0LSIXKAU9N4d8DNsS8g6WKbiA" "Mozilla/4.0 (compatible; MSIE 8.0; Windows NT 5.2; Trident/4.0; .NET CLR 1.1.4322; .NET CLR 2.0.50727; .NET CLR 3.0.4506.2152; .NET CLR 3.5.30729; .NET4.0C; .NET4.0E)"
217.9.108.150 - - [12/Sep/2011:07:15:41 +0200] "GET /opensite.js HTTP/1.1" 200 1125 "http://www.zahnarztpraxis-berlin-pankow.de/" "Mozilla/4.0 (compatible; MSIE 8.0; Windows NT 5.2; Trident/4.0; .NET CLR 1.1.4322; .NET CLR 2.0.50727; .NET CLR 3.0.4506.2152; .NET CLR 3.5.30729; .NET4.0C; .NET4.0E)"
217.9.108.150 - - [12/Sep/2011:07:15:43 +0200] "GET /flashopen.js HTTP/1.1" 200 604 "http://www.zahnarztpraxis-berlin-pankow.de/" "Mozilla/4.0 (compatible; MSIE 8.0; Windows NT 5.2; Trident/4.0; .NET CLR 1.1.4322; .NET CLR 2.0.50727; .NET CLR 3.0.4506.2152; .NET CLR 3.5.30729; .NET4.0C; .NET4.0E)"
217.9.108.150 - - [12/Sep/2011:07:15:43 +0200] "GET /hattke.swf HTTP/1.1" 200 12042 "http://www.zahnarztpraxis-berlin-pankow.de/" "Mozilla/4.0 (compatible; MSIE 8.0; Windows NT 5.2; Trident/4.0; .NET CLR 1.1.4322; .NET CLR 2.0.50727; .NET CLR 3.0.4506.2152; .NET CLR 3.5.30729; .NET4.0C; .NET4.0E)"
217.9.108.150 - - [12/Sep/2011:07:15:43 +0200] "GET /favicon.ico HTTP/1.1" 200 2550 "-" "Mozilla/4.0 (compatible; MSIE 8.0; Windows NT 5.2; Trident/4.0; .NET CLR 1.1.4322; .NET CLR 2.0.50727; .NET CLR 3.0.4506.2152; .NET CLR 3.5.30729; .NET4.0C; .NET4.0E)"
217.9.108.150 - - [12/Sep/2011:07:15:43 +0200] "GET /diashow.swf HTTP/1.1" 200 311957 "http://www.zahnarztpraxis-berlin-pankow.de/hattke.swf" "Mozilla/4.0 (compatible; MSIE 8.0; Windows NT 5.2; Trident/4.0; .NET CLR 1.1.4322; .NET CLR 2.0.50727; .NET CLR 3.0.4506.2152; .NET CLR 3.5.30729; .NET4.0C; .NET4.0E)"
93.219.217.115 - - [12/Sep/2011:09:59:23 +0200] "GET / HTTP/1.1" 200 12977 "-" "Mozilla/5.0 (Windows; U; Windows NT 5.1; de; rv:1.9.0.10) Gecko/2009042316 Firefox/3.0.10"
93.219.217.115 - - [12/Sep/2011:09:59:26 +0200] "GET /teledienst.html HTTP/1.1" 200 4588 "-" "Mozilla/5.0 (Windows; U; Windows NT 5.1; de; rv:1.9.0.10) Gecko/2009042316 Firefox/3.0.10"
93.219.217.115 - - [12/Sep/2011:09:59:28 +0200] "GET /teledienst.html HTTP/1.1" 200 4588 "-" "Java/1.6.0_22"
93.159.111.103 - - [12/Sep/2011:13:33:08 +0200] "GET /robots.txt HTTP/1.1" 200 24 "-" "Mozilla/5.0 (compatible; suggybot v0.01a, http://blog.suggy.com/was-ist-suggy/suggy-webcrawler/)"
62.225.112.236 - - [12/Sep/2011:15:06:53 +0200] "GET / HTTP/1.1" 200 12977 "http://www.google.de/search?hl=de&source=hp&q=zahnarzt+in+berlin+pankow&meta=&aq=0v&aqi=g-v1&aql=&oq=Zahnarzt+in+Berlin+Pankow" "Mozilla/4.0 (compatible; MSIE 6.0; Windows NT 5.1; SV1; InfoPath.1; .NET CLR 1.1.4322; .NET CLR 3.0.4506.2152; .NET CLR 3.5.30729; .NET CLR 2.0.50727)"
62.225.112.236 - - [12/Sep/2011:15:06:53 +0200] "GET /opensite.js HTTP/1.1" 200 1125 "http://www.zahnarztpraxis-berlin-pankow.de/" "Mozilla/4.0 (compatible; MSIE 6.0; Windows NT 5.1; SV1; InfoPath.1; .NET CLR 1.1.4322; .NET CLR 3.0.4506.2152; .NET CLR 3.5.30729; .NET CLR 2.0.50727)"
62.225.112.236 - - [12/Sep/2011:15:06:54 +0200] "GET /flashopen.js HTTP/1.1" 200 604 "http://www.zahnarztpraxis-berlin-pankow.de/" "Mozilla/4.0 (compatible; MSIE 6.0; Windows NT 5.1; SV1; InfoPath.1; .NET CLR 1.1.4322; .NET CLR 3.0.4506.2152; .NET CLR 3.5.30729; .NET CLR 2.0.50727)"
62.225.112.236 - - [12/Sep/2011:15:06:54 +0200] "GET /hattke.swf HTTP/1.1" 200 12042 "http://www.zahnarztpraxis-berlin-pankow.de/" "Mozilla/4.0 (compatible; MSIE 6.0; Windows NT 5.1; SV1; InfoPath.1; .NET CLR 1.1.4322; .NET CLR 3.0.4506.2152; .NET CLR 3.5.30729; .NET CLR 2.0.50727)"
62.225.112.236 - - [12/Sep/2011:15:06:55 +0200] "GET /diashow.swf HTTP/1.1" 200 311957 "http://www.zahnarztpraxis-berlin-pankow.de/hattke.swf" "Mozilla/4.0 (compatible; MSIE 6.0; Windows NT 5.1; SV1; InfoPath.1; .NET CLR 1.1.4322; .NET CLR 3.0.4506.2152; .NET CLR 3.5.30729; .NET CLR 2.0.50727)"
71.212.121.76 - - [12/Sep/2011:16:13:13 +0200] "GET /robots.txt HTTP/1.1" 200 24 "-" "Mozilla/5.0 (compatible; 008/0.83; http://www.80legs.com/webcrawler.html;) Gecko/2008032620"
71.212.121.76 - - [12/Sep/2011:16:13:14 +0200] "GET / HTTP/1.1" 200 12977 "-" "Mozilla/5.0 (compatible; 008/0.83; http://www.80legs.com/webcrawler.html) Gecko/2008032620"
66.249.71.43 - - [12/Sep/2011:16:45:27 +0200] "GET /robots.txt HTTP/1.1" 200 24 "-" "Mozilla/5.0 (compatible; Googlebot/2.1; +http://www.google.com/bot.html)"
66.249.71.43 - - [12/Sep/2011:16:45:27 +0200] "GET /callback.html HTTP/1.1" 200 3272 "-" "Mozilla/5.0 (compatible; Googlebot/2.1; +http://www.google.com/bot.html)"
95.108.128.242 - - [12/Sep/2011:17:48:11 +0200] "GET /robots.txt HTTP/1.1" 200 24 "-" "Mozilla/5.0 (compatible; YandexBot/3.0; +http://yandex.com/bots)"
180.76.5.16 - - [12/Sep/2011:18:34:47 +0200] "GET /robots.txt HTTP/1.1" 200 24 "-" "Baiduspider+(+http://www.baidu.com/search/spider.htm)"
213.186.122.3 - - [12/Sep/2011:22:51:28 +0200] "GET /robots.txt HTTP/1.1" 200 24 "-" "Mozilla/5.0 (compatible; AhrefsBot/1.0; +http://ahrefs.com/robot/)"
213.186.122.3 - - [12/Sep/2011:22:51:30 +0200] "GET / HTTP/1.1" 200 12977 "-" "Mozilla/5.0 (compatible; AhrefsBot/1.0; +http://ahrefs.com/robot/)"
70.166.22.210 - - [12/Sep/2011:23:22:14 +0200] "GET / HTTP/1.1" 200 12977 "http://www.ubound.info/Top/World/Deutsch/Regional/Europa/Deutschland/Berlin/Gesundheit/Praxen/Zahn%c3%a4rzte%2c_Kieferchirurgen_und_-orthop%c3%a4den" "Mozilla/5.0 (compatible; MSIE 9.0; Windows NT 6.1; Trident/5.0)"
67.195.115.51 - - [13/Sep/2011:00:11:02 +0200] "GET /robots.txt HTTP/1.0" 200 24 "-" "Mozilla/5.0 (compatible; Yahoo! Slurp; http://help.yahoo.com/help/us/ysearch/slurp)"
67.195.115.51 - - [13/Sep/2011:00:11:02 +0200] "GET /teledienst.html HTTP/1.0" 200 4588 "-" "Mozilla/5.0 (compatible; Yahoo! Slurp; http://help.yahoo.com/help/us/ysearch/slurp)"
66.249.71.43 - - [13/Sep/2011:08:31:46 +0200] "GET / HTTP/1.1" 200 12977 "-" "DoCoMo/2.0 N905i(c100;TB;W24H16) (compatible; Googlebot-Mobile/2.1; +http://www.google.com/bot.html)"
