211.99.227.130 - - [13/Sep/2011:10:38:26 +0200] "GET / HTTP/1.1" 200 12977 "-" "Mozilla/4.0 (compatible; MSIE 6.0; Windows NT 5.0; SV1; .NET CLR 1.1.4322; InfoPath.2; .NET CLR 2.0.50727; .NET CLR 3.0.04506.648; .NET CLR 3.5.21022)"
211.99.227.130 - - [13/Sep/2011:10:38:27 +0200] "GET /opensite.js HTTP/1.1" 200 1125 "-" "Mozilla/4.0 (compatible; MSIE 6.0; Windows NT 5.0; SV1; .NET CLR 1.1.4322; InfoPath.2; .NET CLR 2.0.50727; .NET CLR 3.0.04506.648; .NET CLR 3.5.21022)"
211.99.227.130 - - [13/Sep/2011:10:38:27 +0200] "GET /flashopen.js HTTP/1.1" 200 604 "-" "Mozilla/4.0 (compatible; MSIE 6.0; Windows NT 5.0; SV1; .NET CLR 1.1.4322; InfoPath.2; .NET CLR 2.0.50727; .NET CLR 3.0.04506.648; .NET CLR 3.5.21022)"
95.108.128.242 - - [13/Sep/2011:12:09:59 +0200] "GET / HTTP/1.1" 200 12977 "-" "Mozilla/5.0 (compatible; YandexBot/3.0; +http://yandex.com/bots)"
66.249.72.244 - - [13/Sep/2011:15:58:45 +0200] "GET /robots.txt HTTP/1.1" 200 24 "-" "Mozilla/5.0 (compatible; Googlebot/2.1; +http://www.google.com/bot.html)"
66.249.72.244 - - [13/Sep/2011:15:58:46 +0200] "GET / HTTP/1.1" 304 - "-" "Mozilla/5.0 (compatible; Googlebot/2.1; +http://www.google.com/bot.html)"
66.90.104.180 - - [13/Sep/2011:16:21:23 +0200] "GET / HTTP/1.1" 200 12977 "-" "Mozilla/5.0 (X11; Linux i686) AppleWebKit/534.30 (KHTML, like Gecko) Ubuntu/11.04 Chromium/12.0.742.112 Chrome/12.0.742.112 Safari/534.30"
173.242.125.196 - - [13/Sep/2011:17:53:10 +0200] "GET /robots.txt HTTP/1.0" 200 24 "-" "Mozilla/5.0 (compatible; MJ12bot/v1.4.0; http://www.majestic12.co.uk/bot.php?+)"
173.242.125.196 - - [13/Sep/2011:17:53:12 +0200] "GET / HTTP/1.0" 200 12977 "-" "Mozilla/5.0 (compatible; MJ12bot/v1.4.0; http://www.majestic12.co.uk/bot.php?+)"
207.46.13.95 - - [13/Sep/2011:18:42:39 +0200] "GET /robots.txt HTTP/1.1" 200 24 "-" "Mozilla/5.0 (compatible; bingbot/2.0; +http://www.bing.com/bingbot.htm)"
207.46.13.95 - - [13/Sep/2011:18:43:36 +0200] "GET / HTTP/1.1" 304 - "-" "Mozilla/5.0 (compatible; bingbot/2.0; +http://www.bing.com/bingbot.htm)"
74.125.78.83 - - [13/Sep/2011:19:22:14 +0200] "GET /favicon.ico HTTP/1.1" 200 2550 "-" "-"
180.76.5.88 - - [13/Sep/2011:19:36:11 +0200] "GET /robots.txt HTTP/1.1" 200 24 "-" "Baiduspider+(+http://www.baidu.com/search/spider.htm)"
66.90.104.180 - - [13/Sep/2011:23:18:45 +0200] "GET / HTTP/1.1" 200 12977 "-" "Mozilla/5.0 (X11; Linux i686) AppleWebKit/534.30 (KHTML, like Gecko) Ubuntu/11.04 Chromium/12.0.742.112 Chrome/12.0.742.112 Safari/534.30"
70.166.22.210 - - [14/Sep/2011:03:09:09 +0200] "GET / HTTP/1.1" 200 12977 "http://www.ubound.info/Top/World/Deutsch/Regional/Europa/Deutschland/Berlin/Gesundheit/Praxen/Zahn%c3%a4rzte%2c_Kieferchirurgen_und_-orthop%c3%a4den" "Mozilla/5.0 (compatible; MSIE 9.0; Windows NT 6.1; Trident/5.0)"
188.165.195.156 - - [14/Sep/2011:03:28:13 +0200] "HEAD / HTTP/1.1" 200 - "-" "Mozilla/4.0 (compatible; MSIE 5.01; Windows NT 5.0)"
188.106.186.18 - - [14/Sep/2011:07:20:10 +0200] "GET / HTTP/1.1" 200 12977 "http://www.google.com/url?sa=t&source=web&cd=2&sqi=2&ved=0CCEQFjAB&url=http%3A%2F%2Fwww.zahnarztpraxis-berlin-pankow.de%2F&rct=j&q=reyk%20hattke%20zahnarzt&ei=hTlwTuzhLYf0-gbZhOiPCQ&usg=AFQjCNGhU0LSIXKAU9N4d8DNsS8g6WKbiA" "Mozilla/5.0 (Windows NT 6.1; rv:6.0.2) Gecko/20100101 Firefox/6.0.2"
188.106.186.18 - - [14/Sep/2011:07:20:10 +0200] "GET /opensite.js HTTP/1.1" 200 1125 "http://www.zahnarztpraxis-berlin-pankow.de/" "Mozilla/5.0 (Windows NT 6.1; rv:6.0.2) Gecko/20100101 Firefox/6.0.2"
188.106.186.18 - - [14/Sep/2011:07:20:10 +0200] "GET /favicon.ico HTTP/1.1" 200 2550 "-" "Mozilla/5.0 (Windows NT 6.1; rv:6.0.2) Gecko/20100101 Firefox/6.0.2"
188.106.186.18 - - [14/Sep/2011:07:20:10 +0200] "GET /flashopen.js HTTP/1.1" 200 604 "http://www.zahnarztpraxis-berlin-pankow.de/" "Mozilla/5.0 (Windows NT 6.1; rv:6.0.2) Gecko/20100101 Firefox/6.0.2"
188.106.186.18 - - [14/Sep/2011:07:20:12 +0200] "GET /hattke.swf HTTP/1.1" 200 12042 "http://www.zahnarztpraxis-berlin-pankow.de/" "Mozilla/5.0 (Windows NT 6.1; rv:6.0.2) Gecko/20100101 Firefox/6.0.2"
188.106.186.18 - - [14/Sep/2011:07:20:12 +0200] "GET /diashow.swf HTTP/1.1" 200 311957 "-" "Mozilla/5.0 (Windows NT 6.1; rv:6.0.2) Gecko/20100101 Firefox/6.0.2"
79.252.139.167 - - [14/Sep/2011:09:49:03 +0200] "GET / HTTP/1.1" 200 12977 "http://www.google.de/search?q=www.zahnarztpraxis-berlin-pankow.de&ie=utf-8&oe=utf-8&aq=t&rls=de.web:de:official&client=firefox" "Mozilla/5.0 (Windows NT 5.1; rv:5.0) Gecko/20100101 Firefox/5.0"
79.252.139.167 - - [14/Sep/2011:09:49:03 +0200] "GET /opensite.js HTTP/1.1" 200 1125 "http://www.zahnarztpraxis-berlin-pankow.de/" "Mozilla/5.0 (Windows NT 5.1; rv:5.0) Gecko/20100101 Firefox/5.0"
79.252.139.167 - - [14/Sep/2011:09:49:03 +0200] "GET /favicon.ico HTTP/1.1" 200 2550 "-" "Mozilla/5.0 (Windows NT 5.1; rv:5.0) Gecko/20100101 Firefox/5.0"
79.252.139.167 - - [14/Sep/2011:09:49:03 +0200] "GET /flashopen.js HTTP/1.1" 200 604 "http://www.zahnarztpraxis-berlin-pankow.de/" "Mozilla/5.0 (Windows NT 5.1; rv:5.0) Gecko/20100101 Firefox/5.0"
79.252.139.167 - - [14/Sep/2011:09:49:04 +0200] "GET /flashopen.js HTTP/1.1" 200 604 "http://www.zahnarztpraxis-berlin-pankow.de/" "Mozilla/5.0 (Windows NT 5.1; rv:5.0) Gecko/20100101 Firefox/5.0"
79.252.139.167 - - [14/Sep/2011:09:49:04 +0200] "GET /hattke.swf HTTP/1.1" 200 12042 "http://www.zahnarztpraxis-berlin-pankow.de/" "Mozilla/5.0 (Windows NT 5.1; rv:5.0) Gecko/20100101 Firefox/5.0"
79.252.139.167 - - [14/Sep/2011:09:49:04 +0200] "GET /diashow.swf HTTP/1.1" 200 311957 "-" "Mozilla/5.0 (Windows NT 5.1; rv:5.0) Gecko/20100101 Firefox/5.0"
94.134.212.147 - - [14/Sep/2011:11:16:05 +0200] "GET / HTTP/1.1" 200 12977 "http://www.google.de/url?sa=t&source=web&cd=75&ved=0CEUQFjAEOEY&url=http%3A%2F%2Fwww.zahnarztpraxis-berlin-pankow.de%2F&rct=j&q=zahnarzt%20m%C3%BChlenbeck&tbm=plcs&ei=vXBwTpbOA9P44QTR_eyaCQ&usg=AFQjCNGhU0LSIXKAU9N4d8DNsS8g6WKbiA" "Mozilla/4.0 (compatible; MSIE 8.0; Windows NT 5.1; Trident/4.0; .NET CLR 1.1.4322; .NET CLR 2.0.50727; .NET CLR 3.0.04506.30; .NET CLR 3.0.4506.2152; .NET CLR 3.5.30729; .NET4.0C)"
94.134.212.147 - - [14/Sep/2011:11:16:05 +0200] "GET /opensite.js HTTP/1.1" 200 1125 "http://www.zahnarztpraxis-berlin-pankow.de/" "Mozilla/4.0 (compatible; MSIE 8.0; Windows NT 5.1; Trident/4.0; .NET CLR 1.1.4322; .NET CLR 2.0.50727; .NET CLR 3.0.04506.30; .NET CLR 3.0.4506.2152; .NET CLR 3.5.30729; .NET4.0C)"
94.134.212.147 - - [14/Sep/2011:11:16:05 +0200] "GET /flashopen.js HTTP/1.1" 200 604 "http://www.zahnarztpraxis-berlin-pankow.de/" "Mozilla/4.0 (compatible; MSIE 8.0; Windows NT 5.1; Trident/4.0; .NET CLR 1.1.4322; .NET CLR 2.0.50727; .NET CLR 3.0.04506.30; .NET CLR 3.0.4506.2152; .NET CLR 3.5.30729; .NET4.0C)"
94.134.212.147 - - [14/Sep/2011:11:16:05 +0200] "GET /hattke.swf HTTP/1.1" 200 12042 "http://www.zahnarztpraxis-berlin-pankow.de/" "Mozilla/4.0 (compatible; MSIE 8.0; Windows NT 5.1; Trident/4.0; .NET CLR 1.1.4322; .NET CLR 2.0.50727; .NET CLR 3.0.04506.30; .NET CLR 3.0.4506.2152; .NET CLR 3.5.30729; .NET4.0C)"
94.134.212.147 - - [14/Sep/2011:11:16:05 +0200] "GET /favicon.ico HTTP/1.1" 200 2550 "-" "Mozilla/4.0 (compatible; MSIE 8.0; Windows NT 5.1; Trident/4.0; .NET CLR 1.1.4322; .NET CLR 2.0.50727; .NET CLR 3.0.04506.30; .NET CLR 3.0.4506.2152; .NET CLR 3.5.30729; .NET4.0C)"
94.134.212.147 - - [14/Sep/2011:11:16:06 +0200] "GET /diashow.swf HTTP/1.1" 200 311957 "http://www.zahnarztpraxis-berlin-pankow.de/hattke.swf" "Mozilla/4.0 (compatible; MSIE 8.0; Windows NT 5.1; Trident/4.0; .NET CLR 1.1.4322; .NET CLR 2.0.50727; .NET CLR 3.0.04506.30; .NET CLR 3.0.4506.2152; .NET CLR 3.5.30729; .NET4.0C)"
66.249.72.244 - - [14/Sep/2011:11:25:26 +0200] "GET /robots.txt HTTP/1.1" 200 24 "-" "Mozilla/5.0 (compatible; Googlebot/2.1; +http://www.google.com/bot.html)"
66.249.72.244 - - [14/Sep/2011:11:25:26 +0200] "GET / HTTP/1.1" 200 12977 "-" "Mozilla/5.0 (compatible; Googlebot/2.1; +http://www.google.com/bot.html)"
46.137.44.7 - - [14/Sep/2011:12:28:34 +0200] "GET / HTTP/1.1" 200 12977 "-" "Mozilla/5.0 (Windows NT 6.1; WOW64; rv:6.0) Gecko/20100101 Firefox/6.0"
46.137.44.7 - - [14/Sep/2011:12:28:35 +0200] "GET / HTTP/1.0" 200 12977 "-" "-"
67.195.115.51 - - [14/Sep/2011:14:21:43 +0200] "GET /robots.txt HTTP/1.0" 200 24 "-" "Mozilla/5.0 (compatible; Yahoo! Slurp; http://help.yahoo.com/help/us/ysearch/slurp)"
67.195.115.51 - - [14/Sep/2011:14:21:43 +0200] "GET / HTTP/1.0" 200 12977 "-" "Mozilla/5.0 (compatible; Yahoo! Slurp; http://help.yahoo.com/help/us/ysearch/slurp)"
66.90.104.180 - - [14/Sep/2011:14:31:02 +0200] "GET /wp-includes/images/rss.png HTTP/1.1" 404 1256 "http://www.zahnarztpraxis-berlin-pankow.de/wp-includes/images/rss.png/" "Mozilla/5.0 (X11; Linux i686) AppleWebKit/534.30 (KHTML, like Gecko) Ubuntu/11.04 Chromium/12.0.742.112 Chrome/12.0.742.112 Safari/534.30"
206.253.224.18 - - [14/Sep/2011:15:21:38 +0200] "GET / HTTP/1.1" 200 12977 "-" "Mozilla/5.0 (compatible; oBot/2.3.1; +http://filterdb.iss.net/crawler/)"
66.249.72.244 - - [14/Sep/2011:21:34:33 +0200] "GET / HTTP/1.1" 200 12977 "-" "SAMSUNG-SGH-E250/1.0 Profile/MIDP-2.0 Configuration/CLDC-1.1 UP.Browser/6.2.3.3.c.1.101 (GUI) MMP/2.0 (compatible; Googlebot-Mobile/2.1; +http://www.google.com/bot.html)"
176.9.4.245 - - [14/Sep/2011:23:19:03 +0200] "HEAD /robots.txt HTTP/1.1" 200 - "-" "Mozilla/5.0 (compatible; ExDomain; http://www.ex-domain.de/bot.html)"
176.9.4.245 - - [14/Sep/2011:23:19:03 +0200] "GET /robots.txt HTTP/1.1" 200 24 "-" "Mozilla/5.0 (compatible; ExDomain; http://www.ex-domain.de/bot.html)"
188.40.89.86 - - [15/Sep/2011:07:07:10 +0200] "GET / HTTP/1.0" 200 12977 "-" "-"
128.82.7.236 - - [15/Sep/2011:09:07:01 +0200] "HEAD / HTTP/1.1" 200 - "-" "curl/7.19.7 (x86_64-redhat-linux-gnu) libcurl/7.19.7 NSS/3.12.6.2 zlib/1.2.3 libidn/1.18 libssh2/1.2.2"
87.123.94.21 - - [15/Sep/2011:09:53:34 +0200] "GET / HTTP/1.1" 200 12977 "http://www.google.de/url?sa=t&source=web&cd=1&ved=0CBwQFjAA&url=http%3A%2F%2Fwww.zahnarztpraxis-berlin-pankow.de%2F&rct=j&q=Praxis%20Dr.%20Hattke%20berlin&ei=-65xTu39BoqWswar9LyPBw&usg=AFQjCNGhU0LSIXKAU9N4d8DNsS8g6WKbiA" "Mozilla/4.0 (compatible; MSIE 8.0; Windows NT 5.1; Trident/4.0)"
87.123.94.21 - - [15/Sep/2011:09:53:34 +0200] "GET /opensite.js HTTP/1.1" 200 1125 "http://www.zahnarztpraxis-berlin-pankow.de/" "Mozilla/4.0 (compatible; MSIE 8.0; Windows NT 5.1; Trident/4.0)"
87.123.94.21 - - [15/Sep/2011:09:53:34 +0200] "GET /flashopen.js HTTP/1.1" 200 604 "http://www.zahnarztpraxis-berlin-pankow.de/" "Mozilla/4.0 (compatible; MSIE 8.0; Windows NT 5.1; Trident/4.0)"
87.123.94.21 - - [15/Sep/2011:09:53:34 +0200] "GET /hattke.swf HTTP/1.1" 200 12042 "http://www.zahnarztpraxis-berlin-pankow.de/" "Mozilla/4.0 (compatible; MSIE 8.0; Windows NT 5.1; Trident/4.0)"
87.123.94.21 - - [15/Sep/2011:09:53:34 +0200] "GET /favicon.ico HTTP/1.1" 200 2550 "-" "Mozilla/4.0 (compatible; MSIE 8.0; Windows NT 5.1; Trident/4.0)"
87.123.94.21 - - [15/Sep/2011:09:53:35 +0200] "GET /diashow.swf HTTP/1.1" 200 311957 "http://www.zahnarztpraxis-berlin-pankow.de/hattke.swf" "Mozilla/4.0 (compatible; MSIE 8.0; Windows NT 5.1; Trident/4.0)"
70.166.22.210 - - [15/Sep/2011:10:05:32 +0200] "GET / HTTP/1.1" 200 12977 "http://www.ubound.info/Top/World/Deutsch/Regional/Europa/Deutschland/Berlin/Gesundheit/Praxen/Zahn%c3%a4rzte%2c_Kieferchirurgen_und_-orthop%c3%a4den" "Mozilla/5.0 (compatible; MSIE 9.0; Windows NT 6.1; Trident/5.0)"
93.219.234.252 - - [15/Sep/2011:11:16:07 +0200] "GET / HTTP/1.1" 200 12977 "-" "Mozilla/5.0 (Windows; U; Windows NT 5.1; de; rv:1.9.0.10) Gecko/2009042316 Firefox/3.0.10"
93.219.234.252 - - [15/Sep/2011:11:16:10 +0200] "GET /teledienst.html HTTP/1.1" 200 4588 "-" "Mozilla/5.0 (Windows; U; Windows NT 5.1; de; rv:1.9.0.10) Gecko/2009042316 Firefox/3.0.10"
93.219.234.252 - - [15/Sep/2011:11:16:12 +0200] "GET /teledienst.html HTTP/1.1" 200 4588 "-" "Java/1.6.0_22"
64.246.161.30 - - [15/Sep/2011:11:20:50 +0200] "GET /robots.txt HTTP/1.0" 200 24 "-" "Mozilla/5.0 (Windows; U; Windows NT 5.1; en; rv:1.9.0.13) Gecko/2009073022 Firefox/3.5.2 (.NET CLR 3.5.30729) SurveyBot/2.3 (DomainTools)"
64.246.161.30 - - [15/Sep/2011:11:20:50 +0200] "GET / HTTP/1.1" 200 12977 "http://whois.domaintools.com/zahnarztpraxis-berlin-pankow.de" "Mozilla/5.0 (Windows; U; Windows NT 5.1; en; rv:1.9.0.13) Gecko/2009073022 Firefox/3.5.2 (.NET CLR 3.5.30729) SurveyBot/2.3 (DomainTools)"
193.47.80.81 - - [15/Sep/2011:15:41:50 +0200] "GET /robots.txt HTTP/1.1" 200 24 "-" "Mozilla/5.0 (compatible; Exabot/3.0; +http://www.exabot.com/go/robot)"
193.47.80.81 - - [15/Sep/2011:15:41:50 +0200] "GET / HTTP/1.1" 304 - "-" "Mozilla/5.0 (compatible; Exabot/3.0; +http://www.exabot.com/go/robot)"
66.90.104.180 - - [15/Sep/2011:16:02:17 +0200] "GET /wp-includes/images/rss.png HTTP/1.1" 404 1256 "http://www.zahnarztpraxis-berlin-pankow.de/wp-includes/images/rss.png/" "Mozilla/5.0 (X11; Linux i686) AppleWebKit/534.30 (KHTML, like Gecko) Ubuntu/11.04 Chromium/12.0.742.112 Chrome/12.0.742.112 Safari/534.30"
82.165.37.69 - - [15/Sep/2011:17:35:01 +0200] "GET / HTTP/1.0" 200 12977 "http://werbung-public-relations.18x24.com/?roboto.html/" "Mozilla/5.0 (compatible; IPTCBOT;"
180.76.5.103 - - [15/Sep/2011:18:10:47 +0200] "GET /robots.txt HTTP/1.1" 200 24 "-" "Baiduspider+(+http://www.baidu.com/search/spider.htm)"
66.249.72.244 - - [15/Sep/2011:21:01:46 +0200] "GET /robots.txt HTTP/1.1" 200 24 "-" "Mozilla/5.0 (compatible; Googlebot/2.1; +http://www.google.com/bot.html)"
66.249.72.244 - - [15/Sep/2011:21:01:46 +0200] "GET /callback.html HTTP/1.1" 200 3272 "-" "Mozilla/5.0 (compatible; Googlebot/2.1; +http://www.google.com/bot.html)"
84.148.96.62 - - [15/Sep/2011:21:27:43 +0200] "GET / HTTP/1.1" 200 12977 "http://www.google.de/url?sa=t&source=web&cd=9&sqi=2&ved=0CI0BEBYwCA&url=http%3A%2F%2Fwww.zahnarztpraxis-berlin-pankow.de%2F&rct=j&q=zahnarzt%20berlin%20buchholz&ei=mFFyTpb-DISeOu3-lfoC&usg=AFQjCNGhU0LSIXKAU9N4d8DNsS8g6WKbiA" "Mozilla/5.0 (compatible; MSIE 9.0; Windows NT 6.0; Trident/5.0)"
84.148.96.62 - - [15/Sep/2011:21:27:43 +0200] "GET /opensite.js HTTP/1.1" 200 1125 "http://www.zahnarztpraxis-berlin-pankow.de/" "Mozilla/5.0 (compatible; MSIE 9.0; Windows NT 6.0; Trident/5.0)"
84.148.96.62 - - [15/Sep/2011:21:27:43 +0200] "GET /opensite.js HTTP/1.1" 200 1125 "http://www.zahnarztpraxis-berlin-pankow.de/" "Mozilla/5.0 (compatible; MSIE 9.0; Windows NT 6.0; Trident/5.0)"
84.148.96.62 - - [15/Sep/2011:21:27:43 +0200] "GET /flashopen.js HTTP/1.1" 200 604 "http://www.zahnarztpraxis-berlin-pankow.de/" "Mozilla/5.0 (compatible; MSIE 9.0; Windows NT 6.0; Trident/5.0)"
84.148.96.62 - - [15/Sep/2011:21:27:43 +0200] "GET /hattke.swf HTTP/1.1" 200 12042 "http://www.zahnarztpraxis-berlin-pankow.de/" "Mozilla/5.0 (compatible; MSIE 9.0; Windows NT 6.0; Trident/5.0)"
84.148.96.62 - - [15/Sep/2011:21:27:44 +0200] "GET /favicon.ico HTTP/1.1" 200 2550 "-" "Mozilla/5.0 (compatible; MSIE 9.0; Windows NT 6.0; Trident/5.0)"
84.148.96.62 - - [15/Sep/2011:21:27:44 +0200] "GET /diashow.swf HTTP/1.1" 200 311957 "http://www.zahnarztpraxis-berlin-pankow.de/hattke.swf" "Mozilla/5.0 (compatible; MSIE 9.0; Windows NT 6.0; Trident/5.0)"
93.219.237.36 - - [16/Sep/2011:00:56:07 +0200] "GET / HTTP/1.1" 200 12977 "-" "Mozilla/5.0 (Windows; U; Windows NT 5.1; de; rv:1.9.0.10) Gecko/2009042316 Firefox/3.0.10"
93.219.237.36 - - [16/Sep/2011:00:56:10 +0200] "GET /teledienst.html HTTP/1.1" 200 4588 "-" "Mozilla/5.0 (Windows; U; Windows NT 5.1; de; rv:1.9.0.10) Gecko/2009042316 Firefox/3.0.10"
93.219.237.36 - - [16/Sep/2011:00:56:13 +0200] "GET /teledienst.html HTTP/1.1" 200 4588 "-" "Java/1.6.0_22"
66.249.72.244 - - [16/Sep/2011:10:53:12 +0200] "GET / HTTP/1.1" 200 12977 "-" "Mozilla/5.0 (iPhone; U; CPU iPhone OS 4_1 like Mac OS X; en-us) AppleWebKit/532.9 (KHTML, like Gecko) Version/4.0.5 Mobile/8B117 Safari/6531.22.7 (compatible; Googlebot-Mobile/2.1; +http://www.google.com/bot.html)"
188.40.89.86 - - [16/Sep/2011:12:56:46 +0200] "GET / HTTP/1.0" 200 12977 "-" "-"
188.40.89.86 - - [16/Sep/2011:13:18:40 +0200] "GET / HTTP/1.0" 200 12977 "-" "-"
46.4.101.175 - - [16/Sep/2011:15:05:20 +0200] "GET /robots.txt HTTP/1.0" 200 24 "-" "Domnutch-Bot/Nutch-1.0 (Domnutch; http://www.Nutch.de/)"
46.4.101.175 - - [16/Sep/2011:15:05:20 +0200] "GET / HTTP/1.0" 200 12977 "-" "Domnutch-Bot/Nutch-1.0 (Domnutch; http://www.Nutch.de/)"
70.166.22.210 - - [16/Sep/2011:17:40:51 +0200] "GET / HTTP/1.1" 200 12977 "http://www.ubound.info/Top/World/Deutsch/Regional/Europa/Deutschland/Berlin/Gesundheit/Praxen/Zahn%c3%a4rzte%2c_Kieferchirurgen_und_-orthop%c3%a4den" "Mozilla/5.0 (compatible; MSIE 9.0; Windows NT 6.1; Trident/5.0)"
88.74.249.246 - - [16/Sep/2011:18:24:48 +0200] "GET /robots.txt HTTP/1.0" 200 24 "-" "Mozilla/5.0 (compatible; MJ12bot/v1.4.0; http://www.majestic12.co.uk/bot.php?+)"
88.74.249.246 - - [16/Sep/2011:18:24:50 +0200] "GET / HTTP/1.1" 200 12977 "-" "Mozilla/5.0 (compatible; MJ12bot/v1.4.0; http://www.majestic12.co.uk/bot.php?+)"
95.108.128.242 - - [16/Sep/2011:20:50:12 +0200] "GET /robots.txt HTTP/1.1" 200 24 "-" "Mozilla/5.0 (compatible; YandexBot/3.0; +http://yandex.com/bots)"
87.183.248.88 - - [16/Sep/2011:23:58:54 +0200] "GET / HTTP/1.1" 200 12977 "-" "Mozilla/5.0 (Windows; U; Windows NT 5.1; en-US; rv:1.8.1.21) Gecko/20090331 K-Meleon/1.5.3"
95.108.128.242 - - [17/Sep/2011:00:32:54 +0200] "GET / HTTP/1.1" 200 12977 "-" "Mozilla/5.0 (compatible; YandexBot/3.0; +http://yandex.com/bots)"
66.249.71.8 - - [17/Sep/2011:02:40:20 +0200] "GET /robots.txt HTTP/1.1" 200 24 "-" "Mozilla/5.0 (compatible; Googlebot/2.1; +http://www.google.com/bot.html)"
66.249.71.8 - - [17/Sep/2011:02:40:21 +0200] "GET /callback.html HTTP/1.1" 200 3272 "-" "Mozilla/5.0 (compatible; Googlebot/2.1; +http://www.google.com/bot.html)"
66.90.104.180 - - [17/Sep/2011:14:13:10 +0200] "GET / HTTP/1.1" 200 12977 "-" "Mozilla/5.0 (X11; Linux i686) AppleWebKit/534.30 (KHTML, like Gecko) Ubuntu/11.04 Chromium/12.0.742.112 Chrome/12.0.742.112 Safari/534.30"
66.249.72.244 - - [17/Sep/2011:19:14:18 +0200] "GET /robots.txt HTTP/1.1" 200 24 "-" "Mozilla/5.0 (compatible; Googlebot/2.1; +http://www.google.com/bot.html)"
66.249.72.244 - - [17/Sep/2011:19:14:18 +0200] "GET /sitemap.xml HTTP/1.1" 200 796 "-" "Mozilla/5.0 (compatible; Googlebot/2.1; +http://www.google.com/bot.html)"
70.166.22.210 - - [17/Sep/2011:22:13:41 +0200] "GET / HTTP/1.1" 200 12977 "http://www.ubound.info/Top/World/Deutsch/Regional/Europa/Deutschland/Berlin/Gesundheit/Praxen/Zahn%c3%a4rzte%2c_Kieferchirurgen_und_-orthop%c3%a4den" "Mozilla/5.0 (compatible; MSIE 9.0; Windows NT 6.1; Trident/5.0)"
66.249.72.244 - - [18/Sep/2011:00:48:37 +0200] "GET / HTTP/1.1" 200 12977 "-" "SAMSUNG-SGH-E250/1.0 Profile/MIDP-2.0 Configuration/CLDC-1.1 UP.Browser/6.2.3.3.c.1.101 (GUI) MMP/2.0 (compatible; Googlebot-Mobile/2.1; +http://www.google.com/bot.html)"
93.159.111.103 - - [18/Sep/2011:00:57:14 +0200] "GET /robots.txt HTTP/1.1" 200 24 "-" "Mozilla/5.0 (compatible; suggybot v0.01a, http://blog.suggy.com/was-ist-suggy/suggy-webcrawler/)"
67.195.115.51 - - [18/Sep/2011:05:14:11 +0200] "GET /robots.txt HTTP/1.0" 200 24 "-" "Mozilla/5.0 (compatible; Yahoo! Slurp; http://help.yahoo.com/help/us/ysearch/slurp)"
67.195.115.51 - - [18/Sep/2011:05:14:11 +0200] "GET /teledienst.html HTTP/1.0" 200 4588 "-" "Mozilla/5.0 (compatible; Yahoo! Slurp; http://help.yahoo.com/help/us/ysearch/slurp)"
65.111.171.90 - - [18/Sep/2011:08:05:26 +0200] "GET /robots.txt HTTP/1.0" 200 24 "-" "Gigabot/3.0 (http://www.gigablast.com/spider.html)"
65.111.171.90 - - [18/Sep/2011:08:05:27 +0200] "GET / HTTP/1.0" 200 12977 "-" "Gigabot/3.0 (http://www.gigablast.com/spider.html)"
110.187.156.114 - - [18/Sep/2011:10:43:07 +0200] "GET / HTTP/1.0" 200 12977 "http://mygazeta.ru" "Mozilla/4.0 (compatible; MSIE 7.0b; Windows NT 6.0)"
112.64.183.74 - - [18/Sep/2011:10:43:44 +0200] "GET / HTTP/1.0" 200 12977 "http://www.zahnarztpraxis-berlin-pankow.de/" "Mozilla/4.0 (compatible; MSIE 7.0b; Windows NT 6.0)"
219.132.21.158 - - [18/Sep/2011:10:44:19 +0200] "GET / HTTP/1.0" 200 12977 "http://www.zahnarztpraxis-berlin-pankow.de/" "Mozilla/4.0 (compatible; MSIE 7.0b; Windows NT 6.0)"
123.135.110.130 - - [18/Sep/2011:10:44:26 +0200] "GET / HTTP/1.0" 200 12977 "http://www.zahnarztpraxis-berlin-pankow.de/" "Mozilla/4.0 (compatible; MSIE 7.0b; Windows NT 6.0)"
119.46.111.9 - - [18/Sep/2011:10:44:32 +0200] "GET / HTTP/1.0" 200 12977 "http://www.zahnarztpraxis-berlin-pankow.de/" "Mozilla/4.0 (compatible; MSIE 7.0b; Windows NT 6.0)"
122.160.148.113 - - [18/Sep/2011:10:45:00 +0200] "GET / HTTP/1.1" 200 12977 "http://www.zahnarztpraxis-berlin-pankow.de/" "Mozilla/4.0 (compatible; MSIE 7.0b; Windows NT 6.0)"
222.39.253.149 - - [18/Sep/2011:10:45:38 +0200] "GET / HTTP/1.0" 200 12977 "http://www.zahnarztpraxis-berlin-pankow.de/" "Mozilla/4.0 (compatible; MSIE 7.0b; Windows NT 6.0)"
222.188.124.37 - - [18/Sep/2011:10:46:17 +0200] "GET / HTTP/1.0" 200 12977 "http://www.zahnarztpraxis-berlin-pankow.de/" "Mozilla/4.0 (compatible; MSIE 7.0b; Windows NT 6.0)"
111.116.78.66 - - [18/Sep/2011:10:47:14 +0200] "GET / HTTP/1.0" 200 12977 "http://www.zahnarztpraxis-berlin-pankow.de/" "Mozilla/4.0 (compatible; MSIE 7.0b; Windows NT 6.0)"
217.150.52.125 - - [18/Sep/2011:10:47:29 +0200] "GET / HTTP/1.1" 200 12977 "http://www.zahnarztpraxis-berlin-pankow.de/" "Mozilla/4.0 (compatible; MSIE 7.0b; Windows NT 6.0)"
218.7.131.239 - - [18/Sep/2011:10:48:09 +0200] "GET / HTTP/1.0" 200 12977 "http://www.zahnarztpraxis-berlin-pankow.de/" "Mozilla/4.0 (compatible; MSIE 7.0b; Windows NT 6.0)"
118.133.51.246 - - [18/Sep/2011:10:48:34 +0200] "GET / HTTP/1.0" 200 12977 "http://www.zahnarztpraxis-berlin-pankow.de/" "Mozilla/4.0 (compatible; MSIE 7.0b; Windows NT 6.0)"
118.133.88.161 - - [18/Sep/2011:10:48:44 +0200] "GET / HTTP/1.0" 200 12977 "http://www.zahnarztpraxis-berlin-pankow.de/" "Mozilla/4.0 (compatible; MSIE 7.0b; Windows NT 6.0)"
118.161.251.173 - - [18/Sep/2011:10:48:48 +0200] "GET / HTTP/1.0" 200 12977 "http://www.zahnarztpraxis-berlin-pankow.de/" "Mozilla/4.0 (compatible; MSIE 7.0b; Windows NT 6.0)"
124.196.168.205 - - [18/Sep/2011:10:49:08 +0200] "GET / HTTP/1.0" 200 12977 "http://www.zahnarztpraxis-berlin-pankow.de/" "Mozilla/4.0 (compatible; MSIE 7.0b; Windows NT 6.0)"
118.133.51.246 - - [18/Sep/2011:10:50:08 +0200] "GET / HTTP/1.0" 200 12977 "http://www.zahnarztpraxis-berlin-pankow.de/" "Mozilla/4.0 (compatible; MSIE 7.0b; Windows NT 6.0)"
119.46.111.9 - - [18/Sep/2011:10:50:37 +0200] "GET / HTTP/1.0" 200 12977 "http://www.zahnarztpraxis-berlin-pankow.de/" "Mozilla/4.0 (compatible; MSIE 7.0b; Windows NT 6.0)"
218.199.21.62 - - [18/Sep/2011:10:50:57 +0200] "GET / HTTP/1.0" 200 12977 "http://www.zahnarztpraxis-berlin-pankow.de/" "Mozilla/4.0 (compatible; MSIE 7.0b; Windows NT 6.0)"
218.199.21.62 - - [18/Sep/2011:10:52:10 +0200] "GET / HTTP/1.0" 200 12977 "http://www.zahnarztpraxis-berlin-pankow.de/" "Mozilla/4.0 (compatible; MSIE 7.0b; Windows NT 6.0)"
83.133.125.202 - - [18/Sep/2011:11:35:21 +0200] "GET / HTTP/1.1" 200 12977 "http://www.bigfinder.de/" "Mozilla/4.0 (compatible; MSIE 8.0; Windows NT 5.1; Trident/4.0; FBSMTWB; ATC/1.0; .NET CLR 1.1.4322; ATC/1.0; .NET CLR 2.0.50727; .NET CLR 3.0.4506.2152; .NET CLR 3.5.30729)"
82.165.37.69 - - [18/Sep/2011:12:46:55 +0200] "GET / HTTP/1.0" 200 12977 "http://immobilien-club.blogspot.com/" "Mozilla/5.0 (compatible; IPTCBOT;"
207.46.13.95 - - [18/Sep/2011:17:55:58 +0200] "GET /robots.txt HTTP/1.1" 200 24 "-" "Mozilla/5.0 (compatible; bingbot/2.0; +http://www.bing.com/bingbot.htm)"
207.46.13.95 - - [18/Sep/2011:17:56:41 +0200] "GET /teledienst.html HTTP/1.1" 304 - "-" "Mozilla/5.0 (compatible; bingbot/2.0; +http://www.bing.com/bingbot.htm)"
211.99.227.130 - - [18/Sep/2011:21:05:49 +0200] "GET / HTTP/1.1" 200 12977 "-" "Mozilla/4.0 (compatible; MSIE 6.0; Windows NT 5.0; SV1; .NET CLR 1.1.4322; InfoPath.2; .NET CLR 2.0.50727; .NET CLR 3.0.04506.648; .NET CLR 3.5.21022)"
211.99.227.130 - - [18/Sep/2011:21:05:51 +0200] "GET /opensite.js HTTP/1.1" 200 1125 "-" "Mozilla/4.0 (compatible; MSIE 6.0; Windows NT 5.0; SV1; .NET CLR 1.1.4322; InfoPath.2; .NET CLR 2.0.50727; .NET CLR 3.0.04506.648; .NET CLR 3.5.21022)"
211.99.227.130 - - [18/Sep/2011:21:05:51 +0200] "GET /flashopen.js HTTP/1.1" 200 604 "-" "Mozilla/4.0 (compatible; MSIE 6.0; Windows NT 5.0; SV1; .NET CLR 1.1.4322; InfoPath.2; .NET CLR 2.0.50727; .NET CLR 3.0.04506.648; .NET CLR 3.5.21022)"
207.46.13.95 - - [18/Sep/2011:22:00:19 +0200] "GET /robots.txt HTTP/1.1" 200 24 "-" "Mozilla/5.0 (compatible; bingbot/2.0; +http://www.bing.com/bingbot.htm)"
207.46.13.95 - - [18/Sep/2011:22:01:05 +0200] "GET / HTTP/1.1" 304 - "-" "Mozilla/5.0 (compatible; bingbot/2.0; +http://www.bing.com/bingbot.htm)"
70.166.22.210 - - [19/Sep/2011:03:01:04 +0200] "GET / HTTP/1.1" 200 12977 "http://www.ubound.info/Top/World/Deutsch/Regional/Europa/Deutschland/Berlin/Gesundheit/Praxen/Zahn%c3%a4rzte%2c_Kieferchirurgen_und_-orthop%c3%a4den" "Mozilla/5.0 (compatible; MSIE 9.0; Windows NT 6.1; Trident/5.0)"
87.123.86.218 - - [19/Sep/2011:08:46:18 +0200] "GET / HTTP/1.1" 200 12977 "http://www.google.de/search?q=zahnarzt+wilhelmsruh+berlin&hl=de&biw=1366&bih=607&prmd=imvns&source=univ&tbm=plcs&tbo=u&ei=duR2TpGvFseQswbrgKW6Cw&sa=X&oi=local_group&ct=more-results&resnum=1&ved=0CFsQtQMwAA" "Mozilla/5.0 (Windows NT 6.1) AppleWebKit/535.1 (KHTML, like Gecko) Chrome/14.0.835.163 Safari/535.1"
87.123.86.218 - - [19/Sep/2011:08:46:19 +0200] "GET /opensite.js HTTP/1.1" 200 1125 "http://www.zahnarztpraxis-berlin-pankow.de/" "Mozilla/5.0 (Windows NT 6.1) AppleWebKit/535.1 (KHTML, like Gecko) Chrome/14.0.835.163 Safari/535.1"
87.123.86.218 - - [19/Sep/2011:08:46:19 +0200] "GET /flashopen.js HTTP/1.1" 200 604 "http://www.zahnarztpraxis-berlin-pankow.de/" "Mozilla/5.0 (Windows NT 6.1) AppleWebKit/535.1 (KHTML, like Gecko) Chrome/14.0.835.163 Safari/535.1"
87.123.86.218 - - [19/Sep/2011:08:46:20 +0200] "GET /hattke.swf HTTP/1.1" 200 12042 "http://www.zahnarztpraxis-berlin-pankow.de/" "Mozilla/5.0 (Windows NT 6.1) AppleWebKit/535.1 (KHTML, like Gecko) Chrome/14.0.835.163 Safari/535.1"
87.123.86.218 - - [19/Sep/2011:08:46:21 +0200] "GET /favicon.ico HTTP/1.1" 200 2550 "-" "Mozilla/5.0 (Windows NT 6.1) AppleWebKit/535.1 (KHTML, like Gecko) Chrome/14.0.835.163 Safari/535.1"
87.123.86.218 - - [19/Sep/2011:08:46:21 +0200] "GET /diashow.swf HTTP/1.1" 200 311957 "http://www.zahnarztpraxis-berlin-pankow.de/hattke.swf" "Mozilla/5.0 (Windows NT 6.1) AppleWebKit/535.1 (KHTML, like Gecko) Chrome/14.0.835.163 Safari/535.1"
93.186.23.81 - - [19/Sep/2011:09:41:43 +0200] "GET / HTTP/1.1" 200 12977 "http://www.google.com/search?client=ms-rim&hl=de&q=hattke&ie=UTF-8&oe=UTF-8&channel=browser" "Mozilla/5.0 (BlackBerry; U; BlackBerry 9300; de) AppleWebKit/534.8+ (KHTML, like Gecko) Version/6.0.0.600 Mobile Safari/534.8+"
93.186.23.81 - - [19/Sep/2011:09:41:44 +0200] "GET /opensite.js HTTP/1.1" 200 1125 "http://www.zahnarztpraxis-berlin-pankow.de/" "Mozilla/5.0 (BlackBerry; U; BlackBerry 9300; de) AppleWebKit/534.8+ (KHTML, like Gecko) Version/6.0.0.600 Mobile Safari/534.8+"
93.186.23.81 - - [19/Sep/2011:09:41:44 +0200] "GET /flashopen.js HTTP/1.1" 200 604 "http://www.zahnarztpraxis-berlin-pankow.de/" "Mozilla/5.0 (BlackBerry; U; BlackBerry 9300; de) AppleWebKit/534.8+ (KHTML, like Gecko) Version/6.0.0.600 Mobile Safari/534.8+"
93.186.23.81 - - [19/Sep/2011:09:41:45 +0200] "GET /favicon.ico HTTP/1.1" 200 2550 "-" "Mozilla/5.0 (BlackBerry; U; BlackBerry 9300; de) AppleWebKit/534.8+ (KHTML, like Gecko) Version/6.0.0.600 Mobile Safari/534.8+"
67.195.115.51 - - [19/Sep/2011:12:02:20 +0200] "GET /robots.txt HTTP/1.0" 200 24 "-" "Mozilla/5.0 (compatible; Yahoo! Slurp; http://help.yahoo.com/help/us/ysearch/slurp)"
67.195.115.51 - - [19/Sep/2011:12:02:20 +0200] "GET / HTTP/1.0" 200 12977 "-" "Mozilla/5.0 (compatible; Yahoo! Slurp; http://help.yahoo.com/help/us/ysearch/slurp)"
217.231.154.167 - - [19/Sep/2011:12:23:46 +0200] "GET / HTTP/1.1" 200 12977 "http://www.google.de/url?sa=t&source=web&cd=5&sqi=2&ved=0CHcQoAIwBA&url=http%3A%2F%2Fwww.zahnarztpraxis-berlin-pankow.de%2F&rct=j&q=zahnarzt%20pankow%20niedersch%C3%B6nhausen&ei=HRh3ToLzDc2LswbIyJmoCw&usg=AFQjCNGhU0LSIXKAU9N4d8DNsS8g6WKbiA&cad=rja" "Mozilla/5.0 (Windows; U; Windows NT 6.0; de; rv:1.9.2.22) Gecko/20110902 Firefox/3.6.22 ( .NET CLR 3.5.30729; .NET4.0C) 78990516603 Version/11.00323"
217.231.154.167 - - [19/Sep/2011:12:23:46 +0200] "GET /opensite.js HTTP/1.1" 200 1125 "http://www.zahnarztpraxis-berlin-pankow.de/" "Mozilla/5.0 (Windows; U; Windows NT 6.0; de; rv:1.9.2.22) Gecko/20110902 Firefox/3.6.22 ( .NET CLR 3.5.30729; .NET4.0C) 78990516603 Version/11.00323"
217.231.154.167 - - [19/Sep/2011:12:23:47 +0200] "GET /flashopen.js HTTP/1.1" 200 604 "http://www.zahnarztpraxis-berlin-pankow.de/" "Mozilla/5.0 (Windows; U; Windows NT 6.0; de; rv:1.9.2.22) Gecko/20110902 Firefox/3.6.22 ( .NET CLR 3.5.30729; .NET4.0C) 78990516603 Version/11.00323"
217.231.154.167 - - [19/Sep/2011:12:23:47 +0200] "GET /hattke.swf HTTP/1.1" 200 12042 "http://www.zahnarztpraxis-berlin-pankow.de/" "Mozilla/5.0 (Windows; U; Windows NT 6.0; de; rv:1.9.2.22) Gecko/20110902 Firefox/3.6.22 ( .NET CLR 3.5.30729; .NET4.0C) 78990516603 Version/11.00323"
217.231.154.167 - - [19/Sep/2011:12:23:47 +0200] "GET /favicon.ico HTTP/1.1" 200 2550 "-" "Mozilla/5.0 (Windows; U; Windows NT 6.0; de; rv:1.9.2.22) Gecko/20110902 Firefox/3.6.22 ( .NET CLR 3.5.30729; .NET4.0C) 78990516603 Version/11.00323"
217.231.154.167 - - [19/Sep/2011:12:23:47 +0200] "GET /diashow.swf HTTP/1.1" 200 311957 "-" "Mozilla/5.0 (Windows; U; Windows NT 6.0; de; rv:1.9.2.22) Gecko/20110902 Firefox/3.6.22 ( .NET CLR 3.5.30729; .NET4.0C) 78990516603 Version/11.00323"
94.222.1.166 - - [19/Sep/2011:17:27:43 +0200] "GET / HTTP/1.1" 200 12977 "http://www.google.de/search?hl=de&source=hp&q=dr+hattke+berlin&oq=dr+hattke&aq=1v&aqi=g-v2&aql=&gs_sm=c&gs_upl=346391l353204l0l355485l15l14l2l1l1l0l250l2048l0.7.4l11l0" "Mozilla/4.0 (compatible; MSIE 7.0; Windows NT 5.1; Versatel.de ISDN 0404; .NET CLR 2.0.50727; .NET CLR 3.0.4506.2152; .NET CLR 3.5.30729)"
94.222.1.166 - - [19/Sep/2011:17:27:43 +0200] "GET /opensite.js HTTP/1.1" 200 1125 "http://www.zahnarztpraxis-berlin-pankow.de/" "Mozilla/4.0 (compatible; MSIE 7.0; Windows NT 5.1; Versatel.de ISDN 0404; .NET CLR 2.0.50727; .NET CLR 3.0.4506.2152; .NET CLR 3.5.30729)"
94.222.1.166 - - [19/Sep/2011:17:27:43 +0200] "GET /flashopen.js HTTP/1.1" 200 604 "http://www.zahnarztpraxis-berlin-pankow.de/" "Mozilla/4.0 (compatible; MSIE 7.0; Windows NT 5.1; Versatel.de ISDN 0404; .NET CLR 2.0.50727; .NET CLR 3.0.4506.2152; .NET CLR 3.5.30729)"
94.222.1.166 - - [19/Sep/2011:17:27:43 +0200] "GET /hattke.swf HTTP/1.1" 200 12042 "http://www.zahnarztpraxis-berlin-pankow.de/" "Mozilla/4.0 (compatible; MSIE 7.0; Windows NT 5.1; Versatel.de ISDN 0404; .NET CLR 2.0.50727; .NET CLR 3.0.4506.2152; .NET CLR 3.5.30729)"
94.222.1.166 - - [19/Sep/2011:17:27:44 +0200] "GET /favicon.ico HTTP/1.1" 200 2550 "-" "Mozilla/4.0 (compatible; MSIE 7.0; Windows NT 5.1; Versatel.de ISDN 0404; .NET CLR 2.0.50727; .NET CLR 3.0.4506.2152; .NET CLR 3.5.30729)"
94.222.1.166 - - [19/Sep/2011:17:27:44 +0200] "GET /diashow.swf HTTP/1.1" 200 311957 "http://www.zahnarztpraxis-berlin-pankow.de/hattke.swf" "Mozilla/4.0 (compatible; MSIE 7.0; Windows NT 5.1; Versatel.de ISDN 0404; .NET CLR 2.0.50727; .NET CLR 3.0.4506.2152; .NET CLR 3.5.30729)"
87.187.172.6 - - [19/Sep/2011:17:34:43 +0200] "GET / HTTP/1.1" 200 12977 "http://www.kzv-berlin.de/fuer-patienten/zahnarztsuche.html?tx_dsckzvzahnarzt%5Baction%5D=evalStandort&tx_dsckzvzahnarzt%5Bumkreis%5D=10&tx_dsckzvzahnarzt%5Badresse%5D=reinickendorf&tx_dsckzvzahnarzt%5Blat%5D=52.574265&tx_dsckzvzahnarzt%5Blng%5D=13.3477724&tx_dsckzvzahnarzt%5Bfachgebiet%5D=aza&tx_dsckzvzahnarzt%5Bcount%5D=100" "Mozilla/4.0 (compatible; MSIE 8.0; Windows NT 5.1; Trident/4.0; .NET CLR 1.1.4322; .NET CLR 2.0.50727; .NET CLR 3.0.04506.30; .NET CLR 3.0.04506.648; .NET CLR 3.0.4506.2152; .NET CLR 3.5.30729)"
87.187.172.6 - - [19/Sep/2011:17:34:43 +0200] "GET /opensite.js HTTP/1.1" 200 1125 "http://www.zahnarztpraxis-berlin-pankow.de/" "Mozilla/4.0 (compatible; MSIE 8.0; Windows NT 5.1; Trident/4.0; .NET CLR 1.1.4322; .NET CLR 2.0.50727; .NET CLR 3.0.04506.30; .NET CLR 3.0.04506.648; .NET CLR 3.0.4506.2152; .NET CLR 3.5.30729)"
87.187.172.6 - - [19/Sep/2011:17:34:43 +0200] "GET /flashopen.js HTTP/1.1" 200 604 "http://www.zahnarztpraxis-berlin-pankow.de/" "Mozilla/4.0 (compatible; MSIE 8.0; Windows NT 5.1; Trident/4.0; .NET CLR 1.1.4322; .NET CLR 2.0.50727; .NET CLR 3.0.04506.30; .NET CLR 3.0.04506.648; .NET CLR 3.0.4506.2152; .NET CLR 3.5.30729)"
87.187.172.6 - - [19/Sep/2011:17:34:43 +0200] "GET /hattke.swf HTTP/1.1" 200 12042 "http://www.zahnarztpraxis-berlin-pankow.de/" "Mozilla/4.0 (compatible; MSIE 8.0; Windows NT 5.1; Trident/4.0; .NET CLR 1.1.4322; .NET CLR 2.0.50727; .NET CLR 3.0.04506.30; .NET CLR 3.0.04506.648; .NET CLR 3.0.4506.2152; .NET CLR 3.5.30729)"
87.187.172.6 - - [19/Sep/2011:17:34:43 +0200] "GET /favicon.ico HTTP/1.1" 200 2550 "-" "Mozilla/4.0 (compatible; MSIE 8.0; Windows NT 5.1; Trident/4.0; .NET CLR 1.1.4322; .NET CLR 2.0.50727; .NET CLR 3.0.04506.30; .NET CLR 3.0.04506.648; .NET CLR 3.0.4506.2152; .NET CLR 3.5.30729)"
87.187.172.6 - - [19/Sep/2011:17:34:43 +0200] "GET /diashow.swf HTTP/1.1" 200 311957 "http://www.zahnarztpraxis-berlin-pankow.de/hattke.swf" "Mozilla/4.0 (compatible; MSIE 8.0; Windows NT 5.1; Trident/4.0; .NET CLR 1.1.4322; .NET CLR 2.0.50727; .NET CLR 3.0.04506.30; .NET CLR 3.0.04506.648; .NET CLR 3.0.4506.2152; .NET CLR 3.5.30729)"
86.111.221.246 - - [19/Sep/2011:18:17:36 +0200] "GET / HTTP/1.1" 200 12977 "-" "Mozilla/5.0 (Windows; U; Windows NT 5.1; en-US) AppleWebKit/534.13 (KHTML, like Gecko) Chrome/9.0.597.84 Safari/534.13"
195.198.209.86 - - [19/Sep/2011:19:07:09 +0200] "GET /robots.txt HTTP/1.0" 200 24 "-" "Mozilla/5.0 (compatible; MJ12bot/v1.4.0; http://www.majestic12.co.uk/bot.php?+)"
195.198.209.86 - - [19/Sep/2011:19:07:11 +0200] "GET / HTTP/1.1" 200 12977 "-" "Mozilla/5.0 (compatible; MJ12bot/v1.4.0; http://www.majestic12.co.uk/bot.php?+)"
119.235.237.19 - - [20/Sep/2011:02:53:14 +0200] "GET /robots.txt HTTP/1.1" 200 24 "-" "Yeti/1.0 (NHN Corp.; http://help.naver.com/robots/)"
119.235.237.19 - - [20/Sep/2011:02:53:15 +0200] "GET / HTTP/1.1" 200 12977 "-" "Yeti/1.0 (NHN Corp.; http://help.naver.com/robots/)"
64.121.56.246 - - [20/Sep/2011:11:08:00 +0200] "HEAD / HTTP/1.1" 200 - "-" "Mozilla/5.0 (compatible; pmoz.info ODP link checker; +http://pmoz.info/doc/botinfo.htm)"
79.197.212.215 - - [20/Sep/2011:11:55:15 +0200] "GET / HTTP/1.1" 200 12977 "-" "Mozilla/4.0 (compatible; MSIE 8.0; Windows NT 5.1; Trident/4.0; .NET CLR 2.0.50727)"
79.197.212.215 - - [20/Sep/2011:11:55:15 +0200] "GET /opensite.js HTTP/1.1" 200 1125 "http://www.zahnarztpraxis-berlin-pankow.de/" "Mozilla/4.0 (compatible; MSIE 8.0; Windows NT 5.1; Trident/4.0; .NET CLR 2.0.50727)"
79.197.212.215 - - [20/Sep/2011:11:55:16 +0200] "GET /flashopen.js HTTP/1.1" 200 604 "http://www.zahnarztpraxis-berlin-pankow.de/" "Mozilla/4.0 (compatible; MSIE 8.0; Windows NT 5.1; Trident/4.0; .NET CLR 2.0.50727)"
79.197.212.215 - - [20/Sep/2011:11:55:16 +0200] "GET /hattke.swf HTTP/1.1" 200 12042 "http://www.zahnarztpraxis-berlin-pankow.de/" "Mozilla/4.0 (compatible; MSIE 8.0; Windows NT 5.1; Trident/4.0; .NET CLR 2.0.50727)"
79.197.212.215 - - [20/Sep/2011:11:55:16 +0200] "GET /favicon.ico HTTP/1.1" 200 2550 "-" "Mozilla/4.0 (compatible; MSIE 8.0; Windows NT 5.1; Trident/4.0; .NET CLR 2.0.50727)"
79.197.212.215 - - [20/Sep/2011:11:55:16 +0200] "GET /diashow.swf HTTP/1.1" 200 311957 "http://www.zahnarztpraxis-berlin-pankow.de/hattke.swf" "Mozilla/4.0 (compatible; MSIE 8.0; Windows NT 5.1; Trident/4.0; .NET CLR 2.0.50727)"
188.138.90.118 - - [20/Sep/2011:12:03:39 +0200] "GET / HTTP/1.1" 200 12977 "-" "Mozilla/4.0 (compatible; MSIE 6.0; Windows 98; Win 9x4.90)"
70.166.22.210 - - [20/Sep/2011:12:16:21 +0200] "GET / HTTP/1.1" 200 12977 "http://www.ubound.info/Top/World/Deutsch/Regional/Europa/Deutschland/Berlin/Gesundheit/Praxen/Zahn%c3%a4rzte%2c_Kieferchirurgen_und_-orthop%c3%a4den" "Mozilla/5.0 (compatible; MSIE 9.0; Windows NT 6.1; Trident/5.0)"
188.138.94.12 - - [20/Sep/2011:14:09:04 +0200] "GET /robots.txt HTTP/1.1" 200 24 "-" "Mozilla/5.0 (X11; U; Linux i686; de; rv:1.9.0.1; compatible; iCjobs Stellenangebote Jobs; http://www.icjobs.de) Gecko/20100401 iCjobs/3.2.3"
188.138.94.12 - - [20/Sep/2011:14:09:05 +0200] "GET / HTTP/1.1" 200 12977 "-" "Mozilla/5.0 (X11; U; Linux i686; de; rv:1.9.0.1; compatible; iCjobs Stellenangebote Jobs; http://www.icjobs.de) Gecko/20100401 iCjobs/3.2.3"
188.138.94.12 - - [20/Sep/2011:14:09:06 +0200] "GET /opensite.js HTTP/1.1" 200 1125 "-" "Mozilla/5.0 (X11; U; Linux i686; de; rv:1.9.0.1; compatible; iCjobs Stellenangebote Jobs; http://www.icjobs.de) Gecko/20100401 iCjobs/3.2.3"
188.138.94.12 - - [20/Sep/2011:14:09:06 +0200] "GET /tele.html HTTP/1.1" 404 1256 "-" "Mozilla/5.0 (X11; U; Linux i686; de; rv:1.9.0.1; compatible; iCjobs Stellenangebote Jobs; http://www.icjobs.de) Gecko/20100401 iCjobs/3.2.3"
188.138.94.12 - - [20/Sep/2011:14:09:06 +0200] "GET /leistungen.html HTTP/1.1" 404 1256 "-" "Mozilla/5.0 (X11; U; Linux i686; de; rv:1.9.0.1; compatible; iCjobs Stellenangebote Jobs; http://www.icjobs.de) Gecko/20100401 iCjobs/3.2.3"
188.138.94.12 - - [20/Sep/2011:14:09:06 +0200] "GET /flashopen.js HTTP/1.1" 200 604 "-" "Mozilla/5.0 (X11; U; Linux i686; de; rv:1.9.0.1; compatible; iCjobs Stellenangebote Jobs; http://www.icjobs.de) Gecko/20100401 iCjobs/3.2.3"
188.138.94.12 - - [20/Sep/2011:14:09:06 +0200] "GET /hattke.swf HTTP/1.1" 200 12042 "-" "Mozilla/5.0 (X11; U; Linux i686; de; rv:1.9.0.1; compatible; iCjobs Stellenangebote Jobs; http://www.icjobs.de) Gecko/20100401 iCjobs/3.2.3"
188.138.94.12 - - [20/Sep/2011:14:09:07 +0200] "GET /hattke.swf HTTP/1.1" 200 12042 "-" "Mozilla/5.0 (X11; U; Linux i686; de; rv:1.9.0.1; compatible; iCjobs Stellenangebote Jobs; http://www.icjobs.de) Gecko/20100401 iCjobs/3.2.3"
188.138.94.12 - - [20/Sep/2011:14:09:09 +0200] "GET /teledienst.html HTTP/1.1" 200 4588 "-" "Mozilla/5.0 (X11; U; Linux i686; de; rv:1.9.0.1; compatible; iCjobs Stellenangebote Jobs; http://www.icjobs.de) Gecko/20100401 iCjobs/3.2.3"
188.138.94.12 - - [20/Sep/2011:14:09:14 +0200] "GET /callback.html HTTP/1.1" 200 3272 "-" "Mozilla/5.0 (X11; U; Linux i686; de; rv:1.9.0.1; compatible; iCjobs Stellenangebote Jobs; http://www.icjobs.de) Gecko/20100401 iCjobs/3.2.3"
188.138.94.12 - - [20/Sep/2011:14:09:17 +0200] "GET /plan.swf HTTP/1.1" 200 27838 "-" "Mozilla/5.0 (X11; U; Linux i686; de; rv:1.9.0.1; compatible; iCjobs Stellenangebote Jobs; http://www.icjobs.de) Gecko/20100401 iCjobs/3.2.3"
188.138.94.12 - - [20/Sep/2011:14:09:19 +0200] "GET /diashow.swf HTTP/1.1" 200 311957 "-" "Mozilla/5.0 (X11; U; Linux i686; de; rv:1.9.0.1; compatible; iCjobs Stellenangebote Jobs; http://www.icjobs.de) Gecko/20100401 iCjobs/3.2.3"
91.65.196.99 - - [20/Sep/2011:14:32:34 +0200] "GET / HTTP/1.1" 200 12977 "-" "Mozilla/5.0 (compatible; MSIE 9.0; Windows NT 6.1; Trident/5.0;(webde/1.0.0.8))"
91.65.196.99 - - [20/Sep/2011:14:32:34 +0200] "GET /opensite.js HTTP/1.1" 200 1125 "http://www.zahnarztpraxis-berlin-pankow.de/" "Mozilla/5.0 (compatible; MSIE 9.0; Windows NT 6.1; Trident/5.0;(webde/1.0.0.8))"
91.65.196.99 - - [20/Sep/2011:14:32:34 +0200] "GET /flashopen.js HTTP/1.1" 200 604 "http://www.zahnarztpraxis-berlin-pankow.de/" "Mozilla/5.0 (compatible; MSIE 9.0; Windows NT 6.1; Trident/5.0;(webde/1.0.0.8))"
91.65.196.99 - - [20/Sep/2011:14:32:34 +0200] "GET /hattke.swf HTTP/1.1" 200 12042 "http://www.zahnarztpraxis-berlin-pankow.de/" "Mozilla/5.0 (compatible; MSIE 9.0; Windows NT 6.1; Trident/5.0;(webde/1.0.0.8))"
91.65.196.99 - - [20/Sep/2011:14:32:34 +0200] "GET /favicon.ico HTTP/1.1" 200 2550 "-" "Mozilla/5.0 (compatible; MSIE 9.0; Windows NT 6.1; Trident/5.0; tb-webde/1.6.6; (webde/1.0.0.8))"
91.65.196.99 - - [20/Sep/2011:14:32:34 +0200] "GET /diashow.swf HTTP/1.1" 200 311957 "http://www.zahnarztpraxis-berlin-pankow.de/hattke.swf" "Mozilla/5.0 (compatible; MSIE 9.0; Windows NT 6.1; Trident/5.0;(webde/1.0.0.8))"
85.22.31.218 - - [20/Sep/2011:17:48:14 +0200] "GET / HTTP/1.1" 200 12977 "http://www.google.de/url?sa=t&source=web&cd=17&ved=0CIkBEBYwBjgK&url=http%3A%2F%2Fwww.zahnarztpraxis-berlin-pankow.de%2F&rct=j&q=zahnarztpraxis%20berlin&ei=-bR4TrS8EaWc0QX9vJWZDQ&usg=AFQjCNGhU0LSIXKAU9N4d8DNsS8g6WKbiA" "Mozilla/5.0 (compatible; MSIE 9.0; Windows NT 6.1; Trident/5.0)"
85.22.31.218 - - [20/Sep/2011:17:48:14 +0200] "GET /opensite.js HTTP/1.1" 200 1125 "http://www.zahnarztpraxis-berlin-pankow.de/" "Mozilla/5.0 (compatible; MSIE 9.0; Windows NT 6.1; Trident/5.0)"
85.22.31.218 - - [20/Sep/2011:17:48:15 +0200] "GET /flashopen.js HTTP/1.1" 200 604 "http://www.zahnarztpraxis-berlin-pankow.de/" "Mozilla/5.0 (compatible; MSIE 9.0; Windows NT 6.1; Trident/5.0)"
85.22.31.218 - - [20/Sep/2011:17:48:15 +0200] "GET /hattke.swf HTTP/1.1" 200 12042 "http://www.zahnarztpraxis-berlin-pankow.de/" "Mozilla/5.0 (compatible; MSIE 9.0; Windows NT 6.1; Trident/5.0)"
85.22.31.218 - - [20/Sep/2011:17:48:15 +0200] "GET /favicon.ico HTTP/1.1" 200 2550 "-" "Mozilla/5.0 (compatible; MSIE 9.0; Windows NT 6.1; Trident/5.0)"
85.22.31.218 - - [20/Sep/2011:17:48:15 +0200] "GET /diashow.swf HTTP/1.1" 200 311957 "http://www.zahnarztpraxis-berlin-pankow.de/hattke.swf" "Mozilla/5.0 (compatible; MSIE 9.0; Windows NT 6.1; Trident/5.0)"
188.102.73.255 - - [20/Sep/2011:20:18:15 +0200] "GET / HTTP/1.1" 200 12977 "http://www.google.de/url?sa=t&source=web&cd=1&ved=0CCwQFjAA&url=http%3A%2F%2Fwww.zahnarztpraxis-berlin-pankow.de%2F&rct=j&q=dr%20hattke%20berlin&ei=49h4TuuJB4at8QP2hrjxDA&usg=AFQjCNGhU0LSIXKAU9N4d8DNsS8g6WKbiA" "Mozilla/5.0 (iPad; U; CPU OS 4_3_3 like Mac OS X; de-de) AppleWebKit/533.17.9 (KHTML, like Gecko) Version/5.0.2 Mobile/8J3 Safari/6533.18.5"
188.102.73.255 - - [20/Sep/2011:20:18:15 +0200] "GET /opensite.js HTTP/1.1" 200 1125 "http://www.zahnarztpraxis-berlin-pankow.de/" "Mozilla/5.0 (iPad; U; CPU OS 4_3_3 like Mac OS X; de-de) AppleWebKit/533.17.9 (KHTML, like Gecko) Version/5.0.2 Mobile/8J3 Safari/6533.18.5"
188.102.73.255 - - [20/Sep/2011:20:18:15 +0200] "GET /flashopen.js HTTP/1.1" 200 604 "http://www.zahnarztpraxis-berlin-pankow.de/" "Mozilla/5.0 (iPad; U; CPU OS 4_3_3 like Mac OS X; de-de) AppleWebKit/533.17.9 (KHTML, like Gecko) Version/5.0.2 Mobile/8J3 Safari/6533.18.5"
188.102.73.255 - - [20/Sep/2011:22:47:20 +0200] "GET / HTTP/1.1" 200 12977 "http://www.google.com/url?sa=t&source=web&cd=1&ved=0CCkQFjAA&url=http%3A%2F%2Fwww.zahnarztpraxis-berlin-pankow.de%2F&rct=j&q=hattke%20berlin&ei=0_t4TuPkM4XF8QOlxriADQ&usg=AFQjCNGhU0LSIXKAU9N4d8DNsS8g6WKbiA" "Mozilla/5.0 (iPad; U; CPU OS 4_3_5 like Mac OS X; en) AppleWebKit/533.17.9 (KHTML, like Gecko) Version/5.0.2 Mobile/8L1 Safari/6533.18.5"
188.102.73.255 - - [20/Sep/2011:22:47:21 +0200] "GET /opensite.js HTTP/1.1" 200 1125 "http://www.zahnarztpraxis-berlin-pankow.de/" "Mozilla/5.0 (iPad; U; CPU OS 4_3_5 like Mac OS X; en) AppleWebKit/533.17.9 (KHTML, like Gecko) Version/5.0.2 Mobile/8L1 Safari/6533.18.5"
188.102.73.255 - - [20/Sep/2011:22:47:21 +0200] "GET /flashopen.js HTTP/1.1" 200 604 "http://www.zahnarztpraxis-berlin-pankow.de/" "Mozilla/5.0 (iPad; U; CPU OS 4_3_5 like Mac OS X; en) AppleWebKit/533.17.9 (KHTML, like Gecko) Version/5.0.2 Mobile/8L1 Safari/6533.18.5"
188.102.73.255 - - [20/Sep/2011:22:47:41 +0200] "GET / HTTP/1.1" 200 12977 "-" "Mozilla/5.0 (iPad; U; CPU OS 4_3_5 like Mac OS X; en) AppleWebKit/533.17.9 (KHTML, like Gecko) Version/5.0.2 Mobile/8L1 Safari/6533.18.5"
188.102.73.255 - - [20/Sep/2011:22:47:41 +0200] "GET /opensite.js HTTP/1.1" 304 - "http://www.zahnarztpraxis-berlin-pankow.de/" "Mozilla/5.0 (iPad; U; CPU OS 4_3_5 like Mac OS X; en) AppleWebKit/533.17.9 (KHTML, like Gecko) Version/5.0.2 Mobile/8L1 Safari/6533.18.5"
188.102.73.255 - - [20/Sep/2011:22:47:41 +0200] "GET /flashopen.js HTTP/1.1" 304 - "http://www.zahnarztpraxis-berlin-pankow.de/" "Mozilla/5.0 (iPad; U; CPU OS 4_3_5 like Mac OS X; en) AppleWebKit/533.17.9 (KHTML, like Gecko) Version/5.0.2 Mobile/8L1 Safari/6533.18.5"
188.102.73.255 - - [20/Sep/2011:22:47:45 +0200] "GET / HTTP/1.1" 200 12977 "-" "Mozilla/5.0 (iPad; U; CPU OS 4_3_5 like Mac OS X; en) AppleWebKit/533.17.9 (KHTML, like Gecko) Version/5.0.2 Mobile/8L1 Safari/6533.18.5"
188.102.73.255 - - [20/Sep/2011:22:47:45 +0200] "GET /opensite.js HTTP/1.1" 304 - "http://www.zahnarztpraxis-berlin-pankow.de/" "Mozilla/5.0 (iPad; U; CPU OS 4_3_5 like Mac OS X; en) AppleWebKit/533.17.9 (KHTML, like Gecko) Version/5.0.2 Mobile/8L1 Safari/6533.18.5"
188.102.73.255 - - [20/Sep/2011:22:47:45 +0200] "GET /flashopen.js HTTP/1.1" 304 - "http://www.zahnarztpraxis-berlin-pankow.de/" "Mozilla/5.0 (iPad; U; CPU OS 4_3_5 like Mac OS X; en) AppleWebKit/533.17.9 (KHTML, like Gecko) Version/5.0.2 Mobile/8L1 Safari/6533.18.5"
188.102.73.255 - - [20/Sep/2011:22:47:51 +0200] "GET / HTTP/1.1" 200 12977 "-" "Mozilla/5.0 (iPad; U; CPU OS 4_3_5 like Mac OS X; en) AppleWebKit/533.17.9 (KHTML, like Gecko) Version/5.0.2 Mobile/8L1 Safari/6533.18.5"
188.102.73.255 - - [20/Sep/2011:22:47:51 +0200] "GET /opensite.js HTTP/1.1" 304 - "http://www.zahnarztpraxis-berlin-pankow.de/" "Mozilla/5.0 (iPad; U; CPU OS 4_3_5 like Mac OS X; en) AppleWebKit/533.17.9 (KHTML, like Gecko) Version/5.0.2 Mobile/8L1 Safari/6533.18.5"
188.102.73.255 - - [20/Sep/2011:22:47:51 +0200] "GET /flashopen.js HTTP/1.1" 304 - "http://www.zahnarztpraxis-berlin-pankow.de/" "Mozilla/5.0 (iPad; U; CPU OS 4_3_5 like Mac OS X; en) AppleWebKit/533.17.9 (KHTML, like Gecko) Version/5.0.2 Mobile/8L1 Safari/6533.18.5"
188.102.73.255 - - [20/Sep/2011:22:48:22 +0200] "GET / HTTP/1.1" 200 12977 "-" "Mozilla/5.0 (Windows; U; Windows NT 5.1; en-en; rv:2.0) Gecko/20100101 Firefox/4.0"
188.102.73.255 - - [20/Sep/2011:22:48:22 +0200] "GET /opensite.js HTTP/1.1" 304 - "http://www.zahnarztpraxis-berlin-pankow.de/" "Mozilla/5.0 (Windows; U; Windows NT 5.1; en-en; rv:2.0) Gecko/20100101 Firefox/4.0"
188.102.73.255 - - [20/Sep/2011:22:48:23 +0200] "GET /flashopen.js HTTP/1.1" 304 - "http://www.zahnarztpraxis-berlin-pankow.de/" "Mozilla/5.0 (Windows; U; Windows NT 5.1; en-en; rv:2.0) Gecko/20100101 Firefox/4.0"
188.102.73.255 - - [20/Sep/2011:22:48:29 +0200] "GET / HTTP/1.1" 200 12977 "-" "Mozilla/5.0 (Windows; U; Windows NT 5.1; en-en; rv:2.0) Gecko/20100101 Firefox/4.0"
188.102.73.255 - - [20/Sep/2011:22:48:29 +0200] "GET /opensite.js HTTP/1.1" 304 - "http://www.zahnarztpraxis-berlin-pankow.de/" "Mozilla/5.0 (Windows; U; Windows NT 5.1; en-en; rv:2.0) Gecko/20100101 Firefox/4.0"
188.102.73.255 - - [20/Sep/2011:22:48:29 +0200] "GET /flashopen.js HTTP/1.1" 304 - "http://www.zahnarztpraxis-berlin-pankow.de/" "Mozilla/5.0 (Windows; U; Windows NT 5.1; en-en; rv:2.0) Gecko/20100101 Firefox/4.0"
188.102.73.255 - - [20/Sep/2011:22:48:33 +0200] "GET / HTTP/1.1" 200 12977 "http://www.google.com/url?sa=t&source=web&cd=1&ved=0CCkQFjAA&url=http%3A%2F%2Fwww.zahnarztpraxis-berlin-pankow.de%2F&rct=j&q=hattke%20berlin&ei=0_t4TuPkM4XF8QOlxriADQ&usg=AFQjCNGhU0LSIXKAU9N4d8DNsS8g6WKbiA" "Mozilla/5.0 (Windows; U; Windows NT 5.1; en-en; rv:2.0) Gecko/20100101 Firefox/4.0"
188.102.73.255 - - [20/Sep/2011:22:48:57 +0200] "GET / HTTP/1.1" 200 12977 "http://www.google.com/url?sa=t&source=web&cd=1&ved=0CCkQFjAA&url=http%3A%2F%2Fwww.zahnarztpraxis-berlin-pankow.de%2F&rct=j&q=hattke%20berlin&ei=0_t4TuPkM4XF8QOlxriADQ&usg=AFQjCNGhU0LSIXKAU9N4d8DNsS8g6WKbiA" "Mozilla/5.0 (iPad; U; CPU OS 4_3_5 like Mac OS X; en) AppleWebKit/533.17.9 (KHTML, like Gecko) Version/5.0.2 Mobile/8L1 Safari/6533.18.5"
188.102.73.255 - - [20/Sep/2011:22:48:58 +0200] "GET /opensite.js HTTP/1.1" 304 - "http://www.zahnarztpraxis-berlin-pankow.de/" "Mozilla/5.0 (iPad; U; CPU OS 4_3_5 like Mac OS X; en) AppleWebKit/533.17.9 (KHTML, like Gecko) Version/5.0.2 Mobile/8L1 Safari/6533.18.5"
188.102.73.255 - - [20/Sep/2011:22:48:58 +0200] "GET /flashopen.js HTTP/1.1" 304 - "http://www.zahnarztpraxis-berlin-pankow.de/" "Mozilla/5.0 (iPad; U; CPU OS 4_3_5 like Mac OS X; en) AppleWebKit/533.17.9 (KHTML, like Gecko) Version/5.0.2 Mobile/8L1 Safari/6533.18.5"
188.102.73.255 - - [20/Sep/2011:22:49:30 +0200] "GET / HTTP/1.1" 200 12977 "http://www.google.de/url?sa=t&source=web&cd=1&ved=0CCwQFjAA&url=http%3A%2F%2Fwww.zahnarztpraxis-berlin-pankow.de%2F&rct=j&q=hattke%20berlin&ei=Ufx4TsHBGYq38QPynoiADQ&usg=AFQjCNGhU0LSIXKAU9N4d8DNsS8g6WKbiA" "Mozilla/5.0 (iPad; U; CPU OS 4_3_3 like Mac OS X; de-de) AppleWebKit/533.17.9 (KHTML, like Gecko) Version/5.0.2 Mobile/8J3 Safari/6533.18.5"
188.102.73.255 - - [20/Sep/2011:22:49:30 +0200] "GET /opensite.js HTTP/1.1" 200 1125 "http://www.zahnarztpraxis-berlin-pankow.de/" "Mozilla/5.0 (iPad; U; CPU OS 4_3_3 like Mac OS X; de-de) AppleWebKit/533.17.9 (KHTML, like Gecko) Version/5.0.2 Mobile/8J3 Safari/6533.18.5"
188.102.73.255 - - [20/Sep/2011:22:49:31 +0200] "GET /flashopen.js HTTP/1.1" 200 604 "http://www.zahnarztpraxis-berlin-pankow.de/" "Mozilla/5.0 (iPad; U; CPU OS 4_3_3 like Mac OS X; de-de) AppleWebKit/533.17.9 (KHTML, like Gecko) Version/5.0.2 Mobile/8J3 Safari/6533.18.5"
207.241.224.41 - - [20/Sep/2011:23:37:08 +0200] "GET /robots.txt HTTP/1.1" 200 24 "-" "ia_archiver(OS-Wayback)"
95.108.128.242 - - [21/Sep/2011:00:20:14 +0200] "GET /robots.txt HTTP/1.1" 200 24 "-" "Mozilla/5.0 (compatible; YandexBot/3.0; +http://yandex.com/bots)"
95.108.128.242 - - [21/Sep/2011:00:20:16 +0200] "GET / HTTP/1.1" 200 12977 "-" "Mozilla/5.0 (compatible; YandexBot/3.0; +http://yandex.com/bots)"
213.73.96.24 - - [21/Sep/2011:08:40:39 +0200] "GET / HTTP/1.1" 200 12977 "-" "Mozilla/4.0 (compatible; MSIE 7.0; Windows NT 6.1; WOW64; Trident/4.0; SLCC2; .NET CLR 2.0.50727; .NET4.0C; .NET4.0E; .NET CLR 3.5.30729; .NET CLR 3.0.30729)"
213.73.96.24 - - [21/Sep/2011:08:40:39 +0200] "GET /opensite.js HTTP/1.1" 200 1125 "http://www.zahnarztpraxis-berlin-pankow.de/" "Mozilla/4.0 (compatible; MSIE 7.0; Windows NT 6.1; WOW64; Trident/4.0; SLCC2; .NET CLR 2.0.50727; .NET4.0C; .NET4.0E; .NET CLR 3.5.30729; .NET CLR 3.0.30729)"
